[INFO] fetching crate spirv-cross-sys 0.7.2+38681a3...
[INFO] testing spirv-cross-sys-0.7.2+38681a3 against 1.100.0-beta.1 for beta-1.100-2
[INFO] extracting crate spirv-cross-sys 0.7.2+38681a3 into /workspace/builds/worker-4-tc2/source
[INFO] started tweaking crates.io crate spirv-cross-sys 0.7.2+38681a3
[INFO] finished tweaking crates.io crate spirv-cross-sys 0.7.2+38681a3
[INFO] tweaked toml for crates.io crate spirv-cross-sys 0.7.2+38681a3 written to /workspace/builds/worker-4-tc2/source/Cargo.toml
[INFO] validating manifest of crates.io crate spirv-cross-sys 0.7.2+38681a3 on toolchain 1.100.0-beta.1
[INFO] running `Command { std: CARGO_HOME="/workspace/cargo-home" RUSTUP_HOME="/workspace/rustup-home" "/workspace/cargo-home/bin/cargo" "+1.100.0-beta.1" "metadata" "--manifest-path" "Cargo.toml" "--no-deps", kill_on_drop: false }`
[INFO] crate crates.io crate spirv-cross-sys 0.7.2+38681a3 already has a lockfile, it will not be regenerated
[INFO] running `Command { std: CARGO_HOME="/workspace/cargo-home" RUSTUP_HOME="/workspace/rustup-home" "/workspace/cargo-home/bin/cargo" "+1.100.0-beta.1" "fetch" "--manifest-path" "Cargo.toml", kill_on_drop: false }`
[INFO] running `Command { std: "docker" "create" "-v" "/var/lib/crater-agent-workspace/builds/worker-4-tc2/source:/opt/rustwide/workdir:ro,Z" "-v" "/var/lib/crater-agent-workspace/builds/worker-4-tc2/target:/opt/rustwide/target:rw,Z" "-v" "/var/lib/crater-agent-workspace/cargo-home:/opt/rustwide/cargo-home:ro,Z" "-v" "/var/lib/crater-agent-workspace/rustup-home:/opt/rustwide/rustup-home:ro,Z" "-m" "1610612736" "--network" "none" "ghcr.io/rust-lang/crates-build-env/linux@sha256:3111399a4047eeb3a02b7a90e478d715f38a8c6669b5c4b49d30a17385265909" "sleep" "infinity", kill_on_drop: false }`
[INFO] [stdout] eba514a4ef2e2b06651d6c6b6e116a100063bdbf5568e131208675797cdfc387
[INFO] running `Command { std: "docker" "start" "eba514a4ef2e2b06651d6c6b6e116a100063bdbf5568e131208675797cdfc387", kill_on_drop: false }`
[INFO] running `Command { std: "docker" "inspect" "eba514a4ef2e2b06651d6c6b6e116a100063bdbf5568e131208675797cdfc387", kill_on_drop: false }`
[INFO] running `Command { std: "docker" "exec" "-e" "SOURCE_DIR=/opt/rustwide/workdir" "-e" "CARGO_HOME=/opt/rustwide/cargo-home" "-e" "RUSTUP_HOME=/opt/rustwide/rustup-home" "-e" "CARGO_TARGET_DIR=/opt/rustwide/target" "-w" "/opt/rustwide/workdir" "--user" "0:0" "eba514a4ef2e2b06651d6c6b6e116a100063bdbf5568e131208675797cdfc387" "/opt/rustwide/cargo-home/bin/cargo" "+1.100.0-beta.1" "metadata" "--no-deps" "--format-version=1", kill_on_drop: false }`
[INFO] running `Command { std: "docker" "inspect" "eba514a4ef2e2b06651d6c6b6e116a100063bdbf5568e131208675797cdfc387", kill_on_drop: false }`
[INFO] running `Command { std: "docker" "exec" "-e" "SOURCE_DIR=/opt/rustwide/workdir" "-e" "CARGO_HOME=/opt/rustwide/cargo-home" "-e" "RUSTUP_HOME=/opt/rustwide/rustup-home" "-e" "CARGO_TARGET_DIR=/opt/rustwide/target" "-e" "CARGO_INCREMENTAL=0" "-e" "RUST_BACKTRACE=full" "-e" "RUSTFLAGS=--cap-lints=warn" "-e" "RUSTDOCFLAGS=--cap-lints=warn" "-w" "/opt/rustwide/workdir" "--user" "0:0" "eba514a4ef2e2b06651d6c6b6e116a100063bdbf5568e131208675797cdfc387" "/opt/rustwide/cargo-home/bin/cargo" "+1.100.0-beta.1" "build" "--frozen" "--message-format=json", kill_on_drop: false }`
[INFO] [stderr]    Compiling libc v0.2.159
[INFO] [stderr]    Compiling proc-macro2 v1.0.87
[INFO] [stderr]    Compiling unicode-ident v1.0.13
[INFO] [stderr]    Compiling bytemuck v1.19.0
[INFO] [stderr]    Compiling num-traits v0.2.19
[INFO] [stderr]    Compiling jobserver v0.1.32
[INFO] [stderr]    Compiling quote v1.0.37
[INFO] [stderr]    Compiling cc v1.1.30
[INFO] [stderr]    Compiling syn v2.0.79
[INFO] [stderr]    Compiling spirv-cross-sys v0.7.2+38681a3 (/opt/rustwide/workdir)
[INFO] [stderr] error: could not compile `syn` (lib)
[INFO] [stderr] 
[INFO] [stderr] Caused by:
[INFO] [stderr]   process didn't exit successfully: `/opt/rustwide/rustup-home/toolchains/1.100.0-beta.1-x86_64-unknown-linux-gnu/bin/rustc --crate-name syn --edition=2021 /opt/rustwide/cargo-home/registry/src/index.crates.io-1949cf8c6b5b557f/syn-2.0.79/src/lib.rs --error-format=json --json=diagnostic-rendered-ansi,artifacts,future-incompat,unused-externs-silent --crate-type lib --emit=dep-info,metadata,link -C embed-bitcode=no --cfg 'feature="clone-impls"' --cfg 'feature="default"' --cfg 'feature="derive"' --cfg 'feature="parsing"' --cfg 'feature="printing"' --cfg 'feature="proc-macro"' --check-cfg 'cfg(docsrs,test)' --check-cfg 'cfg(feature, values("clone-impls", "default", "derive", "extra-traits", "fold", "full", "parsing", "printing", "proc-macro", "test", "visit", "visit-mut"))' -C metadata=8f7ba2148f36dc54 -C extra-filename=-8ad78123f1b36e80 --out-dir /opt/rustwide/target/debug/build/syn/8ad78123f1b36e80/out -L dependency=/opt/rustwide/target/debug/build/proc-macro2/6b3176ed55821650/out -L dependency=/opt/rustwide/target/debug/build/unicode-ident/22b7b0cc8d73ac3c/out --extern proc_macro2=/opt/rustwide/target/debug/build/proc-macro2/6b3176ed55821650/out/libproc_macro2-6b3176ed55821650.rmeta --extern quote=/opt/rustwide/target/debug/build/quote/faa63f56ed72f79f/out/libquote-faa63f56ed72f79f.rmeta --extern unicode_ident=/opt/rustwide/target/debug/build/unicode-ident/22b7b0cc8d73ac3c/out/libunicode_ident-22b7b0cc8d73ac3c.rmeta --cap-lints allow --cap-lints=warn --force-warn=unused_crate_dependencies` (signal: 9, SIGKILL: kill)
[INFO] [stderr] warning: build failed, waiting for other jobs to finish...
[INFO] [stderr] warning: spirv-cross-sys@0.7.2+38681a3: c++: fatal error: Killed signal terminated program cc1plus
[INFO] [stderr] warning: spirv-cross-sys@0.7.2+38681a3: compilation terminated.
[INFO] [stderr] warning: spirv-cross-sys@0.7.2+38681a3: ToolExecError: Command "c++" "-O0" "-ffunction-sections" "-fdata-sections" "-fPIC" "-gdwarf-4" "-fno-omit-frame-pointer" "-m64" "-std=c++14" "-I" "native/SPIRV-Cross" "-I" "native/SPIRV-CROSS/include" "-Wall" "-Wextra" "-DSPIRV_CROSS_CLI=OFF" "-o" "/opt/rustwide/target/debug/build/spirv-cross-sys/ac75df1144ef8877/out/44c975de6dea9a25-spirv_glsl.o" "-c" "native/SPIRV-Cross/spirv_glsl.cpp" with args c++ did not execute successfully (status code exit status: 1).cargo:warning=c++: fatal error: Killed signal terminated program cc1plus
[INFO] [stderr] warning: spirv-cross-sys@0.7.2+38681a3: compilation terminated.
[INFO] [stderr] warning: spirv-cross-sys@0.7.2+38681a3: ToolExecError: Command "c++" "-O0" "-ffunction-sections" "-fdata-sections" "-fPIC" "-gdwarf-4" "-fno-omit-frame-pointer" "-m64" "-std=c++14" "-I" "native/SPIRV-Cross" "-I" "native/SPIRV-CROSS/include" "-Wall" "-Wextra" "-DSPIRV_CROSS_CLI=OFF" "-o" "/opt/rustwide/target/debug/build/spirv-cross-sys/ac75df1144ef8877/out/44c975de6dea9a25-spirv_reflect.o" "-c" "native/SPIRV-Cross/spirv_reflect.cpp" with args c++ did not execute successfully (status code exit status: 1).cargo:warning=c++: fatal error: Killed signal terminated program cc1plus
[INFO] [stderr] warning: spirv-cross-sys@0.7.2+38681a3: compilation terminated.
[INFO] [stderr] warning: spirv-cross-sys@0.7.2+38681a3: ToolExecError: Command "c++" "-O0" "-ffunction-sections" "-fdata-sections" "-fPIC" "-gdwarf-4" "-fno-omit-frame-pointer" "-m64" "-std=c++14" "-I" "native/SPIRV-Cross" "-I" "native/SPIRV-CROSS/include" "-Wall" "-Wextra" "-DSPIRV_CROSS_CLI=OFF" "-o" "/opt/rustwide/target/debug/build/spirv-cross-sys/ac75df1144ef8877/out/44c975de6dea9a25-spirv_cross.o" "-c" "native/SPIRV-Cross/spirv_cross.cpp" with args c++ did not execute successfully (status code exit status: 1).cargo:warning=c++: fatal error: Killed signal terminated program cc1plus
[INFO] [stderr] warning: spirv-cross-sys@0.7.2+38681a3: compilation terminated.
[INFO] [stderr] warning: spirv-cross-sys@0.7.2+38681a3: ToolExecError: Command "c++" "-O0" "-ffunction-sections" "-fdata-sections" "-fPIC" "-gdwarf-4" "-fno-omit-frame-pointer" "-m64" "-std=c++14" "-I" "native/SPIRV-Cross" "-I" "native/SPIRV-CROSS/include" "-Wall" "-Wextra" "-DSPIRV_CROSS_CLI=OFF" "-o" "/opt/rustwide/target/debug/build/spirv-cross-sys/ac75df1144ef8877/out/44c975de6dea9a25-spirv_hlsl.o" "-c" "native/SPIRV-Cross/spirv_hlsl.cpp" with args c++ did not execute successfully (status code exit status: 1).
[INFO] [stderr] error: failed to run custom build command for `spirv-cross-sys v0.7.2+38681a3 (/opt/rustwide/workdir)`
[INFO] [stderr] note: To improve backtraces for build dependencies, set the CARGO_PROFILE_DEV_BUILD_OVERRIDE_DEBUG=true environment variable to enable debug information generation.
[INFO] [stderr] 
[INFO] [stderr] Caused by:
[INFO] [stderr]   process didn't exit successfully: `/opt/rustwide/target/debug/build/spirv-cross-sys/56f4f4da609c3a25/out/build_script_build` (exit status: 1)
[INFO] [stderr]   --- stdout
[INFO] [stderr]   cargo:rerun-if-changed=native/SPIRV-Cross/spirv_cross_c.cpp
[INFO] [stderr]   cargo:rerun-if-changed=native/SPIRV-Cross/spirv_cross_c.h
[INFO] [stderr]   cargo:rerun-if-changed=native/SPIRV-Cross/spirv_cfg.cpp
[INFO] [stderr]   cargo:rerun-if-changed=native/SPIRV-Cross/spirv_cpp.cpp
[INFO] [stderr]   cargo:rerun-if-changed=native/SPIRV-Cross/spirv_cross.cpp
[INFO] [stderr]   cargo:rerun-if-changed=native/SPIRV-Cross/spirv_cross_parsed_ir.cpp
[INFO] [stderr]   cargo:rerun-if-changed=native/SPIRV-Cross/spirv_cross_util.cpp
[INFO] [stderr]   cargo:rerun-if-changed=native/SPIRV-Cross/spirv_glsl.cpp
[INFO] [stderr]   cargo:rerun-if-changed=native/SPIRV-Cross/spirv_hlsl.cpp
[INFO] [stderr]   cargo:rerun-if-changed=native/SPIRV-Cross/spirv_msl.cpp
[INFO] [stderr]   cargo:rerun-if-changed=native/SPIRV-Cross/spirv_parser.cpp
[INFO] [stderr]   cargo:rerun-if-changed=native/SPIRV-Cross/spirv_reflect.cpp
[INFO] [stderr]   cargo:rerun-if-changed=native/spirv_cross_c_ext_rs.cpp
[INFO] [stderr]   OUT_DIR = Some(/opt/rustwide/target/debug/build/spirv-cross-sys/ac75df1144ef8877/out)
[INFO] [stderr]   TARGET = Some(x86_64-unknown-linux-gnu)
[INFO] [stderr]   OPT_LEVEL = Some(0)
[INFO] [stderr]   HOST = Some(x86_64-unknown-linux-gnu)
[INFO] [stderr]   cargo:rerun-if-env-changed=CXX_x86_64-unknown-linux-gnu
[INFO] [stderr]   CXX_x86_64-unknown-linux-gnu = None
[INFO] [stderr]   cargo:rerun-if-env-changed=CXX_x86_64_unknown_linux_gnu
[INFO] [stderr]   CXX_x86_64_unknown_linux_gnu = None
[INFO] [stderr]   cargo:rerun-if-env-changed=HOST_CXX
[INFO] [stderr]   HOST_CXX = None
[INFO] [stderr]   cargo:rerun-if-env-changed=CXX
[INFO] [stderr]   CXX = None
[INFO] [stderr]   cargo:rerun-if-env-changed=CC_ENABLE_DEBUG_OUTPUT
[INFO] [stderr]   RUSTC_WRAPPER = None
[INFO] [stderr]   cargo:rerun-if-env-changed=CRATE_CC_NO_DEFAULTS
[INFO] [stderr]   CRATE_CC_NO_DEFAULTS = None
[INFO] [stderr]   DEBUG = Some(true)
[INFO] [stderr]   CARGO_CFG_TARGET_FEATURE = Some(fxsr,sse,sse2)
[INFO] [stderr]   cargo:rerun-if-env-changed=CXXFLAGS_x86_64-unknown-linux-gnu
[INFO] [stderr]   CXXFLAGS_x86_64-unknown-linux-gnu = None
[INFO] [stderr]   cargo:rerun-if-env-changed=CXXFLAGS_x86_64_unknown_linux_gnu
[INFO] [stderr]   CXXFLAGS_x86_64_unknown_linux_gnu = None
[INFO] [stderr]   cargo:rerun-if-env-changed=HOST_CXXFLAGS
[INFO] [stderr]   HOST_CXXFLAGS = None
[INFO] [stderr]   cargo:rerun-if-env-changed=CXXFLAGS
[INFO] [stderr]   CXXFLAGS = None
[INFO] [stderr]   cargo:warning=c++: fatal error: Killed signal terminated program cc1plus
[INFO] [stderr]   cargo:warning=compilation terminated.
[INFO] [stderr]   exit status: 1
[INFO] [stderr]   cargo:warning=ToolExecError: Command "c++" "-O0" "-ffunction-sections" "-fdata-sections" "-fPIC" "-gdwarf-4" "-fno-omit-frame-pointer" "-m64" "-std=c++14" "-I" "native/SPIRV-Cross" "-I" "native/SPIRV-CROSS/include" "-Wall" "-Wextra" "-DSPIRV_CROSS_CLI=OFF" "-o" "/opt/rustwide/target/debug/build/spirv-cross-sys/ac75df1144ef8877/out/44c975de6dea9a25-spirv_glsl.o" "-c" "native/SPIRV-Cross/spirv_glsl.cpp" with args c++ did not execute successfully (status code exit status: 1).cargo:warning=c++: fatal error: Killed signal terminated program cc1plus
[INFO] [stderr]   cargo:warning=compilation terminated.
[INFO] [stderr] 
[INFO] [stderr]   exit status: 1
[INFO] [stderr]   cargo:warning=ToolExecError: Command "c++" "-O0" "-ffunction-sections" "-fdata-sections" "-fPIC" "-gdwarf-4" "-fno-omit-frame-pointer" "-m64" "-std=c++14" "-I" "native/SPIRV-Cross" "-I" "native/SPIRV-CROSS/include" "-Wall" "-Wextra" "-DSPIRV_CROSS_CLI=OFF" "-o" "/opt/rustwide/target/debug/build/spirv-cross-sys/ac75df1144ef8877/out/44c975de6dea9a25-spirv_reflect.o" "-c" "native/SPIRV-Cross/spirv_reflect.cpp" with args c++ did not execute successfully (status code exit status: 1).cargo:warning=c++: fatal error: Killed signal terminated program cc1plus
[INFO] [stderr]   cargo:warning=compilation terminated.
[INFO] [stderr] 
[INFO] [stderr]   exit status: 0
[INFO] [stderr]   exit status: 0
[INFO] [stderr]   exit status: 1
[INFO] [stderr]   cargo:warning=ToolExecError: Command "c++" "-O0" "-ffunction-sections" "-fdata-sections" "-fPIC" "-gdwarf-4" "-fno-omit-frame-pointer" "-m64" "-std=c++14" "-I" "native/SPIRV-Cross" "-I" "native/SPIRV-CROSS/include" "-Wall" "-Wextra" "-DSPIRV_CROSS_CLI=OFF" "-o" "/opt/rustwide/target/debug/build/spirv-cross-sys/ac75df1144ef8877/out/44c975de6dea9a25-spirv_cross.o" "-c" "native/SPIRV-Cross/spirv_cross.cpp" with args c++ did not execute successfully (status code exit status: 1).cargo:warning=c++: fatal error: Killed signal terminated program cc1plus
[INFO] [stderr]   cargo:warning=compilation terminated.
[INFO] [stderr] 
[INFO] [stderr]   exit status: 1
[INFO] [stderr]   cargo:warning=ToolExecError: Command "c++" "-O0" "-ffunction-sections" "-fdata-sections" "-fPIC" "-gdwarf-4" "-fno-omit-frame-pointer" "-m64" "-std=c++14" "-I" "native/SPIRV-Cross" "-I" "native/SPIRV-CROSS/include" "-Wall" "-Wextra" "-DSPIRV_CROSS_CLI=OFF" "-o" "/opt/rustwide/target/debug/build/spirv-cross-sys/ac75df1144ef8877/out/44c975de6dea9a25-spirv_hlsl.o" "-c" "native/SPIRV-Cross/spirv_hlsl.cpp" with args c++ did not execute successfully (status code exit status: 1).
[INFO] [stderr]   exit status: 0
[INFO] [stderr]   exit status: 0
[INFO] [stderr]   exit status: 0
[INFO] [stderr]   exit status: 0
[INFO] [stderr]   exit status: 0
[INFO] [stderr] 
[INFO] [stderr]   --- stderr
[INFO] [stderr] 
[INFO] [stderr] 
[INFO] [stderr]   error occurred: Command "c++" "-O0" "-ffunction-sections" "-fdata-sections" "-fPIC" "-gdwarf-4" "-fno-omit-frame-pointer" "-m64" "-std=c++14" "-I" "native/SPIRV-Cross" "-I" "native/SPIRV-CROSS/include" "-Wall" "-Wextra" "-DSPIRV_CROSS_CLI=OFF" "-o" "/opt/rustwide/target/debug/build/spirv-cross-sys/ac75df1144ef8877/out/44c975de6dea9a25-spirv_hlsl.o" "-c" "native/SPIRV-Cross/spirv_hlsl.cpp" with args c++ did not execute successfully (status code exit status: 1).
[INFO] [stderr] 
[INFO] [stderr] 
[INFO] running `Command { std: "docker" "inspect" "eba514a4ef2e2b06651d6c6b6e116a100063bdbf5568e131208675797cdfc387", kill_on_drop: false }`
[INFO] running `Command { std: "docker" "rm" "-f" "eba514a4ef2e2b06651d6c6b6e116a100063bdbf5568e131208675797cdfc387", kill_on_drop: false }`
[INFO] [stdout] eba514a4ef2e2b06651d6c6b6e116a100063bdbf5568e131208675797cdfc387
