[INFO] fetching crate spherenet-loader-v3-interface 0.3.1...
[INFO] testing spherenet-loader-v3-interface-0.3.1 against 1.99.0-beta.8 for beta-1.100-2
[INFO] extracting crate spherenet-loader-v3-interface 0.3.1 into /workspace/builds/worker-7-tc1/source
[INFO] started tweaking crates.io crate spherenet-loader-v3-interface 0.3.1
[INFO] finished tweaking crates.io crate spherenet-loader-v3-interface 0.3.1
[INFO] tweaked toml for crates.io crate spherenet-loader-v3-interface 0.3.1 written to /workspace/builds/worker-7-tc1/source/Cargo.toml
[INFO] validating manifest of crates.io crate spherenet-loader-v3-interface 0.3.1 on toolchain 1.99.0-beta.8
[INFO] running `Command { std: CARGO_HOME="/workspace/cargo-home" RUSTUP_HOME="/workspace/rustup-home" "/workspace/cargo-home/bin/cargo" "+1.99.0-beta.8" "metadata" "--manifest-path" "Cargo.toml" "--no-deps", kill_on_drop: false }`
[INFO] crate crates.io crate spherenet-loader-v3-interface 0.3.1 already has a lockfile, it will not be regenerated
[INFO] running `Command { std: CARGO_HOME="/workspace/cargo-home" RUSTUP_HOME="/workspace/rustup-home" "/workspace/cargo-home/bin/cargo" "+1.99.0-beta.8" "fetch" "--manifest-path" "Cargo.toml", kill_on_drop: false }`
[INFO] [stderr]  Downloading crates ...
[INFO] [stderr]   Downloaded wincode-derive v0.5.0
[INFO] [stderr]   Downloaded solana-frozen-abi-macro v3.6.0
[INFO] [stderr]   Downloaded solana-instruction v3.5.0
[INFO] [stderr]   Downloaded wincode v0.6.0
[INFO] [stderr]   Downloaded solana-frozen-abi v3.8.0
[INFO] [stderr]   Downloaded bitmaps v3.2.1
[INFO] [stderr]   Downloaded imbl-sized-chunks v0.1.3
[INFO] [stderr]   Downloaded imbl v7.0.1
[INFO] running `Command { std: "docker" "create" "-v" "/var/lib/crater-agent-workspace/builds/worker-7-tc1/source:/opt/rustwide/workdir:ro,Z" "-v" "/var/lib/crater-agent-workspace/builds/worker-7-tc1/target:/opt/rustwide/target:rw,Z" "-v" "/var/lib/crater-agent-workspace/cargo-home:/opt/rustwide/cargo-home:ro,Z" "-v" "/var/lib/crater-agent-workspace/rustup-home:/opt/rustwide/rustup-home:ro,Z" "-m" "1610612736" "--network" "none" "ghcr.io/rust-lang/crates-build-env/linux@sha256:3111399a4047eeb3a02b7a90e478d715f38a8c6669b5c4b49d30a17385265909" "sleep" "infinity", kill_on_drop: false }`
[INFO] [stdout] 16ba50314da69fe92a8767ac591477abf47437237b7bd154db744b3e8b682096
[INFO] running `Command { std: "docker" "start" "16ba50314da69fe92a8767ac591477abf47437237b7bd154db744b3e8b682096", kill_on_drop: false }`
[INFO] running `Command { std: "docker" "inspect" "16ba50314da69fe92a8767ac591477abf47437237b7bd154db744b3e8b682096", kill_on_drop: false }`
[INFO] running `Command { std: "docker" "exec" "-e" "SOURCE_DIR=/opt/rustwide/workdir" "-e" "CARGO_HOME=/opt/rustwide/cargo-home" "-e" "RUSTUP_HOME=/opt/rustwide/rustup-home" "-e" "CARGO_TARGET_DIR=/opt/rustwide/target" "-w" "/opt/rustwide/workdir" "--user" "0:0" "16ba50314da69fe92a8767ac591477abf47437237b7bd154db744b3e8b682096" "/opt/rustwide/cargo-home/bin/cargo" "+1.99.0-beta.8" "metadata" "--no-deps" "--format-version=1", kill_on_drop: false }`
[INFO] running `Command { std: "docker" "inspect" "16ba50314da69fe92a8767ac591477abf47437237b7bd154db744b3e8b682096", kill_on_drop: false }`
[INFO] running `Command { std: "docker" "exec" "-e" "SOURCE_DIR=/opt/rustwide/workdir" "-e" "CARGO_HOME=/opt/rustwide/cargo-home" "-e" "RUSTUP_HOME=/opt/rustwide/rustup-home" "-e" "CARGO_TARGET_DIR=/opt/rustwide/target" "-e" "CARGO_INCREMENTAL=0" "-e" "RUST_BACKTRACE=full" "-e" "RUSTFLAGS=--cap-lints=warn" "-e" "RUSTDOCFLAGS=--cap-lints=warn" "-w" "/opt/rustwide/workdir" "--user" "0:0" "16ba50314da69fe92a8767ac591477abf47437237b7bd154db744b3e8b682096" "/opt/rustwide/cargo-home/bin/cargo" "+1.99.0-beta.8" "build" "--frozen" "--message-format=json", kill_on_drop: false }`
[INFO] [stderr]    Compiling generic-array v0.14.9
[INFO] [stderr]    Compiling rand_core v0.6.4
[INFO] [stderr]    Compiling zeroize v1.9.0
[INFO] [stderr]    Compiling solana-hash v4.6.0
[INFO] [stderr]    Compiling curve25519-dalek v4.1.3
[INFO] [stderr]    Compiling solana-instruction-error v2.5.0
[INFO] [stderr]    Compiling curve25519-dalek-derive v0.1.1
[INFO] [stderr]    Compiling block-buffer v0.10.4
[INFO] [stderr]    Compiling crypto-common v0.1.6
[INFO] [stderr]    Compiling digest v0.10.7
[INFO] [stderr]    Compiling sha2 v0.10.9
[INFO] [stderr]    Compiling solana-sha256-hasher v3.1.0
[INFO] [stderr]    Compiling solana-address v2.7.0
[INFO] [stderr]    Compiling solana-pubkey v4.3.0
[INFO] [stderr]    Compiling solana-sdk-ids v3.1.0
[INFO] [stderr]    Compiling solana-instruction v3.5.0
[INFO] [stderr]    Compiling spherenet-loader-v3-interface v0.3.1 (/opt/rustwide/workdir)
[INFO] [stderr]     Finished `dev` profile [unoptimized + debuginfo] target(s) in 3.22s
[INFO] running `Command { std: "docker" "inspect" "16ba50314da69fe92a8767ac591477abf47437237b7bd154db744b3e8b682096", kill_on_drop: false }`
[INFO] running `Command { std: "docker" "exec" "-e" "SOURCE_DIR=/opt/rustwide/workdir" "-e" "CARGO_HOME=/opt/rustwide/cargo-home" "-e" "RUSTUP_HOME=/opt/rustwide/rustup-home" "-e" "CARGO_TARGET_DIR=/opt/rustwide/target" "-e" "CARGO_INCREMENTAL=0" "-e" "RUST_BACKTRACE=full" "-e" "RUSTFLAGS=--cap-lints=warn" "-e" "RUSTDOCFLAGS=--cap-lints=warn" "-w" "/opt/rustwide/workdir" "--user" "0:0" "16ba50314da69fe92a8767ac591477abf47437237b7bd154db744b3e8b682096" "/opt/rustwide/cargo-home/bin/cargo" "+1.99.0-beta.8" "test" "--frozen" "--no-run" "--message-format=json", kill_on_drop: false }`
[INFO] [stderr]    Compiling serde v1.0.229
[INFO] [stderr]    Compiling bincode v1.3.3
[INFO] [stderr]    Compiling spherenet-loader-v3-interface v0.3.1 (/opt/rustwide/workdir)
[INFO] [stdout] error[E0277]: the trait bound `instruction::UpgradeableLoaderInstruction: serde::Serialize` is not satisfied
[INFO] [stdout]    --> src/instruction.rs:481:33
[INFO] [stdout]     |
[INFO] [stdout] 481 |             &bincode::serialize(&UpgradeableLoaderInstruction::InitializeBuffer).unwrap(),
[INFO] [stdout]     |              ------------------ ^^^^^^^^^^^^^^^^^^^^^^^^^^^^^^^^^^^^^^^^^^^^^^^ unsatisfied trait bound
[INFO] [stdout]     |              |
[INFO] [stdout]     |              required by a bound introduced by this call
[INFO] [stdout]     |
[INFO] [stdout] help: the trait `serde_core::ser::Serialize` is not implemented for `instruction::UpgradeableLoaderInstruction`
[INFO] [stdout]    --> src/instruction.rs:26:1
[INFO] [stdout]     |
[INFO] [stdout]  26 | pub enum UpgradeableLoaderInstruction {
[INFO] [stdout]     | ^^^^^^^^^^^^^^^^^^^^^^^^^^^^^^^^^^^^^
[INFO] [stdout]     = note: for local types consider adding `#[derive(serde::Serialize)]` to your `instruction::UpgradeableLoaderInstruction` type
[INFO] [stdout]     = note: for types from other crates check whether the crate offers a `serde` feature flag
[INFO] [stdout]     = help: the following other types implement trait `serde_core::ser::Serialize`:
[INFO] [stdout]               &'a T
[INFO] [stdout]               &'a mut T
[INFO] [stdout]               ()
[INFO] [stdout]               (T,)
[INFO] [stdout]               (T0, T1)
[INFO] [stdout]               (T0, T1, T2)
[INFO] [stdout]               (T0, T1, T2, T3)
[INFO] [stdout]               (T0, T1, T2, T3, T4)
[INFO] [stdout]             and 126 others
[INFO] [stdout] note: required by a bound in `bincode::serialize`
[INFO] [stdout]    --> /opt/rustwide/cargo-home/registry/src/index.crates.io-1949cf8c6b5b557f/bincode-1.3.3/src/lib.rs:108:8
[INFO] [stdout]     |
[INFO] [stdout] 106 | pub fn serialize<T: ?Sized>(value: &T) -> Result<Vec<u8>>
[INFO] [stdout]     |        --------- required by a bound in this function
[INFO] [stdout] 107 | where
[INFO] [stdout] 108 |     T: serde::Serialize,
[INFO] [stdout]     |        ^^^^^^^^^^^^^^^^ required by this bound in `serialize`
[INFO] [stdout] 
[INFO] [stdout] 
[INFO] [stdout] error[E0277]: the trait bound `instruction::UpgradeableLoaderInstruction: serde::Serialize` is not satisfied
[INFO] [stdout]    --> src/instruction.rs:490:33
[INFO] [stdout]     |
[INFO] [stdout] 490 |               &bincode::serialize(&UpgradeableLoaderInstruction::Write {
[INFO] [stdout]     |  ______________------------------_^
[INFO] [stdout]     | |              |
[INFO] [stdout]     | |              required by a bound introduced by this call
[INFO] [stdout] 491 | |                 offset: 0,
[INFO] [stdout] 492 | |                 bytes: vec![],
[INFO] [stdout] 493 | |             })
[INFO] [stdout]     | |_____________^ unsatisfied trait bound
[INFO] [stdout]     |
[INFO] [stdout] help: the trait `serde_core::ser::Serialize` is not implemented for `instruction::UpgradeableLoaderInstruction`
[INFO] [stdout]    --> src/instruction.rs:26:1
[INFO] [stdout]     |
[INFO] [stdout]  26 | pub enum UpgradeableLoaderInstruction {
[INFO] [stdout]     | ^^^^^^^^^^^^^^^^^^^^^^^^^^^^^^^^^^^^^
[INFO] [stdout]     = note: for local types consider adding `#[derive(serde::Serialize)]` to your `instruction::UpgradeableLoaderInstruction` type
[INFO] [stdout]     = note: for types from other crates check whether the crate offers a `serde` feature flag
[INFO] [stdout]     = help: the following other types implement trait `serde_core::ser::Serialize`:
[INFO] [stdout]               &'a T
[INFO] [stdout]               &'a mut T
[INFO] [stdout]               ()
[INFO] [stdout]               (T,)
[INFO] [stdout]               (T0, T1)
[INFO] [stdout]               (T0, T1, T2)
[INFO] [stdout]               (T0, T1, T2, T3)
[INFO] [stdout]               (T0, T1, T2, T3, T4)
[INFO] [stdout]             and 126 others
[INFO] [stdout] note: required by a bound in `bincode::serialize`
[INFO] [stdout]    --> /opt/rustwide/cargo-home/registry/src/index.crates.io-1949cf8c6b5b557f/bincode-1.3.3/src/lib.rs:108:8
[INFO] [stdout]     |
[INFO] [stdout] 106 | pub fn serialize<T: ?Sized>(value: &T) -> Result<Vec<u8>>
[INFO] [stdout]     |        --------- required by a bound in this function
[INFO] [stdout] 107 | where
[INFO] [stdout] 108 |     T: serde::Serialize,
[INFO] [stdout]     |        ^^^^^^^^^^^^^^^^ required by this bound in `serialize`
[INFO] [stdout] 
[INFO] [stdout] 
[INFO] [stdout] error[E0277]: the trait bound `instruction::UpgradeableLoaderInstruction: serde::Serialize` is not satisfied
[INFO] [stdout]    --> src/instruction.rs:506:33
[INFO] [stdout]     |
[INFO] [stdout] 506 |               &bincode::serialize(&UpgradeableLoaderInstruction::DeployWithMaxDataLen {
[INFO] [stdout]     |  ______________------------------_^
[INFO] [stdout]     | |              |
[INFO] [stdout]     | |              required by a bound introduced by this call
[INFO] [stdout] 507 | |                 max_data_len: 0,
[INFO] [stdout] 508 | |             })
[INFO] [stdout]     | |_____________^ unsatisfied trait bound
[INFO] [stdout]     |
[INFO] [stdout] help: the trait `serde_core::ser::Serialize` is not implemented for `instruction::UpgradeableLoaderInstruction`
[INFO] [stdout]    --> src/instruction.rs:26:1
[INFO] [stdout]     |
[INFO] [stdout]  26 | pub enum UpgradeableLoaderInstruction {
[INFO] [stdout]     | ^^^^^^^^^^^^^^^^^^^^^^^^^^^^^^^^^^^^^
[INFO] [stdout]     = note: for local types consider adding `#[derive(serde::Serialize)]` to your `instruction::UpgradeableLoaderInstruction` type
[INFO] [stdout]     = note: for types from other crates check whether the crate offers a `serde` feature flag
[INFO] [stdout]     = help: the following other types implement trait `serde_core::ser::Serialize`:
[INFO] [stdout]               &'a T
[INFO] [stdout]               &'a mut T
[INFO] [stdout]               ()
[INFO] [stdout]               (T,)
[INFO] [stdout]               (T0, T1)
[INFO] [stdout]               (T0, T1, T2)
[INFO] [stdout]               (T0, T1, T2, T3)
[INFO] [stdout]               (T0, T1, T2, T3, T4)
[INFO] [stdout]             and 126 others
[INFO] [stdout] note: required by a bound in `bincode::serialize`
[INFO] [stdout]    --> /opt/rustwide/cargo-home/registry/src/index.crates.io-1949cf8c6b5b557f/bincode-1.3.3/src/lib.rs:108:8
[INFO] [stdout]     |
[INFO] [stdout] 106 | pub fn serialize<T: ?Sized>(value: &T) -> Result<Vec<u8>>
[INFO] [stdout]     |        --------- required by a bound in this function
[INFO] [stdout] 107 | where
[INFO] [stdout] 108 |     T: serde::Serialize,
[INFO] [stdout]     |        ^^^^^^^^^^^^^^^^ required by this bound in `serialize`
[INFO] [stdout] 
[INFO] [stdout] 
[INFO] [stdout] error[E0277]: the trait bound `instruction::UpgradeableLoaderInstruction: serde::Serialize` is not satisfied
[INFO] [stdout]    --> src/instruction.rs:518:51
[INFO] [stdout]     |
[INFO] [stdout] 518 |             is_instruction_fn(&bincode::serialize(&UpgradeableLoaderInstruction::Upgrade).unwrap());
[INFO] [stdout]     |                                ------------------ ^^^^^^^^^^^^^^^^^^^^^^^^^^^^^^^^^^^^^^ unsatisfied trait bound
[INFO] [stdout]     |                                |
[INFO] [stdout]     |                                required by a bound introduced by this call
[INFO] [stdout]     |
[INFO] [stdout] help: the trait `serde_core::ser::Serialize` is not implemented for `instruction::UpgradeableLoaderInstruction`
[INFO] [stdout]    --> src/instruction.rs:26:1
[INFO] [stdout]     |
[INFO] [stdout]  26 | pub enum UpgradeableLoaderInstruction {
[INFO] [stdout]     | ^^^^^^^^^^^^^^^^^^^^^^^^^^^^^^^^^^^^^
[INFO] [stdout]     = note: for local types consider adding `#[derive(serde::Serialize)]` to your `instruction::UpgradeableLoaderInstruction` type
[INFO] [stdout]     = note: for types from other crates check whether the crate offers a `serde` feature flag
[INFO] [stdout]     = help: the following other types implement trait `serde_core::ser::Serialize`:
[INFO] [stdout]               &'a T
[INFO] [stdout]               &'a mut T
[INFO] [stdout]               ()
[INFO] [stdout]               (T,)
[INFO] [stdout]               (T0, T1)
[INFO] [stdout]               (T0, T1, T2)
[INFO] [stdout]               (T0, T1, T2, T3)
[INFO] [stdout]               (T0, T1, T2, T3, T4)
[INFO] [stdout]             and 126 others
[INFO] [stdout] note: required by a bound in `bincode::serialize`
[INFO] [stdout]    --> /opt/rustwide/cargo-home/registry/src/index.crates.io-1949cf8c6b5b557f/bincode-1.3.3/src/lib.rs:108:8
[INFO] [stdout]     |
[INFO] [stdout] 106 | pub fn serialize<T: ?Sized>(value: &T) -> Result<Vec<u8>>
[INFO] [stdout]     |        --------- required by a bound in this function
[INFO] [stdout] 107 | where
[INFO] [stdout] 108 |     T: serde::Serialize,
[INFO] [stdout]     |        ^^^^^^^^^^^^^^^^ required by this bound in `serialize`
[INFO] [stdout] 
[INFO] [stdout] 
[INFO] [stdout] error[E0277]: the trait bound `instruction::UpgradeableLoaderInstruction: serde::Serialize` is not satisfied
[INFO] [stdout]    --> src/instruction.rs:523:33
[INFO] [stdout]     |
[INFO] [stdout] 523 |             &bincode::serialize(&UpgradeableLoaderInstruction::SetAuthority).unwrap(),
[INFO] [stdout]     |              ------------------ ^^^^^^^^^^^^^^^^^^^^^^^^^^^^^^^^^^^^^^^^^^^ unsatisfied trait bound
[INFO] [stdout]     |              |
[INFO] [stdout]     |              required by a bound introduced by this call
[INFO] [stdout]     |
[INFO] [stdout] help: the trait `serde_core::ser::Serialize` is not implemented for `instruction::UpgradeableLoaderInstruction`
[INFO] [stdout]    --> src/instruction.rs:26:1
[INFO] [stdout]     |
[INFO] [stdout]  26 | pub enum UpgradeableLoaderInstruction {
[INFO] [stdout]     | ^^^^^^^^^^^^^^^^^^^^^^^^^^^^^^^^^^^^^
[INFO] [stdout]     = note: for local types consider adding `#[derive(serde::Serialize)]` to your `instruction::UpgradeableLoaderInstruction` type
[INFO] [stdout]     = note: for types from other crates check whether the crate offers a `serde` feature flag
[INFO] [stdout]     = help: the following other types implement trait `serde_core::ser::Serialize`:
[INFO] [stdout]               &'a T
[INFO] [stdout]               &'a mut T
[INFO] [stdout]               ()
[INFO] [stdout]               (T,)
[INFO] [stdout]               (T0, T1)
[INFO] [stdout]               (T0, T1, T2)
[INFO] [stdout]               (T0, T1, T2, T3)
[INFO] [stdout]               (T0, T1, T2, T3, T4)
[INFO] [stdout]             and 126 others
[INFO] [stdout] note: required by a bound in `bincode::serialize`
[INFO] [stdout]    --> /opt/rustwide/cargo-home/registry/src/index.crates.io-1949cf8c6b5b557f/bincode-1.3.3/src/lib.rs:108:8
[INFO] [stdout]     |
[INFO] [stdout] 106 | pub fn serialize<T: ?Sized>(value: &T) -> Result<Vec<u8>>
[INFO] [stdout]     |        --------- required by a bound in this function
[INFO] [stdout] 107 | where
[INFO] [stdout] 108 |     T: serde::Serialize,
[INFO] [stdout]     |        ^^^^^^^^^^^^^^^^ required by this bound in `serialize`
[INFO] [stdout] 
[INFO] [stdout] 
[INFO] [stdout] error[E0277]: the trait bound `instruction::UpgradeableLoaderInstruction: serde::Serialize` is not satisfied
[INFO] [stdout]    --> src/instruction.rs:532:51
[INFO] [stdout]     |
[INFO] [stdout] 532 |             is_instruction_fn(&bincode::serialize(&UpgradeableLoaderInstruction::Close).unwrap());
[INFO] [stdout]     |                                ------------------ ^^^^^^^^^^^^^^^^^^^^^^^^^^^^^^^^^^^^ unsatisfied trait bound
[INFO] [stdout]     |                                |
[INFO] [stdout]     |                                required by a bound introduced by this call
[INFO] [stdout]     |
[INFO] [stdout] help: the trait `serde_core::ser::Serialize` is not implemented for `instruction::UpgradeableLoaderInstruction`
[INFO] [stdout]    --> src/instruction.rs:26:1
[INFO] [stdout]     |
[INFO] [stdout]  26 | pub enum UpgradeableLoaderInstruction {
[INFO] [stdout]     | ^^^^^^^^^^^^^^^^^^^^^^^^^^^^^^^^^^^^^
[INFO] [stdout]     = note: for local types consider adding `#[derive(serde::Serialize)]` to your `instruction::UpgradeableLoaderInstruction` type
[INFO] [stdout]     = note: for types from other crates check whether the crate offers a `serde` feature flag
[INFO] [stdout]     = help: the following other types implement trait `serde_core::ser::Serialize`:
[INFO] [stdout]               &'a T
[INFO] [stdout]               &'a mut T
[INFO] [stdout]               ()
[INFO] [stdout]               (T,)
[INFO] [stdout]               (T0, T1)
[INFO] [stdout]               (T0, T1, T2)
[INFO] [stdout]               (T0, T1, T2, T3)
[INFO] [stdout]               (T0, T1, T2, T3, T4)
[INFO] [stdout]             and 126 others
[INFO] [stdout] note: required by a bound in `bincode::serialize`
[INFO] [stdout]    --> /opt/rustwide/cargo-home/registry/src/index.crates.io-1949cf8c6b5b557f/bincode-1.3.3/src/lib.rs:108:8
[INFO] [stdout]     |
[INFO] [stdout] 106 | pub fn serialize<T: ?Sized>(value: &T) -> Result<Vec<u8>>
[INFO] [stdout]     |        --------- required by a bound in this function
[INFO] [stdout] 107 | where
[INFO] [stdout] 108 |     T: serde::Serialize,
[INFO] [stdout]     |        ^^^^^^^^^^^^^^^^ required by this bound in `serialize`
[INFO] [stdout] 
[INFO] [stdout] 
[INFO] [stdout] error[E0433]: cannot find type `Pubkey` in this scope
[INFO] [stdout]    --> src/instruction.rs:568:21
[INFO] [stdout]     |
[INFO] [stdout] 568 |         let payer = Pubkey::new_from_array([1; 32]);
[INFO] [stdout]     |                     ^^^^^^ use of undeclared type `Pubkey`
[INFO] [stdout] 
[INFO] [stdout] 
[INFO] [stdout] error[E0433]: cannot find type `Pubkey` in this scope
[INFO] [stdout]    --> src/instruction.rs:569:23
[INFO] [stdout]     |
[INFO] [stdout] 569 |         let program = Pubkey::new_from_array([2; 32]);
[INFO] [stdout]     |                       ^^^^^^ use of undeclared type `Pubkey`
[INFO] [stdout] 
[INFO] [stdout] 
[INFO] [stdout] error[E0433]: cannot find type `Pubkey` in this scope
[INFO] [stdout]    --> src/instruction.rs:570:22
[INFO] [stdout]     |
[INFO] [stdout] 570 |         let buffer = Pubkey::new_from_array([3; 32]);
[INFO] [stdout]     |                      ^^^^^^ use of undeclared type `Pubkey`
[INFO] [stdout] 
[INFO] [stdout] 
[INFO] [stdout] error[E0433]: cannot find type `Pubkey` in this scope
[INFO] [stdout]    --> src/instruction.rs:571:25
[INFO] [stdout]     |
[INFO] [stdout] 571 |         let authority = Pubkey::new_from_array([4; 32]);
[INFO] [stdout]     |                         ^^^^^^ use of undeclared type `Pubkey`
[INFO] [stdout] 
[INFO] [stdout] 
[INFO] [stdout] error[E0433]: cannot find type `Pubkey` in this scope
[INFO] [stdout]    --> src/instruction.rs:572:31
[INFO] [stdout]     |
[INFO] [stdout] 572 |         let whitelist_entry = Pubkey::new_from_array([5; 32]);
[INFO] [stdout]     |                               ^^^^^^ use of undeclared type `Pubkey`
[INFO] [stdout] 
[INFO] [stdout] 
[INFO] [stdout] error[E0425]: cannot find function `deploy_with_max_program_len` in this scope
[INFO] [stdout]    --> src/instruction.rs:573:19
[INFO] [stdout]     |
[INFO] [stdout] 573 |         let ixs = deploy_with_max_program_len(
[INFO] [stdout]     |                   ^^^^^^^^^^^^^^^^^^^^^^^^^^^ not found in this scope
[INFO] [stdout] 
[INFO] [stdout] 
[INFO] [stdout] error[E0433]: cannot find type `Pubkey` in this scope
[INFO] [stdout]    --> src/instruction.rs:596:23
[INFO] [stdout]     |
[INFO] [stdout] 596 |         let program = Pubkey::new_from_array([1; 32]);
[INFO] [stdout]     |                       ^^^^^^ use of undeclared type `Pubkey`
[INFO] [stdout] 
[INFO] [stdout] 
[INFO] [stdout] error[E0433]: cannot find type `Pubkey` in this scope
[INFO] [stdout]    --> src/instruction.rs:597:22
[INFO] [stdout]     |
[INFO] [stdout] 597 |         let buffer = Pubkey::new_from_array([2; 32]);
[INFO] [stdout]     |                      ^^^^^^ use of undeclared type `Pubkey`
[INFO] [stdout] 
[INFO] [stdout] 
[INFO] [stdout] error[E0433]: cannot find type `Pubkey` in this scope
[INFO] [stdout]    --> src/instruction.rs:598:25
[INFO] [stdout]     |
[INFO] [stdout] 598 |         let authority = Pubkey::new_from_array([3; 32]);
[INFO] [stdout]     |                         ^^^^^^ use of undeclared type `Pubkey`
[INFO] [stdout] 
[INFO] [stdout] 
[INFO] [stdout] error[E0433]: cannot find type `Pubkey` in this scope
[INFO] [stdout]    --> src/instruction.rs:599:21
[INFO] [stdout]     |
[INFO] [stdout] 599 |         let spill = Pubkey::new_from_array([4; 32]);
[INFO] [stdout]     |                     ^^^^^^ use of undeclared type `Pubkey`
[INFO] [stdout] 
[INFO] [stdout] 
[INFO] [stdout] error[E0433]: cannot find type `Pubkey` in this scope
[INFO] [stdout]    --> src/instruction.rs:600:31
[INFO] [stdout]     |
[INFO] [stdout] 600 |         let whitelist_entry = Pubkey::new_from_array([5; 32]);
[INFO] [stdout]     |                               ^^^^^^ use of undeclared type `Pubkey`
[INFO] [stdout] 
[INFO] [stdout] 
[INFO] [stdout] error[E0425]: cannot find function `upgrade` in this scope
[INFO] [stdout]    --> src/instruction.rs:601:18
[INFO] [stdout]     |
[INFO] [stdout] 601 |         let ix = upgrade(&program, &buffer, &authority, &spill, &whitelist_entry);
[INFO] [stdout]     |                  ^^^^^^^ not found in this scope
[INFO] [stdout] 
[INFO] [stdout] 
[INFO] [stdout] error[E0277]: the trait bound `state::UpgradeableLoaderState: serde::Serialize` is not satisfied
[INFO] [stdout]    --> src/state.rs:74:36
[INFO] [stdout]     |
[INFO] [stdout]  74 |         let size = serialized_size(&buffer_state).unwrap();
[INFO] [stdout]     |                    --------------- ^^^^^^^^^^^^^ unsatisfied trait bound
[INFO] [stdout]     |                    |
[INFO] [stdout]     |                    required by a bound introduced by this call
[INFO] [stdout]     |
[INFO] [stdout] help: the trait `serde_core::ser::Serialize` is not implemented for `state::UpgradeableLoaderState`
[INFO] [stdout]    --> src/state.rs:10:1
[INFO] [stdout]     |
[INFO] [stdout]  10 | pub enum UpgradeableLoaderState {
[INFO] [stdout]     | ^^^^^^^^^^^^^^^^^^^^^^^^^^^^^^^
[INFO] [stdout]     = note: for local types consider adding `#[derive(serde::Serialize)]` to your `state::UpgradeableLoaderState` type
[INFO] [stdout]     = note: for types from other crates check whether the crate offers a `serde` feature flag
[INFO] [stdout]     = help: the following other types implement trait `serde_core::ser::Serialize`:
[INFO] [stdout]               &'a T
[INFO] [stdout]               &'a mut T
[INFO] [stdout]               ()
[INFO] [stdout]               (T,)
[INFO] [stdout]               (T0, T1)
[INFO] [stdout]               (T0, T1, T2)
[INFO] [stdout]               (T0, T1, T2, T3)
[INFO] [stdout]               (T0, T1, T2, T3, T4)
[INFO] [stdout]             and 126 others
[INFO] [stdout] note: required by a bound in `bincode::serialized_size`
[INFO] [stdout]    --> /opt/rustwide/cargo-home/registry/src/index.crates.io-1949cf8c6b5b557f/bincode-1.3.3/src/lib.rs:195:8
[INFO] [stdout]     |
[INFO] [stdout] 193 | pub fn serialized_size<T: ?Sized>(value: &T) -> Result<u64>
[INFO] [stdout]     |        --------------- required by a bound in this function
[INFO] [stdout] 194 | where
[INFO] [stdout] 195 |     T: serde::Serialize,
[INFO] [stdout]     |        ^^^^^^^^^^^^^^^^ required by this bound in `serialized_size`
[INFO] [stdout] 
[INFO] [stdout] 
[INFO] [stdout] error[E0277]: the trait bound `state::UpgradeableLoaderState: serde::Serialize` is not satisfied
[INFO] [stdout]    --> src/state.rs:83:36
[INFO] [stdout]     |
[INFO] [stdout]  83 |         let size = serialized_size(&buffer_state).unwrap();
[INFO] [stdout]     |                    --------------- ^^^^^^^^^^^^^ unsatisfied trait bound
[INFO] [stdout]     |                    |
[INFO] [stdout]     |                    required by a bound introduced by this call
[INFO] [stdout]     |
[INFO] [stdout] help: the trait `serde_core::ser::Serialize` is not implemented for `state::UpgradeableLoaderState`
[INFO] [stdout]    --> src/state.rs:10:1
[INFO] [stdout]     |
[INFO] [stdout]  10 | pub enum UpgradeableLoaderState {
[INFO] [stdout]     | ^^^^^^^^^^^^^^^^^^^^^^^^^^^^^^^
[INFO] [stdout]     = note: for local types consider adding `#[derive(serde::Serialize)]` to your `state::UpgradeableLoaderState` type
[INFO] [stdout]     = note: for types from other crates check whether the crate offers a `serde` feature flag
[INFO] [stdout]     = help: the following other types implement trait `serde_core::ser::Serialize`:
[INFO] [stdout]               &'a T
[INFO] [stdout]               &'a mut T
[INFO] [stdout]               ()
[INFO] [stdout]               (T,)
[INFO] [stdout]               (T0, T1)
[INFO] [stdout]               (T0, T1, T2)
[INFO] [stdout]               (T0, T1, T2, T3)
[INFO] [stdout]               (T0, T1, T2, T3, T4)
[INFO] [stdout]             and 126 others
[INFO] [stdout] note: required by a bound in `bincode::serialized_size`
[INFO] [stdout]    --> /opt/rustwide/cargo-home/registry/src/index.crates.io-1949cf8c6b5b557f/bincode-1.3.3/src/lib.rs:195:8
[INFO] [stdout]     |
[INFO] [stdout] 193 | pub fn serialized_size<T: ?Sized>(value: &T) -> Result<u64>
[INFO] [stdout]     |        --------------- required by a bound in this function
[INFO] [stdout] 194 | where
[INFO] [stdout] 195 |     T: serde::Serialize,
[INFO] [stdout]     |        ^^^^^^^^^^^^^^^^ required by this bound in `serialized_size`
[INFO] [stdout] 
[INFO] [stdout] 
[INFO] [stdout] error[E0277]: the trait bound `state::UpgradeableLoaderState: serde::Serialize` is not satisfied
[INFO] [stdout]    --> src/state.rs:96:36
[INFO] [stdout]     |
[INFO] [stdout]  96 |         let size = serialized_size(&programdata_state).unwrap();
[INFO] [stdout]     |                    --------------- ^^^^^^^^^^^^^^^^^^ unsatisfied trait bound
[INFO] [stdout]     |                    |
[INFO] [stdout]     |                    required by a bound introduced by this call
[INFO] [stdout]     |
[INFO] [stdout] help: the trait `serde_core::ser::Serialize` is not implemented for `state::UpgradeableLoaderState`
[INFO] [stdout]    --> src/state.rs:10:1
[INFO] [stdout]     |
[INFO] [stdout]  10 | pub enum UpgradeableLoaderState {
[INFO] [stdout]     | ^^^^^^^^^^^^^^^^^^^^^^^^^^^^^^^
[INFO] [stdout]     = note: for local types consider adding `#[derive(serde::Serialize)]` to your `state::UpgradeableLoaderState` type
[INFO] [stdout]     = note: for types from other crates check whether the crate offers a `serde` feature flag
[INFO] [stdout]     = help: the following other types implement trait `serde_core::ser::Serialize`:
[INFO] [stdout]               &'a T
[INFO] [stdout]               &'a mut T
[INFO] [stdout]               ()
[INFO] [stdout]               (T,)
[INFO] [stdout]               (T0, T1)
[INFO] [stdout]               (T0, T1, T2)
[INFO] [stdout]               (T0, T1, T2, T3)
[INFO] [stdout]               (T0, T1, T2, T3, T4)
[INFO] [stdout]             and 126 others
[INFO] [stdout] note: required by a bound in `bincode::serialized_size`
[INFO] [stdout]    --> /opt/rustwide/cargo-home/registry/src/index.crates.io-1949cf8c6b5b557f/bincode-1.3.3/src/lib.rs:195:8
[INFO] [stdout]     |
[INFO] [stdout] 193 | pub fn serialized_size<T: ?Sized>(value: &T) -> Result<u64>
[INFO] [stdout]     |        --------------- required by a bound in this function
[INFO] [stdout] 194 | where
[INFO] [stdout] 195 |     T: serde::Serialize,
[INFO] [stdout]     |        ^^^^^^^^^^^^^^^^ required by this bound in `serialized_size`
[INFO] [stdout] 
[INFO] [stdout] 
[INFO] [stdout] error[E0277]: the trait bound `state::UpgradeableLoaderState: serde::Serialize` is not satisfied
[INFO] [stdout]    --> src/state.rs:108:36
[INFO] [stdout]     |
[INFO] [stdout] 108 |         let size = serialized_size(&program_state).unwrap();
[INFO] [stdout]     |                    --------------- ^^^^^^^^^^^^^^ unsatisfied trait bound
[INFO] [stdout]     |                    |
[INFO] [stdout]     |                    required by a bound introduced by this call
[INFO] [stdout]     |
[INFO] [stdout] help: the trait `serde_core::ser::Serialize` is not implemented for `state::UpgradeableLoaderState`
[INFO] [stdout]    --> src/state.rs:10:1
[INFO] [stdout]     |
[INFO] [stdout]  10 | pub enum UpgradeableLoaderState {
[INFO] [stdout]     | ^^^^^^^^^^^^^^^^^^^^^^^^^^^^^^^
[INFO] [stdout]     = note: for local types consider adding `#[derive(serde::Serialize)]` to your `state::UpgradeableLoaderState` type
[INFO] [stdout]     = note: for types from other crates check whether the crate offers a `serde` feature flag
[INFO] [stdout]     = help: the following other types implement trait `serde_core::ser::Serialize`:
[INFO] [stdout]               &'a T
[INFO] [stdout]               &'a mut T
[INFO] [stdout]               ()
[INFO] [stdout]               (T,)
[INFO] [stdout]               (T0, T1)
[INFO] [stdout]               (T0, T1, T2)
[INFO] [stdout]               (T0, T1, T2, T3)
[INFO] [stdout]               (T0, T1, T2, T3, T4)
[INFO] [stdout]             and 126 others
[INFO] [stdout] note: required by a bound in `bincode::serialized_size`
[INFO] [stdout]    --> /opt/rustwide/cargo-home/registry/src/index.crates.io-1949cf8c6b5b557f/bincode-1.3.3/src/lib.rs:195:8
[INFO] [stdout]     |
[INFO] [stdout] 193 | pub fn serialized_size<T: ?Sized>(value: &T) -> Result<u64>
[INFO] [stdout]     |        --------------- required by a bound in this function
[INFO] [stdout] 194 | where
[INFO] [stdout] 195 |     T: serde::Serialize,
[INFO] [stdout]     |        ^^^^^^^^^^^^^^^^ required by this bound in `serialized_size`
[INFO] [stdout] 
[INFO] [stdout] 
[INFO] [stdout] Some errors have detailed explanations: E0277, E0425, E0433.
[INFO] [stdout] 
[INFO] [stdout] For more information about an error, try `rustc --explain E0277`.
[INFO] [stdout] 
[INFO] [stderr] error: could not compile `spherenet-loader-v3-interface` (lib test) due to 22 previous errors
[INFO] running `Command { std: "docker" "inspect" "16ba50314da69fe92a8767ac591477abf47437237b7bd154db744b3e8b682096", kill_on_drop: false }`
[INFO] running `Command { std: "docker" "rm" "-f" "16ba50314da69fe92a8767ac591477abf47437237b7bd154db744b3e8b682096", kill_on_drop: false }`
[INFO] [stdout] 16ba50314da69fe92a8767ac591477abf47437237b7bd154db744b3e8b682096
