[INFO] fetching crate spenso-macros 0.3.2...
[INFO] testing spenso-macros-0.3.2 against 1.100.0-beta.1 for beta-1.100-2
[INFO] extracting crate spenso-macros 0.3.2 into /workspace/builds/worker-3-tc2/source
[INFO] started tweaking crates.io crate spenso-macros 0.3.2
[INFO] removed 0 missing tests
[INFO] finished tweaking crates.io crate spenso-macros 0.3.2
[INFO] tweaked toml for crates.io crate spenso-macros 0.3.2 written to /workspace/builds/worker-3-tc2/source/Cargo.toml
[INFO] validating manifest of crates.io crate spenso-macros 0.3.2 on toolchain 1.100.0-beta.1
[INFO] running `Command { std: CARGO_HOME="/workspace/cargo-home" RUSTUP_HOME="/workspace/rustup-home" "/workspace/cargo-home/bin/cargo" "+1.100.0-beta.1" "metadata" "--manifest-path" "Cargo.toml" "--no-deps", kill_on_drop: false }`
[INFO] crate crates.io crate spenso-macros 0.3.2 already has a lockfile, it will not be regenerated
[INFO] running `Command { std: CARGO_HOME="/workspace/cargo-home" RUSTUP_HOME="/workspace/rustup-home" "/workspace/cargo-home/bin/cargo" "+1.100.0-beta.1" "fetch" "--manifest-path" "Cargo.toml", kill_on_drop: false }`
[INFO] running `Command { std: "docker" "create" "-v" "/var/lib/crater-agent-workspace/builds/worker-3-tc2/source:/opt/rustwide/workdir:ro,Z" "-v" "/var/lib/crater-agent-workspace/builds/worker-3-tc2/target:/opt/rustwide/target:rw,Z" "-v" "/var/lib/crater-agent-workspace/cargo-home:/opt/rustwide/cargo-home:ro,Z" "-v" "/var/lib/crater-agent-workspace/rustup-home:/opt/rustwide/rustup-home:ro,Z" "-m" "1610612736" "--network" "none" "ghcr.io/rust-lang/crates-build-env/linux@sha256:3111399a4047eeb3a02b7a90e478d715f38a8c6669b5c4b49d30a17385265909" "sleep" "infinity", kill_on_drop: false }`
[INFO] [stdout] aaa92722d8c44bb0272783cdf6bc1ffc198196d80ba254ff1dd7b8d306354c29
[INFO] running `Command { std: "docker" "start" "aaa92722d8c44bb0272783cdf6bc1ffc198196d80ba254ff1dd7b8d306354c29", kill_on_drop: false }`
[INFO] running `Command { std: "docker" "inspect" "aaa92722d8c44bb0272783cdf6bc1ffc198196d80ba254ff1dd7b8d306354c29", kill_on_drop: false }`
[INFO] running `Command { std: "docker" "exec" "-e" "SOURCE_DIR=/opt/rustwide/workdir" "-e" "CARGO_HOME=/opt/rustwide/cargo-home" "-e" "RUSTUP_HOME=/opt/rustwide/rustup-home" "-e" "CARGO_TARGET_DIR=/opt/rustwide/target" "-w" "/opt/rustwide/workdir" "--user" "0:0" "aaa92722d8c44bb0272783cdf6bc1ffc198196d80ba254ff1dd7b8d306354c29" "/opt/rustwide/cargo-home/bin/cargo" "+1.100.0-beta.1" "metadata" "--no-deps" "--format-version=1", kill_on_drop: false }`
[INFO] running `Command { std: "docker" "inspect" "aaa92722d8c44bb0272783cdf6bc1ffc198196d80ba254ff1dd7b8d306354c29", kill_on_drop: false }`
[INFO] running `Command { std: "docker" "exec" "-e" "SOURCE_DIR=/opt/rustwide/workdir" "-e" "CARGO_HOME=/opt/rustwide/cargo-home" "-e" "RUSTUP_HOME=/opt/rustwide/rustup-home" "-e" "CARGO_TARGET_DIR=/opt/rustwide/target" "-e" "CARGO_INCREMENTAL=0" "-e" "RUST_BACKTRACE=full" "-e" "RUSTFLAGS=--cap-lints=warn" "-e" "RUSTDOCFLAGS=--cap-lints=warn" "-w" "/opt/rustwide/workdir" "--user" "0:0" "aaa92722d8c44bb0272783cdf6bc1ffc198196d80ba254ff1dd7b8d306354c29" "/opt/rustwide/cargo-home/bin/cargo" "+1.100.0-beta.1" "build" "--frozen" "--message-format=json", kill_on_drop: false }`
[INFO] [stderr]    Compiling proc-macro2 v1.0.103
[INFO] [stderr]    Compiling quote v1.0.42
[INFO] [stderr]    Compiling unicode-ident v1.0.22
[INFO] [stderr]    Compiling serde_core v1.0.228
[INFO] [stderr]    Compiling serde v1.0.228
[INFO] [stderr]    Compiling syn v2.0.111
[INFO] [stderr]    Compiling spenso-macros v0.3.2 (/opt/rustwide/workdir)
[INFO] [stderr] warning: unused dependency `serde`
[INFO] [stderr]  --> Cargo.toml:7:15
[INFO] [stderr]   |
[INFO] [stderr] 7 | [dependencies.serde]
[INFO] [stderr]   |               ^^^^^^
[INFO] [stderr]   |
[INFO] [stderr]   = note: `cargo::unused_dependencies` is set to `warn` by default
[INFO] [stderr] help: consider removing the dependency on `serde`
[INFO] [stderr] warning: `spenso-macros` (manifest) generated 1 warning
[INFO] [stderr]     Finished `dev` profile [unoptimized + debuginfo] target(s) in 6.87s
[INFO] running `Command { std: "docker" "inspect" "aaa92722d8c44bb0272783cdf6bc1ffc198196d80ba254ff1dd7b8d306354c29", kill_on_drop: false }`
[INFO] running `Command { std: "docker" "exec" "-e" "SOURCE_DIR=/opt/rustwide/workdir" "-e" "CARGO_HOME=/opt/rustwide/cargo-home" "-e" "RUSTUP_HOME=/opt/rustwide/rustup-home" "-e" "CARGO_TARGET_DIR=/opt/rustwide/target" "-e" "CARGO_INCREMENTAL=0" "-e" "RUST_BACKTRACE=full" "-e" "RUSTFLAGS=--cap-lints=warn" "-e" "RUSTDOCFLAGS=--cap-lints=warn" "-w" "/opt/rustwide/workdir" "--user" "0:0" "aaa92722d8c44bb0272783cdf6bc1ffc198196d80ba254ff1dd7b8d306354c29" "/opt/rustwide/cargo-home/bin/cargo" "+1.100.0-beta.1" "test" "--frozen" "--no-run" "--message-format=json", kill_on_drop: false }`
[INFO] [stderr]    Compiling proc-macro2 v1.0.103
[INFO] [stderr]    Compiling unicode-ident v1.0.22
[INFO] [stderr]    Compiling libc v0.2.177
[INFO] [stderr]    Compiling zerocopy v0.8.30
[INFO] [stderr]    Compiling cfg-if v1.0.4
[INFO] [stderr]    Compiling ucd-trie v0.1.7
[INFO] [stderr]    Compiling memchr v2.7.6
[INFO] [stderr]    Compiling unic-common v0.9.0
[INFO] [stderr]    Compiling unic-char-range v0.9.0
[INFO] [stderr]    Compiling radium v0.7.0
[INFO] [stderr]    Compiling virtue v0.0.18
[INFO] [stderr]    Compiling getrandom v0.3.4
[INFO] [stderr]    Compiling quote v1.0.42
[INFO] [stderr]    Compiling serde_core v1.0.228
[INFO] [stderr]    Compiling proc-macro2-diagnostics v0.10.1
[INFO] [stderr]    Compiling serde v1.0.228
[INFO] [stderr]    Compiling unic-char-property v0.9.0
[INFO] [stderr]    Compiling uncased v0.9.10
[INFO] [stderr]    Compiling ahash v0.8.12
[INFO] [stderr]    Compiling unic-ucd-version v0.9.0
[INFO] [stderr]    Compiling figment v0.10.19
[INFO] [stderr]    Compiling tap v1.0.1
[INFO] [stderr]    Compiling matches v0.1.10
[INFO] [stderr]    Compiling arrayvec v0.7.6
[INFO] [stderr]    Compiling unic-ucd-bidi v0.9.0
[INFO] [stderr]    Compiling thiserror v2.0.17
[INFO] [stderr]    Compiling smallvec v1.15.1
[INFO] [stderr]    Compiling unty v0.0.4
[INFO] [stderr]    Compiling either v1.15.0
[INFO] [stderr]    Compiling wyz v0.5.1
[INFO] [stderr]    Compiling kurbo v0.11.3
[INFO] [stderr]    Compiling unic-bidi v0.9.0
[INFO] [stderr]    Compiling hashbrown v0.16.1
[INFO] [stderr]    Compiling funty v2.0.0
[INFO] [stderr]    Compiling once_cell v1.21.3
[INFO] [stderr]    Compiling rand_core v0.9.3
[INFO] [stderr]    Compiling heck v0.5.0
[INFO] [stderr]    Compiling convert_case v0.4.0
[INFO] [stderr]    Compiling itertools v0.14.0
[INFO] [stderr]    Compiling ref-ops v0.2.5
[INFO] [stderr]    Compiling pest v2.8.4
[INFO] [stderr]    Compiling rand_xoshiro v0.7.0
[INFO] [stderr]    Compiling indenter v0.3.4
[INFO] [stderr]    Compiling by_address v1.2.1
[INFO] [stderr]    Compiling bincode_derive v2.0.1
[INFO] [stderr]    Compiling syn v2.0.111
[INFO] [stderr]    Compiling bitvec v1.0.1
[INFO] [stderr]    Compiling indexmap v2.12.1
[INFO] [stderr]    Compiling bincode v2.0.1
[INFO] [stderr]    Compiling piet v0.7.0
[INFO] [stderr]    Compiling getrandom v0.2.16
[INFO] [stderr]    Compiling rand_core v0.6.4
[INFO] [stderr]    Compiling pest_meta v2.8.4
[INFO] [stderr]    Compiling ppv-lite86 v0.2.21
[INFO] [stderr]    Compiling rand_chacha v0.3.1
[INFO] [stderr]    Compiling rand v0.8.5
[INFO] [stderr]    Compiling pest_generator v2.8.4
[INFO] [stderr]    Compiling thiserror-impl v2.0.17
[INFO] [stderr]    Compiling pest_derive v2.8.4
[INFO] [stderr]    Compiling duplicate v2.0.1
[INFO] [stderr]    Compiling derive_more v0.99.20
[INFO] [stderr]    Compiling bincode-trait-derive v0.1.1
[INFO] [stderr]    Compiling spenso-macros v0.3.2 (/opt/rustwide/workdir)
[INFO] [stderr]    Compiling dot-parser v0.5.1
[INFO] [stderr]    Compiling linnet v0.16.0
[INFO] [stdout] error[E0433]: cannot find module or crate `spenso` in this scope
[INFO] [stdout]  --> tests/derive_rep.rs:1:5
[INFO] [stdout]   |
[INFO] [stdout] 1 | use spenso::structure::representation::{LibraryRep, RepName};
[INFO] [stdout]   |     ^^^^^^ use of unresolved module or unlinked crate `spenso`
[INFO] [stdout]   |
[INFO] [stdout]   = help: if you wanted to use a crate named `spenso`, use `cargo add spenso` to add it to your `Cargo.toml`
[INFO] [stdout] 
[INFO] [stdout] 
[INFO] [stdout] error[E0433]: cannot find `spenso` in the list of imported crates
[INFO] [stdout]  --> tests/derive_rep.rs:6:5
[INFO] [stdout]   |
[INFO] [stdout] 6 |     SimpleRepresentation)]
[INFO] [stdout]   |     ^^^^^^^^^^^^^^^^^^^^ could not find `spenso` in the list of imported crates
[INFO] [stdout]   |
[INFO] [stdout]   = note: this error originates in the derive macro `SimpleRepresentation` (in Nightly builds, run with -Z macro-backtrace for more info)
[INFO] [stdout] 
[INFO] [stdout] 
[INFO] [stdout] error[E0433]: cannot find `spenso` in the list of imported crates
[INFO] [stdout]   --> tests/derive_rep.rs:28:10
[INFO] [stdout]    |
[INFO] [stdout] 28 | #[derive(SimpleRepresentation)]
[INFO] [stdout]    |          ^^^^^^^^^^^^^^^^^^^^ could not find `spenso` in the list of imported crates
[INFO] [stdout]    |
[INFO] [stdout]    = note: this error originates in the derive macro `SimpleRepresentation` (in Nightly builds, run with -Z macro-backtrace for more info)
[INFO] [stdout] 
[INFO] [stdout] 
[INFO] [stdout] error[E0433]: cannot find `spenso` in the list of imported crates
[INFO] [stdout]   --> tests/derive_rep.rs:39:5
[INFO] [stdout]    |
[INFO] [stdout] 39 |     SimpleRepresentation, Debug, Clone, Copy, PartialEq, Eq, Hash, PartialOrd, Ord, Default,
[INFO] [stdout]    |     ^^^^^^^^^^^^^^^^^^^^ could not find `spenso` in the list of imported crates
[INFO] [stdout]    |
[INFO] [stdout]    = note: this error originates in the derive macro `SimpleRepresentation` (in Nightly builds, run with -Z macro-backtrace for more info)
[INFO] [stdout] 
[INFO] [stdout] 
[INFO] [stdout] For more information about this error, try `rustc --explain E0433`.
[INFO] [stdout] 
[INFO] [stderr] error: could not compile `spenso-macros` (test "derive_rep") due to 4 previous errors
[INFO] [stderr] warning: unused dependency `serde`
[INFO] [stderr]  --> Cargo.toml:7:15
[INFO] [stderr]   |
[INFO] [stderr] 7 | [dependencies.serde]
[INFO] [stderr]   |               ^^^^^^
[INFO] [stderr]   |
[INFO] [stderr]   = note: `cargo::unused_dependencies` is set to `warn` by default
[INFO] [stderr] help: consider removing the dependency on `serde`
[INFO] [stderr] warning: `spenso-macros` (manifest) generated 1 warning
[INFO] running `Command { std: "docker" "inspect" "aaa92722d8c44bb0272783cdf6bc1ffc198196d80ba254ff1dd7b8d306354c29", kill_on_drop: false }`
[INFO] running `Command { std: "docker" "rm" "-f" "aaa92722d8c44bb0272783cdf6bc1ffc198196d80ba254ff1dd7b8d306354c29", kill_on_drop: false }`
[INFO] [stdout] aaa92722d8c44bb0272783cdf6bc1ffc198196d80ba254ff1dd7b8d306354c29
