[INFO] fetching crate spectur 0.4.2...
[INFO] testing spectur-0.4.2 against 1.100.0-beta.1 for beta-1.100-2
[INFO] extracting crate spectur 0.4.2 into /workspace/builds/worker-3-tc2/source
[INFO] started tweaking crates.io crate spectur 0.4.2
[INFO] finished tweaking crates.io crate spectur 0.4.2
[INFO] tweaked toml for crates.io crate spectur 0.4.2 written to /workspace/builds/worker-3-tc2/source/Cargo.toml
[INFO] validating manifest of crates.io crate spectur 0.4.2 on toolchain 1.100.0-beta.1
[INFO] running `Command { std: CARGO_HOME="/workspace/cargo-home" RUSTUP_HOME="/workspace/rustup-home" "/workspace/cargo-home/bin/cargo" "+1.100.0-beta.1" "metadata" "--manifest-path" "Cargo.toml" "--no-deps", kill_on_drop: false }`
[INFO] crate crates.io crate spectur 0.4.2 already has a lockfile, it will not be regenerated
[INFO] running `Command { std: CARGO_HOME="/workspace/cargo-home" RUSTUP_HOME="/workspace/rustup-home" "/workspace/cargo-home/bin/cargo" "+1.100.0-beta.1" "fetch" "--manifest-path" "Cargo.toml", kill_on_drop: false }`
[INFO] running `Command { std: "docker" "create" "-v" "/var/lib/crater-agent-workspace/builds/worker-3-tc2/source:/opt/rustwide/workdir:ro,Z" "-v" "/var/lib/crater-agent-workspace/builds/worker-3-tc2/target:/opt/rustwide/target:rw,Z" "-v" "/var/lib/crater-agent-workspace/cargo-home:/opt/rustwide/cargo-home:ro,Z" "-v" "/var/lib/crater-agent-workspace/rustup-home:/opt/rustwide/rustup-home:ro,Z" "-m" "1610612736" "--network" "none" "ghcr.io/rust-lang/crates-build-env/linux@sha256:3111399a4047eeb3a02b7a90e478d715f38a8c6669b5c4b49d30a17385265909" "sleep" "infinity", kill_on_drop: false }`
[INFO] [stdout] 71637b4224613b89b7516bf258a71934872d7e3ea6f6474e0a6638e207b4027d
[INFO] running `Command { std: "docker" "start" "71637b4224613b89b7516bf258a71934872d7e3ea6f6474e0a6638e207b4027d", kill_on_drop: false }`
[INFO] running `Command { std: "docker" "inspect" "71637b4224613b89b7516bf258a71934872d7e3ea6f6474e0a6638e207b4027d", kill_on_drop: false }`
[INFO] running `Command { std: "docker" "exec" "-e" "SOURCE_DIR=/opt/rustwide/workdir" "-e" "CARGO_HOME=/opt/rustwide/cargo-home" "-e" "RUSTUP_HOME=/opt/rustwide/rustup-home" "-e" "CARGO_TARGET_DIR=/opt/rustwide/target" "-w" "/opt/rustwide/workdir" "--user" "0:0" "71637b4224613b89b7516bf258a71934872d7e3ea6f6474e0a6638e207b4027d" "/opt/rustwide/cargo-home/bin/cargo" "+1.100.0-beta.1" "metadata" "--no-deps" "--format-version=1", kill_on_drop: false }`
[INFO] running `Command { std: "docker" "inspect" "71637b4224613b89b7516bf258a71934872d7e3ea6f6474e0a6638e207b4027d", kill_on_drop: false }`
[INFO] running `Command { std: "docker" "exec" "-e" "SOURCE_DIR=/opt/rustwide/workdir" "-e" "CARGO_HOME=/opt/rustwide/cargo-home" "-e" "RUSTUP_HOME=/opt/rustwide/rustup-home" "-e" "CARGO_TARGET_DIR=/opt/rustwide/target" "-e" "CARGO_INCREMENTAL=0" "-e" "RUST_BACKTRACE=full" "-e" "RUSTFLAGS=--cap-lints=warn" "-e" "RUSTDOCFLAGS=--cap-lints=warn" "-w" "/opt/rustwide/workdir" "--user" "0:0" "71637b4224613b89b7516bf258a71934872d7e3ea6f6474e0a6638e207b4027d" "/opt/rustwide/cargo-home/bin/cargo" "+1.100.0-beta.1" "build" "--frozen" "--message-format=json", kill_on_drop: false }`
[INFO] [stderr]    Compiling jobserver v0.1.34
[INFO] [stderr]    Compiling mio v1.2.0
[INFO] [stderr]    Compiling either v1.15.0
[INFO] [stderr]    Compiling zerofrom v0.1.8
[INFO] [stderr]    Compiling http v1.4.2
[INFO] [stderr]    Compiling futures-util v0.3.32
[INFO] [stderr]    Compiling regex-syntax v0.8.10
[INFO] [stderr]    Compiling hashbrown v0.17.1
[INFO] [stderr]    Compiling yoke v0.8.2
[INFO] [stderr]    Compiling cc v1.2.62
[INFO] [stderr]    Compiling zerovec v0.11.6
[INFO] [stderr]    Compiling zerotrie v0.2.4
[INFO] [stderr]    Compiling tokio v1.52.3
[INFO] [stderr]    Compiling itertools v0.14.0
[INFO] [stderr]    Compiling simd-adler32 v0.3.9
[INFO] [stderr]    Compiling tinystr v0.8.3
[INFO] [stderr]    Compiling potential_utf v0.1.5
[INFO] [stderr]    Compiling crc32fast v1.5.0
[INFO] [stderr]    Compiling icu_locale_core v2.2.0
[INFO] [stderr]    Compiling num-traits v0.2.19
[INFO] [stderr]    Compiling icu_collections v2.2.0
[INFO] [stderr]    Compiling serde v1.0.228
[INFO] [stderr]    Compiling regex-automata v0.4.14
[INFO] [stderr]    Compiling minimal-lexical v0.2.1
[INFO] [stderr]    Compiling zstd-sys v2.0.16+zstd.1.5.7
[INFO] [stderr]    Compiling syn v1.0.109
[INFO] [stderr]    Compiling glob v0.3.3
[INFO] [stderr]    Compiling zerocopy v0.8.48
[INFO] [stderr]    Compiling icu_provider v2.2.0
[INFO] [stderr]    Compiling darling_core v0.23.0
[INFO] [stderr]    Compiling clang-sys v1.8.1
[INFO] [stderr]    Compiling miniz_oxide v0.8.9
[INFO] [stderr]    Compiling http-body v1.0.1
[INFO] [stderr]    Compiling indexmap v2.14.0
[INFO] [stderr]    Compiling strum_macros v0.27.2
[INFO] [stderr]    Compiling zerocopy-derive v0.8.48
[INFO] [stderr]    Compiling rustix v1.1.4
[INFO] [stderr]    Compiling getrandom v0.3.4
[INFO] [stderr]    Compiling openssl-sys v0.9.117
[INFO] [stderr]    Compiling regex v1.12.3
[INFO] [stderr]    Compiling flate2 v1.1.9
[INFO] [stderr]    Compiling icu_normalizer v2.2.0
[INFO] [stderr]    Compiling icu_properties v2.2.0
[INFO] [stderr]    Compiling openssl-macros v0.1.1
[INFO] [stderr]    Compiling unicode-segmentation v1.13.2
[INFO] [stderr]    Compiling zstd-safe v7.2.4
[INFO] [stderr]    Compiling linux-raw-sys v0.12.1
[INFO] [stderr]    Compiling alloc-no-stdlib v2.0.4
[INFO] [stderr]    Compiling memchr v2.8.0
[INFO] [stderr]    Compiling darling_macro v0.23.0
[INFO] [stderr]    Compiling darling v0.23.0
[INFO] [stderr]    Compiling alloc-stdlib v0.2.2
[INFO] [stderr]    Compiling prost-derive v0.14.4
[INFO] [stderr]    Compiling tokio-util v0.7.18
[INFO] [stderr]    Compiling nom v7.1.3
[INFO] [stderr]    Compiling idna_adapter v1.2.2
[INFO] [stderr]    Compiling libloading v0.8.9
[INFO] [stderr]    Compiling bindgen v0.72.1
[INFO] [stderr]    Compiling idna v1.1.0
[INFO] [stderr]    Compiling cexpr v0.6.0
[INFO] [stderr]    Compiling brotli-decompressor v5.0.1
[INFO] [stderr]    Compiling itertools v0.13.0
[INFO] [stderr]    Compiling rustc-hash v2.1.2
[INFO] [stderr]    Compiling time v0.3.47
[INFO] [stderr]    Compiling tracing v0.1.44
[INFO] [stderr]    Compiling cmake v0.1.58
[INFO] [stderr]    Compiling proc-macro-error-attr v0.4.12
[INFO] [stderr]    Compiling brotli v8.0.3
[INFO] [stderr]    Compiling fslock v0.2.1
[INFO] [stderr]    Compiling compression-core v0.4.32
[INFO] [stderr]    Compiling foldhash v0.1.5
[INFO] [stderr]    Compiling prettyplease v0.2.37
[INFO] [stderr]    Compiling bytes v1.11.1
[INFO] [stderr]    Compiling winnow v1.0.3
[INFO] [stderr]    Compiling openssl v0.10.81
[INFO] [stderr]    Compiling prost v0.14.4
[INFO] [stderr]    Compiling toml_parser v1.1.2+spec-1.1.0
[INFO] [stderr]    Compiling hashbrown v0.15.5
[INFO] [stderr]    Compiling url v2.5.8
[INFO] [stderr]    Compiling serde_json v1.0.149
[INFO] [stderr]    Compiling ppv-lite86 v0.2.21
[INFO] [stderr]    Compiling syn-mid v0.5.4
[INFO] [stderr]    Compiling rand_core v0.9.5
[INFO] [stderr]    Compiling http-body-util v0.1.3
[INFO] [stderr]    Compiling proc-macro-error v0.4.12
[INFO] [stderr]    Compiling native-tls v0.2.18
[INFO] [stderr]    Compiling once_cell v1.21.4
[INFO] [stderr]    Compiling proc-macro-hack v0.5.20+deprecated
[INFO] [stderr]    Compiling instability v0.3.12
[INFO] [stderr]    Compiling fixedbitset v0.5.7
[INFO] [stderr]    Compiling tower v0.5.3
[INFO] [stderr]    Compiling unicode-truncate v2.0.1
[INFO] [stderr]    Compiling compact_str v0.9.0
[INFO] [stderr]    Compiling tempfile v3.27.0
[INFO] [stderr]    Compiling petgraph v0.8.3
[INFO] [stderr]    Compiling rustls-pki-types v1.14.1
[INFO] [stderr]    Compiling toml_edit v0.25.12+spec-1.1.0
[INFO] [stderr]    Compiling rand_chacha v0.9.0
[INFO] [stderr]    Compiling prost-types v0.14.4
[INFO] [stderr]    Compiling h2 v0.4.14
[INFO] [stderr]    Compiling kasuari v0.4.12
[INFO] [stderr]    Compiling lru v0.16.4
[INFO] [stderr]    Compiling convert_case v0.10.0
[INFO] [stderr]    Compiling strum v0.27.2
[INFO] [stderr]    Compiling foreign-types-macros v0.2.3
[INFO] [stderr]    Compiling cookie v0.18.1
[INFO] [stderr]    Compiling multimap v0.10.1
[INFO] [stderr]    Compiling foreign-types-shared v0.3.1
[INFO] [stderr]    Compiling foreign-types v0.5.0
[INFO] [stderr]    Compiling prost-build v0.14.4
[INFO] [stderr]    Compiling derive_more-impl v2.1.1
[INFO] [stderr]    Compiling ratatui-core v0.1.0
[INFO] [stderr]    Compiling proc-macro-crate v3.5.0
[INFO] [stderr]    Compiling rand v0.9.4
[INFO] [stderr]    Compiling zstd v0.13.3
[INFO] [stderr]    Compiling btls-sys v0.5.6
[INFO] [stderr]    Compiling hyper v1.9.0
[INFO] [stderr]    Compiling compression-codecs v0.4.38
[INFO] [stderr]    Compiling async-compression v0.4.42
[INFO] [stderr]    Compiling signal-hook v0.3.18
[INFO] [stderr]    Compiling http2 v0.5.18
[INFO] [stderr]    Compiling tower-http v0.6.11
[INFO] [stderr]    Compiling futures-executor v0.3.32
[INFO] [stderr]    Compiling ahash v0.8.12
[INFO] [stderr]    Compiling ebml-iterable-specification v0.4.0
[INFO] [stderr]    Compiling psl-types v2.0.11
[INFO] [stderr]    Compiling portable-atomic v1.13.1
[INFO] [stderr]    Compiling publicsuffix v2.3.0
[INFO] [stderr]    Compiling genawaiter-proc-macro v0.99.1
[INFO] [stderr]    Compiling ebml-iterable-specification-derive v0.4.0
[INFO] [stderr]    Compiling futures v0.3.32
[INFO] [stderr]    Compiling indextree-macros v0.1.3
[INFO] [stderr]    Compiling hyper-util v0.1.20
[INFO] [stderr]    Compiling signal-hook-mio v0.2.5
[INFO] [stderr]    Compiling tokio-native-tls v0.3.1
[INFO] [stderr]    Compiling pssh-box v0.2.4
[INFO] [stderr]    Compiling num_enum_derive v0.7.6
[INFO] [stderr]    Compiling derive_more v2.1.1
[INFO] [stderr]    Compiling serde_with_macros v3.21.0
[INFO] [stderr]    Compiling wreq-proto v0.2.5
[INFO] [stderr]    Compiling num-integer v0.1.46
[INFO] [stderr]    Compiling fdeflate v0.3.7
[INFO] [stderr]    Compiling raw-cpuid v11.6.0
[INFO] [stderr]    Compiling line-clipping v0.3.7
[INFO] [stderr]    Compiling pxfm v0.1.29
[INFO] [stderr]    Compiling xml v1.3.0
[INFO] [stderr]    Compiling genawaiter-macro v0.99.1
[INFO] [stderr]    Compiling dashmap v6.2.1
[INFO] [stderr]    Compiling genawaiter v0.99.1
[INFO] [stderr]    Compiling ratatui-widgets v0.3.0
[INFO] [stderr]    Compiling chrono v0.4.44
[INFO] [stderr]    Compiling wreq-rt v0.2.2-rc.4
[INFO] [stderr]    Compiling serde_with v3.21.0
[INFO] [stderr]    Compiling serde-xml-rs v0.8.2
[INFO] [stderr]    Compiling quanta v0.12.6
[INFO] [stderr]    Compiling hyper-tls v0.6.0
[INFO] [stderr]    Compiling png v0.18.1
[INFO] [stderr]    Compiling num-bigint v0.4.6
[INFO] [stderr]    Compiling num_enum v0.7.6
[INFO] [stderr]    Compiling ebml-iterable v0.6.3
[INFO] [stderr]    Compiling cookie_store v0.22.1
[INFO] [stderr]    Compiling moxcms v0.8.1
[INFO] [stderr]    Compiling crossterm v0.29.0
[INFO] [stderr]    Compiling indextree v4.8.1
[INFO] [stderr]    Compiling bstr v1.12.1
[INFO] [stderr]    Compiling webpki-root-certs v1.0.7
[INFO] [stderr]    Compiling gethostname v1.1.0
[INFO] [stderr]    Compiling quick-xml v0.39.4
[INFO] [stderr]    Compiling lru v0.18.0
[INFO] [stderr]    Compiling typed-builder-macro v0.23.2
[INFO] [stderr]    Compiling spinning_top v0.3.0
[INFO] [stderr]    Compiling x11rb-protocol v0.13.2
[INFO] [stderr]    Compiling byteorder-lite v0.1.0
[INFO] [stderr]    Compiling web-time v1.1.0
[INFO] [stderr]    Compiling hex-literal v1.1.0
[INFO] [stderr]    Compiling nonzero_ext v0.3.0
[INFO] [stderr]    Compiling futures-timer v3.0.4
[INFO] [stderr]    Compiling hxdmp v0.2.1
[INFO] [stderr]    Compiling bytemuck v1.25.0
[INFO] [stderr]    Compiling xhtmlchardet v2.2.0
[INFO] [stderr]    Compiling xmlparser v0.13.6
[INFO] [stderr]    Compiling tungstenite v0.26.2
[INFO] [stderr]    Compiling reqwest v0.13.4
[INFO] [stderr]    Compiling xot v0.31.2
[INFO] [stderr]    Compiling typed-builder v0.23.2
[INFO] [stderr]    Compiling governor v0.10.4
[INFO] [stderr]    Compiling ratatui-crossterm v0.1.0
[INFO] [stderr]    Compiling num-rational v0.4.2
[INFO] [stderr]    Compiling webm-iterable v0.6.4
[INFO] [stderr]    Compiling ratatui-macros v0.7.0
[INFO] [stderr]    Compiling ffprobe v0.4.0
[INFO] [stderr]    Compiling image v0.25.10
[INFO] [stderr]    Compiling xattr v1.6.1
[INFO] [stderr]    Compiling backon v1.6.0
[INFO] [stderr]    Compiling quick-xml v0.40.1
[INFO] [stderr]    Compiling data-url v0.3.2
[INFO] [stderr]    Compiling x11rb v0.13.2
[INFO] [stderr]    Compiling edit-distance v2.2.2
[INFO] [stderr]    Compiling humantime v2.3.0
[INFO] [stderr]    Compiling base64-serde v0.8.0
[INFO] [stderr]    Compiling sanitise-file-name v1.0.0
[INFO] [stderr]    Compiling file-format v0.29.0
[INFO] [stderr]    Compiling arboard v3.6.1
[INFO] [stderr]    Compiling m3u8-rs v6.0.0
[INFO] [stderr]    Compiling ratatui v0.30.0
[INFO] [stderr]    Compiling mp4 v0.14.0
[INFO] [stderr]    Compiling tokio-tungstenite v0.26.2
[INFO] [stderr]    Compiling dash-mpd v0.20.3
[INFO] [stderr] error: could not compile `dash-mpd` (lib)
[INFO] [stderr] 
[INFO] [stderr] Caused by:
[INFO] [stderr]   process didn't exit successfully: `/opt/rustwide/rustup-home/toolchains/1.100.0-beta.1-x86_64-unknown-linux-gnu/bin/rustc --crate-name dash_mpd --edition=2021 /opt/rustwide/cargo-home/registry/src/index.crates.io-1949cf8c6b5b557f/dash-mpd-0.20.3/src/lib.rs --error-format=json --json=diagnostic-rendered-ansi,artifacts,future-incompat,unused-externs-silent --crate-type lib --emit=dep-info,metadata,link -C embed-bitcode=no -C debuginfo=2 --cfg 'feature="backon"' --cfg 'feature="bstr"' --cfg 'feature="compression"' --cfg 'feature="data-url"' --cfg 'feature="default"' --cfg 'feature="fetch"' --cfg 'feature="ffprobe"' --cfg 'feature="file-format"' --cfg 'feature="governor"' --cfg 'feature="hex-literal"' --cfg 'feature="http2"' --cfg 'feature="humantime"' --cfg 'feature="native-tls"' --cfg 'feature="pssh-box"' --cfg 'feature="reqwest"' --cfg 'feature="sanitise-file-name"' --cfg 'feature="scte35"' --cfg 'feature="socks"' --cfg 'feature="tempfile"' --cfg 'feature="tokio"' --cfg 'feature="xot"' --check-cfg 'cfg(docsrs,test)' --check-cfg 'cfg(feature, values("backon", "bstr", "compression", "data-url", "default", "fetch", "ffprobe", "file-format", "governor", "hex-literal", "hickory-dns", "http2", "http3", "humantime", "libav", "native-tls", "pssh-box", "reqwest", "rustls", "rustls-tls", "sandbox", "sanitise-file-name", "scte35", "socks", "tempfile", "tokio", "warn_ignored_elements", "xee-xslt", "xot"))' -C metadata=02eef90926f1a4e9 -C extra-filename=-bc7533d7938b3065 --out-dir /opt/rustwide/target/debug/build/dash-mpd/bc7533d7938b3065/out -L dependency=/opt/rustwide/target/debug/build/adler2/1712579794513681/out -L dependency=/opt/rustwide/target/debug/build/ahash/02de5aed1080ebd7/out -L dependency=/opt/rustwide/target/debug/build/aho-corasick/fa94425a423a79cf/out -L dependency=/opt/rustwide/target/debug/build/alloc-no-stdlib/118b0458ceca2dd8/out -L dependency=/opt/rustwide/target/debug/build/alloc-stdlib/4aac9f1b7fbf996b/out -L dependency=/opt/rustwide/target/debug/build/allocator-api2/8d9c1e895dea53bd/out -L dependency=/opt/rustwide/target/debug/build/anyhow/9e4c44ac98d8e4ea/out -L dependency=/opt/rustwide/target/debug/build/async-compression/57602017a2184598/out -L dependency=/opt/rustwide/target/debug/build/atomic-waker/06950c8c08d2b8fa/out -L dependency=/opt/rustwide/target/debug/build/base64/32787b0325ea6df8/out -L dependency=/opt/rustwide/target/debug/build/bitflags/db7b9c0337a7ee76/out -L dependency=/opt/rustwide/target/debug/build/brotli-decompressor/b1c83e83c35f878b/out -L dependency=/opt/rustwide/target/debug/build/brotli/be9b3f6fe31d8b14/out -L dependency=/opt/rustwide/target/debug/build/bstr/39c885697166b81f/out -L dependency=/opt/rustwide/target/debug/build/byteorder/8f59b6d1bfdaa844/out -L dependency=/opt/rustwide/target/debug/build/bytes/2ed9460101f17bbf/out -L dependency=/opt/rustwide/target/debug/build/cfg-if/83060ec5685761ae/out -L dependency=/opt/rustwide/target/debug/build/compression-codecs/54385ae712733b43/out -L dependency=/opt/rustwide/target/debug/build/compression-core/0d36efd7cc177ccc/out -L dependency=/opt/rustwide/target/debug/build/cookie/429694f65d920db7/out -L dependency=/opt/rustwide/target/debug/build/cookie_store/8c6776a0fb628e72/out -L dependency=/opt/rustwide/target/debug/build/crc32fast/77160f4e25d6fc25/out -L dependency=/opt/rustwide/target/debug/build/crossbeam-utils/f696a08ab1e94e7a/out -L dependency=/opt/rustwide/target/debug/build/dashmap/a2ef911dac2b41df/out -L dependency=/opt/rustwide/target/debug/build/deranged/d0114085ae3b02c5/out -L dependency=/opt/rustwide/target/debug/build/displaydoc/b15cf18636f92ab7/out -L dependency=/opt/rustwide/target/debug/build/document-features/152a3c9ea1a49d1a/out -L dependency=/opt/rustwide/target/debug/build/ebml-iterable-specification-derive/cf7b3aef20745a78/out -L dependency=/opt/rustwide/target/debug/build/ebml-iterable-specification/7d344ae441e00cb5/out -L dependency=/opt/rustwide/target/debug/build/ebml-iterable/cf4372fb50aebbfd/out -L dependency=/opt/rustwide/target/debug/build/encoding_rs/c7a67ac351c2b19f/out -L dependency=/opt/rustwide/target/debug/build/equivalent/6a754676e6af62ae/out -L dependency=/opt/rustwide/target/debug/build/errno/40a43d7c8a9b8122/out -L dependency=/opt/rustwide/target/debug/build/fastrand/8c711c36072d5b5b/out -L dependency=/opt/rustwide/target/debug/build/flate2/a5e49eed09b16e47/out -L dependency=/opt/rustwide/target/debug/build/fnv/79e2cbfbe03dcd16/out -L dependency=/opt/rustwide/target/debug/build/foldhash/3b780c428974a407/out -L dependency=/opt/rustwide/target/debug/build/foreign-types-shared/47b443a4583fd949/out -L dependency=/opt/rustwide/target/debug/build/foreign-types/4fe1886d5d9265b9/out -L dependency=/opt/rustwide/target/debug/build/form_urlencoded/98cc7da289c29f13/out -L dependency=/opt/rustwide/target/debug/build/futures-channel/04b287164a72dbf0/out -L dependency=/opt/rustwide/target/debug/build/futures-core/1121ff913ed87f93/out -L dependency=/opt/rustwide/target/debug/build/futures-executor/78273afa9cf5e203/out -L dependency=/opt/rustwide/target/debug/build/futures-io/a8805bd12b2ab705/out -L dependency=/opt/rustwide/target/debug/build/futures-macro/100c47a2cdef3153/out -L dependency=/opt/rustwide/target/debug/build/futures-sink/3971bde37bb30e19/out -L dependency=/opt/rustwide/target/debug/build/futures-task/36f327cfab86eddc/out -L dependency=/opt/rustwide/target/debug/build/futures-timer/ad42fa842b203f01/out -L dependency=/opt/rustwide/target/debug/build/futures-util/eb78ac1c55973e72/out -L dependency=/opt/rustwide/target/debug/build/futures/de6e887256efe489/out -L dependency=/opt/rustwide/target/debug/build/genawaiter-macro/ec23e8181e4adcc1/out -L dependency=/opt/rustwide/target/debug/build/genawaiter-proc-macro/30b4db12af6fcb94/out -L dependency=/opt/rustwide/target/debug/build/genawaiter/328d502da4d894db/out -L dependency=/opt/rustwide/target/debug/build/getrandom/5a65eaeeaf495ee7/out -L dependency=/opt/rustwide/target/debug/build/getrandom/fb4c32fda73a41c0/out -L dependency=/opt/rustwide/target/debug/build/h2/b8b4de4f31e1a22a/out -L dependency=/opt/rustwide/target/debug/build/hashbrown/63a892cc2d36a2f0/out -L dependency=/opt/rustwide/target/debug/build/hashbrown/7535884dad52ee2f/out -L dependency=/opt/rustwide/target/debug/build/hashbrown/8b077e4232f7df3f/out -L dependency=/opt/rustwide/target/debug/build/hex-literal/f0b2058d5b3e403b/out -L dependency=/opt/rustwide/target/debug/build/hex/13e08b3b00984ab7/out -L dependency=/opt/rustwide/target/debug/build/http-body-util/81e4d7974f4bf260/out -L dependency=/opt/rustwide/target/debug/build/http-body/b69ed18c56792f32/out -L dependency=/opt/rustwide/target/debug/build/http/4ba5360fa6400f90/out -L dependency=/opt/rustwide/target/debug/build/httparse/8c9b827b8f345444/out -L dependency=/opt/rustwide/target/debug/build/hxdmp/255a57eb2d8ca2eb/out -L dependency=/opt/rustwide/target/debug/build/hyper-tls/f08574f0a04d06b8/out -L dependency=/opt/rustwide/target/debug/build/hyper-util/ffeab6e69dee3b5c/out -L dependency=/opt/rustwide/target/debug/build/hyper/84969fea83212326/out -L dependency=/opt/rustwide/target/debug/build/iana-time-zone/bcd81aefedc374a6/out -L dependency=/opt/rustwide/target/debug/build/icu_collections/b31ce9c366cae2eb/out -L dependency=/opt/rustwide/target/debug/build/icu_locale_core/e0060a6bc1a51fa0/out -L dependency=/opt/rustwide/target/debug/build/icu_normalizer/1a3d673d128bd84c/out -L dependency=/opt/rustwide/target/debug/build/icu_normalizer_data/8fea05bee0bb4e49/out -L dependency=/opt/rustwide/target/debug/build/icu_properties/8b9c68197d30b563/out -L dependency=/opt/rustwide/target/debug/build/icu_properties_data/e6cf238fc98dd59d/out -L dependency=/opt/rustwide/target/debug/build/icu_provider/652b67b6be3d547b/out -L dependency=/opt/rustwide/target/debug/build/idna/5f20b91c47cbc41c/out -L dependency=/opt/rustwide/target/debug/build/idna_adapter/f8f64cfb19688ecd/out -L dependency=/opt/rustwide/target/debug/build/indexmap/3017c62b52f6d0e2/out -L dependency=/opt/rustwide/target/debug/build/indextree-macros/878f6fee00d3edc1/out -L dependency=/opt/rustwide/target/debug/build/indextree/f733c31645fa1c1d/out -L dependency=/opt/rustwide/target/debug/build/ipnet/61ca7a5e1c2863d4/out -L dependency=/opt/rustwide/target/debug/build/itoa/5de11b3b23bfe572/out -L dependency=/opt/rustwide/target/debug/build/libc/612664c2206eec43/out -L dependency=/opt/rustwide/target/debug/build/linux-raw-sys/c3c63ccddb97bdd8/out -L dependency=/opt/rustwide/target/debug/build/litemap/dc288f07f8f61193/out -L dependency=/opt/rustwide/target/debug/build/lock_api/16d46fed645f7bff/out -L dependency=/opt/rustwide/target/debug/build/log/f16ce4b64309590f/out -L dependency=/opt/rustwide/target/debug/build/memchr/5cfa70d22cb32987/out -L dependency=/opt/rustwide/target/debug/build/mime/0188e0814ca7ddbf/out -L dependency=/opt/rustwide/target/debug/build/miniz_oxide/48f024fe3a81c3f8/out -L dependency=/opt/rustwide/target/debug/build/mio/755c4a8c7ad19644/out -L dependency=/opt/rustwide/target/debug/build/native-tls/529d3c696f6e26ec/out -L dependency=/opt/rustwide/target/debug/build/nom/4f8c4e23cef80158/out -L dependency=/opt/rustwide/target/debug/build/nonzero_ext/203430fae6cd36ff/out -L dependency=/opt/rustwide/target/debug/build/num-conv/4e1233169d5eeba7/out -L dependency=/opt/rustwide/target/debug/build/num-traits/61451ab850bd490d/out -L dependency=/opt/rustwide/target/debug/build/num_enum/a5635ce8d0db57f8/out -L dependency=/opt/rustwide/target/debug/build/num_enum_derive/f2e6c2b7005c9450/out -L dependency=/opt/rustwide/target/debug/build/num_threads/4b51ca944679bcba/out -L dependency=/opt/rustwide/target/debug/build/once_cell/b5bdc597ed9676b3/out -L dependency=/opt/rustwide/target/debug/build/openssl-macros/bc8898db79260a97/out -L dependency=/opt/rustwide/target/debug/build/openssl-probe/6b1b371432012237/out -L dependency=/opt/rustwide/target/debug/build/openssl-sys/ed3871197a49fdf4/out -L dependency=/opt/rustwide/target/debug/build/openssl/d0eb400b678d733e/out -L dependency=/opt/rustwide/target/debug/build/parking_lot/080783593a730975/out -L dependency=/opt/rustwide/target/debug/build/parking_lot_core/bccd0786fb787739/out -L dependency=/opt/rustwide/target/debug/build/percent-encoding/fa055ecaa1e57cfa/out -L dependency=/opt/rustwide/target/debug/build/pin-project-lite/0a15d51c77964692/out -L dependency=/opt/rustwide/target/debug/build/portable-atomic/a2913edf01b5bd0d/out -L dependency=/opt/rustwide/target/debug/build/potential_utf/0c3d767a9fda37b1/out -L dependency=/opt/rustwide/target/debug/build/powerfmt/f6019a2766e431f7/out -L dependency=/opt/rustwide/target/debug/build/ppv-lite86/bac2e28629ed1638/out -L dependency=/opt/rustwide/target/debug/build/proc-macro-hack/94fb26b2675b7bd1/out -L dependency=/opt/rustwide/target/debug/build/prost-derive/f585591f49e405d3/out -L dependency=/opt/rustwide/target/debug/build/prost-types/009f71b3c62ced11/out -L dependency=/opt/rustwide/target/debug/build/prost/da6613cdb0b088ee/out -L dependency=/opt/rustwide/target/debug/build/psl-types/be5f8942940e3a9c/out -L dependency=/opt/rustwide/target/debug/build/publicsuffix/5a3e5aeb81f86c57/out -L dependency=/opt/rustwide/target/debug/build/quanta/a2532e39c3da8a86/out -L dependency=/opt/rustwide/target/debug/build/quick-xml/dbaeb4abb52801e2/out -L dependency=/opt/rustwide/target/debug/build/rand/89459bed32ffebda/out -L dependency=/opt/rustwide/target/debug/build/rand_chacha/02422bff140328ad/out -L dependency=/opt/rustwide/target/debug/build/rand_core/8e7d5a14ac3296eb/out -L dependency=/opt/rustwide/target/debug/build/raw-cpuid/9ca3a4c849b5968e/out -L dependency=/opt/rustwide/target/debug/build/regex-automata/cb2a44658f1b2313/out -L dependency=/opt/rustwide/target/debug/build/regex-syntax/6d6ee545e2ffad72/out -L dependency=/opt/rustwide/target/debug/build/rustix/8af72344cf58e6a4/out -L dependency=/opt/rustwide/target/debug/build/rustls-pki-types/fc5637970849fdde/out -L dependency=/opt/rustwide/target/debug/build/rustversion/0fe8e9afe386a651/out -L dependency=/opt/rustwide/target/debug/build/scopeguard/7ec2214574194454/out -L dependency=/opt/rustwide/target/debug/build/serde-xml-rs/d0d0cab8adc55f63/out -L dependency=/opt/rustwide/target/debug/build/serde/0e6778ac27690a20/out -L dependency=/opt/rustwide/target/debug/build/serde_core/21f22ac7b803fb0e/out -L dependency=/opt/rustwide/target/debug/build/serde_derive/919fa773e4784517/out -L dependency=/opt/rustwide/target/debug/build/serde_json/fb82e8c4c7fba6a4/out -L dependency=/opt/rustwide/target/debug/build/serde_path_to_error/ceb929358e62d172/out -L dependency=/opt/rustwide/target/debug/build/serde_with/fb16f12ed5945d3c/out -L dependency=/opt/rustwide/target/debug/build/serde_with_macros/9e2f153bf0a7df72/out -L dependency=/opt/rustwide/target/debug/build/signal-hook-registry/97fb91977beb15cc/out -L dependency=/opt/rustwide/target/debug/build/simd-adler32/4fe6a09bed41f873/out -L dependency=/opt/rustwide/target/debug/build/slab/0582d648e59ab406/out -L dependency=/opt/rustwide/target/debug/build/smallvec/bc3128fdd57228fc/out -L dependency=/opt/rustwide/target/debug/build/socket2/2367bcf2eb96355a/out -L dependency=/opt/rustwide/target/debug/build/spinning_top/e7bcf97d8246e1c4/out -L dependency=/opt/rustwide/target/debug/build/stable_deref_trait/63cbf3f3d3f94e56/out -L dependency=/opt/rustwide/target/debug/build/sync_wrapper/6bdfbc29c4269203/out -L dependency=/opt/rustwide/target/debug/build/thiserror-impl/1bce4424f94b0b0b/out -L dependency=/opt/rustwide/target/debug/build/thiserror/5e90adc18491a337/out -L dependency=/opt/rustwide/target/debug/build/time-core/031b6ab885a7634b/out -L dependency=/opt/rustwide/target/debug/build/time-macros/a1d39d0b481036d9/out -L dependency=/opt/rustwide/target/debug/build/time/41dc49080aec811d/out -L dependency=/opt/rustwide/target/debug/build/tinystr/6915b4c566b3f487/out -L dependency=/opt/rustwide/target/debug/build/tokio-macros/e1402924a95e8994/out -L dependency=/opt/rustwide/target/debug/build/tokio-native-tls/a429410e1ec9e4f2/out -L dependency=/opt/rustwide/target/debug/build/tokio-util/e62b8510be1f7e9f/out -L dependency=/opt/rustwide/target/debug/build/tokio/ed2e904db1b501ea/out -L dependency=/opt/rustwide/target/debug/build/tower-http/5bce75c286574dde/out -L dependency=/opt/rustwide/target/debug/build/tower-layer/d908dd771b239ecd/out -L dependency=/opt/rustwide/target/debug/build/tower-service/3fb88d28c2218805/out -L dependency=/opt/rustwide/target/debug/build/tower/f0c3287e76dc79de/out -L dependency=/opt/rustwide/target/debug/build/tracing-attributes/efa1242d4e374d3d/out -L dependency=/opt/rustwide/target/debug/build/tracing-core/89b602bc4a7d7f8a/out -L dependency=/opt/rustwide/target/debug/build/tracing/5f42c8a71adb1180/out -L dependency=/opt/rustwide/target/debug/build/try-lock/8fa2f6971035be84/out -L dependency=/opt/rustwide/target/debug/build/url/f942e430c2b49991/out -L dependency=/opt/rustwide/target/debug/build/utf8_iter/51566bbad89f3a68/out -L dependency=/opt/rustwide/target/debug/build/want/7a6260b9c50f1479/out -L dependency=/opt/rustwide/target/debug/build/web-time/e902e3c80b588a6f/out -L dependency=/opt/rustwide/target/debug/build/writeable/48b3e52227924bb5/out -L dependency=/opt/rustwide/target/debug/build/xhtmlchardet/05e9009580f7fd1d/out -L dependency=/opt/rustwide/target/debug/build/xml/37ba3d9720a72831/out -L dependency=/opt/rustwide/target/debug/build/xmlparser/fad6613a8b481ba6/out -L dependency=/opt/rustwide/target/debug/build/yoke-derive/8b3e3f009a90b2dd/out -L dependency=/opt/rustwide/target/debug/build/yoke/477b98923d9496a9/out -L dependency=/opt/rustwide/target/debug/build/zerocopy-derive/ad631101d4732cdb/out -L dependency=/opt/rustwide/target/debug/build/zerocopy/3b1bd0d47c66d3d5/out -L dependency=/opt/rustwide/target/debug/build/zerofrom-derive/d22e2fdf40707bea/out -L dependency=/opt/rustwide/target/debug/build/zerofrom/aa2bed5d30bbc07f/out -L dependency=/opt/rustwide/target/debug/build/zeroize/7f213bea776ca5b6/out -L dependency=/opt/rustwide/target/debug/build/zerotrie/3f8d6fa26c658b68/out -L dependency=/opt/rustwide/target/debug/build/zerovec-derive/9c65e5874106a780/out -L dependency=/opt/rustwide/target/debug/build/zerovec/64453c2b57e04116/out -L dependency=/opt/rustwide/target/debug/build/zmij/ef63f1da73704b4c/out -L dependency=/opt/rustwide/target/debug/build/zstd-safe/8db0c19779c87f58/out -L dependency=/opt/rustwide/target/debug/build/zstd-sys/2aa65b7075b9b10f/out -L dependency=/opt/rustwide/target/debug/build/zstd/52cfbe5861638b94/out --extern backon=/opt/rustwide/target/debug/build/backon/2016f93b4ca3557f/out/libbackon-2016f93b4ca3557f.rmeta --extern base64=/opt/rustwide/target/debug/build/base64/32787b0325ea6df8/out/libbase64-32787b0325ea6df8.rmeta --extern base64_serde=/opt/rustwide/target/debug/build/base64-serde/743b643a5cd9b46f/out/libbase64_serde-743b643a5cd9b46f.rmeta --extern bstr=/opt/rustwide/target/debug/build/bstr/39c885697166b81f/out/libbstr-39c885697166b81f.rmeta --extern byteorder=/opt/rustwide/target/debug/build/byteorder/8f59b6d1bfdaa844/out/libbyteorder-8f59b6d1bfdaa844.rmeta --extern bytes=/opt/rustwide/target/debug/build/bytes/2ed9460101f17bbf/out/libbytes-2ed9460101f17bbf.rmeta --extern chrono=/opt/rustwide/target/debug/build/chrono/7b5be0c31c7a44d7/out/libchrono-7b5be0c31c7a44d7.rmeta --extern data_url=/opt/rustwide/target/debug/build/data-url/c81ec72f88bad6e0/out/libdata_url-c81ec72f88bad6e0.rmeta --extern edit_distance=/opt/rustwide/target/debug/build/edit-distance/b04df06baffd4c8a/out/libedit_distance-b04df06baffd4c8a.rmeta --extern ffprobe=/opt/rustwide/target/debug/build/ffprobe/baea771294dfd91b/out/libffprobe-baea771294dfd91b.rmeta --extern file_format=/opt/rustwide/target/debug/build/file-format/e3c40d65cf297c1e/out/libfile_format-e3c40d65cf297c1e.rmeta --extern futures_util=/opt/rustwide/target/debug/build/futures-util/eb78ac1c55973e72/out/libfutures_util-eb78ac1c55973e72.rmeta --extern governor=/opt/rustwide/target/debug/build/governor/63313860cda6e0ae/out/libgovernor-63313860cda6e0ae.rmeta --extern hex_literal=/opt/rustwide/target/debug/build/hex-literal/f0b2058d5b3e403b/out/libhex_literal-f0b2058d5b3e403b.rmeta --extern humantime=/opt/rustwide/target/debug/build/humantime/645db651aace3b61/out/libhumantime-645db651aace3b61.rmeta --extern hxdmp=/opt/rustwide/target/debug/build/hxdmp/255a57eb2d8ca2eb/out/libhxdmp-255a57eb2d8ca2eb.rmeta --extern iso8601=/opt/rustwide/target/debug/build/iso8601/9f8699e96b394920/out/libiso8601-9f8699e96b394920.rmeta --extern lazy_static=/opt/rustwide/target/debug/build/lazy_static/3674be3f4245d19b/out/liblazy_static-3674be3f4245d19b.rmeta --extern num_traits=/opt/rustwide/target/debug/build/num-traits/61451ab850bd490d/out/libnum_traits-61451ab850bd490d.rmeta --extern pssh_box=/opt/rustwide/target/debug/build/pssh-box/9ef0d6236c8b9e19/out/libpssh_box-9ef0d6236c8b9e19.rmeta --extern quick_xml=/opt/rustwide/target/debug/build/quick-xml/f378856d60c9a5d2/out/libquick_xml-f378856d60c9a5d2.rmeta --extern regex=/opt/rustwide/target/debug/build/regex/461a78b1cd1cdae7/out/libregex-461a78b1cd1cdae7.rmeta --extern reqwest=/opt/rustwide/target/debug/build/reqwest/d2df4df4995dcb83/out/libreqwest-d2df4df4995dcb83.rmeta --extern sanitise_file_name=/opt/rustwide/target/debug/build/sanitise-file-name/f5a7a938753d2c9c/out/libsanitise_file_name-f5a7a938753d2c9c.rmeta --extern serde=/opt/rustwide/target/debug/build/serde/0e6778ac27690a20/out/libserde-0e6778ac27690a20.rmeta --extern serde_path_to_error=/opt/rustwide/target/debug/build/serde_path_to_error/ceb929358e62d172/out/libserde_path_to_error-ceb929358e62d172.rmeta --extern serde_with=/opt/rustwide/target/debug/build/serde_with/fb16f12ed5945d3c/out/libserde_with-fb16f12ed5945d3c.rmeta --extern tempfile=/opt/rustwide/target/debug/build/tempfile/7ef8872d67bfd84b/out/libtempfile-7ef8872d67bfd84b.rmeta --extern thiserror=/opt/rustwide/target/debug/build/thiserror/5e90adc18491a337/out/libthiserror-5e90adc18491a337.rmeta --extern tokio=/opt/rustwide/target/debug/build/tokio/ed2e904db1b501ea/out/libtokio-ed2e904db1b501ea.rmeta --extern tracing=/opt/rustwide/target/debug/build/tracing/5f42c8a71adb1180/out/libtracing-5f42c8a71adb1180.rmeta --extern url=/opt/rustwide/target/debug/build/url/f942e430c2b49991/out/liburl-f942e430c2b49991.rmeta --extern webm_iterable=/opt/rustwide/target/debug/build/webm-iterable/9fa4201bd17d9b36/out/libwebm_iterable-9fa4201bd17d9b36.rmeta --extern xattr=/opt/rustwide/target/debug/build/xattr/21ee558ca2dace58/out/libxattr-21ee558ca2dace58.rmeta --extern xot=/opt/rustwide/target/debug/build/xot/2fe62fb4846be4ef/out/libxot-2fe62fb4846be4ef.rmeta --cap-lints allow --cap-lints=warn --force-warn=unused_crate_dependencies -L native=/opt/rustwide/target/debug/build/zstd-sys/959db909fdf49e9a/out` (signal: 9, SIGKILL: kill)
[INFO] [stderr] warning: build failed, waiting for other jobs to finish...
[INFO] [stderr] warning: btls-sys@0.5.6: applying post quantum crypto patch to boringssl
[INFO] [stderr] warning: btls-sys@0.5.6: applying patch to boringssl
[INFO] [stderr] warning: btls-sys@0.5.6: applying loongarch patch to boringssl
[INFO] [stderr] warning: btls-sys@0.5.6: applying windows cross compile patch to boringssl
[INFO] [stderr] error: failed to run custom build command for `btls-sys v0.5.6`
[INFO] [stderr] note: To improve backtraces for build dependencies, set the CARGO_PROFILE_DEV_BUILD_OVERRIDE_DEBUG=true environment variable to enable debug information generation.
[INFO] [stderr] 
[INFO] [stderr] Caused by:
[INFO] [stderr]   process didn't exit successfully: `/opt/rustwide/target/debug/build/btls-sys/d95820ed0f7eb169/out/build_script_main` (exit status: 101)
[INFO] [stderr]   --- stdout
[INFO] [stderr]   cargo:rerun-if-env-changed=BORING_BSSL_PATH_x86_64-unknown-linux-gnu
[INFO] [stderr]   cargo:rerun-if-env-changed=BORING_BSSL_PATH_x86_64_unknown_linux_gnu
[INFO] [stderr]   cargo:rerun-if-env-changed=HOST_BORING_BSSL_PATH
[INFO] [stderr]   cargo:rerun-if-env-changed=BORING_BSSL_PATH
[INFO] [stderr]   cargo:rerun-if-env-changed=BORING_BSSL_INCLUDE_PATH_x86_64-unknown-linux-gnu
[INFO] [stderr]   cargo:rerun-if-env-changed=BORING_BSSL_INCLUDE_PATH_x86_64_unknown_linux_gnu
[INFO] [stderr]   cargo:rerun-if-env-changed=HOST_BORING_BSSL_INCLUDE_PATH
[INFO] [stderr]   cargo:rerun-if-env-changed=BORING_BSSL_INCLUDE_PATH
[INFO] [stderr]   cargo:rerun-if-env-changed=BORING_BSSL_SOURCE_PATH_x86_64-unknown-linux-gnu
[INFO] [stderr]   cargo:rerun-if-env-changed=BORING_BSSL_SOURCE_PATH_x86_64_unknown_linux_gnu
[INFO] [stderr]   cargo:rerun-if-env-changed=HOST_BORING_BSSL_SOURCE_PATH
[INFO] [stderr]   cargo:rerun-if-env-changed=BORING_BSSL_SOURCE_PATH
[INFO] [stderr]   cargo:rerun-if-env-changed=BORING_BSSL_ASSUME_PATCHED_x86_64-unknown-linux-gnu
[INFO] [stderr]   cargo:rerun-if-env-changed=BORING_BSSL_ASSUME_PATCHED_x86_64_unknown_linux_gnu
[INFO] [stderr]   cargo:rerun-if-env-changed=HOST_BORING_BSSL_ASSUME_PATCHED
[INFO] [stderr]   cargo:rerun-if-env-changed=BORING_BSSL_ASSUME_PATCHED
[INFO] [stderr]   cargo:rerun-if-env-changed=BORING_BSSL_SYSROOT_x86_64-unknown-linux-gnu
[INFO] [stderr]   cargo:rerun-if-env-changed=BORING_BSSL_SYSROOT_x86_64_unknown_linux_gnu
[INFO] [stderr]   cargo:rerun-if-env-changed=HOST_BORING_BSSL_SYSROOT
[INFO] [stderr]   cargo:rerun-if-env-changed=BORING_BSSL_SYSROOT
[INFO] [stderr]   cargo:rerun-if-env-changed=BORING_BSSL_COMPILER_EXTERNAL_TOOLCHAIN_x86_64-unknown-linux-gnu
[INFO] [stderr]   cargo:rerun-if-env-changed=BORING_BSSL_COMPILER_EXTERNAL_TOOLCHAIN_x86_64_unknown_linux_gnu
[INFO] [stderr]   cargo:rerun-if-env-changed=HOST_BORING_BSSL_COMPILER_EXTERNAL_TOOLCHAIN
[INFO] [stderr]   cargo:rerun-if-env-changed=BORING_BSSL_COMPILER_EXTERNAL_TOOLCHAIN
[INFO] [stderr]   cargo:rerun-if-env-changed=DEBUG_x86_64-unknown-linux-gnu
[INFO] [stderr]   cargo:rerun-if-env-changed=DEBUG_x86_64_unknown_linux_gnu
[INFO] [stderr]   cargo:rerun-if-env-changed=HOST_DEBUG
[INFO] [stderr]   cargo:rerun-if-env-changed=DEBUG
[INFO] [stderr]   cargo:rerun-if-env-changed=OPT_LEVEL_x86_64-unknown-linux-gnu
[INFO] [stderr]   cargo:rerun-if-env-changed=OPT_LEVEL_x86_64_unknown_linux_gnu
[INFO] [stderr]   cargo:rerun-if-env-changed=HOST_OPT_LEVEL
[INFO] [stderr]   cargo:rerun-if-env-changed=OPT_LEVEL
[INFO] [stderr]   cargo:rerun-if-env-changed=ANDROID_NDK_HOME_x86_64-unknown-linux-gnu
[INFO] [stderr]   cargo:rerun-if-env-changed=ANDROID_NDK_HOME_x86_64_unknown_linux_gnu
[INFO] [stderr]   cargo:rerun-if-env-changed=HOST_ANDROID_NDK_HOME
[INFO] [stderr]   cargo:rerun-if-env-changed=ANDROID_NDK_HOME
[INFO] [stderr]   cargo:rerun-if-env-changed=CMAKE_TOOLCHAIN_FILE_x86_64-unknown-linux-gnu
[INFO] [stderr]   cargo:rerun-if-env-changed=CMAKE_TOOLCHAIN_FILE_x86_64_unknown_linux_gnu
[INFO] [stderr]   cargo:rerun-if-env-changed=HOST_CMAKE_TOOLCHAIN_FILE
[INFO] [stderr]   cargo:rerun-if-env-changed=CMAKE_TOOLCHAIN_FILE
[INFO] [stderr]   cargo:rerun-if-env-changed=BORING_BSSL_RUST_CPPLIB_x86_64-unknown-linux-gnu
[INFO] [stderr]   cargo:rerun-if-env-changed=BORING_BSSL_RUST_CPPLIB_x86_64_unknown_linux_gnu
[INFO] [stderr]   cargo:rerun-if-env-changed=HOST_BORING_BSSL_RUST_CPPLIB
[INFO] [stderr]   cargo:rerun-if-env-changed=BORING_BSSL_RUST_CPPLIB
[INFO] [stderr]   cargo:rerun-if-env-changed=CC_x86_64-unknown-linux-gnu
[INFO] [stderr]   cargo:rerun-if-env-changed=CC_x86_64_unknown_linux_gnu
[INFO] [stderr]   cargo:rerun-if-env-changed=HOST_CC
[INFO] [stderr]   cargo:rerun-if-env-changed=CXX_x86_64-unknown-linux-gnu
[INFO] [stderr]   cargo:rerun-if-env-changed=CXX_x86_64_unknown_linux_gnu
[INFO] [stderr]   cargo:rerun-if-env-changed=HOST_CXX
[INFO] [stderr]   cargo:rerun-if-env-changed=DOCS_RS
[INFO] [stderr]   cargo:rerun-if-env-changed=BORING_BSSL_INSTALL_DIR_x86_64-unknown-linux-gnu
[INFO] [stderr]   cargo:rerun-if-env-changed=BORING_BSSL_INSTALL_DIR_x86_64_unknown_linux_gnu
[INFO] [stderr]   cargo:rerun-if-env-changed=HOST_BORING_BSSL_INSTALL_DIR
[INFO] [stderr]   cargo:rerun-if-env-changed=BORING_BSSL_INSTALL_DIR
[INFO] [stderr]   Initialized empty Git repository in /opt/rustwide/target/debug/build/btls-sys/764130eb645eea08/out/boringssl/.git/
[INFO] [stderr]   cargo:warning=applying post quantum crypto patch to boringssl
[INFO] [stderr]   cargo:warning=applying patch to boringssl
[INFO] [stderr]   cargo:warning=applying loongarch patch to boringssl
[INFO] [stderr]   cargo:warning=applying windows cross compile patch to boringssl
[INFO] [stderr]   CMAKE_TOOLCHAIN_FILE_x86_64-unknown-linux-gnu = None
[INFO] [stderr]   CMAKE_TOOLCHAIN_FILE_x86_64_unknown_linux_gnu = None
[INFO] [stderr]   HOST_CMAKE_TOOLCHAIN_FILE = None
[INFO] [stderr]   CMAKE_TOOLCHAIN_FILE = None
[INFO] [stderr]   CMAKE_GENERATOR_x86_64-unknown-linux-gnu = None
[INFO] [stderr]   CMAKE_GENERATOR_x86_64_unknown_linux_gnu = None
[INFO] [stderr]   HOST_CMAKE_GENERATOR = None
[INFO] [stderr]   CMAKE_GENERATOR = None
[INFO] [stderr]   CMAKE_PREFIX_PATH_x86_64-unknown-linux-gnu = None
[INFO] [stderr]   CMAKE_PREFIX_PATH_x86_64_unknown_linux_gnu = None
[INFO] [stderr]   HOST_CMAKE_PREFIX_PATH = None
[INFO] [stderr]   CMAKE_PREFIX_PATH = None
[INFO] [stderr]   CMAKE_x86_64-unknown-linux-gnu = None
[INFO] [stderr]   CMAKE_x86_64_unknown_linux_gnu = None
[INFO] [stderr]   HOST_CMAKE = None
[INFO] [stderr]   CMAKE = None
[INFO] [stderr]   -- The C compiler identification is GNU 15.2.0
[INFO] [stderr]   -- Detecting C compiler ABI info
[INFO] [stderr]   -- Detecting C compiler ABI info - done
[INFO] [stderr]   -- Check for working C compiler: /usr/bin/cc - skipped
[INFO] [stderr]   -- Detecting C compile features
[INFO] [stderr]   -- Detecting C compile features - done
[INFO] [stderr]   -- The CXX compiler identification is GNU 15.2.0
[INFO] [stderr]   -- Detecting CXX compiler ABI info
[INFO] [stderr]   -- Detecting CXX compiler ABI info - done
[INFO] [stderr]   -- Check for working CXX compiler: /usr/bin/c++ - skipped
[INFO] [stderr]   -- Detecting CXX compile features
[INFO] [stderr]   -- Detecting CXX compile features - done
[INFO] [stderr]   -- Checking for module 'libunwind-generic>=1.3.0'
[INFO] [stderr]   --   Found libunwind-generic, version 1.8.3
[INFO] [stderr]   -- The ASM compiler identification is GNU
[INFO] [stderr]   -- Found assembler: /usr/bin/cc
[INFO] [stderr]   -- Performing Test CMAKE_HAVE_LIBC_PTHREAD
[INFO] [stderr]   -- Performing Test CMAKE_HAVE_LIBC_PTHREAD - Success
[INFO] [stderr]   -- Found Threads: TRUE
[INFO] [stderr]   -- Configuring done (5.6s)
[INFO] [stderr]   -- Generating done (2.2s)
[INFO] [stderr]   -- Build files have been written to: /opt/rustwide/target/debug/build/btls-sys/764130eb645eea08/out/build
[INFO] [stderr]   [  0%] Built target boringssl_prefix_symbols
[INFO] [stderr]   [  0%] Building CXX object CMakeFiles/fipsmodule.dir/crypto/fipsmodule/bcm.cc.o
[INFO] [stderr]   [  1%] Building ASM object CMakeFiles/fipsmodule.dir/gen/bcm/aes-gcm-avx2-x86_64-apple.S.o
[INFO] [stderr]   [  1%] Building ASM object CMakeFiles/fipsmodule.dir/gen/bcm/aes-gcm-avx2-x86_64-linux.S.o
[INFO] [stderr]   [  1%] Building ASM object CMakeFiles/fipsmodule.dir/gen/bcm/aesni-gcm-x86_64-linux.S.o
[INFO] [stderr]   [  1%] Building ASM object CMakeFiles/fipsmodule.dir/gen/bcm/aesni-gcm-x86_64-apple.S.o
[INFO] [stderr]   [  1%] Building ASM object CMakeFiles/fipsmodule.dir/gen/bcm/aes-gcm-avx512-x86_64-apple.S.o
[INFO] [stderr]   [  1%] Building ASM object CMakeFiles/fipsmodule.dir/gen/bcm/aesni-x86-apple.S.o
[INFO] [stderr]   [  1%] Building ASM object CMakeFiles/fipsmodule.dir/gen/bcm/aes-gcm-avx512-x86_64-linux.S.o
[INFO] [stderr]   [  3%] Building ASM object CMakeFiles/fipsmodule.dir/gen/bcm/aesni-x86-linux.S.o
[INFO] [stderr]   [  3%] Building ASM object CMakeFiles/fipsmodule.dir/gen/bcm/aesni-x86_64-apple.S.o
[INFO] [stderr]   [  3%] Building ASM object CMakeFiles/fipsmodule.dir/gen/bcm/aesni-x86_64-linux.S.o
[INFO] [stderr]   [  3%] Building ASM object CMakeFiles/fipsmodule.dir/gen/bcm/aesv8-armv8-linux.S.o
[INFO] [stderr]   [  3%] Building ASM object CMakeFiles/fipsmodule.dir/gen/bcm/aesv8-armv8-apple.S.o
[INFO] [stderr]   [  3%] Building ASM object CMakeFiles/fipsmodule.dir/gen/bcm/aesv8-armv7-linux.S.o
[INFO] [stderr]   [  4%] Building ASM object CMakeFiles/fipsmodule.dir/gen/bcm/aesv8-armv8-win.S.o
[INFO] [stderr]   [  4%] Building ASM object CMakeFiles/fipsmodule.dir/gen/bcm/aesv8-gcm-armv8-apple.S.o
[INFO] [stderr]   [  4%] Building ASM object CMakeFiles/fipsmodule.dir/gen/bcm/aesv8-gcm-armv8-linux.S.o
[INFO] [stderr]   [  4%] Building ASM object CMakeFiles/fipsmodule.dir/gen/bcm/aesv8-gcm-armv8-win.S.o
[INFO] [stderr]   [  4%] Building ASM object CMakeFiles/fipsmodule.dir/gen/bcm/armv4-mont-linux.S.o
[INFO] [stderr]   [  4%] Building ASM object CMakeFiles/fipsmodule.dir/gen/bcm/armv8-mont-apple.S.o
[INFO] [stderr]   [  4%] Building ASM object CMakeFiles/fipsmodule.dir/gen/bcm/armv8-mont-linux.S.o
[INFO] [stderr]   [  4%] Building ASM object CMakeFiles/fipsmodule.dir/gen/bcm/bn-586-apple.S.o
[INFO] [stderr]   [  4%] Building ASM object CMakeFiles/fipsmodule.dir/gen/bcm/bn-586-linux.S.o
[INFO] [stderr]   [  6%] Building ASM object CMakeFiles/fipsmodule.dir/gen/bcm/armv8-mont-win.S.o
[INFO] [stderr]   [  6%] Building ASM object CMakeFiles/fipsmodule.dir/gen/bcm/bn-armv8-apple.S.o
[INFO] [stderr]   [  6%] Building ASM object CMakeFiles/fipsmodule.dir/gen/bcm/bn-armv8-linux.S.o
[INFO] [stderr]   [  6%] Building ASM object CMakeFiles/fipsmodule.dir/gen/bcm/bn-armv8-win.S.o
[INFO] [stderr]   [  7%] Building ASM object CMakeFiles/fipsmodule.dir/gen/bcm/bsaes-armv7-linux.S.o
[INFO] [stderr]   [  7%] Building ASM object CMakeFiles/fipsmodule.dir/gen/bcm/co-586-apple.S.o
[INFO] [stderr]   [  7%] Building ASM object CMakeFiles/fipsmodule.dir/gen/bcm/ghash-neon-armv8-apple.S.o
[INFO] [stderr]   [  7%] Building ASM object CMakeFiles/fipsmodule.dir/gen/bcm/co-586-linux.S.o
[INFO] [stderr]   [  7%] Building ASM object CMakeFiles/fipsmodule.dir/gen/bcm/ghash-armv4-linux.S.o
[INFO] [stderr]   [  7%] Building ASM object CMakeFiles/fipsmodule.dir/gen/bcm/ghash-neon-armv8-linux.S.o
[INFO] [stderr]   [  9%] Building ASM object CMakeFiles/fipsmodule.dir/gen/bcm/ghash-ssse3-x86-apple.S.o
[INFO] [stderr]   [  9%] Building ASM object CMakeFiles/fipsmodule.dir/gen/bcm/ghash-ssse3-x86_64-apple.S.o
[INFO] [stderr]   [  9%] Building ASM object CMakeFiles/fipsmodule.dir/gen/bcm/ghash-ssse3-x86-linux.S.o
[INFO] [stderr]   [  9%] Building ASM object CMakeFiles/fipsmodule.dir/gen/bcm/ghash-ssse3-x86_64-linux.S.o
[INFO] [stderr]   [  9%] Building ASM object CMakeFiles/fipsmodule.dir/gen/bcm/ghash-neon-armv8-win.S.o
[INFO] [stderr]   [  9%] Building ASM object CMakeFiles/fipsmodule.dir/gen/bcm/ghash-x86-linux.S.o
[INFO] [stderr]   [  9%] Building ASM object CMakeFiles/fipsmodule.dir/gen/bcm/ghash-x86-apple.S.o
[INFO] [stderr]   [  9%] Building ASM object CMakeFiles/fipsmodule.dir/gen/bcm/ghash-x86_64-linux.S.o
[INFO] [stderr]   [ 11%] Building ASM object CMakeFiles/fipsmodule.dir/gen/bcm/ghash-x86_64-apple.S.o
[INFO] [stderr]   [ 11%] Building ASM object CMakeFiles/fipsmodule.dir/gen/bcm/ghashv8-armv7-linux.S.o
[INFO] [stderr]   [ 11%] Building ASM object CMakeFiles/fipsmodule.dir/gen/bcm/ghashv8-armv8-apple.S.o
[INFO] [stderr]   [ 11%] Building ASM object CMakeFiles/fipsmodule.dir/gen/bcm/ghashv8-armv8-linux.S.o
[INFO] [stderr]   [ 11%] Building ASM object CMakeFiles/fipsmodule.dir/gen/bcm/p256-armv8-asm-apple.S.o
[INFO] [stderr]   [ 12%] Building ASM object CMakeFiles/fipsmodule.dir/gen/bcm/p256-armv8-asm-linux.S.o
[INFO] [stderr]   [ 12%] Building ASM object CMakeFiles/fipsmodule.dir/gen/bcm/p256-x86_64-asm-apple.S.o
[INFO] [stderr]   [ 12%] Building ASM object CMakeFiles/fipsmodule.dir/gen/bcm/ghashv8-armv8-win.S.o
[INFO] [stderr]   [ 12%] Building ASM object CMakeFiles/fipsmodule.dir/gen/bcm/p256-x86_64-asm-linux.S.o
[INFO] [stderr]   [ 12%] Building ASM object CMakeFiles/fipsmodule.dir/gen/bcm/p256-armv8-asm-win.S.o
[INFO] [stderr]   [ 12%] Building ASM object CMakeFiles/fipsmodule.dir/gen/bcm/p256_beeu-armv8-asm-linux.S.o
[INFO] [stderr]   [ 12%] Building ASM object CMakeFiles/fipsmodule.dir/gen/bcm/p256_beeu-armv8-asm-apple.S.o
[INFO] [stderr]   [ 14%] Building ASM object CMakeFiles/fipsmodule.dir/gen/bcm/p256_beeu-armv8-asm-win.S.o
[INFO] [stderr]   [ 14%] Building ASM object CMakeFiles/fipsmodule.dir/gen/bcm/p256_beeu-x86_64-asm-apple.S.o
[INFO] [stderr]   [ 14%] Building ASM object CMakeFiles/fipsmodule.dir/gen/bcm/p256_beeu-x86_64-asm-linux.S.o
[INFO] [stderr]   [ 14%] Building ASM object CMakeFiles/fipsmodule.dir/gen/bcm/rdrand-x86_64-apple.S.o
[INFO] [stderr]   [ 14%] Building ASM object CMakeFiles/fipsmodule.dir/gen/bcm/rdrand-x86_64-linux.S.o
[INFO] [stderr]   [ 14%] Building ASM object CMakeFiles/fipsmodule.dir/gen/bcm/rsaz-avx2-linux.S.o
[INFO] [stderr]   [ 14%] Building ASM object CMakeFiles/fipsmodule.dir/gen/bcm/rsaz-avx2-apple.S.o
[INFO] [stderr]   [ 15%] Building ASM object CMakeFiles/fipsmodule.dir/gen/bcm/sha1-586-apple.S.o
[INFO] [stderr]   [ 15%] Building ASM object CMakeFiles/fipsmodule.dir/gen/bcm/sha1-586-linux.S.o
[INFO] [stderr]   [ 15%] Building ASM object CMakeFiles/fipsmodule.dir/gen/bcm/sha1-armv4-large-linux.S.o
[INFO] [stderr]   [ 15%] Building ASM object CMakeFiles/fipsmodule.dir/gen/bcm/sha1-armv8-apple.S.o
[INFO] [stderr]   [ 15%] Building ASM object CMakeFiles/fipsmodule.dir/gen/bcm/sha1-armv8-linux.S.o
[INFO] [stderr]   [ 15%] Building ASM object CMakeFiles/fipsmodule.dir/gen/bcm/sha1-armv8-win.S.o
[INFO] [stderr]   [ 17%] Building ASM object CMakeFiles/fipsmodule.dir/gen/bcm/sha1-x86_64-apple.S.o
[INFO] [stderr]   [ 17%] Building ASM object CMakeFiles/fipsmodule.dir/gen/bcm/sha1-x86_64-linux.S.o
[INFO] [stderr]   [ 17%] Building ASM object CMakeFiles/fipsmodule.dir/gen/bcm/sha256-586-apple.S.o
[INFO] [stderr]   [ 17%] Building ASM object CMakeFiles/fipsmodule.dir/gen/bcm/sha256-586-linux.S.o
[INFO] [stderr]   [ 17%] Building ASM object CMakeFiles/fipsmodule.dir/gen/bcm/sha256-armv4-linux.S.o
[INFO] [stderr]   [ 17%] Building ASM object CMakeFiles/fipsmodule.dir/gen/bcm/sha256-armv8-apple.S.o
[INFO] [stderr]   [ 17%] Building ASM object CMakeFiles/fipsmodule.dir/gen/bcm/sha256-armv8-linux.S.o
[INFO] [stderr]   [ 19%] Building ASM object CMakeFiles/fipsmodule.dir/gen/bcm/sha256-armv8-win.S.o
[INFO] [stderr]   [ 19%] Building ASM object CMakeFiles/fipsmodule.dir/gen/bcm/sha256-x86_64-apple.S.o
[INFO] [stderr]   [ 19%] Building ASM object CMakeFiles/fipsmodule.dir/gen/bcm/sha256-x86_64-linux.S.o
[INFO] [stderr]   [ 19%] Building ASM object CMakeFiles/fipsmodule.dir/gen/bcm/sha512-586-apple.S.o
[INFO] [stderr]   [ 19%] Building ASM object CMakeFiles/fipsmodule.dir/gen/bcm/sha512-586-linux.S.o
[INFO] [stderr]   [ 19%] Building ASM object CMakeFiles/fipsmodule.dir/gen/bcm/sha512-armv4-linux.S.o
[INFO] [stderr]   [ 20%] Building ASM object CMakeFiles/fipsmodule.dir/gen/bcm/sha512-armv8-apple.S.o
[INFO] [stderr]   [ 20%] Building ASM object CMakeFiles/fipsmodule.dir/gen/bcm/sha512-armv8-linux.S.o
[INFO] [stderr]   [ 20%] Building ASM object CMakeFiles/fipsmodule.dir/gen/bcm/sha512-armv8-win.S.o
[INFO] [stderr]   [ 20%] Building ASM object CMakeFiles/fipsmodule.dir/gen/bcm/sha512-x86_64-apple.S.o
[INFO] [stderr]   [ 20%] Building ASM object CMakeFiles/fipsmodule.dir/gen/bcm/vpaes-armv7-linux.S.o
[INFO] [stderr]   [ 20%] Building ASM object CMakeFiles/fipsmodule.dir/gen/bcm/sha512-x86_64-linux.S.o
[INFO] [stderr]   [ 20%] Building ASM object CMakeFiles/fipsmodule.dir/gen/bcm/vpaes-armv8-apple.S.o
[INFO] [stderr]   [ 22%] Building ASM object CMakeFiles/fipsmodule.dir/gen/bcm/vpaes-armv8-linux.S.o
[INFO] [stderr]   [ 22%] Building ASM object CMakeFiles/fipsmodule.dir/gen/bcm/vpaes-x86-linux.S.o
[INFO] [stderr]   [ 22%] Building ASM object CMakeFiles/fipsmodule.dir/gen/bcm/vpaes-x86_64-linux.S.o
[INFO] [stderr]   [ 22%] Building ASM object CMakeFiles/fipsmodule.dir/gen/bcm/vpaes-armv8-win.S.o
[INFO] [stderr]   [ 22%] Building ASM object CMakeFiles/fipsmodule.dir/gen/bcm/vpaes-x86_64-apple.S.o
[INFO] [stderr]   [ 23%] Building ASM object CMakeFiles/fipsmodule.dir/gen/bcm/x86-mont-apple.S.o
[INFO] [stderr]   [ 23%] Building ASM object CMakeFiles/fipsmodule.dir/gen/bcm/vpaes-x86-apple.S.o
[INFO] [stderr]   [ 23%] Building ASM object CMakeFiles/fipsmodule.dir/gen/bcm/x86_64-mont-apple.S.o
[INFO] [stderr]   [ 23%] Building ASM object CMakeFiles/fipsmodule.dir/gen/bcm/x86_64-mont-linux.S.o
[INFO] [stderr]   [ 23%] Building ASM object CMakeFiles/fipsmodule.dir/gen/bcm/x86-mont-linux.S.o
[INFO] [stderr]   [ 23%] Building ASM object CMakeFiles/fipsmodule.dir/gen/bcm/x86_64-mont5-linux.S.o
[INFO] [stderr]   [ 23%] Building ASM object CMakeFiles/fipsmodule.dir/gen/bcm/x86_64-mont5-apple.S.o
[INFO] [stderr]   [ 23%] Building ASM object CMakeFiles/fipsmodule.dir/third_party/fiat/asm/fiat_p256_adx_mul.S.o
[INFO] [stderr]   [ 25%] Building ASM object CMakeFiles/fipsmodule.dir/third_party/fiat/asm/fiat_p256_adx_sqr.S.o
[INFO] [stderr]   [ 25%] Built target fipsmodule
[INFO] [stderr]   [ 26%] Building CXX object CMakeFiles/crypto.dir/crypto/asn1/a_bool.cc.o
[INFO] [stderr]   [ 26%] Building CXX object CMakeFiles/crypto.dir/crypto/asn1/a_dup.cc.o
[INFO] [stderr]   [ 25%] Building CXX object CMakeFiles/crypto.dir/crypto/asn1/a_bitstr.cc.o
[INFO] [stderr]   [ 26%] Building CXX object CMakeFiles/crypto.dir/crypto/aes/aes.cc.o
[INFO] [stderr]   [ 26%] Building CXX object CMakeFiles/crypto.dir/crypto/asn1/a_i2d_fp.cc.o
[INFO] [stderr]   [ 26%] Building CXX object CMakeFiles/crypto.dir/crypto/asn1/a_d2i_fp.cc.o
[INFO] [stderr]   [ 26%] Building CXX object CMakeFiles/crypto.dir/crypto/asn1/a_int.cc.o
[INFO] [stderr]   [ 26%] Building CXX object CMakeFiles/crypto.dir/crypto/asn1/a_gentm.cc.o
[INFO] [stderr]   [ 28%] Building CXX object CMakeFiles/crypto.dir/crypto/asn1/a_mbstr.cc.o
[INFO] [stderr]   [ 28%] Building CXX object CMakeFiles/crypto.dir/crypto/asn1/a_object.cc.o
[INFO] [stderr]   [ 28%] Building CXX object CMakeFiles/crypto.dir/crypto/asn1/a_octet.cc.o
[INFO] [stderr]   [ 28%] Building CXX object CMakeFiles/crypto.dir/crypto/asn1/a_strnid.cc.o
[INFO] [stderr]   [ 28%] Building CXX object CMakeFiles/crypto.dir/crypto/asn1/a_strex.cc.o
[INFO] [stderr]   [ 28%] Building CXX object CMakeFiles/crypto.dir/crypto/asn1/a_time.cc.o
[INFO] [stderr]   [ 28%] Building CXX object CMakeFiles/crypto.dir/crypto/asn1/a_type.cc.o
[INFO] [stderr]   [ 30%] Building CXX object CMakeFiles/crypto.dir/crypto/asn1/a_utctm.cc.o
[INFO] [stderr]   [ 30%] Building CXX object CMakeFiles/crypto.dir/crypto/asn1/asn1_lib.cc.o
[INFO] [stderr]   [ 30%] Building CXX object CMakeFiles/crypto.dir/crypto/asn1/asn1_par.cc.o
[INFO] [stderr]   [ 30%] Building CXX object CMakeFiles/crypto.dir/crypto/asn1/asn_pack.cc.o
[INFO] [stderr]   [ 30%] Building CXX object CMakeFiles/crypto.dir/crypto/asn1/f_string.cc.o
[INFO] [stderr]   [ 30%] Building CXX object CMakeFiles/crypto.dir/crypto/asn1/f_int.cc.o
[INFO] [stderr]   [ 31%] Building CXX object CMakeFiles/crypto.dir/crypto/asn1/posix_time.cc.o
[INFO] [stderr]   [ 31%] Building CXX object CMakeFiles/crypto.dir/crypto/asn1/tasn_dec.cc.o
[INFO] [stderr]   [ 31%] Building CXX object CMakeFiles/crypto.dir/crypto/asn1/tasn_enc.cc.o
[INFO] [stderr]   [ 31%] Building CXX object CMakeFiles/crypto.dir/crypto/asn1/tasn_fre.cc.o
[INFO] [stderr]   [ 31%] Building CXX object CMakeFiles/crypto.dir/crypto/asn1/tasn_new.cc.o
[INFO] [stderr]   [ 31%] Building CXX object CMakeFiles/crypto.dir/crypto/asn1/tasn_typ.cc.o
[INFO] [stderr]   [ 31%] Building CXX object CMakeFiles/crypto.dir/crypto/asn1/tasn_utl.cc.o
[INFO] [stderr]   [ 33%] Building CXX object CMakeFiles/crypto.dir/crypto/base64/base64.cc.o
[INFO] [stderr]   [ 33%] Building CXX object CMakeFiles/crypto.dir/crypto/bio/bio.cc.o
[INFO] [stderr]   [ 33%] Building CXX object CMakeFiles/crypto.dir/crypto/bio/bio_mem.cc.o
[INFO] [stderr]   [ 33%] Building CXX object CMakeFiles/crypto.dir/crypto/bio/connect.cc.o
[INFO] [stderr]   [ 33%] Building CXX object CMakeFiles/crypto.dir/crypto/bio/errno.cc.o
[INFO] [stderr]   [ 33%] Building CXX object CMakeFiles/crypto.dir/crypto/bio/fd.cc.o
[INFO] [stderr]   [ 34%] Building CXX object CMakeFiles/crypto.dir/crypto/bio/file.cc.o
[INFO] [stderr]   [ 34%] Building CXX object CMakeFiles/crypto.dir/crypto/bio/hexdump.cc.o
[INFO] [stderr]   [ 34%] Building CXX object CMakeFiles/crypto.dir/crypto/bio/pair.cc.o
[INFO] [stderr]   [ 34%] Building CXX object CMakeFiles/crypto.dir/crypto/bio/printf.cc.o
[INFO] [stderr]   [ 34%] Building CXX object CMakeFiles/crypto.dir/crypto/bio/socket.cc.o
[INFO] [stderr]   [ 34%] Building CXX object CMakeFiles/crypto.dir/crypto/bio/socket_helper.cc.o
[INFO] [stderr]   [ 34%] Building CXX object CMakeFiles/crypto.dir/crypto/blake2/blake2.cc.o
[INFO] [stderr]   [ 36%] Building CXX object CMakeFiles/crypto.dir/crypto/bn/bn_asn1.cc.o
[INFO] [stderr]   [ 36%] Building CXX object CMakeFiles/crypto.dir/crypto/bn/convert.cc.o
[INFO] [stderr]   [ 36%] Building CXX object CMakeFiles/crypto.dir/crypto/bn/exponentiation.cc.o
[INFO] [stderr]   [ 36%] Building CXX object CMakeFiles/crypto.dir/crypto/bn/div.cc.o
[INFO] [stderr]   [ 36%] Building CXX object CMakeFiles/crypto.dir/crypto/bn/sqrt.cc.o
[INFO] [stderr]   [ 36%] Building CXX object CMakeFiles/crypto.dir/crypto/buf/buf.cc.o
[INFO] [stderr]   [ 38%] Building CXX object CMakeFiles/crypto.dir/crypto/bytestring/asn1_compat.cc.o
[INFO] [stderr]   [ 38%] Building CXX object CMakeFiles/crypto.dir/crypto/bytestring/ber.cc.o
[INFO] [stderr]   [ 38%] Building CXX object CMakeFiles/crypto.dir/crypto/bytestring/cbb.cc.o
[INFO] [stderr]   [ 38%] Building CXX object CMakeFiles/crypto.dir/crypto/bytestring/cbs.cc.o
[INFO] [stderr]   [ 38%] Building CXX object CMakeFiles/crypto.dir/crypto/bytestring/unicode.cc.o
[INFO] [stderr]   [ 38%] Building CXX object CMakeFiles/crypto.dir/crypto/chacha/chacha.cc.o
[INFO] [stderr]   [ 38%] Building CXX object CMakeFiles/crypto.dir/crypto/cipher/derive_key.cc.o
[INFO] [stderr]   [ 39%] Building CXX object CMakeFiles/crypto.dir/crypto/cipher/e_aesctrhmac.cc.o
[INFO] [stderr]   [ 39%] Building CXX object CMakeFiles/crypto.dir/crypto/cipher/e_aeseax.cc.o
[INFO] [stderr]   [ 39%] Building CXX object CMakeFiles/crypto.dir/crypto/cipher/e_aesgcmsiv.cc.o
[INFO] [stderr]   [ 39%] Building CXX object CMakeFiles/crypto.dir/crypto/cipher/e_chacha20poly1305.cc.o
[INFO] [stderr]   [ 39%] Building CXX object CMakeFiles/crypto.dir/crypto/cipher/e_des.cc.o
[INFO] [stderr]   [ 39%] Building CXX object CMakeFiles/crypto.dir/crypto/cipher/e_null.cc.o
[INFO] [stderr]   [ 41%] Building CXX object CMakeFiles/crypto.dir/crypto/cipher/e_rc2.cc.o
[INFO] [stderr]   [ 41%] Building CXX object CMakeFiles/crypto.dir/crypto/cipher/e_rc4.cc.o
[INFO] [stderr]   [ 41%] Building CXX object CMakeFiles/crypto.dir/crypto/cipher/e_tls.cc.o
[INFO] [stderr]   [ 41%] Building CXX object CMakeFiles/crypto.dir/crypto/cipher/get_cipher.cc.o
[INFO] [stderr]   [ 41%] Building CXX object CMakeFiles/crypto.dir/crypto/cipher/tls_cbc.cc.o
[INFO] [stderr]   [ 41%] Building CXX object CMakeFiles/crypto.dir/crypto/cms/cms.cc.o
[INFO] [stderr]   [ 41%] Building CXX object CMakeFiles/crypto.dir/crypto/conf/conf.cc.o
[INFO] [stderr]   [ 41%] Building CXX object CMakeFiles/crypto.dir/crypto/cpu_aarch64_fuchsia.cc.o
[INFO] [stderr]   [ 42%] Building CXX object CMakeFiles/crypto.dir/crypto/cpu_aarch64_apple.cc.o
[INFO] [stderr]   [ 42%] Building CXX object CMakeFiles/crypto.dir/crypto/cpu_aarch64_linux.cc.o
[INFO] [stderr]   [ 42%] Building CXX object CMakeFiles/crypto.dir/crypto/cpu_aarch64_openbsd.cc.o
[INFO] [stderr]   [ 42%] Building CXX object CMakeFiles/crypto.dir/crypto/cpu_aarch64_sysreg.cc.o
[INFO] [stderr]   [ 42%] Building CXX object CMakeFiles/crypto.dir/crypto/cpu_aarch64_win.cc.o
[INFO] [stderr]   [ 44%] Building CXX object CMakeFiles/crypto.dir/crypto/cpu_arm_freebsd.cc.o
[INFO] [stderr]   [ 44%] Building CXX object CMakeFiles/crypto.dir/crypto/cpu_arm_linux.cc.o
[INFO] [stderr]   [ 44%] Building CXX object CMakeFiles/crypto.dir/crypto/cpu_intel.cc.o
[INFO] [stderr]   [ 44%] Building CXX object CMakeFiles/crypto.dir/crypto/crypto.cc.o
[INFO] [stderr]   [ 44%] Building CXX object CMakeFiles/crypto.dir/crypto/curve25519/curve25519.cc.o
[INFO] [stderr]   [ 44%] Building CXX object CMakeFiles/crypto.dir/crypto/curve25519/curve25519_64_adx.cc.o
[INFO] [stderr]   [ 44%] Building CXX object CMakeFiles/crypto.dir/crypto/curve25519/spake25519.cc.o
[INFO] [stderr]   [ 46%] Building CXX object CMakeFiles/crypto.dir/crypto/des/des.cc.o
[INFO] [stderr]   [ 46%] Building CXX object CMakeFiles/crypto.dir/crypto/dh/dh_asn1.cc.o
[INFO] [stderr]   [ 46%] Building CXX object CMakeFiles/crypto.dir/crypto/dh/params.cc.o
[INFO] [stderr]   [ 46%] Building CXX object CMakeFiles/crypto.dir/crypto/digest/digest_extra.cc.o
[INFO] [stderr]   [ 46%] Building CXX object CMakeFiles/crypto.dir/crypto/dsa/dsa_asn1.cc.o
[INFO] [stderr]   [ 46%] Building CXX object CMakeFiles/crypto.dir/crypto/dsa/dsa.cc.o
[INFO] [stderr]   [ 47%] Building CXX object CMakeFiles/crypto.dir/crypto/ec/ec_asn1.cc.o
[INFO] [stderr]   [ 47%] Building CXX object CMakeFiles/crypto.dir/crypto/ec/ec_derive.cc.o
[INFO] [stderr]   [ 47%] Building CXX object CMakeFiles/crypto.dir/crypto/ec/hash_to_curve.cc.o
[INFO] [stderr]   [ 47%] Building CXX object CMakeFiles/crypto.dir/crypto/ecdh/ecdh.cc.o
[INFO] [stderr]   [ 47%] Building CXX object CMakeFiles/crypto.dir/crypto/ecdsa/ecdsa_asn1.cc.o
[INFO] [stderr]   [ 47%] Building CXX object CMakeFiles/crypto.dir/crypto/ecdsa/ecdsa_p1363.cc.o
[INFO] [stderr]   [ 47%] Building CXX object CMakeFiles/crypto.dir/crypto/engine/engine.cc.o
[INFO] [stderr]   [ 49%] Building CXX object CMakeFiles/crypto.dir/crypto/err/err.cc.o
[INFO] [stderr]   [ 49%] Building CXX object CMakeFiles/crypto.dir/crypto/evp/evp.cc.o
[INFO] [stderr]   [ 49%] Building CXX object CMakeFiles/crypto.dir/crypto/evp/evp_asn1.cc.o
[INFO] [stderr]   [ 49%] Building CXX object CMakeFiles/crypto.dir/crypto/evp/evp_ctx.cc.o
[INFO] [stderr]   [ 49%] Building CXX object CMakeFiles/crypto.dir/crypto/evp/p_dh.cc.o
[INFO] [stderr]   [ 49%] Building CXX object CMakeFiles/crypto.dir/crypto/evp/p_dsa.cc.o
[INFO] [stderr]   [ 50%] Building CXX object CMakeFiles/crypto.dir/crypto/evp/p_ec.cc.o
[INFO] [stderr]   [ 50%] Building CXX object CMakeFiles/crypto.dir/crypto/evp/p_ed25519.cc.o
[INFO] [stderr]   [ 50%] Building CXX object CMakeFiles/crypto.dir/crypto/evp/p_hkdf.cc.o
[INFO] [stderr]   [ 50%] Building CXX object CMakeFiles/crypto.dir/crypto/evp/p_mldsa.cc.o
[INFO] [stderr]   [ 50%] Building CXX object CMakeFiles/crypto.dir/crypto/evp/p_rsa.cc.o
[INFO] [stderr]   [ 50%] Building CXX object CMakeFiles/crypto.dir/crypto/evp/p_x25519.cc.o
[INFO] [stderr]   [ 50%] Building CXX object CMakeFiles/crypto.dir/crypto/evp/pbkdf.cc.o
[INFO] [stderr]   [ 52%] Building CXX object CMakeFiles/crypto.dir/crypto/evp/print.cc.o
[INFO] [stderr]   [ 52%] Building CXX object CMakeFiles/crypto.dir/crypto/evp/scrypt.cc.o
[INFO] [stderr]   [ 52%] Building CXX object CMakeFiles/crypto.dir/crypto/evp/sign.cc.o
[INFO] [stderr]   [ 52%] Building CXX object CMakeFiles/crypto.dir/crypto/ex_data.cc.o
[INFO] [stderr]   [ 52%] Building CXX object CMakeFiles/crypto.dir/crypto/fipsmodule/fips_shared_support.cc.o
[INFO] [stderr]   [ 52%] Building CXX object CMakeFiles/crypto.dir/crypto/fuzzer_mode.cc.o
[INFO] [stderr]   [ 53%] Building CXX object CMakeFiles/crypto.dir/crypto/hpke/hpke.cc.o
[INFO] [stderr]   [ 53%] Building CXX object CMakeFiles/crypto.dir/crypto/hrss/hrss.cc.o
[INFO] [stderr]   [ 53%] Building CXX object CMakeFiles/crypto.dir/crypto/kyber/kyber.cc.o
[INFO] [stderr]   [ 53%] Building CXX object CMakeFiles/crypto.dir/crypto/lhash/lhash.cc.o
[INFO] [stderr]   [ 53%] Building CXX object CMakeFiles/crypto.dir/crypto/md4/md4.cc.o
[INFO] [stderr]   [ 53%] Building CXX object CMakeFiles/crypto.dir/crypto/md5/md5.cc.o
[INFO] [stderr]   [ 53%] Building CXX object CMakeFiles/crypto.dir/crypto/mem.cc.o
[INFO] [stderr]   [ 55%] Building CXX object CMakeFiles/crypto.dir/crypto/mldsa/mldsa.cc.o
[INFO] [stderr]   [ 55%] Building CXX object CMakeFiles/crypto.dir/crypto/mlkem/mlkem.cc.o
[INFO] [stderr]   [ 55%] Building CXX object CMakeFiles/crypto.dir/crypto/obj/obj.cc.o
[INFO] [stderr]   [ 55%] Building CXX object CMakeFiles/crypto.dir/crypto/obj/obj_xref.cc.o
[INFO] [stderr]   [ 55%] Building CXX object CMakeFiles/crypto.dir/crypto/pem/pem_info.cc.o
[INFO] [stderr]   [ 55%] Building CXX object CMakeFiles/crypto.dir/crypto/pem/pem_all.cc.o
[INFO] [stderr]   [ 57%] Building CXX object CMakeFiles/crypto.dir/crypto/pem/pem_lib.cc.o
[INFO] [stderr]   [ 57%] Building CXX object CMakeFiles/crypto.dir/crypto/pem/pem_oth.cc.o
[INFO] [stderr]   [ 57%] Building CXX object CMakeFiles/crypto.dir/crypto/pem/pem_pk8.cc.o
[INFO] [stderr]   [ 57%] Building CXX object CMakeFiles/crypto.dir/crypto/pem/pem_pkey.cc.o
[INFO] [stderr]   [ 57%] Building CXX object CMakeFiles/crypto.dir/crypto/pem/pem_x509.cc.o
[INFO] [stderr]   [ 57%] Building CXX object CMakeFiles/crypto.dir/crypto/pem/pem_xaux.cc.o
[INFO] [stderr]   [ 57%] Building CXX object CMakeFiles/crypto.dir/crypto/pkcs7/pkcs7.cc.o
[INFO] [stderr]   [ 58%] Building CXX object CMakeFiles/crypto.dir/crypto/pkcs7/pkcs7_x509.cc.o
[INFO] [stderr]   [ 58%] Building CXX object CMakeFiles/crypto.dir/crypto/pkcs8/p5_pbev2.cc.o
[INFO] [stderr]   [ 58%] Building CXX object CMakeFiles/crypto.dir/crypto/pkcs8/pkcs8.cc.o
[INFO] [stderr]   [ 58%] Building CXX object CMakeFiles/crypto.dir/crypto/pkcs8/pkcs8_x509.cc.o
[INFO] [stderr]   [ 58%] Building CXX object CMakeFiles/crypto.dir/crypto/poly1305/poly1305.cc.o
[INFO] [stderr]   [ 58%] Building CXX object CMakeFiles/crypto.dir/crypto/poly1305/poly1305_arm.cc.o
[INFO] [stderr]   [ 60%] Building CXX object CMakeFiles/crypto.dir/crypto/poly1305/poly1305_vec.cc.o
[INFO] [stderr]   [ 60%] Building CXX object CMakeFiles/crypto.dir/crypto/pool/pool.cc.o
[INFO] [stderr]   [ 60%] Building CXX object CMakeFiles/crypto.dir/crypto/rand/fork_detect.cc.o
[INFO] [stderr]   [ 60%] Building CXX object CMakeFiles/crypto.dir/crypto/rand/deterministic.cc.o
[INFO] [stderr]   [ 60%] Building CXX object CMakeFiles/crypto.dir/crypto/rand/forkunsafe.cc.o
[INFO] [stderr]   [ 60%] Building CXX object CMakeFiles/crypto.dir/crypto/rand/ios.cc.o
[INFO] [stderr]   [ 60%] Building CXX object CMakeFiles/crypto.dir/crypto/rand/getentropy.cc.o
[INFO] [stderr]   [ 61%] Building CXX object CMakeFiles/crypto.dir/crypto/rand/passive.cc.o
[INFO] [stderr]   [ 61%] Building CXX object CMakeFiles/crypto.dir/crypto/rand/trusty.cc.o
[INFO] [stderr]   [ 61%] Building CXX object CMakeFiles/crypto.dir/crypto/rand/rand.cc.o
[INFO] [stderr]   [ 61%] Building CXX object CMakeFiles/crypto.dir/crypto/rand/urandom.cc.o
[INFO] [stderr]   [ 61%] Building CXX object CMakeFiles/crypto.dir/crypto/rc4/rc4.cc.o
[INFO] [stderr]   [ 61%] Building CXX object CMakeFiles/crypto.dir/crypto/rand/windows.cc.o
[INFO] [stderr]   [ 63%] Building CXX object CMakeFiles/crypto.dir/crypto/refcount.cc.o
[INFO] [stderr]   [ 63%] Building CXX object CMakeFiles/crypto.dir/crypto/rsa/rsa_asn1.cc.o
[INFO] [stderr]   [ 63%] Building CXX object CMakeFiles/crypto.dir/crypto/rsa/rsa_crypt.cc.o
[INFO] [stderr]   [ 63%] Building CXX object CMakeFiles/crypto.dir/crypto/rsa/rsa_extra.cc.o
[INFO] [stderr]   [ 63%] Building CXX object CMakeFiles/crypto.dir/crypto/rsa/rsa_print.cc.o
[INFO] [stderr]   [ 63%] Building CXX object CMakeFiles/crypto.dir/crypto/sha/sha1.cc.o
[INFO] [stderr]   [ 63%] Building CXX object CMakeFiles/crypto.dir/crypto/sha/sha256.cc.o
[INFO] [stderr]   [ 65%] Building CXX object CMakeFiles/crypto.dir/crypto/sha/sha512.cc.o
[INFO] [stderr]   [ 65%] Building CXX object CMakeFiles/crypto.dir/crypto/siphash/siphash.cc.o
[INFO] [stderr]   [ 65%] Building CXX object CMakeFiles/crypto.dir/crypto/slhdsa/slhdsa.cc.o
[INFO] [stderr]   [ 65%] Building CXX object CMakeFiles/crypto.dir/crypto/spake2plus/spake2plus.cc.o
[INFO] [stderr]   [ 65%] Building CXX object CMakeFiles/crypto.dir/crypto/thread.cc.o
[INFO] [stderr]   [ 65%] Building CXX object CMakeFiles/crypto.dir/crypto/stack/stack.cc.o
[INFO] [stderr]   [ 66%] Building CXX object CMakeFiles/crypto.dir/crypto/thread_none.cc.o
[INFO] [stderr]   [ 66%] Building CXX object CMakeFiles/crypto.dir/crypto/thread_pthread.cc.o
[INFO] [stderr]   [ 66%] Building CXX object CMakeFiles/crypto.dir/crypto/thread_win.cc.o
[INFO] [stderr]   [ 66%] Building CXX object CMakeFiles/crypto.dir/crypto/trust_token/pmbtoken.cc.o
[INFO] [stderr]   [ 66%] Building CXX object CMakeFiles/crypto.dir/crypto/trust_token/trust_token.cc.o
[INFO] [stderr]   [ 66%] Building CXX object CMakeFiles/crypto.dir/crypto/trust_token/voprf.cc.o
[INFO] [stderr]   [ 66%] Building CXX object CMakeFiles/crypto.dir/crypto/x509/a_digest.cc.o
[INFO] [stderr]   [ 68%] Building CXX object CMakeFiles/crypto.dir/crypto/x509/a_sign.cc.o
[INFO] [stderr]   [ 68%] Building CXX object CMakeFiles/crypto.dir/crypto/x509/a_verify.cc.o
[INFO] [stderr]   [ 68%] Building CXX object CMakeFiles/crypto.dir/crypto/x509/algorithm.cc.o
[INFO] [stderr]   [ 68%] Building CXX object CMakeFiles/crypto.dir/crypto/x509/asn1_gen.cc.o
[INFO] [stderr]   [ 68%] Building CXX object CMakeFiles/crypto.dir/crypto/x509/by_dir.cc.o
[INFO] [stderr]   [ 68%] Building CXX object CMakeFiles/crypto.dir/crypto/x509/by_file.cc.o
[INFO] [stderr]   [ 69%] Building CXX object CMakeFiles/crypto.dir/crypto/x509/i2d_pr.cc.o
[INFO] [stderr]   [ 69%] Building CXX object CMakeFiles/crypto.dir/crypto/x509/name_print.cc.o
[INFO] [stderr]   [ 69%] Building CXX object CMakeFiles/crypto.dir/crypto/x509/policy.cc.o
[INFO] [stderr]   [ 69%] Building CXX object CMakeFiles/crypto.dir/crypto/x509/rsa_pss.cc.o
[INFO] [stderr]   [ 69%] Building CXX object CMakeFiles/crypto.dir/crypto/x509/t_crl.cc.o
[INFO] [stderr]   [ 69%] Building CXX object CMakeFiles/crypto.dir/crypto/x509/t_req.cc.o
[INFO] [stderr]   [ 69%] Building CXX object CMakeFiles/crypto.dir/crypto/x509/t_x509.cc.o
[INFO] [stderr]   [ 71%] Building CXX object CMakeFiles/crypto.dir/crypto/x509/t_x509a.cc.o
[INFO] [stderr]   [ 71%] Building CXX object CMakeFiles/crypto.dir/crypto/x509/v3_akey.cc.o
[INFO] [stderr]   [ 71%] Building CXX object CMakeFiles/crypto.dir/crypto/x509/v3_akeya.cc.o
[INFO] [stderr]   [ 71%] Building CXX object CMakeFiles/crypto.dir/crypto/x509/v3_alt.cc.o
[INFO] [stderr]   [ 71%] Building CXX object CMakeFiles/crypto.dir/crypto/x509/v3_bcons.cc.o
[INFO] [stderr]   [ 71%] Building CXX object CMakeFiles/crypto.dir/crypto/x509/v3_bitst.cc.o
[INFO] [stderr]   [ 73%] Building CXX object CMakeFiles/crypto.dir/crypto/x509/v3_conf.cc.o
[INFO] [stderr]   [ 73%] Building CXX object CMakeFiles/crypto.dir/crypto/x509/v3_cpols.cc.o
[INFO] [stderr]   [ 73%] Building CXX object CMakeFiles/crypto.dir/crypto/x509/v3_crld.cc.o
[INFO] [stderr]   [ 73%] Building CXX object CMakeFiles/crypto.dir/crypto/x509/v3_enum.cc.o
[INFO] [stderr]   [ 73%] Building CXX object CMakeFiles/crypto.dir/crypto/x509/v3_extku.cc.o
[INFO] [stderr]   [ 73%] Building CXX object CMakeFiles/crypto.dir/crypto/x509/v3_genn.cc.o
[INFO] [stderr]   [ 73%] Building CXX object CMakeFiles/crypto.dir/crypto/x509/v3_ia5.cc.o
[INFO] [stderr]   [ 74%] Building CXX object CMakeFiles/crypto.dir/crypto/x509/v3_info.cc.o
[INFO] [stderr]   [ 74%] Building CXX object CMakeFiles/crypto.dir/crypto/x509/v3_int.cc.o
[INFO] [stderr]   [ 74%] Building CXX object CMakeFiles/crypto.dir/crypto/x509/v3_lib.cc.o
[INFO] [stderr]   [ 74%] Building CXX object CMakeFiles/crypto.dir/crypto/x509/v3_ncons.cc.o
[INFO] [stderr]   [ 74%] Building CXX object CMakeFiles/crypto.dir/crypto/x509/v3_ocsp.cc.o
[INFO] [stderr]   [ 74%] Building CXX object CMakeFiles/crypto.dir/crypto/x509/v3_pcons.cc.o
[INFO] [stderr]   [ 76%] Building CXX object CMakeFiles/crypto.dir/crypto/x509/v3_pmaps.cc.o
[INFO] [stderr]   [ 76%] Building CXX object CMakeFiles/crypto.dir/crypto/x509/v3_prn.cc.o
[INFO] [stderr]   [ 76%] Building CXX object CMakeFiles/crypto.dir/crypto/x509/v3_purp.cc.o
[INFO] [stderr]   [ 76%] Building CXX object CMakeFiles/crypto.dir/crypto/x509/v3_skey.cc.o
[INFO] [stderr]   [ 76%] Building CXX object CMakeFiles/crypto.dir/crypto/x509/v3_utl.cc.o
[INFO] [stderr]   [ 76%] Building CXX object CMakeFiles/crypto.dir/crypto/x509/x509.cc.o
[INFO] [stderr]   [ 76%] Building CXX object CMakeFiles/crypto.dir/crypto/x509/x509_att.cc.o
[INFO] [stderr]   [ 77%] Building CXX object CMakeFiles/crypto.dir/crypto/x509/x509_cmp.cc.o
[INFO] [stderr]   [ 77%] Building CXX object CMakeFiles/crypto.dir/crypto/x509/x509_d2.cc.o
[INFO] [stderr]   [ 77%] Building CXX object CMakeFiles/crypto.dir/crypto/x509/x509_def.cc.o
[INFO] [stderr]   [ 77%] Building CXX object CMakeFiles/crypto.dir/crypto/x509/x509_ext.cc.o
[INFO] [stderr]   [ 77%] Building CXX object CMakeFiles/crypto.dir/crypto/x509/x509_lu.cc.o
[INFO] [stderr]   [ 77%] Building CXX object CMakeFiles/crypto.dir/crypto/x509/x509_obj.cc.o
[INFO] [stderr]   [ 79%] Building CXX object CMakeFiles/crypto.dir/crypto/x509/x509_req.cc.o
[INFO] [stderr]   [ 79%] Building CXX object CMakeFiles/crypto.dir/crypto/x509/x509_set.cc.o
[INFO] [stderr]   [ 79%] Building CXX object CMakeFiles/crypto.dir/crypto/x509/x509_trs.cc.o
[INFO] [stderr]   [ 79%] Building CXX object CMakeFiles/crypto.dir/crypto/x509/x509_txt.cc.o
[INFO] [stderr]   [ 79%] Building CXX object CMakeFiles/crypto.dir/crypto/x509/x509_v3.cc.o
[INFO] [stderr]   [ 79%] Building CXX object CMakeFiles/crypto.dir/crypto/x509/x509_vfy.cc.o
[INFO] [stderr]   [ 79%] Building CXX object CMakeFiles/crypto.dir/crypto/x509/x509_vpm.cc.o
[INFO] [stderr]   [ 80%] Building CXX object CMakeFiles/crypto.dir/crypto/x509/x509cset.cc.o
[INFO] [stderr]   [ 80%] Building CXX object CMakeFiles/crypto.dir/crypto/x509/x509name.cc.o
[INFO] [stderr]   [ 80%] Building CXX object CMakeFiles/crypto.dir/crypto/x509/x509rset.cc.o
[INFO] [stderr]   [ 80%] Building CXX object CMakeFiles/crypto.dir/crypto/x509/x509spki.cc.o
[INFO] [stderr]   [ 80%] Building CXX object CMakeFiles/crypto.dir/crypto/x509/x_algor.cc.o
[INFO] [stderr]   [ 80%] Building CXX object CMakeFiles/crypto.dir/crypto/x509/x_all.cc.o
[INFO] [stderr]   [ 82%] Building CXX object CMakeFiles/crypto.dir/crypto/x509/x_attrib.cc.o
[INFO] [stderr]   [ 82%] Building CXX object CMakeFiles/crypto.dir/crypto/x509/x_crl.cc.o
[INFO] [stderr]   [ 82%] Building CXX object CMakeFiles/crypto.dir/crypto/x509/x_exten.cc.o
[INFO] [stderr]   [ 82%] Building CXX object CMakeFiles/crypto.dir/crypto/x509/x_name.cc.o
[INFO] [stderr]   [ 82%] Building CXX object CMakeFiles/crypto.dir/crypto/x509/x_pubkey.cc.o
[INFO] [stderr]   [ 82%] Building CXX object CMakeFiles/crypto.dir/crypto/x509/x_req.cc.o
[INFO] [stderr]   [ 82%] Building CXX object CMakeFiles/crypto.dir/crypto/x509/x_sig.cc.o
[INFO] [stderr]   [ 84%] Building CXX object CMakeFiles/crypto.dir/crypto/x509/x_spki.cc.o
[INFO] [stderr]   [ 84%] Building CXX object CMakeFiles/crypto.dir/crypto/x509/x_x509.cc.o
[INFO] [stderr]   [ 84%] Building CXX object CMakeFiles/crypto.dir/crypto/x509/x_x509a.cc.o
[INFO] [stderr]   [ 84%] Building CXX object CMakeFiles/crypto.dir/crypto/xwing/xwing.cc.o
[INFO] [stderr]   [ 84%] Building CXX object CMakeFiles/crypto.dir/gen/crypto/err_data.cc.o
[INFO] [stderr]   [ 84%] Building ASM object CMakeFiles/crypto.dir/crypto/curve25519/asm/x25519-asm-arm.S.o
[INFO] [stderr]   [ 85%] Building ASM object CMakeFiles/crypto.dir/crypto/hrss/asm/poly_rq_mul.S.o
[INFO] [stderr]   [ 85%] Building ASM object CMakeFiles/crypto.dir/crypto/poly1305/poly1305_arm_asm.S.o
[INFO] [stderr]   [ 85%] Building ASM object CMakeFiles/crypto.dir/gen/crypto/chacha-armv4-linux.S.o
[INFO] [stderr]   [ 85%] Building ASM object CMakeFiles/crypto.dir/gen/crypto/aes128gcmsiv-x86_64-apple.S.o
[INFO] [stderr]   [ 85%] Building ASM object CMakeFiles/crypto.dir/gen/crypto/aes128gcmsiv-x86_64-linux.S.o
[INFO] [stderr]   [ 85%] Building ASM object CMakeFiles/crypto.dir/gen/crypto/chacha-armv8-apple.S.o
[INFO] [stderr]   [ 85%] Building ASM object CMakeFiles/crypto.dir/gen/crypto/chacha-armv8-linux.S.o
[INFO] [stderr]   [ 87%] Building ASM object CMakeFiles/crypto.dir/gen/crypto/chacha-armv8-win.S.o
[INFO] [stderr]   [ 87%] Building ASM object CMakeFiles/crypto.dir/gen/crypto/chacha-x86-apple.S.o
[INFO] [stderr]   [ 87%] Building ASM object CMakeFiles/crypto.dir/gen/crypto/chacha-x86-linux.S.o
[INFO] [stderr]   [ 87%] Building ASM object CMakeFiles/crypto.dir/gen/crypto/chacha-x86_64-linux.S.o
[INFO] [stderr]   [ 87%] Building ASM object CMakeFiles/crypto.dir/gen/crypto/chacha-x86_64-apple.S.o
[INFO] [stderr]   [ 87%] Building ASM object CMakeFiles/crypto.dir/gen/crypto/chacha20_poly1305_armv8-apple.S.o
[INFO] [stderr]   [ 88%] Building ASM object CMakeFiles/crypto.dir/gen/crypto/chacha20_poly1305_armv8-linux.S.o
[INFO] [stderr]   [ 88%] Building ASM object CMakeFiles/crypto.dir/gen/crypto/chacha20_poly1305_armv8-win.S.o
[INFO] [stderr]   [ 88%] Building ASM object CMakeFiles/crypto.dir/gen/crypto/md5-586-apple.S.o
[INFO] [stderr]   [ 88%] Building ASM object CMakeFiles/crypto.dir/gen/crypto/chacha20_poly1305_x86_64-linux.S.o
[INFO] [stderr]   [ 88%] Building ASM object CMakeFiles/crypto.dir/gen/crypto/chacha20_poly1305_x86_64-apple.S.o
[INFO] [stderr]   [ 88%] Building ASM object CMakeFiles/crypto.dir/gen/crypto/md5-586-linux.S.o
[INFO] [stderr]   [ 90%] Building ASM object CMakeFiles/crypto.dir/gen/crypto/md5-x86_64-linux.S.o
[INFO] [stderr]   [ 88%] Building ASM object CMakeFiles/crypto.dir/gen/crypto/md5-x86_64-apple.S.o
[INFO] [stderr]   [ 90%] Building ASM object CMakeFiles/crypto.dir/third_party/fiat/asm/fiat_curve25519_adx_mul.S.o
[INFO] [stderr]   [ 90%] Building ASM object CMakeFiles/crypto.dir/third_party/fiat/asm/fiat_curve25519_adx_square.S.o
[INFO] [stderr]   [ 90%] Linking CXX static library libcrypto.a
[INFO] [stderr]   [ 90%] Built target crypto
[INFO] [stderr]   [ 92%] Building CXX object CMakeFiles/ssl.dir/ssl/bio_ssl.cc.o
[INFO] [stderr]   [ 92%] Building CXX object CMakeFiles/ssl.dir/ssl/d1_lib.cc.o
[INFO] [stderr]   [ 92%] Building CXX object CMakeFiles/ssl.dir/ssl/d1_srtp.cc.o
[INFO] [stderr]   [ 92%] Building CXX object CMakeFiles/ssl.dir/ssl/d1_both.cc.o
[INFO] [stderr]   [ 92%] Building CXX object CMakeFiles/ssl.dir/ssl/d1_pkt.cc.o
[INFO] [stderr]   [ 92%] Building CXX object CMakeFiles/ssl.dir/ssl/dtls_method.cc.o
[INFO] [stderr]   [ 92%] Building CXX object CMakeFiles/ssl.dir/ssl/dtls_record.cc.o
[INFO] [stderr]   [ 93%] Building CXX object CMakeFiles/ssl.dir/ssl/encrypted_client_hello.cc.o
[INFO] [stderr]   [ 93%] Building CXX object CMakeFiles/ssl.dir/ssl/extensions.cc.o
[INFO] [stderr] 
[INFO] [stderr]   --- stderr
[INFO] [stderr]   hint: Using 'master' as the name for the initial branch. This default branch name
[INFO] [stderr]   hint: will change to "main" in Git 3.0. To configure the initial branch name
[INFO] [stderr]   hint: to use in all of your new repositories, which will suppress this warning,
[INFO] [stderr]   hint: call:
[INFO] [stderr]   hint:
[INFO] [stderr]   hint: 	git config --global init.defaultBranch <name>
[INFO] [stderr]   hint:
[INFO] [stderr]   hint: Names commonly chosen instead of 'master' are 'main', 'trunk' and
[INFO] [stderr]   hint: 'development'. The just-created branch can be renamed via this command:
[INFO] [stderr]   hint:
[INFO] [stderr]   hint: 	git branch -m <name>
[INFO] [stderr]   hint:
[INFO] [stderr]   hint: Disable this message with "git config set advice.defaultBranchName false"
[INFO] [stderr]   Checking patch crypto/obj/obj_dat.h...
[INFO] [stderr]   Checking patch crypto/obj/obj_mac.num...
[INFO] [stderr]   Checking patch crypto/obj/objects.txt...
[INFO] [stderr]   Checking patch include/openssl/nid.h...
[INFO] [stderr]   Checking patch include/openssl/ssl.h...
[INFO] [stderr]   Checking patch ssl/extensions.cc...
[INFO] [stderr]   Checking patch ssl/internal.h...
[INFO] [stderr]   Checking patch ssl/ssl_key_share.cc...
[INFO] [stderr]   Checking patch ssl/ssl_lib.cc...
[INFO] [stderr]   Checking patch ssl/ssl_test.cc...
[INFO] [stderr]   Checking patch ssl/test/runner/basic_tests.go...
[INFO] [stderr]   Checking patch ssl/test/runner/cbc_tests.go...
[INFO] [stderr]   Checking patch ssl/test/runner/common.go...
[INFO] [stderr]   Checking patch ssl/test/runner/curve_tests.go...
[INFO] [stderr]   Checking patch ssl/test/runner/ech_tests.go...
[INFO] [stderr]   Checking patch ssl/test/runner/extension_tests.go...
[INFO] [stderr]   Checking patch ssl/test/runner/key_update_tests.go...
[INFO] [stderr]   Checking patch tool/client.cc...
[INFO] [stderr]   Applied patch crypto/obj/obj_dat.h cleanly.
[INFO] [stderr]   Applied patch crypto/obj/obj_mac.num cleanly.
[INFO] [stderr]   Applied patch crypto/obj/objects.txt cleanly.
[INFO] [stderr]   Applied patch include/openssl/nid.h cleanly.
[INFO] [stderr]   Applied patch include/openssl/ssl.h cleanly.
[INFO] [stderr]   Applied patch ssl/extensions.cc cleanly.
[INFO] [stderr]   Applied patch ssl/internal.h cleanly.
[INFO] [stderr]   Applied patch ssl/ssl_key_share.cc cleanly.
[INFO] [stderr]   Applied patch ssl/ssl_lib.cc cleanly.
[INFO] [stderr]   Applied patch ssl/ssl_test.cc cleanly.
[INFO] [stderr]   Applied patch ssl/test/runner/basic_tests.go cleanly.
[INFO] [stderr]   Applied patch ssl/test/runner/cbc_tests.go cleanly.
[INFO] [stderr]   Applied patch ssl/test/runner/common.go cleanly.
[INFO] [stderr]   Applied patch ssl/test/runner/curve_tests.go cleanly.
[INFO] [stderr]   Applied patch ssl/test/runner/ech_tests.go cleanly.
[INFO] [stderr]   Applied patch ssl/test/runner/extension_tests.go cleanly.
[INFO] [stderr]   Applied patch ssl/test/runner/key_update_tests.go cleanly.
[INFO] [stderr]   Applied patch tool/client.cc cleanly.
[INFO] [stderr]   /opt/rustwide/cargo-home/registry/src/index.crates.io-1949cf8c6b5b557f/btls-sys-0.5.6/patches/boringssl.patch:91: trailing whitespace.
[INFO] [stderr]    private:  
[INFO] [stderr]   /opt/rustwide/cargo-home/registry/src/index.crates.io-1949cf8c6b5b557f/btls-sys-0.5.6/patches/boringssl.patch:426: trailing whitespace.
[INFO] [stderr]     
[INFO] [stderr]   /opt/rustwide/cargo-home/registry/src/index.crates.io-1949cf8c6b5b557f/btls-sys-0.5.6/patches/boringssl.patch:715: trailing whitespace.
[INFO] [stderr]         
[INFO] [stderr]   /opt/rustwide/cargo-home/registry/src/index.crates.io-1949cf8c6b5b557f/btls-sys-0.5.6/patches/boringssl.patch:721: trailing whitespace.
[INFO] [stderr]         if (!DH_generate_key(dh) || 
[INFO] [stderr]   /opt/rustwide/cargo-home/registry/src/index.crates.io-1949cf8c6b5b557f/btls-sys-0.5.6/patches/boringssl.patch:729: trailing whitespace.
[INFO] [stderr]         if (peer_point == nullptr || 
[INFO] [stderr]   Checking patch crypto/cipher/e_tls.cc...
[INFO] [stderr]   Checking patch crypto/mem_internal.h...
[INFO] [stderr]   Checking patch include/openssl/aead.h...
[INFO] [stderr]   Checking patch include/openssl/nid.h...
[INFO] [stderr]   Checking patch include/openssl/ssl.h...
[INFO] [stderr]   Checking patch include/openssl/tls1.h...
[INFO] [stderr]   Checking patch ssl/extensions.cc...
[INFO] [stderr]   Checking patch ssl/handshake_client.cc...
[INFO] [stderr]   Checking patch ssl/internal.h...
[INFO] [stderr]   Checking patch ssl/ssl_cipher.cc...
[INFO] [stderr]   Checking patch ssl/ssl_key_share.cc...
[INFO] [stderr]   Checking patch ssl/ssl_lib.cc...
[INFO] [stderr]   Checking patch ssl/ssl_privkey.cc...
[INFO] [stderr]   Applied patch crypto/cipher/e_tls.cc cleanly.
[INFO] [stderr]   Applied patch crypto/mem_internal.h cleanly.
[INFO] [stderr]   Applied patch include/openssl/aead.h cleanly.
[INFO] [stderr]   Applied patch include/openssl/nid.h cleanly.
[INFO] [stderr]   Applied patch include/openssl/ssl.h cleanly.
[INFO] [stderr]   Applied patch include/openssl/tls1.h cleanly.
[INFO] [stderr]   Applied patch ssl/extensions.cc cleanly.
[INFO] [stderr]   Applied patch ssl/handshake_client.cc cleanly.
[INFO] [stderr]   Applied patch ssl/internal.h cleanly.
[INFO] [stderr]   Applied patch ssl/ssl_cipher.cc cleanly.
[INFO] [stderr]   Applied patch ssl/ssl_key_share.cc cleanly.
[INFO] [stderr]   Applied patch ssl/ssl_lib.cc cleanly.
[INFO] [stderr]   Applied patch ssl/ssl_privkey.cc cleanly.
[INFO] [stderr]   warning: squelched 4 whitespace errors
[INFO] [stderr]   warning: 9 lines applied after fixing whitespace errors.
[INFO] [stderr]   Checking patch include/openssl/target.h...
[INFO] [stderr]   Applied patch include/openssl/target.h cleanly.
[INFO] [stderr]   Checking patch third_party/fiat/p256_64.h...
[INFO] [stderr]   Hunk #2 succeeded at 178 (offset -3 lines).
[INFO] [stderr]   Hunk #3 succeeded at 493 (offset -4 lines).
[INFO] [stderr]   Applied patch third_party/fiat/p256_64.h cleanly.
[INFO] [stderr]   running: cd "/opt/rustwide/target/debug/build/btls-sys/764130eb645eea08/out/build" && CMAKE_BUILD_PARALLEL_LEVEL="8" CMAKE_PREFIX_PATH="" LC_ALL="C" "cmake" "/opt/rustwide/target/debug/build/btls-sys/764130eb645eea08/out/boringssl" "-B" "/opt/rustwide/target/debug/build/btls-sys/764130eb645eea08/out/build" "-DCMAKE_INSTALL_PREFIX=/opt/rustwide/target/debug/build/btls-sys/764130eb645eea08/out" "-DCMAKE_C_FLAGS= -ffunction-sections -fdata-sections -fPIC -m64 -w" "-DCMAKE_C_COMPILER=/usr/bin/cc" "-DCMAKE_CXX_FLAGS= -ffunction-sections -fdata-sections -fPIC -m64 -w" "-DCMAKE_CXX_COMPILER=/usr/bin/c++" "-DCMAKE_ASM_FLAGS= -ffunction-sections -fdata-sections -fPIC -m64 -w" "-DCMAKE_ASM_COMPILER=/usr/bin/cc" "-DCMAKE_BUILD_TYPE=Debug"
[INFO] [stderr]   running: cd "/opt/rustwide/target/debug/build/btls-sys/764130eb645eea08/out/build" && CMAKE_BUILD_PARALLEL_LEVEL="8" LC_ALL="C" MAKEFLAGS="-j --jobserver-fds=4,5 --jobserver-auth=4,5" "cmake" "--build" "/opt/rustwide/target/debug/build/btls-sys/764130eb645eea08/out/build" "--target" "ssl" "--config" "Debug"
[INFO] [stderr]   gmake: warning: -j8 forced in submake: resetting jobserver mode.
[INFO] [stderr]   c++: fatal error: Killed signal terminated program cc1plus
[INFO] [stderr]   compilation terminated.
[INFO] [stderr]   gmake[3]: *** [CMakeFiles/ssl.dir/build.make:107: CMakeFiles/ssl.dir/ssl/d1_lib.cc.o] Error 1
[INFO] [stderr]   gmake[3]: *** Waiting for unfinished jobs....
[INFO] [stderr]   gmake[2]: *** [CMakeFiles/Makefile2:1251: CMakeFiles/ssl.dir/all] Error 2
[INFO] [stderr]   gmake[1]: *** [CMakeFiles/Makefile2:1258: CMakeFiles/ssl.dir/rule] Error 2
[INFO] [stderr]   gmake: *** [Makefile:608: ssl] Error 2
[INFO] [stderr] 
[INFO] [stderr]   thread 'main' (1908) panicked at /opt/rustwide/cargo-home/registry/src/index.crates.io-1949cf8c6b5b557f/cmake-0.1.58/src/lib.rs:1132:5:
[INFO] [stderr] 
[INFO] [stderr]   command did not execute successfully, got: exit status: 2
[INFO] [stderr] 
[INFO] [stderr]   build script failed, must exit now
[INFO] [stderr]   stack backtrace:
[INFO] [stderr]      0:     0x64b740a893d1 - std[617be2ca0a6fd877]::backtrace_rs::backtrace::libunwind::trace
[INFO] [stderr]                                  at /rustc/e3feeb59cd1bdd011a2bfcc0747b55125d9b8527/library/std/src/../../backtrace/src/backtrace/libunwind.rs:117:9
[INFO] [stderr]      1:     0x64b740a893d1 - std[617be2ca0a6fd877]::backtrace_rs::backtrace::trace_unsynchronized::<std[617be2ca0a6fd877]::sys::backtrace::_print_fmt::{closure#1}>
[INFO] [stderr]                                  at /rustc/e3feeb59cd1bdd011a2bfcc0747b55125d9b8527/library/std/src/../../backtrace/src/backtrace/mod.rs:66:14
[INFO] [stderr]      2:     0x64b740a893d1 - std[617be2ca0a6fd877]::sys::backtrace::_print_fmt
[INFO] [stderr]                                  at /rustc/e3feeb59cd1bdd011a2bfcc0747b55125d9b8527/library/std/src/sys/backtrace.rs:74:9
[INFO] [stderr]      3:     0x64b740a893d1 - <<std[617be2ca0a6fd877]::sys::backtrace::BacktraceLock>::print::DisplayBacktrace as core[a373ad73a504971]::fmt::Display>::fmt
[INFO] [stderr]                                  at /rustc/e3feeb59cd1bdd011a2bfcc0747b55125d9b8527/library/std/src/sys/backtrace.rs:44:26
[INFO] [stderr]      4:     0x64b740aa15fa - <core[a373ad73a504971]::fmt::rt::Argument>::fmt
[INFO] [stderr]                                  at /rustc/e3feeb59cd1bdd011a2bfcc0747b55125d9b8527/library/core/src/fmt/rt.rs:152:76
[INFO] [stderr]      5:     0x64b740aa15fa - core[a373ad73a504971]::fmt::write
[INFO] [stderr]      6:     0x64b740a8f81c - core[a373ad73a504971]::io::write::default_write_fmt::<std[617be2ca0a6fd877]::sys::stdio::unix::Stderr>
[INFO] [stderr]                                  at /rustc/e3feeb59cd1bdd011a2bfcc0747b55125d9b8527/library/core/src/io/write.rs:402:11
[INFO] [stderr]      7:     0x64b740a8f81c - <std[617be2ca0a6fd877]::sys::stdio::unix::Stderr as core[a373ad73a504971]::io::write::Write>::write_fmt
[INFO] [stderr]                                  at /rustc/e3feeb59cd1bdd011a2bfcc0747b55125d9b8527/library/core/src/io/write.rs:335:13
[INFO] [stderr]      8:     0x64b740a62816 - <std[617be2ca0a6fd877]::sys::backtrace::BacktraceLock>::print
[INFO] [stderr]                                  at /rustc/e3feeb59cd1bdd011a2bfcc0747b55125d9b8527/library/std/src/sys/backtrace.rs:47:9
[INFO] [stderr]      9:     0x64b740a62816 - std[617be2ca0a6fd877]::panicking::default_hook::{closure#0}
[INFO] [stderr]                                  at /rustc/e3feeb59cd1bdd011a2bfcc0747b55125d9b8527/library/std/src/panicking.rs:289:27
[INFO] [stderr]     10:     0x64b740a7ffe1 - std[617be2ca0a6fd877]::panicking::default_hook
[INFO] [stderr]                                  at /rustc/e3feeb59cd1bdd011a2bfcc0747b55125d9b8527/library/std/src/panicking.rs:316:9
[INFO] [stderr]     11:     0x64b740a8030b - std[617be2ca0a6fd877]::panicking::panic_with_hook
[INFO] [stderr]                                  at /rustc/e3feeb59cd1bdd011a2bfcc0747b55125d9b8527/library/std/src/panicking.rs:811:13
[INFO] [stderr]     12:     0x64b740a628c2 - std[617be2ca0a6fd877]::panicking::panic_handler::{closure#0}
[INFO] [stderr]                                  at /rustc/e3feeb59cd1bdd011a2bfcc0747b55125d9b8527/library/std/src/panicking.rs:685:13
[INFO] [stderr]     13:     0x64b740a5b3e9 - std[617be2ca0a6fd877]::sys::backtrace::__rust_end_short_backtrace::<std[617be2ca0a6fd877]::panicking::panic_handler::{closure#0}, !>
[INFO] [stderr]                                  at /rustc/e3feeb59cd1bdd011a2bfcc0747b55125d9b8527/library/std/src/sys/backtrace.rs:182:18
[INFO] [stderr]     14:     0x64b740a634bd - __rustc[ea4f61d10b84890b]::rust_begin_unwind
[INFO] [stderr]                                  at /rustc/e3feeb59cd1bdd011a2bfcc0747b55125d9b8527/library/std/src/panicking.rs:676:5
[INFO] [stderr]     15:     0x64b740aa1e9c - core[a373ad73a504971]::panicking::panic_fmt
[INFO] [stderr]                                  at /rustc/e3feeb59cd1bdd011a2bfcc0747b55125d9b8527/library/core/src/panicking.rs:80:14
[INFO] [stderr]     16:     0x64b740542677 - cmake[1f2652580e0ba6a3]::fail
[INFO] [stderr]     17:     0x64b740542303 - cmake[1f2652580e0ba6a3]::run
[INFO] [stderr]     18:     0x64b740548395 - <cmake[1f2652580e0ba6a3]::Config>::build
[INFO] [stderr]     19:     0x64b7405289a0 - build_script_main[d88e9049a624b79c]::build_boringssl_or_get_prebuilt::{closure#0}
[INFO] [stderr]     20:     0x64b740524b77 - <std[617be2ca0a6fd877]::sync::once_lock::OnceLock<std[617be2ca0a6fd877]::path::PathBuf>>::get_or_init::<build_script_main[d88e9049a624b79c]::build_boringssl_or_get_prebuilt::{closure#0}>::{closure#0}
[INFO] [stderr]     21:     0x64b740524a9d - <std[617be2ca0a6fd877]::sync::once_lock::OnceLock<std[617be2ca0a6fd877]::path::PathBuf>>::initialize::<<std[617be2ca0a6fd877]::sync::once_lock::OnceLock<std[617be2ca0a6fd877]::path::PathBuf>>::get_or_init<build_script_main[d88e9049a624b79c]::build_boringssl_or_get_prebuilt::{closure#0}>::{closure#0}, !>::{closure#0}
[INFO] [stderr]     22:     0x64b740533212 - <std[617be2ca0a6fd877]::sync::once::Once>::call_once_force::<<std[617be2ca0a6fd877]::sync::once_lock::OnceLock<std[617be2ca0a6fd877]::path::PathBuf>>::initialize<<std[617be2ca0a6fd877]::sync::once_lock::OnceLock<std[617be2ca0a6fd877]::path::PathBuf>>::get_or_init<build_script_main[d88e9049a624b79c]::build_boringssl_or_get_prebuilt::{closure#0}>::{closure#0}, !>::{closure#0}>::{closure#0}
[INFO] [stderr]     23:     0x64b740a681f9 - <std[617be2ca0a6fd877]::sys::sync::once::futex::Once>::call
[INFO] [stderr]                                  at /rustc/e3feeb59cd1bdd011a2bfcc0747b55125d9b8527/library/std/src/sys/sync/once/futex.rs:183:21
[INFO] [stderr]     24:     0x64b740531458 - <std[617be2ca0a6fd877]::sync::once::Once>::call_once_force::<<std[617be2ca0a6fd877]::sync::once_lock::OnceLock<std[617be2ca0a6fd877]::path::PathBuf>>::initialize<<std[617be2ca0a6fd877]::sync::once_lock::OnceLock<std[617be2ca0a6fd877]::path::PathBuf>>::get_or_init<build_script_main[d88e9049a624b79c]::build_boringssl_or_get_prebuilt::{closure#0}>::{closure#0}, !>::{closure#0}>
[INFO] [stderr]     25:     0x64b740522730 - <std[617be2ca0a6fd877]::sync::once_lock::OnceLock<std[617be2ca0a6fd877]::path::PathBuf>>::initialize::<<std[617be2ca0a6fd877]::sync::once_lock::OnceLock<std[617be2ca0a6fd877]::path::PathBuf>>::get_or_init<build_script_main[d88e9049a624b79c]::build_boringssl_or_get_prebuilt::{closure#0}>::{closure#0}, !>
[INFO] [stderr]     26:     0x64b740522813 - <std[617be2ca0a6fd877]::sync::once_lock::OnceLock<std[617be2ca0a6fd877]::path::PathBuf>>::get_or_try_init::<<std[617be2ca0a6fd877]::sync::once_lock::OnceLock<std[617be2ca0a6fd877]::path::PathBuf>>::get_or_init<build_script_main[d88e9049a624b79c]::build_boringssl_or_get_prebuilt::{closure#0}>::{closure#0}, !>
[INFO] [stderr]     27:     0x64b740522746 - <std[617be2ca0a6fd877]::sync::once_lock::OnceLock<std[617be2ca0a6fd877]::path::PathBuf>>::get_or_init::<build_script_main[d88e9049a624b79c]::build_boringssl_or_get_prebuilt::{closure#0}>
[INFO] [stderr]     28:     0x64b74052f790 - build_script_main[d88e9049a624b79c]::build_boringssl_or_get_prebuilt
[INFO] [stderr]     29:     0x64b74052d0a9 - build_script_main[d88e9049a624b79c]::emit_link_directives
[INFO] [stderr]     30:     0x64b7405308df - build_script_main[d88e9049a624b79c]::run
[INFO] [stderr]     31:     0x64b740530cec - build_script_main[d88e9049a624b79c]::main
[INFO] [stderr]     32:     0x64b74052144b - <fn() -> std[617be2ca0a6fd877]::process::ExitCode as core[a373ad73a504971]::ops::function::FnOnce<()>>::call_once
[INFO] [stderr]     33:     0x64b740515f46 - std[617be2ca0a6fd877]::sys::backtrace::__rust_begin_short_backtrace::<fn() -> std[617be2ca0a6fd877]::process::ExitCode, std[617be2ca0a6fd877]::process::ExitCode>
[INFO] [stderr]     34:     0x64b740524ba9 - std[617be2ca0a6fd877]::rt::lang_start::<std[617be2ca0a6fd877]::process::ExitCode>::{closure#0}
[INFO] [stderr]     35:     0x64b740a7f2d8 - <&dyn core[a373ad73a504971]::ops::function::Fn<(), Output = i32> + core[a373ad73a504971]::marker::Sync + core[a373ad73a504971]::panic::unwind_safe::RefUnwindSafe as core[a373ad73a504971]::ops::function::FnOnce<()>>::call_once
[INFO] [stderr]                                  at /rustc/e3feeb59cd1bdd011a2bfcc0747b55125d9b8527/library/core/src/ops/function.rs:287:21
[INFO] [stderr]     36:     0x64b740a7f2d8 - std[617be2ca0a6fd877]::panicking::catch_unwind::do_call::<&dyn core[a373ad73a504971]::ops::function::Fn<(), Output = i32> + core[a373ad73a504971]::marker::Sync + core[a373ad73a504971]::panic::unwind_safe::RefUnwindSafe, i32>
[INFO] [stderr]                                  at /rustc/e3feeb59cd1bdd011a2bfcc0747b55125d9b8527/library/std/src/panicking.rs:573:43
[INFO] [stderr]     37:     0x64b740a7f2d8 - std[617be2ca0a6fd877]::panicking::catch_unwind::<i32, &dyn core[a373ad73a504971]::ops::function::Fn<(), Output = i32> + core[a373ad73a504971]::marker::Sync + core[a373ad73a504971]::panic::unwind_safe::RefUnwindSafe>
[INFO] [stderr]                                  at /rustc/e3feeb59cd1bdd011a2bfcc0747b55125d9b8527/library/std/src/panicking.rs:541:19
[INFO] [stderr]     38:     0x64b740a7f2d8 - std[617be2ca0a6fd877]::panic::catch_unwind::<&dyn core[a373ad73a504971]::ops::function::Fn<(), Output = i32> + core[a373ad73a504971]::marker::Sync + core[a373ad73a504971]::panic::unwind_safe::RefUnwindSafe, i32>
[INFO] [stderr]                                  at /rustc/e3feeb59cd1bdd011a2bfcc0747b55125d9b8527/library/std/src/panic.rs:359:14
[INFO] [stderr]     39:     0x64b740a7f2d8 - std[617be2ca0a6fd877]::rt::lang_start_internal::{closure#0}
[INFO] [stderr]                                  at /rustc/e3feeb59cd1bdd011a2bfcc0747b55125d9b8527/library/std/src/rt.rs:175:24
[INFO] [stderr]     40:     0x64b740a7f2d8 - std[617be2ca0a6fd877]::panicking::catch_unwind::do_call::<std[617be2ca0a6fd877]::rt::lang_start_internal::{closure#0}, isize>
[INFO] [stderr]                                  at /rustc/e3feeb59cd1bdd011a2bfcc0747b55125d9b8527/library/std/src/panicking.rs:573:43
[INFO] [stderr]     41:     0x64b740a7f2d8 - std[617be2ca0a6fd877]::panicking::catch_unwind::<isize, std[617be2ca0a6fd877]::rt::lang_start_internal::{closure#0}>
[INFO] [stderr]                                  at /rustc/e3feeb59cd1bdd011a2bfcc0747b55125d9b8527/library/std/src/panicking.rs:541:19
[INFO] [stderr]     42:     0x64b740a7f2d8 - std[617be2ca0a6fd877]::panic::catch_unwind::<std[617be2ca0a6fd877]::rt::lang_start_internal::{closure#0}, isize>
[INFO] [stderr]                                  at /rustc/e3feeb59cd1bdd011a2bfcc0747b55125d9b8527/library/std/src/panic.rs:359:14
[INFO] [stderr]     43:     0x64b740a7f2d8 - std[617be2ca0a6fd877]::rt::lang_start_internal
[INFO] [stderr]                                  at /rustc/e3feeb59cd1bdd011a2bfcc0747b55125d9b8527/library/std/src/rt.rs:171:5
[INFO] [stderr]     44:     0x64b740523891 - std[617be2ca0a6fd877]::rt::lang_start::<std[617be2ca0a6fd877]::process::ExitCode>
[INFO] [stderr]     45:     0x64b740530f55 - main
[INFO] [stderr]     46:     0x753e5ec6b601 - <unknown>
[INFO] [stderr]     47:     0x753e5ec6b718 - __libc_start_main
[INFO] [stderr]     48:     0x64b7405116f5 - _start
[INFO] [stderr]     49:                0x0 - <unknown>
[INFO] running `Command { std: "docker" "inspect" "71637b4224613b89b7516bf258a71934872d7e3ea6f6474e0a6638e207b4027d", kill_on_drop: false }`
[INFO] running `Command { std: "docker" "rm" "-f" "71637b4224613b89b7516bf258a71934872d7e3ea6f6474e0a6638e207b4027d", kill_on_drop: false }`
[INFO] [stdout] 71637b4224613b89b7516bf258a71934872d7e3ea6f6474e0a6638e207b4027d
