[INFO] fetching crate specmock-runtime 0.1.0...
[INFO] testing specmock-runtime-0.1.0 against 1.100.0-beta.1 for beta-1.100-2
[INFO] extracting crate specmock-runtime 0.1.0 into /workspace/builds/worker-1-tc2/source
[INFO] started tweaking crates.io crate specmock-runtime 0.1.0
[INFO] removed 0 missing tests
[INFO] finished tweaking crates.io crate specmock-runtime 0.1.0
[INFO] tweaked toml for crates.io crate specmock-runtime 0.1.0 written to /workspace/builds/worker-1-tc2/source/Cargo.toml
[INFO] validating manifest of crates.io crate specmock-runtime 0.1.0 on toolchain 1.100.0-beta.1
[INFO] running `Command { std: CARGO_HOME="/workspace/cargo-home" RUSTUP_HOME="/workspace/rustup-home" "/workspace/cargo-home/bin/cargo" "+1.100.0-beta.1" "metadata" "--manifest-path" "Cargo.toml" "--no-deps", kill_on_drop: false }`
[INFO] crate crates.io crate specmock-runtime 0.1.0 already has a lockfile, it will not be regenerated
[INFO] running `Command { std: CARGO_HOME="/workspace/cargo-home" RUSTUP_HOME="/workspace/rustup-home" "/workspace/cargo-home/bin/cargo" "+1.100.0-beta.1" "fetch" "--manifest-path" "Cargo.toml", kill_on_drop: false }`
[INFO] [stderr] warning: `package.homepage` is redundant with `package.repository`
[INFO] [stderr]    --> Cargo.toml:114:12
[INFO] [stderr]     |
[INFO] [stderr] 114 | homepage = "https://github.com/longcipher/spec-mock"
[INFO] [stderr]     |            ^^^^^^^^^^^^^^^^^^^^^^^^^^^^^^^^^^^^^^^^^
[INFO] [stderr] ...
[INFO] [stderr] 119 | repository = "https://github.com/longcipher/spec-mock"
[INFO] [stderr]     |              -----------------------------------------
[INFO] [stderr]     |
[INFO] [stderr]     = note: `cargo::redundant_homepage` is set to `warn` by default
[INFO] [stderr] help: consider removing `package.homepage`
[INFO] [stderr] warning: `specmock-runtime` (manifest) generated 1 warning
[INFO] [stderr]     Blocking waiting for file lock on package cache
[INFO] [stderr]     Blocking waiting for file lock on package cache
[INFO] running `Command { std: "docker" "create" "-v" "/var/lib/crater-agent-workspace/builds/worker-1-tc2/source:/opt/rustwide/workdir:ro,Z" "-v" "/var/lib/crater-agent-workspace/builds/worker-1-tc2/target:/opt/rustwide/target:rw,Z" "-v" "/var/lib/crater-agent-workspace/cargo-home:/opt/rustwide/cargo-home:ro,Z" "-v" "/var/lib/crater-agent-workspace/rustup-home:/opt/rustwide/rustup-home:ro,Z" "-m" "1610612736" "--network" "none" "ghcr.io/rust-lang/crates-build-env/linux@sha256:3111399a4047eeb3a02b7a90e478d715f38a8c6669b5c4b49d30a17385265909" "sleep" "infinity", kill_on_drop: false }`
[INFO] [stdout] 9333c1a17709be07251d17158d278cedcf5ec3bd9041ac3ffb6c3b8b9bf8563c
[INFO] running `Command { std: "docker" "start" "9333c1a17709be07251d17158d278cedcf5ec3bd9041ac3ffb6c3b8b9bf8563c", kill_on_drop: false }`
[INFO] running `Command { std: "docker" "inspect" "9333c1a17709be07251d17158d278cedcf5ec3bd9041ac3ffb6c3b8b9bf8563c", kill_on_drop: false }`
[INFO] running `Command { std: "docker" "exec" "-e" "SOURCE_DIR=/opt/rustwide/workdir" "-e" "CARGO_HOME=/opt/rustwide/cargo-home" "-e" "RUSTUP_HOME=/opt/rustwide/rustup-home" "-e" "CARGO_TARGET_DIR=/opt/rustwide/target" "-w" "/opt/rustwide/workdir" "--user" "0:0" "9333c1a17709be07251d17158d278cedcf5ec3bd9041ac3ffb6c3b8b9bf8563c" "/opt/rustwide/cargo-home/bin/cargo" "+1.100.0-beta.1" "metadata" "--no-deps" "--format-version=1", kill_on_drop: false }`
[INFO] running `Command { std: "docker" "inspect" "9333c1a17709be07251d17158d278cedcf5ec3bd9041ac3ffb6c3b8b9bf8563c", kill_on_drop: false }`
[INFO] running `Command { std: "docker" "exec" "-e" "SOURCE_DIR=/opt/rustwide/workdir" "-e" "CARGO_HOME=/opt/rustwide/cargo-home" "-e" "RUSTUP_HOME=/opt/rustwide/rustup-home" "-e" "CARGO_TARGET_DIR=/opt/rustwide/target" "-e" "CARGO_INCREMENTAL=0" "-e" "RUST_BACKTRACE=full" "-e" "RUSTFLAGS=--cap-lints=warn" "-e" "RUSTDOCFLAGS=--cap-lints=warn" "-w" "/opt/rustwide/workdir" "--user" "0:0" "9333c1a17709be07251d17158d278cedcf5ec3bd9041ac3ffb6c3b8b9bf8563c" "/opt/rustwide/cargo-home/bin/cargo" "+1.100.0-beta.1" "build" "--frozen" "--message-format=json", kill_on_drop: false }`
[INFO] [stderr] warning: `package.homepage` is redundant with `package.repository`
[INFO] [stderr]    --> Cargo.toml:114:12
[INFO] [stderr]     |
[INFO] [stderr] 114 | homepage = "https://github.com/longcipher/spec-mock"
[INFO] [stderr]     |            ^^^^^^^^^^^^^^^^^^^^^^^^^^^^^^^^^^^^^^^^^
[INFO] [stderr] ...
[INFO] [stderr] 119 | repository = "https://github.com/longcipher/spec-mock"
[INFO] [stderr]     |              -----------------------------------------
[INFO] [stderr]     |
[INFO] [stderr]     = note: `cargo::redundant_homepage` is set to `warn` by default
[INFO] [stderr] help: consider removing `package.homepage`
[INFO] [stderr] warning: `specmock-runtime` (manifest) generated 1 warning
[INFO] [stderr]    Compiling quote v1.0.45
[INFO] [stderr]    Compiling libc v0.2.183
[INFO] [stderr]    Compiling bytes v1.11.1
[INFO] [stderr]    Compiling shlex v1.3.0
[INFO] [stderr]    Compiling futures-core v0.3.32
[INFO] [stderr]    Compiling regex-syntax v0.8.10
[INFO] [stderr]    Compiling memchr v2.8.0
[INFO] [stderr]    Compiling allocator-api2 v0.2.21
[INFO] [stderr]    Compiling proc-macro2 v1.0.106
[INFO] [stderr]    Compiling fnv v1.0.7
[INFO] [stderr]    Compiling smallvec v1.15.1
[INFO] [stderr]    Compiling log v0.4.29
[INFO] [stderr]    Compiling futures-sink v0.3.32
[INFO] [stderr]    Compiling slab v0.4.12
[INFO] [stderr]    Compiling zerocopy v0.8.47
[INFO] [stderr]    Compiling either v1.15.0
[INFO] [stderr]    Compiling getrandom v0.3.4
[INFO] [stderr]    Compiling futures-task v0.3.32
[INFO] [stderr]    Compiling futures-io v0.3.32
[INFO] [stderr]    Compiling autocfg v1.5.0
[INFO] [stderr]    Compiling anyhow v1.0.102
[INFO] [stderr]    Compiling glob v0.3.3
[INFO] [stderr]    Compiling litemap v0.8.1
[INFO] [stderr]    Compiling zeroize v1.8.2
[INFO] [stderr]    Compiling writeable v0.6.2
[INFO] [stderr]    Compiling bitflags v2.11.0
[INFO] [stderr]    Compiling typenum v1.19.0
[INFO] [stderr]    Compiling aws-lc-rs v1.16.2
[INFO] [stderr]    Compiling futures-channel v0.3.32
[INFO] [stderr]    Compiling clang-sys v1.8.1
[INFO] [stderr]    Compiling generic-array v0.14.7
[INFO] [stderr]    Compiling hashbrown v0.16.1
[INFO] [stderr]    Compiling icu_normalizer_data v2.1.1
[INFO] [stderr]    Compiling icu_properties_data v2.1.2
[INFO] [stderr]    Compiling num-traits v0.2.19
[INFO] [stderr]    Compiling rustls-pki-types v1.14.0
[INFO] [stderr]    Compiling sync_wrapper v1.0.2
[INFO] [stderr]    Compiling minimal-lexical v0.2.1
[INFO] [stderr]    Compiling semver v1.0.27
[INFO] [stderr]    Compiling httpdate v1.0.3
[INFO] [stderr]    Compiling http v1.4.0
[INFO] [stderr]    Compiling syn v2.0.117
[INFO] [stderr]    Compiling zmij v1.0.21
[INFO] [stderr]    Compiling rustc_version v0.4.1
[INFO] [stderr]    Compiling form_urlencoded v1.2.2
[INFO] [stderr]    Compiling libloading v0.8.9
[INFO] [stderr]    Compiling rustls v0.23.37
[INFO] [stderr]    Compiling bindgen v0.72.1
[INFO] [stderr]    Compiling serde_json v1.0.149
[INFO] [stderr]    Compiling jobserver v0.1.34
[INFO] [stderr]    Compiling errno v0.3.14
[INFO] [stderr]    Compiling mio v1.1.1
[INFO] [stderr]    Compiling socket2 v0.6.3
[INFO] [stderr]    Compiling cc v1.2.57
[INFO] [stderr]    Compiling nom v7.1.3
[INFO] [stderr]    Compiling signal-hook-registry v1.4.8
[INFO] [stderr]    Compiling logos-codegen v0.15.1
[INFO] [stderr]    Compiling itertools v0.13.0
[INFO] [stderr]    Compiling ahash v0.8.12
[INFO] [stderr]    Compiling indexmap v2.13.0
[INFO] [stderr]    Compiling rustc-hash v2.1.1
[INFO] [stderr]    Compiling rand_core v0.10.0
[INFO] [stderr]    Compiling rand_core v0.9.5
[INFO] [stderr]    Compiling fslock v0.2.1
[INFO] [stderr]    Compiling itertools v0.14.0
[INFO] [stderr]    Compiling getrandom v0.4.2
[INFO] [stderr]    Compiling http-body v1.0.1
[INFO] [stderr]    Compiling http-body-util v0.1.3
[INFO] [stderr]    Compiling num-integer v0.1.46
[INFO] [stderr]    Compiling ref-cast v1.0.25
[INFO] [stderr]    Compiling beef v0.5.2
[INFO] [stderr]    Compiling cmake v0.1.57
[INFO] [stderr]    Compiling crypto-common v0.1.7
[INFO] [stderr]    Compiling block-buffer v0.10.4
[INFO] [stderr]    Compiling data-encoding v2.10.0
[INFO] [stderr]    Compiling num-bigint v0.4.6
[INFO] [stderr]    Compiling parking_lot_core v0.9.12
[INFO] [stderr]    Compiling aho-corasick v1.1.4
[INFO] [stderr]    Compiling digest v0.10.7
[INFO] [stderr]    Compiling ryu v1.0.23
[INFO] [stderr]    Compiling rustls-native-certs v0.8.3
[INFO] [stderr]    Compiling regex-automata v0.4.14
[INFO] [stderr]    Compiling sha1 v0.10.6
[INFO] [stderr]    Compiling parking_lot v0.12.5
[INFO] [stderr]    Compiling chacha20 v0.10.0
[INFO] [stderr]    Compiling aws-lc-sys v0.39.0
[INFO] [stderr]    Compiling num-iter v0.1.45
[INFO] [stderr]    Compiling num-complex v0.4.6
[INFO] [stderr]    Compiling borrow-or-share v0.2.4
[INFO] [stderr]    Compiling crc32fast v1.5.0
[INFO] [stderr]    Compiling unicode-general-category v1.1.0
[INFO] [stderr]    Compiling foreign-types-shared v0.3.1
[INFO] [stderr]    Compiling bit-vec v0.8.0
[INFO] [stderr]    Compiling alloc-no-stdlib v2.0.4
[INFO] [stderr]    Compiling iri-string v0.7.10
[INFO] [stderr]    Compiling utf-8 v0.7.6
[INFO] [stderr]    Compiling bit-set v0.8.0
[INFO] [stderr]    Compiling alloc-stdlib v0.2.2
[INFO] [stderr]    Compiling rand v0.10.0
[INFO] [stderr]    Compiling serde_yml v0.0.12
[INFO] [stderr]    Compiling vsimd v0.8.0
[INFO] [stderr]    Compiling cexpr v0.6.0
[INFO] [stderr]    Compiling saa v5.5.0
[INFO] [stderr]    Compiling mime v0.3.17
[INFO] [stderr]    Compiling sdd v4.7.5
[INFO] [stderr]    Compiling outref v0.5.2
[INFO] [stderr]    Compiling adler2 v2.0.1
[INFO] [stderr]    Compiling simd-adler32 v0.3.8
[INFO] [stderr]    Compiling miniz_oxide v0.8.9
[INFO] [stderr]    Compiling regex v1.12.3
[INFO] [stderr]    Compiling num-rational v0.4.2
[INFO] [stderr]    Compiling uuid-simd v0.8.0
[INFO] [stderr]    Compiling num v0.4.3
[INFO] [stderr]    Compiling scc v3.6.11
[INFO] [stderr]    Compiling fraction v0.15.3
[INFO] [stderr]    Compiling brotli-decompressor v5.0.0
[INFO] [stderr]    Compiling libyml v0.0.5
[INFO] [stderr]    Compiling serde_path_to_error v0.1.20
[INFO] [stderr]    Compiling matchit v0.8.4
[INFO] [stderr]    Compiling hashbrown v0.13.2
[INFO] [stderr]    Compiling bytecount v0.6.9
[INFO] [stderr]    Compiling num-cmp v0.1.0
[INFO] [stderr]    Compiling flate2 v1.1.9
[INFO] [stderr]    Compiling rand_regex v0.19.0
[INFO] [stderr]    Compiling synstructure v0.13.2
[INFO] [stderr]    Compiling brotli v8.0.2
[INFO] [stderr]    Compiling tokio-macros v2.6.1
[INFO] [stderr]    Compiling zerofrom-derive v0.1.6
[INFO] [stderr]    Compiling yoke-derive v0.8.1
[INFO] [stderr]    Compiling tracing-attributes v0.1.31
[INFO] [stderr]    Compiling zerovec-derive v0.11.2
[INFO] [stderr]    Compiling serde_derive v1.0.228
[INFO] [stderr]    Compiling displaydoc v0.2.5
[INFO] [stderr]    Compiling futures-macro v0.3.32
[INFO] [stderr]    Compiling ppv-lite86 v0.2.21
[INFO] [stderr]    Compiling thiserror-impl v2.0.18
[INFO] [stderr]    Compiling ref-cast-impl v1.0.25
[INFO] [stderr]    Compiling tokio v1.50.0
[INFO] [stderr]    Compiling prost-derive v0.14.3
[INFO] [stderr]    Compiling rand_chacha v0.9.0
[INFO] [stderr]    Compiling futures-util v0.3.32
[INFO] [stderr]    Compiling miette-derive v7.6.0
[INFO] [stderr]    Compiling zerofrom v0.1.6
[INFO] [stderr]    Compiling rand v0.9.2
[INFO] [stderr]    Compiling foreign-types-macros v0.2.3
[INFO] [stderr]    Compiling yoke v0.8.1
[INFO] [stderr]    Compiling tracing v0.1.44
[INFO] [stderr]    Compiling zerotrie v0.2.3
[INFO] [stderr]    Compiling thiserror v2.0.18
[INFO] [stderr]    Compiling openssl-macros v0.1.1
[INFO] [stderr]    Compiling logos-derive v0.15.1
[INFO] [stderr]    Compiling foreign-types v0.5.0
[INFO] [stderr]    Compiling fancy-regex v0.17.0
[INFO] [stderr]    Compiling axum-core v0.5.6
[INFO] [stderr]    Compiling logos v0.15.1
[INFO] [stderr]    Compiling miette v7.6.0
[INFO] [stderr]    Compiling zerovec v0.11.5
[INFO] [stderr]    Compiling pin-project-internal v1.1.11
[INFO] [stderr]    Compiling rand_chacha v0.10.0
[INFO] [stderr]    Compiling async-trait v0.1.89
[INFO] [stderr]    Compiling tinystr v0.8.2
[INFO] [stderr]    Compiling potential_utf v0.1.4
[INFO] [stderr]    Compiling prost v0.14.3
[INFO] [stderr]    Compiling icu_locale_core v2.1.1
[INFO] [stderr]    Compiling icu_collections v2.1.1
[INFO] [stderr]    Compiling tungstenite v0.28.0
[INFO] [stderr]    Compiling prost-types v0.14.3
[INFO] [stderr]    Compiling pin-project v1.1.11
[INFO] [stderr]    Compiling icu_provider v2.1.1
[INFO] [stderr]    Compiling icu_properties v2.1.2
[INFO] [stderr]    Compiling icu_normalizer v2.1.1
[INFO] [stderr]    Compiling serde v1.0.228
[INFO] [stderr]    Compiling protox-parse v0.9.0
[INFO] [stderr]    Compiling prost-reflect v0.16.3
[INFO] [stderr]    Compiling boring-sys v5.0.2
[INFO] [stderr]    Compiling fluent-uri v0.4.1
[INFO] [stderr]    Compiling email_address v0.2.9
[INFO] [stderr]    Compiling serde_urlencoded v0.7.1
[INFO] [stderr]    Compiling schnellru v0.2.4
[INFO] [stderr]    Compiling idna_adapter v1.2.1
[INFO] [stderr]    Compiling idna v1.1.0
[INFO] [stderr]    Compiling referencing v0.45.0
[INFO] [stderr]    Compiling url v2.5.8
[INFO] [stderr]    Compiling tokio-util v0.7.18
[INFO] [stderr]    Compiling tokio-tungstenite v0.28.0
[INFO] [stderr]    Compiling tokio-stream v0.1.18
[INFO] [stderr]    Compiling h2 v0.4.13
[INFO] [stderr]    Compiling tower v0.5.3
[INFO] [stderr]    Compiling http2 v0.5.13
[INFO] [stderr]    Compiling protox v0.9.1
[INFO] [stderr]    Compiling tower-http v0.6.8
[INFO] [stderr]    Compiling hyper v1.8.1
[INFO] [stderr]    Compiling hyper-util v0.1.20
[INFO] [stderr]    Compiling axum v0.8.8
[INFO] [stderr]    Compiling hyper-timeout v0.5.2
[INFO] [stderr]    Compiling rustls-webpki v0.103.10
[INFO] [stderr]    Compiling tonic v0.14.5
[INFO] [stderr]    Compiling tokio-rustls v0.26.4
[INFO] [stderr]    Compiling rustls-platform-verifier v0.6.2
[INFO] [stderr]    Compiling hyper-rustls v0.27.7
[INFO] [stderr]    Compiling reqwest v0.13.2
[INFO] [stderr]    Compiling jsonschema v0.45.0
[INFO] [stderr] error: could not compile `reqwest` (lib)
[INFO] [stderr] 
[INFO] [stderr] Caused by:
[INFO] [stderr]   process didn't exit successfully: `/opt/rustwide/rustup-home/toolchains/1.100.0-beta.1-x86_64-unknown-linux-gnu/bin/rustc --crate-name reqwest --edition=2021 /opt/rustwide/cargo-home/registry/src/index.crates.io-1949cf8c6b5b557f/reqwest-0.13.2/src/lib.rs --error-format=json --json=diagnostic-rendered-ansi,artifacts,future-incompat,unused-externs-silent --crate-type lib --emit=dep-info,metadata,link -C embed-bitcode=no -C debuginfo=2 --cfg 'feature="__rustls"' --cfg 'feature="__tls"' --cfg 'feature="blocking"' --cfg 'feature="http2"' --cfg 'feature="json"' --cfg 'feature="rustls-no-provider"' --check-cfg 'cfg(docsrs,test)' --check-cfg 'cfg(feature, values("__native-tls", "__native-tls-alpn", "__rustls", "__rustls-aws-lc-rs", "__tls", "blocking", "brotli", "charset", "cookies", "default", "default-tls", "deflate", "form", "gzip", "hickory-dns", "http2", "http3", "json", "multipart", "native-tls", "native-tls-no-alpn", "native-tls-vendored", "native-tls-vendored-no-alpn", "query", "rustls", "rustls-no-provider", "socks", "stream", "system-proxy", "zstd"))' -C metadata=48a39c14e34243bf -C extra-filename=-5326c65b58fa638f --out-dir /opt/rustwide/target/debug/build/reqwest/5326c65b58fa638f/out -L dependency=/opt/rustwide/target/debug/build/allocator-api2/8d9c1e895dea53bd/out -L dependency=/opt/rustwide/target/debug/build/atomic-waker/06950c8c08d2b8fa/out -L dependency=/opt/rustwide/target/debug/build/aws-lc-rs/770cc9dcacd4ee7d/out -L dependency=/opt/rustwide/target/debug/build/aws-lc-sys/f12ffe7bd48e565a/out -L dependency=/opt/rustwide/target/debug/build/base64/32787b0325ea6df8/out -L dependency=/opt/rustwide/target/debug/build/bitflags/89a023adeebf44a1/out -L dependency=/opt/rustwide/target/debug/build/bytes/2ed9460101f17bbf/out -L dependency=/opt/rustwide/target/debug/build/displaydoc/b15cf18636f92ab7/out -L dependency=/opt/rustwide/target/debug/build/equivalent/6a754676e6af62ae/out -L dependency=/opt/rustwide/target/debug/build/errno/1d9457f3d77a0a23/out -L dependency=/opt/rustwide/target/debug/build/fnv/79e2cbfbe03dcd16/out -L dependency=/opt/rustwide/target/debug/build/foldhash/3b780c428974a407/out -L dependency=/opt/rustwide/target/debug/build/form_urlencoded/58b0f0edb59b40d2/out -L dependency=/opt/rustwide/target/debug/build/futures-channel/04b287164a72dbf0/out -L dependency=/opt/rustwide/target/debug/build/futures-core/1121ff913ed87f93/out -L dependency=/opt/rustwide/target/debug/build/futures-io/a8805bd12b2ab705/out -L dependency=/opt/rustwide/target/debug/build/futures-macro/100c47a2cdef3153/out -L dependency=/opt/rustwide/target/debug/build/futures-sink/3971bde37bb30e19/out -L dependency=/opt/rustwide/target/debug/build/futures-task/36f327cfab86eddc/out -L dependency=/opt/rustwide/target/debug/build/futures-util/4ec69cac092c6374/out -L dependency=/opt/rustwide/target/debug/build/h2/cc8a56c16125db0b/out -L dependency=/opt/rustwide/target/debug/build/hashbrown/63a892cc2d36a2f0/out -L dependency=/opt/rustwide/target/debug/build/http-body/8d8f9f8398f09fa7/out -L dependency=/opt/rustwide/target/debug/build/http/563f2cb150350555/out -L dependency=/opt/rustwide/target/debug/build/httparse/8c9b827b8f345444/out -L dependency=/opt/rustwide/target/debug/build/httpdate/331798cefc82cc7e/out -L dependency=/opt/rustwide/target/debug/build/hyper-util/a416370abad9cc2c/out -L dependency=/opt/rustwide/target/debug/build/hyper/89aa6d1edabbbc4c/out -L dependency=/opt/rustwide/target/debug/build/icu_collections/f0026b89614cd57d/out -L dependency=/opt/rustwide/target/debug/build/icu_locale_core/816fe88e71ee8167/out -L dependency=/opt/rustwide/target/debug/build/icu_normalizer/5635eb673fd734d8/out -L dependency=/opt/rustwide/target/debug/build/icu_normalizer_data/ab8997d7cbbb3306/out -L dependency=/opt/rustwide/target/debug/build/icu_properties/82ff42289bb7499c/out -L dependency=/opt/rustwide/target/debug/build/icu_properties_data/b217809bf575558a/out -L dependency=/opt/rustwide/target/debug/build/icu_provider/0397860365ebade6/out -L dependency=/opt/rustwide/target/debug/build/idna/85deddb9e523f60e/out -L dependency=/opt/rustwide/target/debug/build/idna_adapter/7c6006dd22e2b475/out -L dependency=/opt/rustwide/target/debug/build/indexmap/0ece783e234d1377/out -L dependency=/opt/rustwide/target/debug/build/ipnet/61ca7a5e1c2863d4/out -L dependency=/opt/rustwide/target/debug/build/iri-string/7980c6545d934b56/out -L dependency=/opt/rustwide/target/debug/build/itoa/5de11b3b23bfe572/out -L dependency=/opt/rustwide/target/debug/build/libc/585253b8e2aa2651/out -L dependency=/opt/rustwide/target/debug/build/litemap/cd9b5b2aa04e2018/out -L dependency=/opt/rustwide/target/debug/build/log/f16ce4b64309590f/out -L dependency=/opt/rustwide/target/debug/build/memchr/5cfa70d22cb32987/out -L dependency=/opt/rustwide/target/debug/build/mio/b3d300bcba2dd5a7/out -L dependency=/opt/rustwide/target/debug/build/once_cell/b5bdc597ed9676b3/out -L dependency=/opt/rustwide/target/debug/build/openssl-probe/6b1b371432012237/out -L dependency=/opt/rustwide/target/debug/build/percent-encoding/fa055ecaa1e57cfa/out -L dependency=/opt/rustwide/target/debug/build/pin-project-lite/0a15d51c77964692/out -L dependency=/opt/rustwide/target/debug/build/pin-utils/3860774ad9b215b5/out -L dependency=/opt/rustwide/target/debug/build/potential_utf/1a624fe73bbd467a/out -L dependency=/opt/rustwide/target/debug/build/rustls-native-certs/465b2aa2129aa72f/out -L dependency=/opt/rustwide/target/debug/build/rustls-pki-types/a1ff9279e609de76/out -L dependency=/opt/rustwide/target/debug/build/rustls-webpki/887d78fd11fcce78/out -L dependency=/opt/rustwide/target/debug/build/rustls/47edf792efa262b3/out -L dependency=/opt/rustwide/target/debug/build/serde_core/9c6a4a1faf3c1a34/out -L dependency=/opt/rustwide/target/debug/build/serde_derive/919fa773e4784517/out -L dependency=/opt/rustwide/target/debug/build/signal-hook-registry/0370c074c4bef323/out -L dependency=/opt/rustwide/target/debug/build/slab/0582d648e59ab406/out -L dependency=/opt/rustwide/target/debug/build/smallvec/bc3128fdd57228fc/out -L dependency=/opt/rustwide/target/debug/build/socket2/050091baf38e5996/out -L dependency=/opt/rustwide/target/debug/build/stable_deref_trait/63cbf3f3d3f94e56/out -L dependency=/opt/rustwide/target/debug/build/subtle/2ae6a7038b9a0630/out -L dependency=/opt/rustwide/target/debug/build/sync_wrapper/6bdfbc29c4269203/out -L dependency=/opt/rustwide/target/debug/build/tinystr/a70de79dd32ef62f/out -L dependency=/opt/rustwide/target/debug/build/tokio-macros/acb02bb1b3a3f3fe/out -L dependency=/opt/rustwide/target/debug/build/tokio-rustls/94fdc4ee96876d1a/out -L dependency=/opt/rustwide/target/debug/build/tokio-util/f18052995a4cfc9b/out -L dependency=/opt/rustwide/target/debug/build/tokio/a896a3d750013e27/out -L dependency=/opt/rustwide/target/debug/build/tower-layer/d908dd771b239ecd/out -L dependency=/opt/rustwide/target/debug/build/tower-service/3fb88d28c2218805/out -L dependency=/opt/rustwide/target/debug/build/tower/2b2a4bed26976971/out -L dependency=/opt/rustwide/target/debug/build/tracing-attributes/efa1242d4e374d3d/out -L dependency=/opt/rustwide/target/debug/build/tracing-core/89b602bc4a7d7f8a/out -L dependency=/opt/rustwide/target/debug/build/tracing/02779275e9ae46ef/out -L dependency=/opt/rustwide/target/debug/build/try-lock/8fa2f6971035be84/out -L dependency=/opt/rustwide/target/debug/build/untrusted/b2f816886faf2178/out -L dependency=/opt/rustwide/target/debug/build/utf8_iter/51566bbad89f3a68/out -L dependency=/opt/rustwide/target/debug/build/want/7a6260b9c50f1479/out -L dependency=/opt/rustwide/target/debug/build/writeable/4f74a67d38fff78e/out -L dependency=/opt/rustwide/target/debug/build/yoke-derive/7d5de5be4ce2b88f/out -L dependency=/opt/rustwide/target/debug/build/yoke/da17f70501a25c31/out -L dependency=/opt/rustwide/target/debug/build/zerofrom-derive/a7c6402c0c8654ee/out -L dependency=/opt/rustwide/target/debug/build/zerofrom/9cf902e0d855375e/out -L dependency=/opt/rustwide/target/debug/build/zeroize/7f213bea776ca5b6/out -L dependency=/opt/rustwide/target/debug/build/zerotrie/ebf521f2ef5efadc/out -L dependency=/opt/rustwide/target/debug/build/zerovec-derive/4b3d363149ef7cfb/out -L dependency=/opt/rustwide/target/debug/build/zerovec/d945614e18b562f6/out -L dependency=/opt/rustwide/target/debug/build/zmij/ef63f1da73704b4c/out --extern base64=/opt/rustwide/target/debug/build/base64/32787b0325ea6df8/out/libbase64-32787b0325ea6df8.rmeta --extern bytes=/opt/rustwide/target/debug/build/bytes/2ed9460101f17bbf/out/libbytes-2ed9460101f17bbf.rmeta --extern futures_channel=/opt/rustwide/target/debug/build/futures-channel/04b287164a72dbf0/out/libfutures_channel-04b287164a72dbf0.rmeta --extern futures_core=/opt/rustwide/target/debug/build/futures-core/1121ff913ed87f93/out/libfutures_core-1121ff913ed87f93.rmeta --extern futures_util=/opt/rustwide/target/debug/build/futures-util/4ec69cac092c6374/out/libfutures_util-4ec69cac092c6374.rmeta --extern h2=/opt/rustwide/target/debug/build/h2/cc8a56c16125db0b/out/libh2-cc8a56c16125db0b.rmeta --extern http=/opt/rustwide/target/debug/build/http/563f2cb150350555/out/libhttp-563f2cb150350555.rmeta --extern http_body=/opt/rustwide/target/debug/build/http-body/8d8f9f8398f09fa7/out/libhttp_body-8d8f9f8398f09fa7.rmeta --extern http_body_util=/opt/rustwide/target/debug/build/http-body-util/ed5fbd1db1f6d6fc/out/libhttp_body_util-ed5fbd1db1f6d6fc.rmeta --extern hyper=/opt/rustwide/target/debug/build/hyper/89aa6d1edabbbc4c/out/libhyper-89aa6d1edabbbc4c.rmeta --extern hyper_rustls=/opt/rustwide/target/debug/build/hyper-rustls/a96ce39b19109070/out/libhyper_rustls-a96ce39b19109070.rmeta --extern hyper_util=/opt/rustwide/target/debug/build/hyper-util/a416370abad9cc2c/out/libhyper_util-a416370abad9cc2c.rmeta --extern log=/opt/rustwide/target/debug/build/log/f16ce4b64309590f/out/liblog-f16ce4b64309590f.rmeta --extern percent_encoding=/opt/rustwide/target/debug/build/percent-encoding/fa055ecaa1e57cfa/out/libpercent_encoding-fa055ecaa1e57cfa.rmeta --extern pin_project_lite=/opt/rustwide/target/debug/build/pin-project-lite/0a15d51c77964692/out/libpin_project_lite-0a15d51c77964692.rmeta --extern rustls=/opt/rustwide/target/debug/build/rustls/47edf792efa262b3/out/librustls-47edf792efa262b3.rmeta --extern rustls_pki_types=/opt/rustwide/target/debug/build/rustls-pki-types/a1ff9279e609de76/out/librustls_pki_types-a1ff9279e609de76.rmeta --extern rustls_platform_verifier=/opt/rustwide/target/debug/build/rustls-platform-verifier/a75d6f0c9c0e9166/out/librustls_platform_verifier-a75d6f0c9c0e9166.rmeta --extern serde=/opt/rustwide/target/debug/build/serde/7b764bc0ba2ada0b/out/libserde-7b764bc0ba2ada0b.rmeta --extern serde_json=/opt/rustwide/target/debug/build/serde_json/15bd8aae49a9158b/out/libserde_json-15bd8aae49a9158b.rmeta --extern sync_wrapper=/opt/rustwide/target/debug/build/sync_wrapper/6bdfbc29c4269203/out/libsync_wrapper-6bdfbc29c4269203.rmeta --extern tokio=/opt/rustwide/target/debug/build/tokio/a896a3d750013e27/out/libtokio-a896a3d750013e27.rmeta --extern tokio_rustls=/opt/rustwide/target/debug/build/tokio-rustls/94fdc4ee96876d1a/out/libtokio_rustls-94fdc4ee96876d1a.rmeta --extern tower=/opt/rustwide/target/debug/build/tower/2b2a4bed26976971/out/libtower-2b2a4bed26976971.rmeta --extern tower_http=/opt/rustwide/target/debug/build/tower-http/fd63140fe88703a0/out/libtower_http-fd63140fe88703a0.rmeta --extern tower_service=/opt/rustwide/target/debug/build/tower-service/3fb88d28c2218805/out/libtower_service-3fb88d28c2218805.rmeta --extern url=/opt/rustwide/target/debug/build/url/dd304962d78493c5/out/liburl-dd304962d78493c5.rmeta --cap-lints allow --cap-lints=warn --force-warn=unused_crate_dependencies -L native=/opt/rustwide/target/debug/build/aws-lc-sys/d88fa28f4089ddad/out` (signal: 9, SIGKILL: kill)
[INFO] [stderr] warning: build failed, waiting for other jobs to finish...
[INFO] [stderr] error: could not compile `jsonschema` (lib)
[INFO] [stderr] 
[INFO] [stderr] Caused by:
[INFO] [stderr]   process didn't exit successfully: `/opt/rustwide/rustup-home/toolchains/1.100.0-beta.1-x86_64-unknown-linux-gnu/bin/rustc --crate-name jsonschema --edition=2021 /opt/rustwide/cargo-home/registry/src/index.crates.io-1949cf8c6b5b557f/jsonschema-0.45.0/src/lib.rs --error-format=json --json=diagnostic-rendered-ansi,artifacts,future-incompat,unused-externs-silent --crate-type lib --emit=dep-info,metadata,link -C embed-bitcode=no -C debuginfo=2 --cfg 'feature="default"' --cfg 'feature="reqwest"' --cfg 'feature="resolve-file"' --cfg 'feature="resolve-http"' --cfg 'feature="tls-aws-lc-rs"' --check-cfg 'cfg(docsrs,test)' --check-cfg 'cfg(feature, values("arbitrary-precision", "default", "reqwest", "resolve-async", "resolve-file", "resolve-http", "tls-aws-lc-rs", "tls-ring"))' -C metadata=4e3e4de9940a18f2 -C extra-filename=-e39b17b2ebf4198e --out-dir /opt/rustwide/target/debug/build/jsonschema/e39b17b2ebf4198e/out -L dependency=/opt/rustwide/target/debug/build/ahash/fbc05f1796f84254/out -L dependency=/opt/rustwide/target/debug/build/aho-corasick/fa94425a423a79cf/out -L dependency=/opt/rustwide/target/debug/build/allocator-api2/8d9c1e895dea53bd/out -L dependency=/opt/rustwide/target/debug/build/atomic-waker/06950c8c08d2b8fa/out -L dependency=/opt/rustwide/target/debug/build/aws-lc-rs/770cc9dcacd4ee7d/out -L dependency=/opt/rustwide/target/debug/build/aws-lc-sys/f12ffe7bd48e565a/out -L dependency=/opt/rustwide/target/debug/build/base64/32787b0325ea6df8/out -L dependency=/opt/rustwide/target/debug/build/bit-set/0311c4fb3031ff2a/out -L dependency=/opt/rustwide/target/debug/build/bit-vec/b1d1b68c2b4b1dac/out -L dependency=/opt/rustwide/target/debug/build/bitflags/89a023adeebf44a1/out -L dependency=/opt/rustwide/target/debug/build/borrow-or-share/0fa8a3ec06072945/out -L dependency=/opt/rustwide/target/debug/build/bytes/2ed9460101f17bbf/out -L dependency=/opt/rustwide/target/debug/build/cfg-if/83060ec5685761ae/out -L dependency=/opt/rustwide/target/debug/build/displaydoc/b15cf18636f92ab7/out -L dependency=/opt/rustwide/target/debug/build/equivalent/6a754676e6af62ae/out -L dependency=/opt/rustwide/target/debug/build/errno/1d9457f3d77a0a23/out -L dependency=/opt/rustwide/target/debug/build/fluent-uri/93eb18929bdb0d19/out -L dependency=/opt/rustwide/target/debug/build/fnv/79e2cbfbe03dcd16/out -L dependency=/opt/rustwide/target/debug/build/foldhash/3b780c428974a407/out -L dependency=/opt/rustwide/target/debug/build/form_urlencoded/58b0f0edb59b40d2/out -L dependency=/opt/rustwide/target/debug/build/futures-channel/04b287164a72dbf0/out -L dependency=/opt/rustwide/target/debug/build/futures-core/1121ff913ed87f93/out -L dependency=/opt/rustwide/target/debug/build/futures-io/a8805bd12b2ab705/out -L dependency=/opt/rustwide/target/debug/build/futures-macro/100c47a2cdef3153/out -L dependency=/opt/rustwide/target/debug/build/futures-sink/3971bde37bb30e19/out -L dependency=/opt/rustwide/target/debug/build/futures-task/36f327cfab86eddc/out -L dependency=/opt/rustwide/target/debug/build/futures-util/4ec69cac092c6374/out -L dependency=/opt/rustwide/target/debug/build/getrandom/c27f5d9907cbefd0/out -L dependency=/opt/rustwide/target/debug/build/h2/cc8a56c16125db0b/out -L dependency=/opt/rustwide/target/debug/build/hashbrown/63a892cc2d36a2f0/out -L dependency=/opt/rustwide/target/debug/build/http-body-util/ed5fbd1db1f6d6fc/out -L dependency=/opt/rustwide/target/debug/build/http-body/8d8f9f8398f09fa7/out -L dependency=/opt/rustwide/target/debug/build/http/563f2cb150350555/out -L dependency=/opt/rustwide/target/debug/build/httparse/8c9b827b8f345444/out -L dependency=/opt/rustwide/target/debug/build/httpdate/331798cefc82cc7e/out -L dependency=/opt/rustwide/target/debug/build/hyper-rustls/a96ce39b19109070/out -L dependency=/opt/rustwide/target/debug/build/hyper-util/a416370abad9cc2c/out -L dependency=/opt/rustwide/target/debug/build/hyper/89aa6d1edabbbc4c/out -L dependency=/opt/rustwide/target/debug/build/icu_collections/f0026b89614cd57d/out -L dependency=/opt/rustwide/target/debug/build/icu_locale_core/816fe88e71ee8167/out -L dependency=/opt/rustwide/target/debug/build/icu_normalizer/5635eb673fd734d8/out -L dependency=/opt/rustwide/target/debug/build/icu_normalizer_data/ab8997d7cbbb3306/out -L dependency=/opt/rustwide/target/debug/build/icu_properties/82ff42289bb7499c/out -L dependency=/opt/rustwide/target/debug/build/icu_properties_data/b217809bf575558a/out -L dependency=/opt/rustwide/target/debug/build/icu_provider/0397860365ebade6/out -L dependency=/opt/rustwide/target/debug/build/idna/85deddb9e523f60e/out -L dependency=/opt/rustwide/target/debug/build/idna_adapter/7c6006dd22e2b475/out -L dependency=/opt/rustwide/target/debug/build/indexmap/0ece783e234d1377/out -L dependency=/opt/rustwide/target/debug/build/ipnet/61ca7a5e1c2863d4/out -L dependency=/opt/rustwide/target/debug/build/iri-string/7980c6545d934b56/out -L dependency=/opt/rustwide/target/debug/build/itoa/5de11b3b23bfe572/out -L dependency=/opt/rustwide/target/debug/build/lazy_static/3674be3f4245d19b/out -L dependency=/opt/rustwide/target/debug/build/libc/585253b8e2aa2651/out -L dependency=/opt/rustwide/target/debug/build/litemap/cd9b5b2aa04e2018/out -L dependency=/opt/rustwide/target/debug/build/lock_api/16d46fed645f7bff/out -L dependency=/opt/rustwide/target/debug/build/log/f16ce4b64309590f/out -L dependency=/opt/rustwide/target/debug/build/memchr/5cfa70d22cb32987/out -L dependency=/opt/rustwide/target/debug/build/mio/b3d300bcba2dd5a7/out -L dependency=/opt/rustwide/target/debug/build/num-bigint/2477c4e6b378c085/out -L dependency=/opt/rustwide/target/debug/build/num-complex/c533bd18104d369c/out -L dependency=/opt/rustwide/target/debug/build/num-integer/e1dae9bde9b8ffd5/out -L dependency=/opt/rustwide/target/debug/build/num-iter/dafa5428079a43a4/out -L dependency=/opt/rustwide/target/debug/build/num-rational/d1bbcbe2db5f69d2/out -L dependency=/opt/rustwide/target/debug/build/num-traits/61451ab850bd490d/out -L dependency=/opt/rustwide/target/debug/build/num/a8cc2cbfb94a977c/out -L dependency=/opt/rustwide/target/debug/build/once_cell/b5bdc597ed9676b3/out -L dependency=/opt/rustwide/target/debug/build/openssl-probe/6b1b371432012237/out -L dependency=/opt/rustwide/target/debug/build/outref/a8d151a70d892957/out -L dependency=/opt/rustwide/target/debug/build/parking_lot/3ffc45ac74faea53/out -L dependency=/opt/rustwide/target/debug/build/parking_lot_core/5da3b68e7b565456/out -L dependency=/opt/rustwide/target/debug/build/percent-encoding/fa055ecaa1e57cfa/out -L dependency=/opt/rustwide/target/debug/build/pin-project-lite/0a15d51c77964692/out -L dependency=/opt/rustwide/target/debug/build/pin-utils/3860774ad9b215b5/out -L dependency=/opt/rustwide/target/debug/build/potential_utf/1a624fe73bbd467a/out -L dependency=/opt/rustwide/target/debug/build/ref-cast-impl/26e4230332c4f230/out -L dependency=/opt/rustwide/target/debug/build/ref-cast/b706dde3ea1204b4/out -L dependency=/opt/rustwide/target/debug/build/regex-automata/42a29813635ff257/out -L dependency=/opt/rustwide/target/debug/build/regex-syntax/6d6ee545e2ffad72/out -L dependency=/opt/rustwide/target/debug/build/rustls-native-certs/465b2aa2129aa72f/out -L dependency=/opt/rustwide/target/debug/build/rustls-pki-types/a1ff9279e609de76/out -L dependency=/opt/rustwide/target/debug/build/rustls-platform-verifier/a75d6f0c9c0e9166/out -L dependency=/opt/rustwide/target/debug/build/rustls-webpki/887d78fd11fcce78/out -L dependency=/opt/rustwide/target/debug/build/rustls/47edf792efa262b3/out -L dependency=/opt/rustwide/target/debug/build/scopeguard/7ec2214574194454/out -L dependency=/opt/rustwide/target/debug/build/serde/7b764bc0ba2ada0b/out -L dependency=/opt/rustwide/target/debug/build/serde_core/9c6a4a1faf3c1a34/out -L dependency=/opt/rustwide/target/debug/build/serde_derive/919fa773e4784517/out -L dependency=/opt/rustwide/target/debug/build/serde_json/15bd8aae49a9158b/out -L dependency=/opt/rustwide/target/debug/build/signal-hook-registry/0370c074c4bef323/out -L dependency=/opt/rustwide/target/debug/build/slab/0582d648e59ab406/out -L dependency=/opt/rustwide/target/debug/build/smallvec/bc3128fdd57228fc/out -L dependency=/opt/rustwide/target/debug/build/socket2/050091baf38e5996/out -L dependency=/opt/rustwide/target/debug/build/stable_deref_trait/63cbf3f3d3f94e56/out -L dependency=/opt/rustwide/target/debug/build/subtle/2ae6a7038b9a0630/out -L dependency=/opt/rustwide/target/debug/build/sync_wrapper/6bdfbc29c4269203/out -L dependency=/opt/rustwide/target/debug/build/tinystr/a70de79dd32ef62f/out -L dependency=/opt/rustwide/target/debug/build/tokio-macros/acb02bb1b3a3f3fe/out -L dependency=/opt/rustwide/target/debug/build/tokio-rustls/94fdc4ee96876d1a/out -L dependency=/opt/rustwide/target/debug/build/tokio-util/f18052995a4cfc9b/out -L dependency=/opt/rustwide/target/debug/build/tokio/a896a3d750013e27/out -L dependency=/opt/rustwide/target/debug/build/tower-http/fd63140fe88703a0/out -L dependency=/opt/rustwide/target/debug/build/tower-layer/d908dd771b239ecd/out -L dependency=/opt/rustwide/target/debug/build/tower-service/3fb88d28c2218805/out -L dependency=/opt/rustwide/target/debug/build/tower/2b2a4bed26976971/out -L dependency=/opt/rustwide/target/debug/build/tracing-attributes/efa1242d4e374d3d/out -L dependency=/opt/rustwide/target/debug/build/tracing-core/89b602bc4a7d7f8a/out -L dependency=/opt/rustwide/target/debug/build/tracing/02779275e9ae46ef/out -L dependency=/opt/rustwide/target/debug/build/try-lock/8fa2f6971035be84/out -L dependency=/opt/rustwide/target/debug/build/untrusted/b2f816886faf2178/out -L dependency=/opt/rustwide/target/debug/build/url/dd304962d78493c5/out -L dependency=/opt/rustwide/target/debug/build/utf8_iter/51566bbad89f3a68/out -L dependency=/opt/rustwide/target/debug/build/vsimd/df18ed82e402df6e/out -L dependency=/opt/rustwide/target/debug/build/want/7a6260b9c50f1479/out -L dependency=/opt/rustwide/target/debug/build/writeable/4f74a67d38fff78e/out -L dependency=/opt/rustwide/target/debug/build/yoke-derive/7d5de5be4ce2b88f/out -L dependency=/opt/rustwide/target/debug/build/yoke/da17f70501a25c31/out -L dependency=/opt/rustwide/target/debug/build/zerocopy/47718de214f7b9f5/out -L dependency=/opt/rustwide/target/debug/build/zerofrom-derive/a7c6402c0c8654ee/out -L dependency=/opt/rustwide/target/debug/build/zerofrom/9cf902e0d855375e/out -L dependency=/opt/rustwide/target/debug/build/zeroize/7f213bea776ca5b6/out -L dependency=/opt/rustwide/target/debug/build/zerotrie/ebf521f2ef5efadc/out -L dependency=/opt/rustwide/target/debug/build/zerovec-derive/4b3d363149ef7cfb/out -L dependency=/opt/rustwide/target/debug/build/zerovec/d945614e18b562f6/out -L dependency=/opt/rustwide/target/debug/build/zmij/ef63f1da73704b4c/out --extern ahash=/opt/rustwide/target/debug/build/ahash/fbc05f1796f84254/out/libahash-fbc05f1796f84254.rmeta --extern bytecount=/opt/rustwide/target/debug/build/bytecount/4690dc5a500fb13e/out/libbytecount-4690dc5a500fb13e.rmeta --extern data_encoding=/opt/rustwide/target/debug/build/data-encoding/4b0fc7d26697af29/out/libdata_encoding-4b0fc7d26697af29.rmeta --extern email_address=/opt/rustwide/target/debug/build/email_address/c64365772c0c7dce/out/libemail_address-c64365772c0c7dce.rmeta --extern fancy_regex=/opt/rustwide/target/debug/build/fancy-regex/1d433ad6923c8bd5/out/libfancy_regex-1d433ad6923c8bd5.rmeta --extern fraction=/opt/rustwide/target/debug/build/fraction/7c746658e088480d/out/libfraction-7c746658e088480d.rmeta --extern idna=/opt/rustwide/target/debug/build/idna/85deddb9e523f60e/out/libidna-85deddb9e523f60e.rmeta --extern itoa=/opt/rustwide/target/debug/build/itoa/5de11b3b23bfe572/out/libitoa-5de11b3b23bfe572.rmeta --extern num_cmp=/opt/rustwide/target/debug/build/num-cmp/ef5cddd5e953f8cc/out/libnum_cmp-ef5cddd5e953f8cc.rmeta --extern num_traits=/opt/rustwide/target/debug/build/num-traits/61451ab850bd490d/out/libnum_traits-61451ab850bd490d.rmeta --extern percent_encoding=/opt/rustwide/target/debug/build/percent-encoding/fa055ecaa1e57cfa/out/libpercent_encoding-fa055ecaa1e57cfa.rmeta --extern referencing=/opt/rustwide/target/debug/build/referencing/e62054038f9be028/out/libreferencing-e62054038f9be028.rmeta --extern regex=/opt/rustwide/target/debug/build/regex/d11db3dc7b8ab39f/out/libregex-d11db3dc7b8ab39f.rmeta --extern regex_syntax=/opt/rustwide/target/debug/build/regex-syntax/6d6ee545e2ffad72/out/libregex_syntax-6d6ee545e2ffad72.rmeta --extern reqwest=/opt/rustwide/target/debug/build/reqwest/5326c65b58fa638f/out/libreqwest-5326c65b58fa638f.rmeta --extern rustls=/opt/rustwide/target/debug/build/rustls/47edf792efa262b3/out/librustls-47edf792efa262b3.rmeta --extern serde=/opt/rustwide/target/debug/build/serde/7b764bc0ba2ada0b/out/libserde-7b764bc0ba2ada0b.rmeta --extern serde_json=/opt/rustwide/target/debug/build/serde_json/15bd8aae49a9158b/out/libserde_json-15bd8aae49a9158b.rmeta --extern unicode_general_category=/opt/rustwide/target/debug/build/unicode-general-category/bc3aae0f40ed0963/out/libunicode_general_category-bc3aae0f40ed0963.rmeta --extern uuid_simd=/opt/rustwide/target/debug/build/uuid-simd/d3e1f6e0583a7b9b/out/libuuid_simd-d3e1f6e0583a7b9b.rmeta --cap-lints allow --cap-lints=warn --force-warn=unused_crate_dependencies -L native=/opt/rustwide/target/debug/build/aws-lc-sys/d88fa28f4089ddad/out` (signal: 9, SIGKILL: kill)
[INFO] [stderr] warning: boring-sys@5.0.2: applying post quantum crypto patch to boringssl
[INFO] [stderr] error: failed to run custom build command for `boring-sys v5.0.2`
[INFO] [stderr] note: To improve backtraces for build dependencies, set the CARGO_PROFILE_DEV_BUILD_OVERRIDE_DEBUG=true environment variable to enable debug information generation.
[INFO] [stderr] 
[INFO] [stderr] Caused by:
[INFO] [stderr]   process didn't exit successfully: `/opt/rustwide/target/debug/build/boring-sys/4f8ad3e2caaa4a29/out/build_script_main` (exit status: 101)
[INFO] [stderr]   --- stdout
[INFO] [stderr]   cargo:rerun-if-env-changed=BORING_BSSL_PATH_x86_64-unknown-linux-gnu
[INFO] [stderr]   cargo:rerun-if-env-changed=BORING_BSSL_PATH_x86_64_unknown_linux_gnu
[INFO] [stderr]   cargo:rerun-if-env-changed=HOST_BORING_BSSL_PATH
[INFO] [stderr]   cargo:rerun-if-env-changed=BORING_BSSL_PATH
[INFO] [stderr]   cargo:rerun-if-env-changed=BORING_BSSL_INCLUDE_PATH_x86_64-unknown-linux-gnu
[INFO] [stderr]   cargo:rerun-if-env-changed=BORING_BSSL_INCLUDE_PATH_x86_64_unknown_linux_gnu
[INFO] [stderr]   cargo:rerun-if-env-changed=HOST_BORING_BSSL_INCLUDE_PATH
[INFO] [stderr]   cargo:rerun-if-env-changed=BORING_BSSL_INCLUDE_PATH
[INFO] [stderr]   cargo:rerun-if-env-changed=BORING_BSSL_SOURCE_PATH_x86_64-unknown-linux-gnu
[INFO] [stderr]   cargo:rerun-if-env-changed=BORING_BSSL_SOURCE_PATH_x86_64_unknown_linux_gnu
[INFO] [stderr]   cargo:rerun-if-env-changed=HOST_BORING_BSSL_SOURCE_PATH
[INFO] [stderr]   cargo:rerun-if-env-changed=BORING_BSSL_SOURCE_PATH
[INFO] [stderr]   cargo:rerun-if-env-changed=BORING_BSSL_ASSUME_PATCHED_x86_64-unknown-linux-gnu
[INFO] [stderr]   cargo:rerun-if-env-changed=BORING_BSSL_ASSUME_PATCHED_x86_64_unknown_linux_gnu
[INFO] [stderr]   cargo:rerun-if-env-changed=HOST_BORING_BSSL_ASSUME_PATCHED
[INFO] [stderr]   cargo:rerun-if-env-changed=BORING_BSSL_ASSUME_PATCHED
[INFO] [stderr]   cargo:rerun-if-env-changed=BORING_BSSL_SYSROOT_x86_64-unknown-linux-gnu
[INFO] [stderr]   cargo:rerun-if-env-changed=BORING_BSSL_SYSROOT_x86_64_unknown_linux_gnu
[INFO] [stderr]   cargo:rerun-if-env-changed=HOST_BORING_BSSL_SYSROOT
[INFO] [stderr]   cargo:rerun-if-env-changed=BORING_BSSL_SYSROOT
[INFO] [stderr]   cargo:rerun-if-env-changed=BORING_BSSL_COMPILER_EXTERNAL_TOOLCHAIN_x86_64-unknown-linux-gnu
[INFO] [stderr]   cargo:rerun-if-env-changed=BORING_BSSL_COMPILER_EXTERNAL_TOOLCHAIN_x86_64_unknown_linux_gnu
[INFO] [stderr]   cargo:rerun-if-env-changed=HOST_BORING_BSSL_COMPILER_EXTERNAL_TOOLCHAIN
[INFO] [stderr]   cargo:rerun-if-env-changed=BORING_BSSL_COMPILER_EXTERNAL_TOOLCHAIN
[INFO] [stderr]   cargo:rerun-if-env-changed=DEBUG_x86_64-unknown-linux-gnu
[INFO] [stderr]   cargo:rerun-if-env-changed=DEBUG_x86_64_unknown_linux_gnu
[INFO] [stderr]   cargo:rerun-if-env-changed=HOST_DEBUG
[INFO] [stderr]   cargo:rerun-if-env-changed=DEBUG
[INFO] [stderr]   cargo:rerun-if-env-changed=OPT_LEVEL_x86_64-unknown-linux-gnu
[INFO] [stderr]   cargo:rerun-if-env-changed=OPT_LEVEL_x86_64_unknown_linux_gnu
[INFO] [stderr]   cargo:rerun-if-env-changed=HOST_OPT_LEVEL
[INFO] [stderr]   cargo:rerun-if-env-changed=OPT_LEVEL
[INFO] [stderr]   cargo:rerun-if-env-changed=ANDROID_NDK_HOME_x86_64-unknown-linux-gnu
[INFO] [stderr]   cargo:rerun-if-env-changed=ANDROID_NDK_HOME_x86_64_unknown_linux_gnu
[INFO] [stderr]   cargo:rerun-if-env-changed=HOST_ANDROID_NDK_HOME
[INFO] [stderr]   cargo:rerun-if-env-changed=ANDROID_NDK_HOME
[INFO] [stderr]   cargo:rerun-if-env-changed=CMAKE_TOOLCHAIN_FILE_x86_64-unknown-linux-gnu
[INFO] [stderr]   cargo:rerun-if-env-changed=CMAKE_TOOLCHAIN_FILE_x86_64_unknown_linux_gnu
[INFO] [stderr]   cargo:rerun-if-env-changed=HOST_CMAKE_TOOLCHAIN_FILE
[INFO] [stderr]   cargo:rerun-if-env-changed=CMAKE_TOOLCHAIN_FILE
[INFO] [stderr]   cargo:rerun-if-env-changed=BORING_BSSL_RUST_CPPLIB_x86_64-unknown-linux-gnu
[INFO] [stderr]   cargo:rerun-if-env-changed=BORING_BSSL_RUST_CPPLIB_x86_64_unknown_linux_gnu
[INFO] [stderr]   cargo:rerun-if-env-changed=HOST_BORING_BSSL_RUST_CPPLIB
[INFO] [stderr]   cargo:rerun-if-env-changed=BORING_BSSL_RUST_CPPLIB
[INFO] [stderr]   cargo:rerun-if-env-changed=CC_x86_64-unknown-linux-gnu
[INFO] [stderr]   cargo:rerun-if-env-changed=CC_x86_64_unknown_linux_gnu
[INFO] [stderr]   cargo:rerun-if-env-changed=HOST_CC
[INFO] [stderr]   cargo:rerun-if-env-changed=CXX_x86_64-unknown-linux-gnu
[INFO] [stderr]   cargo:rerun-if-env-changed=CXX_x86_64_unknown_linux_gnu
[INFO] [stderr]   cargo:rerun-if-env-changed=HOST_CXX
[INFO] [stderr]   cargo:rerun-if-env-changed=DOCS_RS
[INFO] [stderr]   Initialized empty Git repository in /opt/rustwide/target/debug/build/boring-sys/07c182ee3f2b9bad/out/boringssl/.git/
[INFO] [stderr]   cargo:warning=applying post quantum crypto patch to boringssl
[INFO] [stderr]   CMAKE_TOOLCHAIN_FILE_x86_64-unknown-linux-gnu = None
[INFO] [stderr]   CMAKE_TOOLCHAIN_FILE_x86_64_unknown_linux_gnu = None
[INFO] [stderr]   HOST_CMAKE_TOOLCHAIN_FILE = None
[INFO] [stderr]   CMAKE_TOOLCHAIN_FILE = None
[INFO] [stderr]   CMAKE_GENERATOR_x86_64-unknown-linux-gnu = None
[INFO] [stderr]   CMAKE_GENERATOR_x86_64_unknown_linux_gnu = None
[INFO] [stderr]   HOST_CMAKE_GENERATOR = None
[INFO] [stderr]   CMAKE_GENERATOR = None
[INFO] [stderr]   CMAKE_PREFIX_PATH_x86_64-unknown-linux-gnu = None
[INFO] [stderr]   CMAKE_PREFIX_PATH_x86_64_unknown_linux_gnu = None
[INFO] [stderr]   HOST_CMAKE_PREFIX_PATH = None
[INFO] [stderr]   CMAKE_PREFIX_PATH = None
[INFO] [stderr]   CMAKE_x86_64-unknown-linux-gnu = None
[INFO] [stderr]   CMAKE_x86_64_unknown_linux_gnu = None
[INFO] [stderr]   HOST_CMAKE = None
[INFO] [stderr]   CMAKE = None
[INFO] [stderr]   -- The C compiler identification is GNU 15.2.0
[INFO] [stderr]   -- Detecting C compiler ABI info
[INFO] [stderr]   -- Detecting C compiler ABI info - done
[INFO] [stderr]   -- Check for working C compiler: /usr/bin/cc - skipped
[INFO] [stderr]   -- Detecting C compile features
[INFO] [stderr]   -- Detecting C compile features - done
[INFO] [stderr]   -- The CXX compiler identification is GNU 15.2.0
[INFO] [stderr]   -- Detecting CXX compiler ABI info
[INFO] [stderr]   -- Detecting CXX compiler ABI info - done
[INFO] [stderr]   -- Check for working CXX compiler: /usr/bin/c++ - skipped
[INFO] [stderr]   -- Detecting CXX compile features
[INFO] [stderr]   -- Detecting CXX compile features - done
[INFO] [stderr]   -- Checking for module 'libunwind-generic>=1.3.0'
[INFO] [stderr]   --   Found libunwind-generic, version 1.8.3
[INFO] [stderr]   -- The ASM compiler identification is GNU
[INFO] [stderr]   -- Found assembler: /usr/bin/cc
[INFO] [stderr]   -- Performing Test CMAKE_HAVE_LIBC_PTHREAD
[INFO] [stderr]   -- Performing Test CMAKE_HAVE_LIBC_PTHREAD - Success
[INFO] [stderr]   -- Found Threads: TRUE
[INFO] [stderr]   -- Configuring done (5.5s)
[INFO] [stderr]   -- Generating done (1.1s)
[INFO] [stderr]   -- Build files have been written to: /opt/rustwide/target/debug/build/boring-sys/07c182ee3f2b9bad/out/build
[INFO] [stderr]   [  0%] Built target boringssl_prefix_symbols
[INFO] [stderr]   [  1%] Building ASM object CMakeFiles/fipsmodule.dir/gen/bcm/aes-gcm-avx2-x86_64-apple.S.o
[INFO] [stderr]   [  0%] Building ASM object CMakeFiles/fipsmodule.dir/gen/bcm/aes-gcm-avx2-x86_64-linux.S.o
[INFO] [stderr]   [  1%] Building ASM object CMakeFiles/fipsmodule.dir/gen/bcm/aes-gcm-avx512-x86_64-apple.S.o
[INFO] [stderr]   [  1%] Building CXX object CMakeFiles/fipsmodule.dir/crypto/fipsmodule/bcm.cc.o
[INFO] [stderr]   [  1%] Building ASM object CMakeFiles/fipsmodule.dir/gen/bcm/aesni-gcm-x86_64-linux.S.o
[INFO] [stderr]   [  1%] Building ASM object CMakeFiles/fipsmodule.dir/gen/bcm/aesni-x86-apple.S.o
[INFO] [stderr]   [  1%] Building ASM object CMakeFiles/fipsmodule.dir/gen/bcm/aesni-x86_64-linux.S.o
[INFO] [stderr]   [  1%] Building ASM object CMakeFiles/fipsmodule.dir/gen/bcm/aesni-x86_64-apple.S.o
[INFO] [stderr]   [  1%] Building ASM object CMakeFiles/fipsmodule.dir/gen/bcm/aesv8-armv7-linux.S.o
[INFO] [stderr]   [  1%] Building ASM object CMakeFiles/fipsmodule.dir/gen/bcm/aes-gcm-avx512-x86_64-linux.S.o
[INFO] [stderr]   [  1%] Building ASM object CMakeFiles/fipsmodule.dir/gen/bcm/aesni-gcm-x86_64-apple.S.o
[INFO] [stderr]   [  3%] Building ASM object CMakeFiles/fipsmodule.dir/gen/bcm/aesni-x86-linux.S.o
[INFO] [stderr]   [  3%] Building ASM object CMakeFiles/fipsmodule.dir/gen/bcm/aesv8-armv8-apple.S.o
[INFO] [stderr]   [  3%] Building ASM object CMakeFiles/fipsmodule.dir/gen/bcm/aesv8-armv8-linux.S.o
[INFO] [stderr]   [  3%] Building ASM object CMakeFiles/fipsmodule.dir/gen/bcm/armv8-mont-linux.S.o
[INFO] [stderr]   [  6%] Building ASM object CMakeFiles/fipsmodule.dir/gen/bcm/aesv8-armv8-win.S.o
[INFO] [stderr]   [  6%] Building ASM object CMakeFiles/fipsmodule.dir/gen/bcm/armv8-mont-win.S.o
[INFO] [stderr]   [  6%] Building ASM object CMakeFiles/fipsmodule.dir/gen/bcm/armv4-mont-linux.S.o
[INFO] [stderr]   [  6%] Building ASM object CMakeFiles/fipsmodule.dir/gen/bcm/aesv8-gcm-armv8-apple.S.o
[INFO] [stderr]   [  6%] Building ASM object CMakeFiles/fipsmodule.dir/gen/bcm/aesv8-gcm-armv8-win.S.o
[INFO] [stderr]   [  6%] Building ASM object CMakeFiles/fipsmodule.dir/gen/bcm/bn-586-apple.S.o
[INFO] [stderr]   [  6%] Building ASM object CMakeFiles/fipsmodule.dir/gen/bcm/armv8-mont-apple.S.o
[INFO] [stderr]   [  6%] Building ASM object CMakeFiles/fipsmodule.dir/gen/bcm/bn-586-linux.S.o
[INFO] [stderr]   [  6%] Building ASM object CMakeFiles/fipsmodule.dir/gen/bcm/aesv8-gcm-armv8-linux.S.o
[INFO] [stderr]   [  6%] Building ASM object CMakeFiles/fipsmodule.dir/gen/bcm/bn-armv8-apple.S.o
[INFO] [stderr]   [  6%] Building ASM object CMakeFiles/fipsmodule.dir/gen/bcm/bn-armv8-linux.S.o
[INFO] [stderr]   [  7%] Building ASM object CMakeFiles/fipsmodule.dir/gen/bcm/bsaes-armv7-linux.S.o
[INFO] [stderr]   [  7%] Building ASM object CMakeFiles/fipsmodule.dir/gen/bcm/bn-armv8-win.S.o
[INFO] [stderr]   [  7%] Building ASM object CMakeFiles/fipsmodule.dir/gen/bcm/co-586-linux.S.o
[INFO] [stderr]   [  7%] Building ASM object CMakeFiles/fipsmodule.dir/gen/bcm/ghash-armv4-linux.S.o
[INFO] [stderr]   [  7%] Building ASM object CMakeFiles/fipsmodule.dir/gen/bcm/ghash-neon-armv8-linux.S.o
[INFO] [stderr]   [  7%] Building ASM object CMakeFiles/fipsmodule.dir/gen/bcm/ghash-neon-armv8-win.S.o
[INFO] [stderr]   [  7%] Building ASM object CMakeFiles/fipsmodule.dir/gen/bcm/co-586-apple.S.o
[INFO] [stderr]   [  7%] Building ASM object CMakeFiles/fipsmodule.dir/gen/bcm/ghash-neon-armv8-apple.S.o
[INFO] [stderr]   [  9%] Building ASM object CMakeFiles/fipsmodule.dir/gen/bcm/ghash-ssse3-x86-apple.S.o
[INFO] [stderr]   [  9%] Building ASM object CMakeFiles/fipsmodule.dir/gen/bcm/ghash-ssse3-x86-linux.S.o
[INFO] [stderr]   [  9%] Building ASM object CMakeFiles/fipsmodule.dir/gen/bcm/ghash-ssse3-x86_64-apple.S.o
[INFO] [stderr]   [  9%] Building ASM object CMakeFiles/fipsmodule.dir/gen/bcm/ghash-x86-linux.S.o
[INFO] [stderr]   [ 11%] Building ASM object CMakeFiles/fipsmodule.dir/gen/bcm/ghash-x86_64-apple.S.o
[INFO] [stderr]   [ 11%] Building ASM object CMakeFiles/fipsmodule.dir/gen/bcm/ghash-x86_64-linux.S.o
[INFO] [stderr]   [ 11%] Building ASM object CMakeFiles/fipsmodule.dir/gen/bcm/ghash-ssse3-x86_64-linux.S.o
[INFO] [stderr]   [ 11%] Building ASM object CMakeFiles/fipsmodule.dir/gen/bcm/p256-armv8-asm-apple.S.o
[INFO] [stderr]   [ 11%] Building ASM object CMakeFiles/fipsmodule.dir/gen/bcm/ghash-x86-apple.S.o
[INFO] [stderr]   [ 12%] Building ASM object CMakeFiles/fipsmodule.dir/gen/bcm/p256-armv8-asm-linux.S.o
[INFO] [stderr]   [ 12%] Building ASM object CMakeFiles/fipsmodule.dir/gen/bcm/ghashv8-armv8-win.S.o
[INFO] [stderr]   [ 12%] Building ASM object CMakeFiles/fipsmodule.dir/gen/bcm/ghashv8-armv8-linux.S.o
[INFO] [stderr]   [ 12%] Building ASM object CMakeFiles/fipsmodule.dir/gen/bcm/ghashv8-armv7-linux.S.o
[INFO] [stderr]   [ 12%] Building ASM object CMakeFiles/fipsmodule.dir/gen/bcm/ghashv8-armv8-apple.S.o
[INFO] [stderr]   [ 12%] Building ASM object CMakeFiles/fipsmodule.dir/gen/bcm/p256-armv8-asm-win.S.o
[INFO] [stderr]   [ 12%] Building ASM object CMakeFiles/fipsmodule.dir/gen/bcm/p256-x86_64-asm-apple.S.o
[INFO] [stderr]   [ 12%] Building ASM object CMakeFiles/fipsmodule.dir/gen/bcm/p256-x86_64-asm-linux.S.o
[INFO] [stderr]   [ 12%] Building ASM object CMakeFiles/fipsmodule.dir/gen/bcm/p256_beeu-armv8-asm-linux.S.o
[INFO] [stderr]   [ 12%] Building ASM object CMakeFiles/fipsmodule.dir/gen/bcm/p256_beeu-armv8-asm-apple.S.o
[INFO] [stderr]   [ 14%] Building ASM object CMakeFiles/fipsmodule.dir/gen/bcm/p256_beeu-armv8-asm-win.S.o
[INFO] [stderr]   [ 14%] Building ASM object CMakeFiles/fipsmodule.dir/gen/bcm/rsaz-avx2-apple.S.o
[INFO] [stderr]   [ 14%] Building ASM object CMakeFiles/fipsmodule.dir/gen/bcm/rsaz-avx2-linux.S.o
[INFO] [stderr]   [ 14%] Building ASM object CMakeFiles/fipsmodule.dir/gen/bcm/p256_beeu-x86_64-asm-linux.S.o
[INFO] [stderr]   [ 14%] Building ASM object CMakeFiles/fipsmodule.dir/gen/bcm/p256_beeu-x86_64-asm-apple.S.o
[INFO] [stderr]   [ 14%] Building ASM object CMakeFiles/fipsmodule.dir/gen/bcm/rdrand-x86_64-linux.S.o
[INFO] [stderr]   [ 14%] Building ASM object CMakeFiles/fipsmodule.dir/gen/bcm/sha1-armv8-apple.S.o
[INFO] [stderr]   [ 14%] Building ASM object CMakeFiles/fipsmodule.dir/gen/bcm/sha1-586-linux.S.o
[INFO] [stderr]   [ 14%] Building ASM object CMakeFiles/fipsmodule.dir/gen/bcm/rdrand-x86_64-apple.S.o
[INFO] [stderr]   [ 14%] Building ASM object CMakeFiles/fipsmodule.dir/gen/bcm/sha1-armv8-linux.S.o
[INFO] [stderr]   [ 15%] Building ASM object CMakeFiles/fipsmodule.dir/gen/bcm/sha1-586-apple.S.o
[INFO] [stderr]   [ 15%] Building ASM object CMakeFiles/fipsmodule.dir/gen/bcm/sha1-armv4-large-linux.S.o
[INFO] [stderr]   [ 15%] Building ASM object CMakeFiles/fipsmodule.dir/gen/bcm/sha1-x86_64-linux.S.o
[INFO] [stderr]   [ 15%] Building ASM object CMakeFiles/fipsmodule.dir/gen/bcm/sha256-586-apple.S.o
[INFO] [stderr]   [ 17%] Building ASM object CMakeFiles/fipsmodule.dir/gen/bcm/sha1-x86_64-apple.S.o
[INFO] [stderr]   [ 17%] Building ASM object CMakeFiles/fipsmodule.dir/gen/bcm/sha1-armv8-win.S.o
[INFO] [stderr]   [ 17%] Building ASM object CMakeFiles/fipsmodule.dir/gen/bcm/sha256-armv8-linux.S.o
[INFO] [stderr]   [ 17%] Building ASM object CMakeFiles/fipsmodule.dir/gen/bcm/sha256-armv4-linux.S.o
[INFO] [stderr]   [ 17%] Building ASM object CMakeFiles/fipsmodule.dir/gen/bcm/sha256-x86_64-apple.S.o
[INFO] [stderr]   [ 17%] Building ASM object CMakeFiles/fipsmodule.dir/gen/bcm/sha256-armv8-apple.S.o
[INFO] [stderr]   [ 19%] Building ASM object CMakeFiles/fipsmodule.dir/gen/bcm/sha256-586-linux.S.o
[INFO] [stderr]   [ 19%] Building ASM object CMakeFiles/fipsmodule.dir/gen/bcm/sha256-armv8-win.S.o
[INFO] [stderr]   [ 19%] Building ASM object CMakeFiles/fipsmodule.dir/gen/bcm/sha256-x86_64-linux.S.o
[INFO] [stderr]   [ 19%] Building ASM object CMakeFiles/fipsmodule.dir/gen/bcm/sha512-586-apple.S.o
[INFO] [stderr]   [ 19%] Building ASM object CMakeFiles/fipsmodule.dir/gen/bcm/sha512-armv4-linux.S.o
[INFO] [stderr]   [ 19%] Building ASM object CMakeFiles/fipsmodule.dir/gen/bcm/sha512-x86_64-apple.S.o
[INFO] [stderr]   [ 19%] Building ASM object CMakeFiles/fipsmodule.dir/gen/bcm/sha512-586-linux.S.o
[INFO] [stderr]   [ 19%] Building ASM object CMakeFiles/fipsmodule.dir/gen/bcm/sha512-armv8-win.S.o
[INFO] [stderr]   [ 19%] Building ASM object CMakeFiles/fipsmodule.dir/gen/bcm/sha512-x86_64-linux.S.o
[INFO] [stderr]   [ 19%] Building ASM object CMakeFiles/fipsmodule.dir/gen/bcm/vpaes-armv8-apple.S.o
[INFO] [stderr]   [ 19%] Building ASM object CMakeFiles/fipsmodule.dir/gen/bcm/sha512-armv8-linux.S.o
[INFO] [stderr]   [ 19%] Building ASM object CMakeFiles/fipsmodule.dir/gen/bcm/vpaes-armv7-linux.S.o
[INFO] [stderr]   [ 20%] Building ASM object CMakeFiles/fipsmodule.dir/gen/bcm/sha512-armv8-apple.S.o
[INFO] [stderr]   [ 20%] Building ASM object CMakeFiles/fipsmodule.dir/gen/bcm/vpaes-x86-apple.S.o
[INFO] [stderr]   [ 20%] Building ASM object CMakeFiles/fipsmodule.dir/gen/bcm/vpaes-x86-linux.S.o
[INFO] [stderr]   [ 20%] Building ASM object CMakeFiles/fipsmodule.dir/gen/bcm/vpaes-x86_64-apple.S.o
[INFO] [stderr]   [ 22%] Building ASM object CMakeFiles/fipsmodule.dir/gen/bcm/vpaes-armv8-linux.S.o
[INFO] [stderr]   [ 22%] Building ASM object CMakeFiles/fipsmodule.dir/gen/bcm/vpaes-armv8-win.S.o
[INFO] [stderr]   [ 22%] Building ASM object CMakeFiles/fipsmodule.dir/gen/bcm/vpaes-x86_64-linux.S.o
[INFO] [stderr]   [ 23%] Building ASM object CMakeFiles/fipsmodule.dir/gen/bcm/x86-mont-apple.S.o
[INFO] [stderr]   [ 23%] Building ASM object CMakeFiles/fipsmodule.dir/gen/bcm/x86-mont-linux.S.o
[INFO] [stderr]   [ 23%] Building ASM object CMakeFiles/fipsmodule.dir/gen/bcm/x86_64-mont-apple.S.o
[INFO] [stderr]   [ 23%] Building ASM object CMakeFiles/fipsmodule.dir/gen/bcm/x86_64-mont5-apple.S.o
[INFO] [stderr]   [ 23%] Building ASM object CMakeFiles/fipsmodule.dir/gen/bcm/x86_64-mont-linux.S.o
[INFO] [stderr]   [ 23%] Building ASM object CMakeFiles/fipsmodule.dir/gen/bcm/x86_64-mont5-linux.S.o
[INFO] [stderr]   [ 25%] Building ASM object CMakeFiles/fipsmodule.dir/third_party/fiat/asm/fiat_p256_adx_sqr.S.o
[INFO] [stderr]   [ 25%] Building ASM object CMakeFiles/fipsmodule.dir/third_party/fiat/asm/fiat_p256_adx_mul.S.o
[INFO] [stderr]   [ 25%] Built target fipsmodule
[INFO] [stderr]   [ 25%] Building CXX object CMakeFiles/crypto.dir/crypto/asn1/a_dup.cc.o
[INFO] [stderr]   [ 25%] Building CXX object CMakeFiles/crypto.dir/crypto/asn1/a_bitstr.cc.o
[INFO] [stderr]   [ 26%] Building CXX object CMakeFiles/crypto.dir/crypto/asn1/a_bool.cc.o
[INFO] [stderr]   [ 26%] Building CXX object CMakeFiles/crypto.dir/crypto/asn1/a_d2i_fp.cc.o
[INFO] [stderr]   [ 28%] Building CXX object CMakeFiles/crypto.dir/crypto/asn1/a_mbstr.cc.o
[INFO] [stderr]   [ 28%] Building CXX object CMakeFiles/crypto.dir/crypto/asn1/a_i2d_fp.cc.o
[INFO] [stderr]   [ 28%] Building CXX object CMakeFiles/crypto.dir/crypto/asn1/a_octet.cc.o
[INFO] [stderr]   [ 28%] Building CXX object CMakeFiles/crypto.dir/crypto/aes/aes.cc.o
[INFO] [stderr]   [ 28%] Building CXX object CMakeFiles/crypto.dir/crypto/asn1/a_strex.cc.o
[INFO] [stderr]   [ 30%] Building CXX object CMakeFiles/crypto.dir/crypto/asn1/a_utctm.cc.o
[INFO] [stderr]   [ 30%] Building CXX object CMakeFiles/crypto.dir/crypto/asn1/a_strnid.cc.o
[INFO] [stderr]   [ 30%] Building CXX object CMakeFiles/crypto.dir/crypto/asn1/a_int.cc.o
[INFO] [stderr]   [ 30%] Building CXX object CMakeFiles/crypto.dir/crypto/asn1/a_gentm.cc.o
[INFO] [stderr]   [ 30%] Building CXX object CMakeFiles/crypto.dir/crypto/asn1/a_type.cc.o
[INFO] [stderr]   [ 30%] Building CXX object CMakeFiles/crypto.dir/crypto/asn1/a_object.cc.o
[INFO] [stderr]   [ 30%] Building CXX object CMakeFiles/crypto.dir/crypto/asn1/a_time.cc.o
[INFO] [stderr]   [ 30%] Building CXX object CMakeFiles/crypto.dir/crypto/asn1/asn1_lib.cc.o
[INFO] [stderr]   [ 30%] Building CXX object CMakeFiles/crypto.dir/crypto/asn1/asn_pack.cc.o
[INFO] [stderr]   [ 30%] Building CXX object CMakeFiles/crypto.dir/crypto/asn1/asn1_par.cc.o
[INFO] [stderr]   [ 30%] Building CXX object CMakeFiles/crypto.dir/crypto/asn1/f_int.cc.o
[INFO] [stderr]   [ 30%] Building CXX object CMakeFiles/crypto.dir/crypto/asn1/f_string.cc.o
[INFO] [stderr]   [ 31%] Building CXX object CMakeFiles/crypto.dir/crypto/asn1/posix_time.cc.o
[INFO] [stderr]   [ 31%] Building CXX object CMakeFiles/crypto.dir/crypto/asn1/tasn_dec.cc.o
[INFO] [stderr]   [ 31%] Building CXX object CMakeFiles/crypto.dir/crypto/asn1/tasn_enc.cc.o
[INFO] [stderr]   [ 31%] Building CXX object CMakeFiles/crypto.dir/crypto/asn1/tasn_new.cc.o
[INFO] [stderr]   [ 31%] Building CXX object CMakeFiles/crypto.dir/crypto/asn1/tasn_fre.cc.o
[INFO] [stderr]   [ 31%] Building CXX object CMakeFiles/crypto.dir/crypto/asn1/tasn_utl.cc.o
[INFO] [stderr]   [ 31%] Building CXX object CMakeFiles/crypto.dir/crypto/asn1/tasn_typ.cc.o
[INFO] [stderr]   [ 33%] Building CXX object CMakeFiles/crypto.dir/crypto/base64/base64.cc.o
[INFO] [stderr]   [ 33%] Building CXX object CMakeFiles/crypto.dir/crypto/bio/bio.cc.o
[INFO] [stderr]   [ 33%] Building CXX object CMakeFiles/crypto.dir/crypto/bio/bio_mem.cc.o
[INFO] [stderr]   [ 33%] Building CXX object CMakeFiles/crypto.dir/crypto/bio/connect.cc.o
[INFO] [stderr]   [ 33%] Building CXX object CMakeFiles/crypto.dir/crypto/bio/errno.cc.o
[INFO] [stderr]   [ 33%] Building CXX object CMakeFiles/crypto.dir/crypto/bio/fd.cc.o
[INFO] [stderr]   [ 34%] Building CXX object CMakeFiles/crypto.dir/crypto/bio/file.cc.o
[INFO] [stderr]   [ 34%] Building CXX object CMakeFiles/crypto.dir/crypto/bio/hexdump.cc.o
[INFO] [stderr]   [ 34%] Building CXX object CMakeFiles/crypto.dir/crypto/bio/pair.cc.o
[INFO] [stderr]   [ 34%] Building CXX object CMakeFiles/crypto.dir/crypto/bio/printf.cc.o
[INFO] [stderr]   [ 34%] Building CXX object CMakeFiles/crypto.dir/crypto/bio/socket.cc.o
[INFO] [stderr]   [ 34%] Building CXX object CMakeFiles/crypto.dir/crypto/blake2/blake2.cc.o
[INFO] [stderr]   [ 34%] Building CXX object CMakeFiles/crypto.dir/crypto/bio/socket_helper.cc.o
[INFO] [stderr]   [ 36%] Building CXX object CMakeFiles/crypto.dir/crypto/bn/bn_asn1.cc.o
[INFO] [stderr]   [ 36%] Building CXX object CMakeFiles/crypto.dir/crypto/bn/convert.cc.o
[INFO] [stderr]   [ 36%] Building CXX object CMakeFiles/crypto.dir/crypto/bn/exponentiation.cc.o
[INFO] [stderr]   [ 36%] Building CXX object CMakeFiles/crypto.dir/crypto/bn/div.cc.o
[INFO] [stderr]   [ 36%] Building CXX object CMakeFiles/crypto.dir/crypto/bn/sqrt.cc.o
[INFO] [stderr]   [ 36%] Building CXX object CMakeFiles/crypto.dir/crypto/buf/buf.cc.o
[INFO] [stderr]   [ 36%] Building CXX object CMakeFiles/crypto.dir/crypto/bytestring/ber.cc.o
[INFO] [stderr]   [ 38%] Building CXX object CMakeFiles/crypto.dir/crypto/bytestring/asn1_compat.cc.o
[INFO] [stderr]   [ 38%] Building CXX object CMakeFiles/crypto.dir/crypto/bytestring/cbb.cc.o
[INFO] [stderr]   [ 38%] Building CXX object CMakeFiles/crypto.dir/crypto/bytestring/cbs.cc.o
[INFO] [stderr]   [ 38%] Building CXX object CMakeFiles/crypto.dir/crypto/bytestring/unicode.cc.o
[INFO] [stderr]   [ 38%] Building CXX object CMakeFiles/crypto.dir/crypto/chacha/chacha.cc.o
[INFO] [stderr]   [ 38%] Building CXX object CMakeFiles/crypto.dir/crypto/cipher/derive_key.cc.o
[INFO] [stderr]   [ 39%] Building CXX object CMakeFiles/crypto.dir/crypto/cipher/e_aesctrhmac.cc.o
[INFO] [stderr]   [ 39%] Building CXX object CMakeFiles/crypto.dir/crypto/cipher/e_aeseax.cc.o
[INFO] [stderr]   [ 39%] Building CXX object CMakeFiles/crypto.dir/crypto/cipher/e_chacha20poly1305.cc.o
[INFO] [stderr]   [ 39%] Building CXX object CMakeFiles/crypto.dir/crypto/cipher/e_des.cc.o
[INFO] [stderr]   [ 39%] Building CXX object CMakeFiles/crypto.dir/crypto/cipher/e_aesgcmsiv.cc.o
[INFO] [stderr]   [ 39%] Building CXX object CMakeFiles/crypto.dir/crypto/cipher/e_null.cc.o
[INFO] [stderr]   [ 41%] Building CXX object CMakeFiles/crypto.dir/crypto/cipher/e_rc2.cc.o
[INFO] [stderr]   [ 41%] Building CXX object CMakeFiles/crypto.dir/crypto/cipher/e_rc4.cc.o
[INFO] [stderr]   [ 41%] Building CXX object CMakeFiles/crypto.dir/crypto/cipher/e_tls.cc.o
[INFO] [stderr]   [ 41%] Building CXX object CMakeFiles/crypto.dir/crypto/cipher/get_cipher.cc.o
[INFO] [stderr]   [ 41%] Building CXX object CMakeFiles/crypto.dir/crypto/cipher/tls_cbc.cc.o
[INFO] [stderr]   [ 41%] Building CXX object CMakeFiles/crypto.dir/crypto/cms/cms.cc.o
[INFO] [stderr]   [ 41%] Building CXX object CMakeFiles/crypto.dir/crypto/conf/conf.cc.o
[INFO] [stderr]   [ 42%] Building CXX object CMakeFiles/crypto.dir/crypto/cpu_aarch64_apple.cc.o
[INFO] [stderr]   [ 42%] Building CXX object CMakeFiles/crypto.dir/crypto/cpu_aarch64_fuchsia.cc.o
[INFO] [stderr]   [ 42%] Building CXX object CMakeFiles/crypto.dir/crypto/cpu_aarch64_linux.cc.o
[INFO] [stderr]   [ 42%] Building CXX object CMakeFiles/crypto.dir/crypto/cpu_aarch64_openbsd.cc.o
[INFO] [stderr]   [ 42%] Building CXX object CMakeFiles/crypto.dir/crypto/cpu_aarch64_sysreg.cc.o
[INFO] [stderr]   [ 42%] Building CXX object CMakeFiles/crypto.dir/crypto/cpu_aarch64_win.cc.o
[INFO] [stderr]   [ 44%] Building CXX object CMakeFiles/crypto.dir/crypto/cpu_arm_linux.cc.o
[INFO] [stderr]   [ 44%] Building CXX object CMakeFiles/crypto.dir/crypto/cpu_arm_freebsd.cc.o
[INFO] [stderr]   [ 44%] Building CXX object CMakeFiles/crypto.dir/crypto/cpu_intel.cc.o
[INFO] [stderr]   [ 44%] Building CXX object CMakeFiles/crypto.dir/crypto/crypto.cc.o
[INFO] [stderr]   [ 44%] Building CXX object CMakeFiles/crypto.dir/crypto/curve25519/curve25519.cc.o
[INFO] [stderr]   [ 44%] Building CXX object CMakeFiles/crypto.dir/crypto/curve25519/curve25519_64_adx.cc.o
[INFO] [stderr]   [ 44%] Building CXX object CMakeFiles/crypto.dir/crypto/curve25519/spake25519.cc.o
[INFO] [stderr]   [ 46%] Building CXX object CMakeFiles/crypto.dir/crypto/des/des.cc.o
[INFO] [stderr]   [ 46%] Building CXX object CMakeFiles/crypto.dir/crypto/dh/dh_asn1.cc.o
[INFO] [stderr]   [ 46%] Building CXX object CMakeFiles/crypto.dir/crypto/dh/params.cc.o
[INFO] [stderr]   [ 46%] Building CXX object CMakeFiles/crypto.dir/crypto/digest/digest_extra.cc.o
[INFO] [stderr]   [ 46%] Building CXX object CMakeFiles/crypto.dir/crypto/dsa/dsa_asn1.cc.o
[INFO] [stderr]   [ 47%] Building CXX object CMakeFiles/crypto.dir/crypto/ec/ec_asn1.cc.o
[INFO] [stderr]   [ 47%] Building CXX object CMakeFiles/crypto.dir/crypto/ec/ec_derive.cc.o
[INFO] [stderr]   [ 47%] Building CXX object CMakeFiles/crypto.dir/crypto/dsa/dsa.cc.o
[INFO] [stderr]   [ 47%] Building CXX object CMakeFiles/crypto.dir/crypto/ec/hash_to_curve.cc.o
[INFO] [stderr]   [ 47%] Building CXX object CMakeFiles/crypto.dir/crypto/ecdh/ecdh.cc.o
[INFO] [stderr]   [ 47%] Building CXX object CMakeFiles/crypto.dir/crypto/ecdsa/ecdsa_asn1.cc.o
[INFO] [stderr]   [ 47%] Building CXX object CMakeFiles/crypto.dir/crypto/ecdsa/ecdsa_p1363.cc.o
[INFO] [stderr]   [ 47%] Building CXX object CMakeFiles/crypto.dir/crypto/engine/engine.cc.o
[INFO] [stderr]   [ 49%] Building CXX object CMakeFiles/crypto.dir/crypto/err/err.cc.o
[INFO] [stderr]   [ 49%] Building CXX object CMakeFiles/crypto.dir/crypto/evp/evp.cc.o
[INFO] [stderr]   [ 49%] Building CXX object CMakeFiles/crypto.dir/crypto/evp/evp_asn1.cc.o
[INFO] [stderr]   [ 49%] Building CXX object CMakeFiles/crypto.dir/crypto/evp/evp_ctx.cc.o
[INFO] [stderr]   [ 49%] Building CXX object CMakeFiles/crypto.dir/crypto/evp/p_dh.cc.o
[INFO] [stderr]   [ 49%] Building CXX object CMakeFiles/crypto.dir/crypto/evp/p_dsa.cc.o
[INFO] [stderr]   [ 49%] Building CXX object CMakeFiles/crypto.dir/crypto/evp/p_ed25519.cc.o
[INFO] [stderr]   [ 50%] Building CXX object CMakeFiles/crypto.dir/crypto/evp/p_ec.cc.o
[INFO] [stderr]   [ 50%] Building CXX object CMakeFiles/crypto.dir/crypto/evp/p_hkdf.cc.o
[INFO] [stderr]   [ 50%] Building CXX object CMakeFiles/crypto.dir/crypto/evp/p_mldsa.cc.o
[INFO] [stderr]   [ 50%] Building CXX object CMakeFiles/crypto.dir/crypto/evp/p_rsa.cc.o
[INFO] [stderr]   [ 50%] Building CXX object CMakeFiles/crypto.dir/crypto/evp/p_x25519.cc.o
[INFO] [stderr]   [ 50%] Building CXX object CMakeFiles/crypto.dir/crypto/evp/pbkdf.cc.o
[INFO] [stderr]   [ 52%] Building CXX object CMakeFiles/crypto.dir/crypto/evp/print.cc.o
[INFO] [stderr]   [ 52%] Building CXX object CMakeFiles/crypto.dir/crypto/evp/scrypt.cc.o
[INFO] [stderr]   [ 52%] Building CXX object CMakeFiles/crypto.dir/crypto/evp/sign.cc.o
[INFO] [stderr]   [ 52%] Building CXX object CMakeFiles/crypto.dir/crypto/ex_data.cc.o
[INFO] [stderr]   [ 52%] Building CXX object CMakeFiles/crypto.dir/crypto/fipsmodule/fips_shared_support.cc.o
[INFO] [stderr]   [ 53%] Building CXX object CMakeFiles/crypto.dir/crypto/hpke/hpke.cc.o
[INFO] [stderr]   [ 53%] Building CXX object CMakeFiles/crypto.dir/crypto/fuzzer_mode.cc.o
[INFO] [stderr]   [ 53%] Building CXX object CMakeFiles/crypto.dir/crypto/hrss/hrss.cc.o
[INFO] [stderr]   [ 53%] Building CXX object CMakeFiles/crypto.dir/crypto/kyber/kyber.cc.o
[INFO] [stderr]   [ 53%] Building CXX object CMakeFiles/crypto.dir/crypto/lhash/lhash.cc.o
[INFO] [stderr]   [ 53%] Building CXX object CMakeFiles/crypto.dir/crypto/md4/md4.cc.o
[INFO] [stderr]   [ 53%] Building CXX object CMakeFiles/crypto.dir/crypto/md5/md5.cc.o
[INFO] [stderr]   [ 53%] Building CXX object CMakeFiles/crypto.dir/crypto/mem.cc.o
[INFO] [stderr]   [ 55%] Building CXX object CMakeFiles/crypto.dir/crypto/mldsa/mldsa.cc.o
[INFO] [stderr]   [ 55%] Building CXX object CMakeFiles/crypto.dir/crypto/mlkem/mlkem.cc.o
[INFO] [stderr]   [ 55%] Building CXX object CMakeFiles/crypto.dir/crypto/obj/obj.cc.o
[INFO] [stderr]   [ 55%] Building CXX object CMakeFiles/crypto.dir/crypto/obj/obj_xref.cc.o
[INFO] [stderr]   [ 55%] Building CXX object CMakeFiles/crypto.dir/crypto/pem/pem_all.cc.o
[INFO] [stderr]   [ 55%] Building CXX object CMakeFiles/crypto.dir/crypto/pem/pem_info.cc.o
[INFO] [stderr]   [ 57%] Building CXX object CMakeFiles/crypto.dir/crypto/pem/pem_lib.cc.o
[INFO] [stderr]   [ 57%] Building CXX object CMakeFiles/crypto.dir/crypto/pem/pem_oth.cc.o
[INFO] [stderr]   [ 57%] Building CXX object CMakeFiles/crypto.dir/crypto/pem/pem_pk8.cc.o
[INFO] [stderr]   [ 57%] Building CXX object CMakeFiles/crypto.dir/crypto/pem/pem_pkey.cc.o
[INFO] [stderr]   [ 57%] Building CXX object CMakeFiles/crypto.dir/crypto/pem/pem_x509.cc.o
[INFO] [stderr]   [ 57%] Building CXX object CMakeFiles/crypto.dir/crypto/pem/pem_xaux.cc.o
[INFO] [stderr]   [ 57%] Building CXX object CMakeFiles/crypto.dir/crypto/pkcs7/pkcs7.cc.o
[INFO] [stderr]   [ 58%] Building CXX object CMakeFiles/crypto.dir/crypto/pkcs7/pkcs7_x509.cc.o
[INFO] [stderr]   [ 58%] Building CXX object CMakeFiles/crypto.dir/crypto/pkcs8/p5_pbev2.cc.o
[INFO] [stderr]   [ 58%] Building CXX object CMakeFiles/crypto.dir/crypto/pkcs8/pkcs8.cc.o
[INFO] [stderr]   [ 58%] Building CXX object CMakeFiles/crypto.dir/crypto/pkcs8/pkcs8_x509.cc.o
[INFO] [stderr]   [ 58%] Building CXX object CMakeFiles/crypto.dir/crypto/poly1305/poly1305.cc.o
[INFO] [stderr]   [ 58%] Building CXX object CMakeFiles/crypto.dir/crypto/poly1305/poly1305_arm.cc.o
[INFO] [stderr]   [ 60%] Building CXX object CMakeFiles/crypto.dir/crypto/poly1305/poly1305_vec.cc.o
[INFO] [stderr]   [ 60%] Building CXX object CMakeFiles/crypto.dir/crypto/pool/pool.cc.o
[INFO] [stderr]   [ 60%] Building CXX object CMakeFiles/crypto.dir/crypto/rand/deterministic.cc.o
[INFO] [stderr]   [ 60%] Building CXX object CMakeFiles/crypto.dir/crypto/rand/fork_detect.cc.o
[INFO] [stderr]   [ 60%] Building CXX object CMakeFiles/crypto.dir/crypto/rand/forkunsafe.cc.o
[INFO] [stderr]   [ 60%] Building CXX object CMakeFiles/crypto.dir/crypto/rand/getentropy.cc.o
[INFO] [stderr]   [ 60%] Building CXX object CMakeFiles/crypto.dir/crypto/rand/ios.cc.o
[INFO] [stderr]   [ 60%] Building CXX object CMakeFiles/crypto.dir/crypto/rand/rand.cc.o
[INFO] [stderr]   [ 61%] Building CXX object CMakeFiles/crypto.dir/crypto/rand/passive.cc.o
[INFO] [stderr]   [ 61%] Building CXX object CMakeFiles/crypto.dir/crypto/rand/trusty.cc.o
[INFO] [stderr]   [ 61%] Building CXX object CMakeFiles/crypto.dir/crypto/rand/urandom.cc.o
[INFO] [stderr]   [ 61%] Building CXX object CMakeFiles/crypto.dir/crypto/rand/windows.cc.o
[INFO] [stderr]   [ 61%] Building CXX object CMakeFiles/crypto.dir/crypto/rc4/rc4.cc.o
[INFO] [stderr]   [ 63%] Building CXX object CMakeFiles/crypto.dir/crypto/refcount.cc.o
[INFO] [stderr]   [ 63%] Building CXX object CMakeFiles/crypto.dir/crypto/rsa/rsa_asn1.cc.o
[INFO] [stderr]   [ 63%] Building CXX object CMakeFiles/crypto.dir/crypto/rsa/rsa_crypt.cc.o
[INFO] [stderr]   [ 63%] Building CXX object CMakeFiles/crypto.dir/crypto/rsa/rsa_extra.cc.o
[INFO] [stderr]   [ 63%] Building CXX object CMakeFiles/crypto.dir/crypto/rsa/rsa_print.cc.o
[INFO] [stderr]   [ 63%] Building CXX object CMakeFiles/crypto.dir/crypto/sha/sha1.cc.o
[INFO] [stderr]   [ 63%] Building CXX object CMakeFiles/crypto.dir/crypto/sha/sha256.cc.o
[INFO] [stderr]   [ 65%] Building CXX object CMakeFiles/crypto.dir/crypto/sha/sha512.cc.o
[INFO] [stderr]   [ 65%] Building CXX object CMakeFiles/crypto.dir/crypto/siphash/siphash.cc.o
[INFO] [stderr]   [ 65%] Building CXX object CMakeFiles/crypto.dir/crypto/slhdsa/slhdsa.cc.o
[INFO] [stderr]   [ 65%] Building CXX object CMakeFiles/crypto.dir/crypto/spake2plus/spake2plus.cc.o
[INFO] [stderr]   [ 65%] Building CXX object CMakeFiles/crypto.dir/crypto/stack/stack.cc.o
[INFO] [stderr]   [ 65%] Building CXX object CMakeFiles/crypto.dir/crypto/thread.cc.o
[INFO] [stderr]   [ 66%] Building CXX object CMakeFiles/crypto.dir/crypto/thread_none.cc.o
[INFO] [stderr]   [ 66%] Building CXX object CMakeFiles/crypto.dir/crypto/thread_pthread.cc.o
[INFO] [stderr]   [ 66%] Building CXX object CMakeFiles/crypto.dir/crypto/thread_win.cc.o
[INFO] [stderr]   [ 66%] Building CXX object CMakeFiles/crypto.dir/crypto/trust_token/pmbtoken.cc.o
[INFO] [stderr]   [ 66%] Building CXX object CMakeFiles/crypto.dir/crypto/trust_token/trust_token.cc.o
[INFO] [stderr]   [ 66%] Building CXX object CMakeFiles/crypto.dir/crypto/trust_token/voprf.cc.o
[INFO] [stderr]   [ 68%] Building CXX object CMakeFiles/crypto.dir/crypto/x509/a_sign.cc.o
[INFO] [stderr]   [ 68%] Building CXX object CMakeFiles/crypto.dir/crypto/x509/a_digest.cc.o
[INFO] [stderr]   [ 68%] Building CXX object CMakeFiles/crypto.dir/crypto/x509/a_verify.cc.o
[INFO] [stderr]   [ 68%] Building CXX object CMakeFiles/crypto.dir/crypto/x509/asn1_gen.cc.o
[INFO] [stderr]   [ 68%] Building CXX object CMakeFiles/crypto.dir/crypto/x509/algorithm.cc.o
[INFO] [stderr]   [ 68%] Building CXX object CMakeFiles/crypto.dir/crypto/x509/by_dir.cc.o
[INFO] [stderr]   [ 68%] Building CXX object CMakeFiles/crypto.dir/crypto/x509/by_file.cc.o
[INFO] [stderr]   [ 69%] Building CXX object CMakeFiles/crypto.dir/crypto/x509/i2d_pr.cc.o
[INFO] [stderr]   [ 69%] Building CXX object CMakeFiles/crypto.dir/crypto/x509/name_print.cc.o
[INFO] [stderr]   [ 69%] Building CXX object CMakeFiles/crypto.dir/crypto/x509/policy.cc.o
[INFO] [stderr]   [ 69%] Building CXX object CMakeFiles/crypto.dir/crypto/x509/rsa_pss.cc.o
[INFO] [stderr]   [ 69%] Building CXX object CMakeFiles/crypto.dir/crypto/x509/t_crl.cc.o
[INFO] [stderr]   [ 69%] Building CXX object CMakeFiles/crypto.dir/crypto/x509/t_req.cc.o
[INFO] [stderr]   [ 69%] Building CXX object CMakeFiles/crypto.dir/crypto/x509/t_x509.cc.o
[INFO] [stderr]   [ 71%] Building CXX object CMakeFiles/crypto.dir/crypto/x509/t_x509a.cc.o
[INFO] [stderr]   [ 71%] Building CXX object CMakeFiles/crypto.dir/crypto/x509/v3_akey.cc.o
[INFO] [stderr]   [ 71%] Building CXX object CMakeFiles/crypto.dir/crypto/x509/v3_akeya.cc.o
[INFO] [stderr]   [ 71%] Building CXX object CMakeFiles/crypto.dir/crypto/x509/v3_alt.cc.o
[INFO] [stderr]   [ 71%] Building CXX object CMakeFiles/crypto.dir/crypto/x509/v3_bcons.cc.o
[INFO] [stderr]   [ 71%] Building CXX object CMakeFiles/crypto.dir/crypto/x509/v3_bitst.cc.o
[INFO] [stderr]   [ 73%] Building CXX object CMakeFiles/crypto.dir/crypto/x509/v3_conf.cc.o
[INFO] [stderr]   [ 73%] Building CXX object CMakeFiles/crypto.dir/crypto/x509/v3_cpols.cc.o
[INFO] [stderr]   [ 73%] Building CXX object CMakeFiles/crypto.dir/crypto/x509/v3_crld.cc.o
[INFO] [stderr]   [ 73%] Building CXX object CMakeFiles/crypto.dir/crypto/x509/v3_enum.cc.o
[INFO] [stderr]   [ 73%] Building CXX object CMakeFiles/crypto.dir/crypto/x509/v3_extku.cc.o
[INFO] [stderr]   [ 73%] Building CXX object CMakeFiles/crypto.dir/crypto/x509/v3_genn.cc.o
[INFO] [stderr]   [ 73%] Building CXX object CMakeFiles/crypto.dir/crypto/x509/v3_ia5.cc.o
[INFO] [stderr]   [ 74%] Building CXX object CMakeFiles/crypto.dir/crypto/x509/v3_info.cc.o
[INFO] [stderr]   [ 74%] Building CXX object CMakeFiles/crypto.dir/crypto/x509/v3_int.cc.o
[INFO] [stderr]   [ 74%] Building CXX object CMakeFiles/crypto.dir/crypto/x509/v3_lib.cc.o
[INFO] [stderr]   [ 74%] Building CXX object CMakeFiles/crypto.dir/crypto/x509/v3_ncons.cc.o
[INFO] [stderr]   [ 74%] Building CXX object CMakeFiles/crypto.dir/crypto/x509/v3_ocsp.cc.o
[INFO] [stderr]   [ 74%] Building CXX object CMakeFiles/crypto.dir/crypto/x509/v3_pcons.cc.o
[INFO] [stderr]   [ 74%] Building CXX object CMakeFiles/crypto.dir/crypto/x509/v3_prn.cc.o
[INFO] [stderr]   [ 76%] Building CXX object CMakeFiles/crypto.dir/crypto/x509/v3_pmaps.cc.o
[INFO] [stderr]   [ 76%] Building CXX object CMakeFiles/crypto.dir/crypto/x509/v3_purp.cc.o
[INFO] [stderr]   [ 76%] Building CXX object CMakeFiles/crypto.dir/crypto/x509/v3_skey.cc.o
[INFO] [stderr]   [ 76%] Building CXX object CMakeFiles/crypto.dir/crypto/x509/v3_utl.cc.o
[INFO] [stderr]   [ 76%] Building CXX object CMakeFiles/crypto.dir/crypto/x509/x509_att.cc.o
[INFO] [stderr]   [ 76%] Building CXX object CMakeFiles/crypto.dir/crypto/x509/x509.cc.o
[INFO] [stderr]   [ 77%] Building CXX object CMakeFiles/crypto.dir/crypto/x509/x509_cmp.cc.o
[INFO] [stderr]   [ 77%] Building CXX object CMakeFiles/crypto.dir/crypto/x509/x509_d2.cc.o
[INFO] [stderr]   [ 77%] Building CXX object CMakeFiles/crypto.dir/crypto/x509/x509_def.cc.o
[INFO] [stderr]   [ 77%] Building CXX object CMakeFiles/crypto.dir/crypto/x509/x509_ext.cc.o
[INFO] [stderr]   [ 77%] Building CXX object CMakeFiles/crypto.dir/crypto/x509/x509_lu.cc.o
[INFO] [stderr]   [ 77%] Building CXX object CMakeFiles/crypto.dir/crypto/x509/x509_obj.cc.o
[INFO] [stderr]   [ 79%] Building CXX object CMakeFiles/crypto.dir/crypto/x509/x509_req.cc.o
[INFO] [stderr]   [ 79%] Building CXX object CMakeFiles/crypto.dir/crypto/x509/x509_set.cc.o
[INFO] [stderr]   [ 79%] Building CXX object CMakeFiles/crypto.dir/crypto/x509/x509_trs.cc.o
[INFO] [stderr]   [ 79%] Building CXX object CMakeFiles/crypto.dir/crypto/x509/x509_txt.cc.o
[INFO] [stderr]   [ 79%] Building CXX object CMakeFiles/crypto.dir/crypto/x509/x509_v3.cc.o
[INFO] [stderr]   [ 79%] Building CXX object CMakeFiles/crypto.dir/crypto/x509/x509_vfy.cc.o
[INFO] [stderr]   [ 79%] Building CXX object CMakeFiles/crypto.dir/crypto/x509/x509_vpm.cc.o
[INFO] [stderr]   [ 80%] Building CXX object CMakeFiles/crypto.dir/crypto/x509/x509cset.cc.o
[INFO] [stderr]   [ 80%] Building CXX object CMakeFiles/crypto.dir/crypto/x509/x509name.cc.o
[INFO] [stderr]   [ 80%] Building CXX object CMakeFiles/crypto.dir/crypto/x509/x509rset.cc.o
[INFO] [stderr]   [ 80%] Building CXX object CMakeFiles/crypto.dir/crypto/x509/x509spki.cc.o
[INFO] [stderr]   [ 80%] Building CXX object CMakeFiles/crypto.dir/crypto/x509/x_algor.cc.o
[INFO] [stderr]   [ 80%] Building CXX object CMakeFiles/crypto.dir/crypto/x509/x_all.cc.o
[INFO] [stderr]   [ 82%] Building CXX object CMakeFiles/crypto.dir/crypto/x509/x_attrib.cc.o
[INFO] [stderr]   [ 82%] Building CXX object CMakeFiles/crypto.dir/crypto/x509/x_crl.cc.o
[INFO] [stderr]   [ 82%] Building CXX object CMakeFiles/crypto.dir/crypto/x509/x_exten.cc.o
[INFO] [stderr]   [ 82%] Building CXX object CMakeFiles/crypto.dir/crypto/x509/x_name.cc.o
[INFO] [stderr]   [ 82%] Building CXX object CMakeFiles/crypto.dir/crypto/x509/x_pubkey.cc.o
[INFO] [stderr]   [ 82%] Building CXX object CMakeFiles/crypto.dir/crypto/x509/x_req.cc.o
[INFO] [stderr]   [ 82%] Building CXX object CMakeFiles/crypto.dir/crypto/x509/x_sig.cc.o
[INFO] [stderr]   [ 84%] Building CXX object CMakeFiles/crypto.dir/crypto/x509/x_spki.cc.o
[INFO] [stderr]   [ 84%] Building CXX object CMakeFiles/crypto.dir/crypto/x509/x_x509.cc.o
[INFO] [stderr]   [ 84%] Building CXX object CMakeFiles/crypto.dir/crypto/x509/x_x509a.cc.o
[INFO] [stderr]   [ 84%] Building CXX object CMakeFiles/crypto.dir/gen/crypto/err_data.cc.o
[INFO] [stderr]   [ 84%] Building CXX object CMakeFiles/crypto.dir/crypto/xwing/xwing.cc.o
[INFO] [stderr]   [ 84%] Building ASM object CMakeFiles/crypto.dir/crypto/curve25519/asm/x25519-asm-arm.S.o
[INFO] [stderr]   [ 85%] Building ASM object CMakeFiles/crypto.dir/crypto/hrss/asm/poly_rq_mul.S.o
[INFO] [stderr]   [ 85%] Building ASM object CMakeFiles/crypto.dir/crypto/poly1305/poly1305_arm_asm.S.o
[INFO] [stderr]   [ 85%] Building ASM object CMakeFiles/crypto.dir/gen/crypto/aes128gcmsiv-x86_64-apple.S.o
[INFO] [stderr]   [ 85%] Building ASM object CMakeFiles/crypto.dir/gen/crypto/aes128gcmsiv-x86_64-linux.S.o
[INFO] [stderr]   [ 85%] Building ASM object CMakeFiles/crypto.dir/gen/crypto/chacha-armv4-linux.S.o
[INFO] [stderr]   [ 85%] Building ASM object CMakeFiles/crypto.dir/gen/crypto/chacha-armv8-apple.S.o
[INFO] [stderr]   [ 85%] Building ASM object CMakeFiles/crypto.dir/gen/crypto/chacha-armv8-linux.S.o
[INFO] [stderr]   [ 87%] Building ASM object CMakeFiles/crypto.dir/gen/crypto/chacha-armv8-win.S.o
[INFO] [stderr]   [ 87%] Building ASM object CMakeFiles/crypto.dir/gen/crypto/chacha-x86-linux.S.o
[INFO] [stderr]   [ 87%] Building ASM object CMakeFiles/crypto.dir/gen/crypto/chacha-x86-apple.S.o
[INFO] [stderr]   [ 87%] Building ASM object CMakeFiles/crypto.dir/gen/crypto/chacha-x86_64-apple.S.o
[INFO] [stderr]   [ 87%] Building ASM object CMakeFiles/crypto.dir/gen/crypto/chacha-x86_64-linux.S.o
[INFO] [stderr]   [ 87%] Building ASM object CMakeFiles/crypto.dir/gen/crypto/chacha20_poly1305_armv8-apple.S.o
[INFO] [stderr]   [ 87%] Building ASM object CMakeFiles/crypto.dir/gen/crypto/chacha20_poly1305_armv8-win.S.o
[INFO] [stderr]   [ 88%] Building ASM object CMakeFiles/crypto.dir/gen/crypto/chacha20_poly1305_armv8-linux.S.o
[INFO] [stderr]   [ 88%] Building ASM object CMakeFiles/crypto.dir/gen/crypto/chacha20_poly1305_x86_64-linux.S.o
[INFO] [stderr]   [ 88%] Building ASM object CMakeFiles/crypto.dir/gen/crypto/chacha20_poly1305_x86_64-apple.S.o
[INFO] [stderr]   [ 88%] Building ASM object CMakeFiles/crypto.dir/gen/crypto/md5-586-apple.S.o
[INFO] [stderr]   [ 88%] Building ASM object CMakeFiles/crypto.dir/gen/crypto/md5-586-linux.S.o
[INFO] [stderr]   [ 88%] Building ASM object CMakeFiles/crypto.dir/gen/crypto/md5-x86_64-apple.S.o
[INFO] [stderr]   [ 88%] Building ASM object CMakeFiles/crypto.dir/third_party/fiat/asm/fiat_curve25519_adx_mul.S.o
[INFO] [stderr]   [ 90%] Building ASM object CMakeFiles/crypto.dir/gen/crypto/md5-x86_64-linux.S.o
[INFO] [stderr]   [ 90%] Building ASM object CMakeFiles/crypto.dir/third_party/fiat/asm/fiat_curve25519_adx_square.S.o
[INFO] [stderr]   [ 90%] Linking CXX static library libcrypto.a
[INFO] [stderr]   [ 90%] Built target crypto
[INFO] [stderr]   [ 92%] Building CXX object CMakeFiles/ssl.dir/ssl/bio_ssl.cc.o
[INFO] [stderr]   [ 92%] Building CXX object CMakeFiles/ssl.dir/ssl/d1_lib.cc.o
[INFO] [stderr]   [ 92%] Building CXX object CMakeFiles/ssl.dir/ssl/d1_pkt.cc.o
[INFO] [stderr]   [ 92%] Building CXX object CMakeFiles/ssl.dir/ssl/d1_srtp.cc.o
[INFO] [stderr]   [ 92%] Building CXX object CMakeFiles/ssl.dir/ssl/dtls_method.cc.o
[INFO] [stderr]   [ 92%] Building CXX object CMakeFiles/ssl.dir/ssl/d1_both.cc.o
[INFO] [stderr]   [ 93%] Building CXX object CMakeFiles/ssl.dir/ssl/encrypted_client_hello.cc.o
[INFO] [stderr]   [ 93%] Building CXX object CMakeFiles/ssl.dir/ssl/handoff.cc.o
[INFO] [stderr]   [ 93%] Building CXX object CMakeFiles/ssl.dir/ssl/handshake.cc.o
[INFO] [stderr]   [ 93%] Building CXX object CMakeFiles/ssl.dir/ssl/handshake_server.cc.o
[INFO] [stderr]   [ 93%] Building CXX object CMakeFiles/ssl.dir/ssl/s3_lib.cc.o
[INFO] [stderr]   [ 93%] Building CXX object CMakeFiles/ssl.dir/ssl/s3_pkt.cc.o
[INFO] [stderr]   [ 93%] Building CXX object CMakeFiles/ssl.dir/ssl/extensions.cc.o
[INFO] [stderr]   [ 95%] Building CXX object CMakeFiles/ssl.dir/ssl/s3_both.cc.o
[INFO] [stderr]   [ 95%] Building CXX object CMakeFiles/ssl.dir/ssl/dtls_record.cc.o
[INFO] [stderr]   [ 95%] Building CXX object CMakeFiles/ssl.dir/ssl/handshake_client.cc.o
[INFO] [stderr]   [ 95%] Building CXX object CMakeFiles/ssl.dir/ssl/ssl_aead_ctx.cc.o
[INFO] [stderr] 
[INFO] [stderr]   --- stderr
[INFO] [stderr]   hint: Using 'master' as the name for the initial branch. This default branch name
[INFO] [stderr]   hint: will change to "main" in Git 3.0. To configure the initial branch name
[INFO] [stderr]   hint: to use in all of your new repositories, which will suppress this warning,
[INFO] [stderr]   hint: call:
[INFO] [stderr]   hint:
[INFO] [stderr]   hint: 	git config --global init.defaultBranch <name>
[INFO] [stderr]   hint:
[INFO] [stderr]   hint: Names commonly chosen instead of 'master' are 'main', 'trunk' and
[INFO] [stderr]   hint: 'development'. The just-created branch can be renamed via this command:
[INFO] [stderr]   hint:
[INFO] [stderr]   hint: 	git branch -m <name>
[INFO] [stderr]   hint:
[INFO] [stderr]   hint: Disable this message with "git config set advice.defaultBranchName false"
[INFO] [stderr]   Checking patch crypto/obj/obj_dat.h...
[INFO] [stderr]   Checking patch crypto/obj/obj_mac.num...
[INFO] [stderr]   Checking patch crypto/obj/objects.txt...
[INFO] [stderr]   Checking patch include/openssl/nid.h...
[INFO] [stderr]   Checking patch include/openssl/ssl.h...
[INFO] [stderr]   Checking patch ssl/extensions.cc...
[INFO] [stderr]   Checking patch ssl/internal.h...
[INFO] [stderr]   Checking patch ssl/ssl_key_share.cc...
[INFO] [stderr]   Checking patch ssl/ssl_lib.cc...
[INFO] [stderr]   Checking patch ssl/ssl_test.cc...
[INFO] [stderr]   Checking patch ssl/test/runner/basic_tests.go...
[INFO] [stderr]   Checking patch ssl/test/runner/cbc_tests.go...
[INFO] [stderr]   Checking patch ssl/test/runner/common.go...
[INFO] [stderr]   Checking patch ssl/test/runner/curve_tests.go...
[INFO] [stderr]   Checking patch ssl/test/runner/ech_tests.go...
[INFO] [stderr]   Checking patch ssl/test/runner/extension_tests.go...
[INFO] [stderr]   Checking patch ssl/test/runner/key_update_tests.go...
[INFO] [stderr]   Checking patch tool/client.cc...
[INFO] [stderr]   Applied patch crypto/obj/obj_dat.h cleanly.
[INFO] [stderr]   Applied patch crypto/obj/obj_mac.num cleanly.
[INFO] [stderr]   Applied patch crypto/obj/objects.txt cleanly.
[INFO] [stderr]   Applied patch include/openssl/nid.h cleanly.
[INFO] [stderr]   Applied patch include/openssl/ssl.h cleanly.
[INFO] [stderr]   Applied patch ssl/extensions.cc cleanly.
[INFO] [stderr]   Applied patch ssl/internal.h cleanly.
[INFO] [stderr]   Applied patch ssl/ssl_key_share.cc cleanly.
[INFO] [stderr]   Applied patch ssl/ssl_lib.cc cleanly.
[INFO] [stderr]   Applied patch ssl/ssl_test.cc cleanly.
[INFO] [stderr]   Applied patch ssl/test/runner/basic_tests.go cleanly.
[INFO] [stderr]   Applied patch ssl/test/runner/cbc_tests.go cleanly.
[INFO] [stderr]   Applied patch ssl/test/runner/common.go cleanly.
[INFO] [stderr]   Applied patch ssl/test/runner/curve_tests.go cleanly.
[INFO] [stderr]   Applied patch ssl/test/runner/ech_tests.go cleanly.
[INFO] [stderr]   Applied patch ssl/test/runner/extension_tests.go cleanly.
[INFO] [stderr]   Applied patch ssl/test/runner/key_update_tests.go cleanly.
[INFO] [stderr]   Applied patch tool/client.cc cleanly.
[INFO] [stderr]   running: cd "/opt/rustwide/target/debug/build/boring-sys/07c182ee3f2b9bad/out/build" && CMAKE_BUILD_PARALLEL_LEVEL="16" CMAKE_PREFIX_PATH="" LC_ALL="C" "cmake" "/opt/rustwide/target/debug/build/boring-sys/07c182ee3f2b9bad/out/boringssl" "-B" "/opt/rustwide/target/debug/build/boring-sys/07c182ee3f2b9bad/out/build" "-DCMAKE_INSTALL_PREFIX=/opt/rustwide/target/debug/build/boring-sys/07c182ee3f2b9bad/out" "-DCMAKE_C_FLAGS= -ffunction-sections -fdata-sections -fPIC -m64 -w" "-DCMAKE_C_COMPILER=/usr/bin/cc" "-DCMAKE_CXX_FLAGS= -ffunction-sections -fdata-sections -fPIC -m64 -w" "-DCMAKE_CXX_COMPILER=/usr/bin/c++" "-DCMAKE_ASM_FLAGS= -ffunction-sections -fdata-sections -fPIC -m64 -w" "-DCMAKE_ASM_COMPILER=/usr/bin/cc" "-DCMAKE_BUILD_TYPE=Debug"
[INFO] [stderr]   running: cd "/opt/rustwide/target/debug/build/boring-sys/07c182ee3f2b9bad/out/build" && CMAKE_BUILD_PARALLEL_LEVEL="16" LC_ALL="C" MAKEFLAGS="-j --jobserver-fds=4,5 --jobserver-auth=4,5" "cmake" "--build" "/opt/rustwide/target/debug/build/boring-sys/07c182ee3f2b9bad/out/build" "--target" "ssl" "--config" "Debug"
[INFO] [stderr]   gmake: warning: -j16 forced in submake: resetting jobserver mode.
[INFO] [stderr]   c++: fatal error: Killed signal terminated program cc1plus
[INFO] [stderr]   compilation terminated.
[INFO] [stderr]   gmake[3]: *** [CMakeFiles/ssl.dir/build.make:205: CMakeFiles/ssl.dir/ssl/handoff.cc.o] Error 1
[INFO] [stderr]   gmake[3]: *** Waiting for unfinished jobs....
[INFO] [stderr]   c++: fatal error: Killed signal terminated program cc1plus
[INFO] [stderr]   compilation terminated.
[INFO] [stderr]   gmake[3]: *** [CMakeFiles/ssl.dir/build.make:177: CMakeFiles/ssl.dir/ssl/encrypted_client_hello.cc.o] Error 1
[INFO] [stderr]   c++: fatal error: Killed signal terminated program cc1plus
[INFO] [stderr]   compilation terminated.
[INFO] [stderr]   gmake[3]: *** [CMakeFiles/ssl.dir/build.make:261: CMakeFiles/ssl.dir/ssl/s3_both.cc.o] Error 1
[INFO] [stderr]   c++: fatal error: Killed signal terminated program cc1plus
[INFO] [stderr]   compilation terminated.
[INFO] [stderr]   gmake[3]: *** [CMakeFiles/ssl.dir/build.make:219: CMakeFiles/ssl.dir/ssl/handshake.cc.o] Error 1
[INFO] [stderr]   c++: fatal error: Killed signal terminated program cc1plus
[INFO] [stderr]   compilation terminated.
[INFO] [stderr]   gmake[3]: *** [CMakeFiles/ssl.dir/build.make:121: CMakeFiles/ssl.dir/ssl/d1_pkt.cc.o] Error 1
[INFO] [stderr]   c++: fatal error: Killed signal terminated program cc1plus
[INFO] [stderr]   compilation terminated.
[INFO] [stderr]   gmake[3]: *** [CMakeFiles/ssl.dir/build.make:135: CMakeFiles/ssl.dir/ssl/d1_srtp.cc.o] Error 1
[INFO] [stderr]   c++: fatal error: Killed signal terminated program cc1plus
[INFO] [stderr]   compilation terminated.
[INFO] [stderr]   gmake[3]: *** [CMakeFiles/ssl.dir/build.make:149: CMakeFiles/ssl.dir/ssl/dtls_method.cc.o] Error 1
[INFO] [stderr]   gmake[2]: *** [CMakeFiles/Makefile2:1251: CMakeFiles/ssl.dir/all] Error 2
[INFO] [stderr]   gmake[1]: *** [CMakeFiles/Makefile2:1258: CMakeFiles/ssl.dir/rule] Error 2
[INFO] [stderr]   gmake: *** [Makefile:608: ssl] Error 2
[INFO] [stderr] 
[INFO] [stderr]   thread 'main' (3240) panicked at /opt/rustwide/cargo-home/registry/src/index.crates.io-1949cf8c6b5b557f/cmake-0.1.57/src/lib.rs:1132:5:
[INFO] [stderr] 
[INFO] [stderr]   command did not execute successfully, got: exit status: 2
[INFO] [stderr] 
[INFO] [stderr]   build script failed, must exit now
[INFO] [stderr]   stack backtrace:
[INFO] [stderr]      0:     0x5ccd10cda881 - std[617be2ca0a6fd877]::backtrace_rs::backtrace::libunwind::trace
[INFO] [stderr]                                  at /rustc/e3feeb59cd1bdd011a2bfcc0747b55125d9b8527/library/std/src/../../backtrace/src/backtrace/libunwind.rs:117:9
[INFO] [stderr]      1:     0x5ccd10cda881 - std[617be2ca0a6fd877]::backtrace_rs::backtrace::trace_unsynchronized::<std[617be2ca0a6fd877]::sys::backtrace::_print_fmt::{closure#1}>
[INFO] [stderr]                                  at /rustc/e3feeb59cd1bdd011a2bfcc0747b55125d9b8527/library/std/src/../../backtrace/src/backtrace/mod.rs:66:14
[INFO] [stderr]      2:     0x5ccd10cda881 - std[617be2ca0a6fd877]::sys::backtrace::_print_fmt
[INFO] [stderr]                                  at /rustc/e3feeb59cd1bdd011a2bfcc0747b55125d9b8527/library/std/src/sys/backtrace.rs:74:9
[INFO] [stderr]      3:     0x5ccd10cda881 - <<std[617be2ca0a6fd877]::sys::backtrace::BacktraceLock>::print::DisplayBacktrace as core[a373ad73a504971]::fmt::Display>::fmt
[INFO] [stderr]                                  at /rustc/e3feeb59cd1bdd011a2bfcc0747b55125d9b8527/library/std/src/sys/backtrace.rs:44:26
[INFO] [stderr]      4:     0x5ccd10cf290a - <core[a373ad73a504971]::fmt::rt::Argument>::fmt
[INFO] [stderr]                                  at /rustc/e3feeb59cd1bdd011a2bfcc0747b55125d9b8527/library/core/src/fmt/rt.rs:152:76
[INFO] [stderr]      5:     0x5ccd10cf290a - core[a373ad73a504971]::fmt::write
[INFO] [stderr]      6:     0x5ccd10ce0ccc - core[a373ad73a504971]::io::write::default_write_fmt::<std[617be2ca0a6fd877]::sys::stdio::unix::Stderr>
[INFO] [stderr]                                  at /rustc/e3feeb59cd1bdd011a2bfcc0747b55125d9b8527/library/core/src/io/write.rs:402:11
[INFO] [stderr]      7:     0x5ccd10ce0ccc - <std[617be2ca0a6fd877]::sys::stdio::unix::Stderr as core[a373ad73a504971]::io::write::Write>::write_fmt
[INFO] [stderr]                                  at /rustc/e3feeb59cd1bdd011a2bfcc0747b55125d9b8527/library/core/src/io/write.rs:335:13
[INFO] [stderr]      8:     0x5ccd10cb3cc6 - <std[617be2ca0a6fd877]::sys::backtrace::BacktraceLock>::print
[INFO] [stderr]                                  at /rustc/e3feeb59cd1bdd011a2bfcc0747b55125d9b8527/library/std/src/sys/backtrace.rs:47:9
[INFO] [stderr]      9:     0x5ccd10cb3cc6 - std[617be2ca0a6fd877]::panicking::default_hook::{closure#0}
[INFO] [stderr]                                  at /rustc/e3feeb59cd1bdd011a2bfcc0747b55125d9b8527/library/std/src/panicking.rs:289:27
[INFO] [stderr]     10:     0x5ccd10cd1491 - std[617be2ca0a6fd877]::panicking::default_hook
[INFO] [stderr]                                  at /rustc/e3feeb59cd1bdd011a2bfcc0747b55125d9b8527/library/std/src/panicking.rs:316:9
[INFO] [stderr]     11:     0x5ccd10cd17bb - std[617be2ca0a6fd877]::panicking::panic_with_hook
[INFO] [stderr]                                  at /rustc/e3feeb59cd1bdd011a2bfcc0747b55125d9b8527/library/std/src/panicking.rs:811:13
[INFO] [stderr]     12:     0x5ccd10cb3d72 - std[617be2ca0a6fd877]::panicking::panic_handler::{closure#0}
[INFO] [stderr]                                  at /rustc/e3feeb59cd1bdd011a2bfcc0747b55125d9b8527/library/std/src/panicking.rs:685:13
[INFO] [stderr]     13:     0x5ccd10cac899 - std[617be2ca0a6fd877]::sys::backtrace::__rust_end_short_backtrace::<std[617be2ca0a6fd877]::panicking::panic_handler::{closure#0}, !>
[INFO] [stderr]                                  at /rustc/e3feeb59cd1bdd011a2bfcc0747b55125d9b8527/library/std/src/sys/backtrace.rs:182:18
[INFO] [stderr]     14:     0x5ccd10cb496d - __rustc[ea4f61d10b84890b]::rust_begin_unwind
[INFO] [stderr]                                  at /rustc/e3feeb59cd1bdd011a2bfcc0747b55125d9b8527/library/std/src/panicking.rs:676:5
[INFO] [stderr]     15:     0x5ccd10cf31ac - core[a373ad73a504971]::panicking::panic_fmt
[INFO] [stderr]                                  at /rustc/e3feeb59cd1bdd011a2bfcc0747b55125d9b8527/library/core/src/panicking.rs:80:14
[INFO] [stderr]     16:     0x5ccd10c38fa7 - cmake[6c38443adf8e481e]::fail
[INFO] [stderr]     17:     0x5ccd10c38c33 - cmake[6c38443adf8e481e]::run
[INFO] [stderr]     18:     0x5ccd10c3ecc5 - <cmake[6c38443adf8e481e]::Config>::build
[INFO] [stderr]     19:     0x5ccd1075ff6e - build_script_main[b8fc54a7da5a487e]::build_boringssl_or_get_prebuilt::{closure#0}
[INFO] [stderr]     20:     0x5ccd1075eb57 - <std[617be2ca0a6fd877]::sync::once_lock::OnceLock<std[617be2ca0a6fd877]::path::PathBuf>>::get_or_init::<build_script_main[b8fc54a7da5a487e]::build_boringssl_or_get_prebuilt::{closure#0}>::{closure#0}
[INFO] [stderr]     21:     0x5ccd1075ea7c - <std[617be2ca0a6fd877]::sync::once_lock::OnceLock<std[617be2ca0a6fd877]::path::PathBuf>>::initialize::<<std[617be2ca0a6fd877]::sync::once_lock::OnceLock<std[617be2ca0a6fd877]::path::PathBuf>>::get_or_init<build_script_main[b8fc54a7da5a487e]::build_boringssl_or_get_prebuilt::{closure#0}>::{closure#0}, !>::{closure#0}
[INFO] [stderr]     22:     0x5ccd1076eeb2 - <std[617be2ca0a6fd877]::sync::once::Once>::call_once_force::<<std[617be2ca0a6fd877]::sync::once_lock::OnceLock<std[617be2ca0a6fd877]::path::PathBuf>>::initialize<<std[617be2ca0a6fd877]::sync::once_lock::OnceLock<std[617be2ca0a6fd877]::path::PathBuf>>::get_or_init<build_script_main[b8fc54a7da5a487e]::build_boringssl_or_get_prebuilt::{closure#0}>::{closure#0}, !>::{closure#0}>::{closure#0}
[INFO] [stderr]     23:     0x5ccd10cb96a9 - <std[617be2ca0a6fd877]::sys::sync::once::futex::Once>::call
[INFO] [stderr]                                  at /rustc/e3feeb59cd1bdd011a2bfcc0747b55125d9b8527/library/std/src/sys/sync/once/futex.rs:183:21
[INFO] [stderr]     24:     0x5ccd10769ac8 - <std[617be2ca0a6fd877]::sync::once::Once>::call_once_force::<<std[617be2ca0a6fd877]::sync::once_lock::OnceLock<std[617be2ca0a6fd877]::path::PathBuf>>::initialize<<std[617be2ca0a6fd877]::sync::once_lock::OnceLock<std[617be2ca0a6fd877]::path::PathBuf>>::get_or_init<build_script_main[b8fc54a7da5a487e]::build_boringssl_or_get_prebuilt::{closure#0}>::{closure#0}, !>::{closure#0}>
[INFO] [stderr]     25:     0x5ccd1075cc6e - <std[617be2ca0a6fd877]::sync::once_lock::OnceLock<std[617be2ca0a6fd877]::path::PathBuf>>::initialize::<<std[617be2ca0a6fd877]::sync::once_lock::OnceLock<std[617be2ca0a6fd877]::path::PathBuf>>::get_or_init<build_script_main[b8fc54a7da5a487e]::build_boringssl_or_get_prebuilt::{closure#0}>::{closure#0}, !>
[INFO] [stderr]     26:     0x5ccd1075cd53 - <std[617be2ca0a6fd877]::sync::once_lock::OnceLock<std[617be2ca0a6fd877]::path::PathBuf>>::get_or_try_init::<<std[617be2ca0a6fd877]::sync::once_lock::OnceLock<std[617be2ca0a6fd877]::path::PathBuf>>::get_or_init<build_script_main[b8fc54a7da5a487e]::build_boringssl_or_get_prebuilt::{closure#0}>::{closure#0}, !>
[INFO] [stderr]     27:     0x5ccd1075cc86 - <std[617be2ca0a6fd877]::sync::once_lock::OnceLock<std[617be2ca0a6fd877]::path::PathBuf>>::get_or_init::<build_script_main[b8fc54a7da5a487e]::build_boringssl_or_get_prebuilt::{closure#0}>
[INFO] [stderr]     28:     0x5ccd10765730 - build_script_main[b8fc54a7da5a487e]::build_boringssl_or_get_prebuilt
[INFO] [stderr]     29:     0x5ccd107631f9 - build_script_main[b8fc54a7da5a487e]::emit_link_directives
[INFO] [stderr]     30:     0x5ccd1076680f - build_script_main[b8fc54a7da5a487e]::main
[INFO] [stderr]     31:     0x5ccd107695b3 - <fn() as core[a373ad73a504971]::ops::function::FnOnce<()>>::call_once
[INFO] [stderr]     32:     0x5ccd1075e0d6 - std[617be2ca0a6fd877]::sys::backtrace::__rust_begin_short_backtrace::<fn(), ()>
[INFO] [stderr]     33:     0x5ccd1075ebf9 - std[617be2ca0a6fd877]::rt::lang_start::<()>::{closure#0}
[INFO] [stderr]     34:     0x5ccd10cd0788 - <&dyn core[a373ad73a504971]::ops::function::Fn<(), Output = i32> + core[a373ad73a504971]::marker::Sync + core[a373ad73a504971]::panic::unwind_safe::RefUnwindSafe as core[a373ad73a504971]::ops::function::FnOnce<()>>::call_once
[INFO] [stderr]                                  at /rustc/e3feeb59cd1bdd011a2bfcc0747b55125d9b8527/library/core/src/ops/function.rs:287:21
[INFO] [stderr]     35:     0x5ccd10cd0788 - std[617be2ca0a6fd877]::panicking::catch_unwind::do_call::<&dyn core[a373ad73a504971]::ops::function::Fn<(), Output = i32> + core[a373ad73a504971]::marker::Sync + core[a373ad73a504971]::panic::unwind_safe::RefUnwindSafe, i32>
[INFO] [stderr]                                  at /rustc/e3feeb59cd1bdd011a2bfcc0747b55125d9b8527/library/std/src/panicking.rs:573:43
[INFO] [stderr]     36:     0x5ccd10cd0788 - std[617be2ca0a6fd877]::panicking::catch_unwind::<i32, &dyn core[a373ad73a504971]::ops::function::Fn<(), Output = i32> + core[a373ad73a504971]::marker::Sync + core[a373ad73a504971]::panic::unwind_safe::RefUnwindSafe>
[INFO] [stderr]                                  at /rustc/e3feeb59cd1bdd011a2bfcc0747b55125d9b8527/library/std/src/panicking.rs:541:19
[INFO] [stderr]     37:     0x5ccd10cd0788 - std[617be2ca0a6fd877]::panic::catch_unwind::<&dyn core[a373ad73a504971]::ops::function::Fn<(), Output = i32> + core[a373ad73a504971]::marker::Sync + core[a373ad73a504971]::panic::unwind_safe::RefUnwindSafe, i32>
[INFO] [stderr]                                  at /rustc/e3feeb59cd1bdd011a2bfcc0747b55125d9b8527/library/std/src/panic.rs:359:14
[INFO] [stderr]     38:     0x5ccd10cd0788 - std[617be2ca0a6fd877]::rt::lang_start_internal::{closure#0}
[INFO] [stderr]                                  at /rustc/e3feeb59cd1bdd011a2bfcc0747b55125d9b8527/library/std/src/rt.rs:175:24
[INFO] [stderr]     39:     0x5ccd10cd0788 - std[617be2ca0a6fd877]::panicking::catch_unwind::do_call::<std[617be2ca0a6fd877]::rt::lang_start_internal::{closure#0}, isize>
[INFO] [stderr]                                  at /rustc/e3feeb59cd1bdd011a2bfcc0747b55125d9b8527/library/std/src/panicking.rs:573:43
[INFO] [stderr]     40:     0x5ccd10cd0788 - std[617be2ca0a6fd877]::panicking::catch_unwind::<isize, std[617be2ca0a6fd877]::rt::lang_start_internal::{closure#0}>
[INFO] [stderr]                                  at /rustc/e3feeb59cd1bdd011a2bfcc0747b55125d9b8527/library/std/src/panicking.rs:541:19
[INFO] [stderr]     41:     0x5ccd10cd0788 - std[617be2ca0a6fd877]::panic::catch_unwind::<std[617be2ca0a6fd877]::rt::lang_start_internal::{closure#0}, isize>
[INFO] [stderr]                                  at /rustc/e3feeb59cd1bdd011a2bfcc0747b55125d9b8527/library/std/src/panic.rs:359:14
[INFO] [stderr]     42:     0x5ccd10cd0788 - std[617be2ca0a6fd877]::rt::lang_start_internal
[INFO] [stderr]                                  at /rustc/e3feeb59cd1bdd011a2bfcc0747b55125d9b8527/library/std/src/rt.rs:171:5
[INFO] [stderr]     43:     0x5ccd1075d361 - std[617be2ca0a6fd877]::rt::lang_start::<()>
[INFO] [stderr]     44:     0x5ccd10769805 - main
[INFO] [stderr]     45:     0x767bc24b8601 - <unknown>
[INFO] [stderr]     46:     0x767bc24b8718 - __libc_start_main
[INFO] [stderr]     47:     0x5ccd1075aea5 - _start
[INFO] [stderr]     48:                0x0 - <unknown>
[INFO] running `Command { std: "docker" "inspect" "9333c1a17709be07251d17158d278cedcf5ec3bd9041ac3ffb6c3b8b9bf8563c", kill_on_drop: false }`
[INFO] running `Command { std: "docker" "rm" "-f" "9333c1a17709be07251d17158d278cedcf5ec3bd9041ac3ffb6c3b8b9bf8563c", kill_on_drop: false }`
[INFO] [stdout] 9333c1a17709be07251d17158d278cedcf5ec3bd9041ac3ffb6c3b8b9bf8563c
