[INFO] fetching crate spark-bert 0.1.1...
[INFO] testing spark-bert-0.1.1 against 1.100.0-beta.1 for beta-1.100-2
[INFO] extracting crate spark-bert 0.1.1 into /workspace/builds/worker-7-tc2/source
[INFO] started tweaking crates.io crate spark-bert 0.1.1
[INFO] finished tweaking crates.io crate spark-bert 0.1.1
[INFO] tweaked toml for crates.io crate spark-bert 0.1.1 written to /workspace/builds/worker-7-tc2/source/Cargo.toml
[INFO] validating manifest of crates.io crate spark-bert 0.1.1 on toolchain 1.100.0-beta.1
[INFO] running `Command { std: CARGO_HOME="/workspace/cargo-home" RUSTUP_HOME="/workspace/rustup-home" "/workspace/cargo-home/bin/cargo" "+1.100.0-beta.1" "metadata" "--manifest-path" "Cargo.toml" "--no-deps", kill_on_drop: false }`
[INFO] crate crates.io crate spark-bert 0.1.1 already has a lockfile, it will not be regenerated
[INFO] running `Command { std: CARGO_HOME="/workspace/cargo-home" RUSTUP_HOME="/workspace/rustup-home" "/workspace/cargo-home/bin/cargo" "+1.100.0-beta.1" "fetch" "--manifest-path" "Cargo.toml", kill_on_drop: false }`
[INFO] running `Command { std: "docker" "create" "-v" "/var/lib/crater-agent-workspace/builds/worker-7-tc2/source:/opt/rustwide/workdir:ro,Z" "-v" "/var/lib/crater-agent-workspace/builds/worker-7-tc2/target:/opt/rustwide/target:rw,Z" "-v" "/var/lib/crater-agent-workspace/cargo-home:/opt/rustwide/cargo-home:ro,Z" "-v" "/var/lib/crater-agent-workspace/rustup-home:/opt/rustwide/rustup-home:ro,Z" "-m" "1610612736" "--network" "none" "ghcr.io/rust-lang/crates-build-env/linux@sha256:3111399a4047eeb3a02b7a90e478d715f38a8c6669b5c4b49d30a17385265909" "sleep" "infinity", kill_on_drop: false }`
[INFO] [stdout] 4ea30700c5153a903e9f9a99588299d70f75fa98847edb664551b4a984e09c2e
[INFO] running `Command { std: "docker" "start" "4ea30700c5153a903e9f9a99588299d70f75fa98847edb664551b4a984e09c2e", kill_on_drop: false }`
[INFO] running `Command { std: "docker" "inspect" "4ea30700c5153a903e9f9a99588299d70f75fa98847edb664551b4a984e09c2e", kill_on_drop: false }`
[INFO] running `Command { std: "docker" "exec" "-e" "SOURCE_DIR=/opt/rustwide/workdir" "-e" "CARGO_HOME=/opt/rustwide/cargo-home" "-e" "RUSTUP_HOME=/opt/rustwide/rustup-home" "-e" "CARGO_TARGET_DIR=/opt/rustwide/target" "-w" "/opt/rustwide/workdir" "--user" "0:0" "4ea30700c5153a903e9f9a99588299d70f75fa98847edb664551b4a984e09c2e" "/opt/rustwide/cargo-home/bin/cargo" "+1.100.0-beta.1" "metadata" "--no-deps" "--format-version=1", kill_on_drop: false }`
[INFO] running `Command { std: "docker" "inspect" "4ea30700c5153a903e9f9a99588299d70f75fa98847edb664551b4a984e09c2e", kill_on_drop: false }`
[INFO] running `Command { std: "docker" "exec" "-e" "SOURCE_DIR=/opt/rustwide/workdir" "-e" "CARGO_HOME=/opt/rustwide/cargo-home" "-e" "RUSTUP_HOME=/opt/rustwide/rustup-home" "-e" "CARGO_TARGET_DIR=/opt/rustwide/target" "-e" "CARGO_INCREMENTAL=0" "-e" "RUST_BACKTRACE=full" "-e" "RUSTFLAGS=--cap-lints=warn" "-e" "RUSTDOCFLAGS=--cap-lints=warn" "-w" "/opt/rustwide/workdir" "--user" "0:0" "4ea30700c5153a903e9f9a99588299d70f75fa98847edb664551b4a984e09c2e" "/opt/rustwide/cargo-home/bin/cargo" "+1.100.0-beta.1" "build" "--frozen" "--message-format=json", kill_on_drop: false }`
[INFO] [stderr]    Compiling libc v0.2.186
[INFO] [stderr]    Compiling shlex v1.3.0
[INFO] [stderr]    Compiling zerocopy v0.8.49
[INFO] [stderr]    Compiling pkg-config v0.3.33
[INFO] [stderr]    Compiling bitflags v2.11.1
[INFO] [stderr]    Compiling num-traits v0.2.19
[INFO] [stderr]    Compiling syn v2.0.117
[INFO] [stderr]    Compiling futures-channel v0.3.32
[INFO] [stderr]    Compiling strsim v0.11.1
[INFO] [stderr]    Compiling serde_json v1.0.150
[INFO] [stderr]    Compiling log v0.4.30
[INFO] [stderr]    Compiling rayon v1.12.0
[INFO] [stderr]    Compiling tracing-core v0.1.36
[INFO] [stderr]    Compiling litemap v0.8.2
[INFO] [stderr]    Compiling writeable v0.6.3
[INFO] [stderr]    Compiling indexmap v2.14.0
[INFO] [stderr]    Compiling icu_normalizer_data v2.2.0
[INFO] [stderr]    Compiling icu_properties_data v2.2.0
[INFO] [stderr]    Compiling http v1.4.1
[INFO] [stderr]    Compiling raw-cpuid v11.6.0
[INFO] [stderr]    Compiling openssl v0.10.80
[INFO] [stderr]    Compiling rustls-pki-types v1.14.1
[INFO] [stderr]    Compiling powerfmt v0.2.0
[INFO] [stderr]    Compiling aho-corasick v1.1.4
[INFO] [stderr]    Compiling zstd-safe v7.2.4
[INFO] [stderr]    Compiling time-core v0.1.8
[INFO] [stderr]    Compiling ownedbytes v0.9.0
[INFO] [stderr]    Compiling getrandom v0.4.2
[INFO] [stderr]    Compiling deranged v0.5.8
[INFO] [stderr]    Compiling nom v7.1.3
[INFO] [stderr]    Compiling bitpacking v0.9.3
[INFO] [stderr]    Compiling sync_wrapper v1.0.2
[INFO] [stderr]    Compiling ipnet v2.12.0
[INFO] [stderr]    Compiling simd-adler32 v0.3.9
[INFO] [stderr]    Compiling rustls v0.23.40
[INFO] [stderr]    Compiling utf8-ranges v1.0.5
[INFO] [stderr]    Compiling zip v7.2.0
[INFO] [stderr]    Compiling tantivy-fst v0.5.0
[INFO] [stderr]    Compiling webpki-roots v1.0.7
[INFO] [stderr]    Compiling miniz_oxide v0.8.9
[INFO] [stderr]    Compiling tantivy-bitpacker v0.9.0
[INFO] [stderr]    Compiling rustix v1.1.4
[INFO] [stderr]    Compiling murmurhash32 v0.3.1
[INFO] [stderr]    Compiling esaxx-rs v0.1.10
[INFO] [stderr]    Compiling webpki-roots v0.26.11
[INFO] [stderr]    Compiling tracing-log v0.2.0
[INFO] [stderr]    Compiling encoding_rs v0.8.35
[INFO] [stderr]    Compiling http-body v1.0.1
[INFO] [stderr]    Compiling flate2 v1.1.9
[INFO] [stderr]    Compiling http-body-util v0.1.3
[INFO] [stderr]    Compiling anyhow v1.0.102
[INFO] [stderr]    Compiling jobserver v0.1.34
[INFO] [stderr]    Compiling getrandom v0.3.4
[INFO] [stderr]    Compiling getrandom v0.2.17
[INFO] [stderr]    Compiling rand_core v0.9.5
[INFO] [stderr]    Compiling cc v1.2.62
[INFO] [stderr]    Compiling mio v1.2.0
[INFO] [stderr]    Compiling socket2 v0.6.3
[INFO] [stderr]    Compiling rand_core v0.6.4
[INFO] [stderr]    Compiling time v0.3.47
[INFO] [stderr]    Compiling regex-automata v0.4.14
[INFO] [stderr]    Compiling num_cpus v1.17.0
[INFO] [stderr]    Compiling memmap2 v0.9.10
[INFO] [stderr]    Compiling console v0.15.11
[INFO] [stderr]    Compiling dirs-sys v0.5.0
[INFO] [stderr]    Compiling socks v0.3.4
[INFO] [stderr]    Compiling fastrand v2.4.1
[INFO] [stderr]    Compiling unicode-segmentation v1.13.2
[INFO] [stderr]    Compiling downcast-rs v2.0.2
[INFO] [stderr]    Compiling fastdivide v0.4.2
[INFO] [stderr]    Compiling tracing-subscriber v0.3.23
[INFO] [stderr]    Compiling cmake v0.1.58
[INFO] [stderr]    Compiling indicatif v0.17.11
[INFO] [stderr]    Compiling rayon-cond v0.4.0
[INFO] [stderr]    Compiling dirs v6.0.0
[INFO] [stderr]    Compiling uuid v1.23.1
[INFO] [stderr]    Compiling console v0.16.3
[INFO] [stderr]    Compiling lru v0.12.5
[INFO] [stderr]    Compiling arc-swap v1.9.1
[INFO] [stderr]    Compiling tempfile v3.27.0
[INFO] [stderr]    Compiling fs4 v0.13.1
[INFO] [stderr]    Compiling measure_time v0.9.0
[INFO] [stderr]    Compiling unicode-normalization-alignments v0.1.12
[INFO] [stderr]    Compiling htmlescape v0.3.1
[INFO] [stderr]    Compiling oneshot v0.1.13
[INFO] [stderr]    Compiling lz4_flex v0.11.6
[INFO] [stderr]    Compiling census v0.4.2
[INFO] [stderr]    Compiling levenshtein_automata v0.2.1
[INFO] [stderr]    Compiling rustc-hash v2.1.2
[INFO] [stderr]    Compiling openssl-sys v0.9.116
[INFO] [stderr]    Compiling zstd-sys v2.0.16+zstd.1.5.7
[INFO] [stderr]    Compiling ring v0.17.14
[INFO] [stderr]    Compiling onig_sys v69.9.3
[INFO] [stderr]    Compiling faiss-sys v0.7.0
[INFO] [stderr]    Compiling indicatif v0.18.4
[INFO] [stderr]    Compiling synstructure v0.13.2
[INFO] [stderr]    Compiling darling_core v0.20.11
[INFO] [stderr]    Compiling darling_core v0.23.0
[INFO] [stderr]    Compiling native-tls v0.2.18
[INFO] [stderr]    Compiling prettyplease v0.2.37
[INFO] [stderr]    Compiling tracing-chrome v0.7.2
[INFO] [stderr]    Compiling zerocopy-derive v0.8.49
[INFO] [stderr]    Compiling serde_derive v1.0.228
[INFO] [stderr]    Compiling zerofrom-derive v0.1.7
[INFO] [stderr]    Compiling yoke-derive v0.8.2
[INFO] [stderr]    Compiling bytemuck_derive v1.10.2
[INFO] [stderr]    Compiling zerovec-derive v0.11.3
[INFO] [stderr]    Compiling displaydoc v0.2.6
[INFO] [stderr]    Compiling futures-macro v0.3.32
[INFO] [stderr]    Compiling zerofrom v0.1.8
[INFO] [stderr]    Compiling tokio-macros v2.7.0
[INFO] [stderr]    Compiling tracing-attributes v0.1.31
[INFO] [stderr]    Compiling yoke v0.8.2
[INFO] [stderr]    Compiling futures-util v0.3.32
[INFO] [stderr]    Compiling openssl-macros v0.1.1
[INFO] [stderr]    Compiling zerovec v0.11.6
[INFO] [stderr]    Compiling zerotrie v0.2.4
[INFO] [stderr]    Compiling bytemuck v1.25.0
[INFO] [stderr]    Compiling tokio v1.52.3
[INFO] [stderr]    Compiling num-complex v0.4.6
[INFO] [stderr]    Compiling dyn-stack v0.13.2
[INFO] [stderr]    Compiling thiserror-impl v2.0.18
[INFO] [stderr]    Compiling pulp v0.22.2
[INFO] [stderr]    Compiling darling_macro v0.20.11
[INFO] [stderr]    Compiling async-trait v0.1.89
[INFO] [stderr]    Compiling darling v0.20.11
[INFO] [stderr]    Compiling tinystr v0.8.3
[INFO] [stderr]    Compiling potential_utf v0.1.5
[INFO] [stderr]    Compiling icu_locale_core v2.2.0
[INFO] [stderr]    Compiling icu_collections v2.2.0
[INFO] [stderr] error: could not compile `zerocopy` (lib)
[INFO] [stderr] 
[INFO] [stderr] Caused by:
[INFO] [stderr]   process didn't exit successfully: `/opt/rustwide/rustup-home/toolchains/1.100.0-beta.1-x86_64-unknown-linux-gnu/bin/rustc --crate-name zerocopy --edition=2021 /opt/rustwide/cargo-home/registry/src/index.crates.io-1949cf8c6b5b557f/zerocopy-0.8.49/src/lib.rs --error-format=json --json=diagnostic-rendered-ansi,artifacts,future-incompat,unused-externs-silent --crate-type lib --emit=dep-info,metadata,link -C embed-bitcode=no -C debuginfo=2 --cfg 'feature="derive"' --cfg 'feature="simd"' --cfg 'feature="zerocopy-derive"' --check-cfg 'cfg(docsrs,test)' --check-cfg 'cfg(feature, values("__internal_use_only_features_that_work_on_stable", "alloc", "derive", "float-nightly", "simd", "simd-nightly", "std", "zerocopy-derive"))' -C metadata=8c047bdbd98f96a9 -C extra-filename=-9ed0bc567e8ea581 --out-dir /opt/rustwide/target/debug/build/zerocopy/9ed0bc567e8ea581/out --extern zerocopy_derive=/opt/rustwide/target/debug/build/zerocopy-derive/edd01cae7c520853/out/libzerocopy_derive-edd01cae7c520853.so --cap-lints allow --cap-lints=warn --force-warn=unused_crate_dependencies --check-cfg 'cfg(no_zerocopy_simd_x86_avx12_1_89_0)' --check-cfg 'cfg(rust, values("1.89.0"))' --check-cfg 'cfg(no_zerocopy_core_error_1_81_0)' --check-cfg 'cfg(rust, values("1.81.0"))' --check-cfg 'cfg(no_zerocopy_diagnostic_on_unimplemented_1_78_0)' --check-cfg 'cfg(rust, values("1.78.0"))' --check-cfg 'cfg(no_zerocopy_generic_bounds_in_const_fn_1_61_0)' --check-cfg 'cfg(rust, values("1.61.0"))' --check-cfg 'cfg(no_zerocopy_target_has_atomics_1_60_0)' --check-cfg 'cfg(rust, values("1.60.0"))' --check-cfg 'cfg(no_zerocopy_aarch64_simd_1_59_0)' --check-cfg 'cfg(rust, values("1.59.0"))' --check-cfg 'cfg(no_zerocopy_aarch64_simd_be_1_87_0)' --check-cfg 'cfg(rust, values("1.87.0"))' --check-cfg 'cfg(no_zerocopy_panic_in_const_and_vec_try_reserve_1_57_0)' --check-cfg 'cfg(rust, values("1.57.0"))' --check-cfg 'cfg(doc_cfg)' --check-cfg 'cfg(kani)' --check-cfg 'cfg(__ZEROCOPY_INTERNAL_USE_ONLY_NIGHTLY_FEATURES_IN_TESTS)' --check-cfg 'cfg(__ZEROCOPY_INTERNAL_USE_ONLY_DEV_MODE)' --check-cfg 'cfg(coverage_nightly)' --check-cfg 'cfg(zerocopy_inline_always)' --check-cfg 'cfg(zerocopy_unstable_ptr)'` (signal: 9, SIGKILL: kill)
[INFO] [stderr] warning: build failed, waiting for other jobs to finish...
[INFO] [stderr] error: could not compile `regex-automata` (lib)
[INFO] [stderr] 
[INFO] [stderr] Caused by:
[INFO] [stderr]   process didn't exit successfully: `/opt/rustwide/rustup-home/toolchains/1.100.0-beta.1-x86_64-unknown-linux-gnu/bin/rustc --crate-name regex_automata --edition=2021 /opt/rustwide/cargo-home/registry/src/index.crates.io-1949cf8c6b5b557f/regex-automata-0.4.14/src/lib.rs --error-format=json --json=diagnostic-rendered-ansi,artifacts,future-incompat,unused-externs-silent --crate-type lib --emit=dep-info,metadata,link -C embed-bitcode=no -C debuginfo=2 --cfg 'feature="alloc"' --cfg 'feature="dfa"' --cfg 'feature="dfa-build"' --cfg 'feature="dfa-onepass"' --cfg 'feature="dfa-search"' --cfg 'feature="hybrid"' --cfg 'feature="meta"' --cfg 'feature="nfa"' --cfg 'feature="nfa-backtrack"' --cfg 'feature="nfa-pikevm"' --cfg 'feature="nfa-thompson"' --cfg 'feature="perf"' --cfg 'feature="perf-inline"' --cfg 'feature="perf-literal"' --cfg 'feature="perf-literal-multisubstring"' --cfg 'feature="perf-literal-substring"' --cfg 'feature="std"' --cfg 'feature="syntax"' --cfg 'feature="unicode"' --cfg 'feature="unicode-age"' --cfg 'feature="unicode-bool"' --cfg 'feature="unicode-case"' --cfg 'feature="unicode-gencat"' --cfg 'feature="unicode-perl"' --cfg 'feature="unicode-script"' --cfg 'feature="unicode-segment"' --cfg 'feature="unicode-word-boundary"' --check-cfg 'cfg(docsrs,test)' --check-cfg 'cfg(feature, values("alloc", "default", "dfa", "dfa-build", "dfa-onepass", "dfa-search", "hybrid", "internal-instrument", "internal-instrument-pikevm", "logging", "meta", "nfa", "nfa-backtrack", "nfa-pikevm", "nfa-thompson", "perf", "perf-inline", "perf-literal", "perf-literal-multisubstring", "perf-literal-substring", "std", "syntax", "unicode", "unicode-age", "unicode-bool", "unicode-case", "unicode-gencat", "unicode-perl", "unicode-script", "unicode-segment", "unicode-word-boundary"))' -C metadata=2b91efa314da5a9d -C extra-filename=-abfd0eb0dc7a3e08 --out-dir /opt/rustwide/target/debug/build/regex-automata/abfd0eb0dc7a3e08/out -L dependency=/opt/rustwide/target/debug/build/memchr/0ebdc93958defebb/out --extern aho_corasick=/opt/rustwide/target/debug/build/aho-corasick/20c98ea83be91319/out/libaho_corasick-20c98ea83be91319.rmeta --extern memchr=/opt/rustwide/target/debug/build/memchr/0ebdc93958defebb/out/libmemchr-0ebdc93958defebb.rmeta --extern regex_syntax=/opt/rustwide/target/debug/build/regex-syntax/6d6ee545e2ffad72/out/libregex_syntax-6d6ee545e2ffad72.rmeta --cap-lints allow --cap-lints=warn --force-warn=unused_crate_dependencies` (signal: 9, SIGKILL: kill)
[INFO] [stderr] error: could not compile `tokio` (lib)
[INFO] [stderr] 
[INFO] [stderr] Caused by:
[INFO] [stderr]   process didn't exit successfully: `/opt/rustwide/rustup-home/toolchains/1.100.0-beta.1-x86_64-unknown-linux-gnu/bin/rustc --crate-name tokio --edition=2021 /opt/rustwide/cargo-home/registry/src/index.crates.io-1949cf8c6b5b557f/tokio-1.52.3/src/lib.rs --error-format=json --json=diagnostic-rendered-ansi,artifacts,future-incompat,unused-externs-silent --crate-type lib --emit=dep-info,metadata,link -C embed-bitcode=no -C debuginfo=2 --cfg 'feature="bytes"' --cfg 'feature="default"' --cfg 'feature="fs"' --cfg 'feature="io-util"' --cfg 'feature="libc"' --cfg 'feature="macros"' --cfg 'feature="mio"' --cfg 'feature="net"' --cfg 'feature="rt"' --cfg 'feature="rt-multi-thread"' --cfg 'feature="socket2"' --cfg 'feature="sync"' --cfg 'feature="time"' --cfg 'feature="tokio-macros"' --check-cfg 'cfg(docsrs,test)' --check-cfg 'cfg(feature, values("bytes", "default", "fs", "full", "io-std", "io-uring", "io-util", "libc", "macros", "mio", "net", "parking_lot", "process", "rt", "rt-multi-thread", "signal", "signal-hook-registry", "socket2", "sync", "taskdump", "test-util", "time", "tokio-macros", "tracing", "windows-sys"))' -C metadata=b052ac02a6f2e2c9 -C extra-filename=-a0c0116b338d87c9 --out-dir /opt/rustwide/target/debug/build/tokio/a0c0116b338d87c9/out -L dependency=/opt/rustwide/target/debug/build/libc/612664c2206eec43/out --extern bytes=/opt/rustwide/target/debug/build/bytes/2ed9460101f17bbf/out/libbytes-2ed9460101f17bbf.rmeta --extern libc=/opt/rustwide/target/debug/build/libc/612664c2206eec43/out/liblibc-612664c2206eec43.rmeta --extern mio=/opt/rustwide/target/debug/build/mio/3f5f6fa89ecad527/out/libmio-3f5f6fa89ecad527.rmeta --extern pin_project_lite=/opt/rustwide/target/debug/build/pin-project-lite/0a15d51c77964692/out/libpin_project_lite-0a15d51c77964692.rmeta --extern socket2=/opt/rustwide/target/debug/build/socket2/2367bcf2eb96355a/out/libsocket2-2367bcf2eb96355a.rmeta --extern tokio_macros=/opt/rustwide/target/debug/build/tokio-macros/e1402924a95e8994/out/libtokio_macros-e1402924a95e8994.so --cap-lints allow --cap-lints=warn --force-warn=unused_crate_dependencies` (signal: 9, SIGKILL: kill)
[INFO] [stderr] error: could not compile `futures-util` (lib)
[INFO] [stderr] 
[INFO] [stderr] Caused by:
[INFO] [stderr]   process didn't exit successfully: `/opt/rustwide/rustup-home/toolchains/1.100.0-beta.1-x86_64-unknown-linux-gnu/bin/rustc --crate-name futures_util --edition=2018 /opt/rustwide/cargo-home/registry/src/index.crates.io-1949cf8c6b5b557f/futures-util-0.3.32/src/lib.rs --error-format=json --json=diagnostic-rendered-ansi,artifacts,future-incompat,unused-externs-silent --crate-type lib --emit=dep-info,metadata,link -C embed-bitcode=no -C debuginfo=2 --cfg 'feature="alloc"' --cfg 'feature="async-await"' --cfg 'feature="async-await-macro"' --cfg 'feature="channel"' --cfg 'feature="default"' --cfg 'feature="futures-channel"' --cfg 'feature="futures-io"' --cfg 'feature="futures-macro"' --cfg 'feature="futures-sink"' --cfg 'feature="io"' --cfg 'feature="memchr"' --cfg 'feature="sink"' --cfg 'feature="slab"' --cfg 'feature="std"' --check-cfg 'cfg(docsrs,test)' --check-cfg 'cfg(feature, values("alloc", "async-await", "async-await-macro", "bilock", "cfg-target-has-atomic", "channel", "compat", "default", "futures-channel", "futures-io", "futures-macro", "futures-sink", "futures_01", "io", "io-compat", "libc", "memchr", "portable-atomic", "sink", "slab", "spin", "std", "tokio-io", "unstable", "write-all-vectored"))' -C metadata=d18400b284a5e732 -C extra-filename=-109331cbb01130ed --out-dir /opt/rustwide/target/debug/build/futures-util/109331cbb01130ed/out -L dependency=/opt/rustwide/target/debug/build/futures-core/1121ff913ed87f93/out -L dependency=/opt/rustwide/target/debug/build/futures-sink/3971bde37bb30e19/out --extern futures_channel=/opt/rustwide/target/debug/build/futures-channel/04b287164a72dbf0/out/libfutures_channel-04b287164a72dbf0.rmeta --extern futures_core=/opt/rustwide/target/debug/build/futures-core/1121ff913ed87f93/out/libfutures_core-1121ff913ed87f93.rmeta --extern futures_io=/opt/rustwide/target/debug/build/futures-io/a8805bd12b2ab705/out/libfutures_io-a8805bd12b2ab705.rmeta --extern futures_macro=/opt/rustwide/target/debug/build/futures-macro/100c47a2cdef3153/out/libfutures_macro-100c47a2cdef3153.so --extern futures_sink=/opt/rustwide/target/debug/build/futures-sink/3971bde37bb30e19/out/libfutures_sink-3971bde37bb30e19.rmeta --extern futures_task=/opt/rustwide/target/debug/build/futures-task/36f327cfab86eddc/out/libfutures_task-36f327cfab86eddc.rmeta --extern memchr=/opt/rustwide/target/debug/build/memchr/0ebdc93958defebb/out/libmemchr-0ebdc93958defebb.rmeta --extern pin_project_lite=/opt/rustwide/target/debug/build/pin-project-lite/0a15d51c77964692/out/libpin_project_lite-0a15d51c77964692.rmeta --extern slab=/opt/rustwide/target/debug/build/slab/0582d648e59ab406/out/libslab-0582d648e59ab406.rmeta --cap-lints allow --cap-lints=warn --force-warn=unused_crate_dependencies` (signal: 9, SIGKILL: kill)
[INFO] [stderr] error: could not compile `pulp` (lib)
[INFO] [stderr] 
[INFO] [stderr] Caused by:
[INFO] [stderr]   process didn't exit successfully: `/opt/rustwide/rustup-home/toolchains/1.100.0-beta.1-x86_64-unknown-linux-gnu/bin/rustc --crate-name pulp --edition=2021 /opt/rustwide/cargo-home/registry/src/index.crates.io-1949cf8c6b5b557f/pulp-0.22.2/src/lib.rs --error-format=json --json=diagnostic-rendered-ansi,artifacts,future-incompat,unused-externs-silent --crate-type lib --emit=dep-info,metadata,link -C embed-bitcode=no -C debuginfo=2 --cfg 'feature="std"' --check-cfg 'cfg(docsrs,test)' --check-cfg 'cfg(feature, values("default", "macro", "nightly", "std", "x86-v3", "x86-v4"))' -C metadata=2a1155b3ca901f17 -C extra-filename=-abd7a4e28f82f90c --out-dir /opt/rustwide/target/debug/build/pulp/abd7a4e28f82f90c/out -L dependency=/opt/rustwide/target/debug/build/bitflags/db7b9c0337a7ee76/out -L dependency=/opt/rustwide/target/debug/build/bytemuck/475f43bbcff70c41/out -L dependency=/opt/rustwide/target/debug/build/bytemuck_derive/4e7635a487911353/out -L dependency=/opt/rustwide/target/debug/build/libm/24398d5f7d3c709c/out -L dependency=/opt/rustwide/target/debug/build/num-traits/68e0d171d32a4dd9/out --extern bytemuck=/opt/rustwide/target/debug/build/bytemuck/475f43bbcff70c41/out/libbytemuck-475f43bbcff70c41.rmeta --extern cfg_if=/opt/rustwide/target/debug/build/cfg-if/83060ec5685761ae/out/libcfg_if-83060ec5685761ae.rmeta --extern libm=/opt/rustwide/target/debug/build/libm/24398d5f7d3c709c/out/liblibm-24398d5f7d3c709c.rmeta --extern num_complex=/opt/rustwide/target/debug/build/num-complex/3d390ae4481d8e9a/out/libnum_complex-3d390ae4481d8e9a.rmeta --extern paste=/opt/rustwide/target/debug/build/paste/93bf70849a6c6f92/out/libpaste-93bf70849a6c6f92.so --extern pulp_wasm_simd_flag=/opt/rustwide/target/debug/build/pulp-wasm-simd-flag/fad722e6232804ce/out/libpulp_wasm_simd_flag-fad722e6232804ce.rmeta --extern raw_cpuid=/opt/rustwide/target/debug/build/raw-cpuid/9ca3a4c849b5968e/out/libraw_cpuid-9ca3a4c849b5968e.rmeta --extern reborrow=/opt/rustwide/target/debug/build/reborrow/095e03eb9814fb3b/out/libreborrow-095e03eb9814fb3b.rmeta --cap-lints allow --cap-lints=warn --force-warn=unused_crate_dependencies --cfg libpulp_const --check-cfg 'cfg(libpulp_const)'` (signal: 9, SIGKILL: kill)
[INFO] [stderr] error: could not compile `openssl` (lib)
[INFO] [stderr] 
[INFO] [stderr] Caused by:
[INFO] [stderr]   process didn't exit successfully: `/opt/rustwide/rustup-home/toolchains/1.100.0-beta.1-x86_64-unknown-linux-gnu/bin/rustc --crate-name openssl --edition=2021 /opt/rustwide/cargo-home/registry/src/index.crates.io-1949cf8c6b5b557f/openssl-0.10.80/src/lib.rs --error-format=json --json=diagnostic-rendered-ansi,artifacts,future-incompat,unused-externs-silent --crate-type lib --emit=dep-info,metadata,link -C embed-bitcode=no -C debuginfo=2 --cfg 'feature="default"' --check-cfg 'cfg(docsrs,test)' --check-cfg 'cfg(feature, values("aws-lc", "aws-lc-fips", "bindgen", "default", "unstable_boringssl", "v101", "v102", "v110", "v111", "vendored"))' -C metadata=351990d0bc89e3ea -C extra-filename=-6a8441362f61f021 --out-dir /opt/rustwide/target/debug/build/openssl/6a8441362f61f021/out -L dependency=/opt/rustwide/target/debug/build/foreign-types-shared/47b443a4583fd949/out -L dependency=/opt/rustwide/target/debug/build/libc/612664c2206eec43/out --extern bitflags=/opt/rustwide/target/debug/build/bitflags/db7b9c0337a7ee76/out/libbitflags-db7b9c0337a7ee76.rmeta --extern cfg_if=/opt/rustwide/target/debug/build/cfg-if/83060ec5685761ae/out/libcfg_if-83060ec5685761ae.rmeta --extern foreign_types=/opt/rustwide/target/debug/build/foreign-types/4fe1886d5d9265b9/out/libforeign_types-4fe1886d5d9265b9.rmeta --extern libc=/opt/rustwide/target/debug/build/libc/612664c2206eec43/out/liblibc-612664c2206eec43.rmeta --extern openssl_macros=/opt/rustwide/target/debug/build/openssl-macros/bc8898db79260a97/out/libopenssl_macros-bc8898db79260a97.so --extern ffi=/opt/rustwide/target/debug/build/openssl-sys/3f37e7c0de74d3c6/out/libopenssl_sys-3f37e7c0de74d3c6.rmeta --cap-lints allow --cap-lints=warn --force-warn=unused_crate_dependencies --cfg 'osslconf="OPENSSL_NO_IDEA"' --cfg 'osslconf="OPENSSL_NO_SSL3_METHOD"' --cfg ossl101 --cfg ossl102 --cfg ossl110 --cfg ossl110g --cfg ossl110h --cfg ossl111 --cfg ossl111d --cfg ossl300 --cfg ossl310 --cfg ossl320 --cfg ossl330 --cfg ossl340 --cfg ossl350 --check-cfg 'cfg(osslconf, values("OPENSSL_NO_OCB", "OPENSSL_NO_SM4", "OPENSSL_NO_SEED", "OPENSSL_NO_CHACHA", "OPENSSL_NO_CAST", "OPENSSL_NO_IDEA", "OPENSSL_NO_CAMELLIA", "OPENSSL_NO_RC4", "OPENSSL_NO_BF", "OPENSSL_NO_PSK", "OPENSSL_NO_DEPRECATED_3_0", "OPENSSL_NO_SCRYPT", "OPENSSL_NO_SM3", "OPENSSL_NO_RMD160", "OPENSSL_NO_EC2M", "OPENSSL_NO_OCSP", "OPENSSL_NO_SRTP", "OPENSSL_NO_CMS", "OPENSSL_NO_EC", "OPENSSL_NO_ARGON2", "OPENSSL_NO_RC2"))' --check-cfg 'cfg(libressl)' --check-cfg 'cfg(boringssl)' --check-cfg 'cfg(awslc)' --check-cfg 'cfg(awslc_fips)' --check-cfg 'cfg(libressl250)' --check-cfg 'cfg(libressl251)' --check-cfg 'cfg(libressl261)' --check-cfg 'cfg(libressl270)' --check-cfg 'cfg(libressl271)' --check-cfg 'cfg(libressl273)' --check-cfg 'cfg(libressl280)' --check-cfg 'cfg(libressl291)' --check-cfg 'cfg(libressl310)' --check-cfg 'cfg(libressl321)' --check-cfg 'cfg(libressl332)' --check-cfg 'cfg(libressl340)' --check-cfg 'cfg(libressl350)' --check-cfg 'cfg(libressl360)' --check-cfg 'cfg(libressl361)' --check-cfg 'cfg(libressl370)' --check-cfg 'cfg(libressl380)' --check-cfg 'cfg(libressl382)' --check-cfg 'cfg(libressl390)' --check-cfg 'cfg(libressl400)' --check-cfg 'cfg(libressl410)' --check-cfg 'cfg(libressl420)' --check-cfg 'cfg(libressl430)' --check-cfg 'cfg(ossl101)' --check-cfg 'cfg(ossl102)' --check-cfg 'cfg(ossl110)' --check-cfg 'cfg(ossl110g)' --check-cfg 'cfg(ossl110h)' --check-cfg 'cfg(ossl111)' --check-cfg 'cfg(ossl111d)' --check-cfg 'cfg(ossl300)' --check-cfg 'cfg(ossl310)' --check-cfg 'cfg(ossl320)' --check-cfg 'cfg(ossl330)' --check-cfg 'cfg(ossl340)' --check-cfg 'cfg(ossl350)' --check-cfg 'cfg(ossl400)'` (signal: 9, SIGKILL: kill)
[INFO] [stderr] error: could not compile `ring` (lib)
[INFO] [stderr] 
[INFO] [stderr] Caused by:
[INFO] [stderr]   process didn't exit successfully: `/opt/rustwide/rustup-home/toolchains/1.100.0-beta.1-x86_64-unknown-linux-gnu/bin/rustc --crate-name ring --edition=2021 /opt/rustwide/cargo-home/registry/src/index.crates.io-1949cf8c6b5b557f/ring-0.17.14/src/lib.rs --error-format=json --json=diagnostic-rendered-ansi,artifacts,future-incompat,unused-externs-silent --crate-type lib --emit=dep-info,metadata,link -C embed-bitcode=no -C debuginfo=2 --cfg 'feature="alloc"' --cfg 'feature="default"' --cfg 'feature="dev_urandom_fallback"' --check-cfg 'cfg(docsrs,test)' --check-cfg 'cfg(feature, values("alloc", "default", "dev_urandom_fallback", "less-safe-getrandom-custom-or-rdrand", "less-safe-getrandom-espidf", "slow_tests", "std", "test_logging", "unstable-testing-arm-no-hw", "unstable-testing-arm-no-neon", "wasm32_unknown_unknown_js"))' -C metadata=b3eed0f69bd80b1b -C extra-filename=-8a9db091f29b5095 --out-dir /opt/rustwide/target/debug/build/ring/8a9db091f29b5095/out -L dependency=/opt/rustwide/target/debug/build/cfg-if/83060ec5685761ae/out -L dependency=/opt/rustwide/target/debug/build/libc/612664c2206eec43/out --extern cfg_if=/opt/rustwide/target/debug/build/cfg-if/83060ec5685761ae/out/libcfg_if-83060ec5685761ae.rmeta --extern getrandom=/opt/rustwide/target/debug/build/getrandom/f25a51f78d9871ba/out/libgetrandom-f25a51f78d9871ba.rmeta --extern untrusted=/opt/rustwide/target/debug/build/untrusted/b2f816886faf2178/out/libuntrusted-b2f816886faf2178.rmeta --cap-lints allow --cap-lints=warn --force-warn=unused_crate_dependencies -L native=/opt/rustwide/target/debug/build/ring/c81ea84d9cba97c8/out -l static=ring_core_0_17_14_ -l static=ring_core_0_17_14__test` (signal: 9, SIGKILL: kill)
[INFO] [stderr] error: could not compile `icu_locale_core` (lib)
[INFO] [stderr] 
[INFO] [stderr] Caused by:
[INFO] [stderr]   process didn't exit successfully: `/opt/rustwide/rustup-home/toolchains/1.100.0-beta.1-x86_64-unknown-linux-gnu/bin/rustc --crate-name icu_locale_core --edition=2021 /opt/rustwide/cargo-home/registry/src/index.crates.io-1949cf8c6b5b557f/icu_locale_core-2.2.0/src/lib.rs --error-format=json --json=diagnostic-rendered-ansi,artifacts,future-incompat,unused-externs-silent --crate-type lib --emit=dep-info,metadata,link -C embed-bitcode=no -C debuginfo=2 --cfg 'feature="zerovec"' --check-cfg 'cfg(docsrs,test)' --check-cfg 'cfg(feature, values("alloc", "databake", "serde", "zerovec"))' -C metadata=0988a469c230604b -C extra-filename=-e68180753a31ae7d --out-dir /opt/rustwide/target/debug/build/icu_locale_core/e68180753a31ae7d/out -L dependency=/opt/rustwide/target/debug/build/displaydoc/5f8a084c0d891e60/out -L dependency=/opt/rustwide/target/debug/build/stable_deref_trait/8f5d1ea34607785b/out -L dependency=/opt/rustwide/target/debug/build/yoke-derive/8b3e3f009a90b2dd/out -L dependency=/opt/rustwide/target/debug/build/yoke/16ed4d96b9ea5d1b/out -L dependency=/opt/rustwide/target/debug/build/zerofrom-derive/d22e2fdf40707bea/out -L dependency=/opt/rustwide/target/debug/build/zerofrom/8e4e62f79da00375/out -L dependency=/opt/rustwide/target/debug/build/zerovec-derive/9c65e5874106a780/out -L dependency=/opt/rustwide/target/debug/build/zerovec/fa3d7dc0536d7392/out --extern displaydoc=/opt/rustwide/target/debug/build/displaydoc/5f8a084c0d891e60/out/libdisplaydoc-5f8a084c0d891e60.so --extern litemap=/opt/rustwide/target/debug/build/litemap/dc288f07f8f61193/out/liblitemap-dc288f07f8f61193.rmeta --extern tinystr=/opt/rustwide/target/debug/build/tinystr/b0e07a831f7b6380/out/libtinystr-b0e07a831f7b6380.rmeta --extern writeable=/opt/rustwide/target/debug/build/writeable/48b3e52227924bb5/out/libwriteable-48b3e52227924bb5.rmeta --extern zerovec=/opt/rustwide/target/debug/build/zerovec/fa3d7dc0536d7392/out/libzerovec-fa3d7dc0536d7392.rmeta --cap-lints allow --cap-lints=warn --force-warn=unused_crate_dependencies` (signal: 9, SIGKILL: kill)
[INFO] [stderr] error: failed to run custom build command for `faiss-sys v0.7.0`
[INFO] [stderr] note: To improve backtraces for build dependencies, set the CARGO_PROFILE_DEV_BUILD_OVERRIDE_DEBUG=true environment variable to enable debug information generation.
[INFO] [stderr] 
[INFO] [stderr] Caused by:
[INFO] [stderr]   process didn't exit successfully: `/opt/rustwide/target/debug/build/faiss-sys/f9105461308f7cbc/out/build_script_build` (exit status: 101)
[INFO] [stderr]   --- stdout
[INFO] [stderr]   CMAKE_TOOLCHAIN_FILE_x86_64-unknown-linux-gnu = None
[INFO] [stderr]   CMAKE_TOOLCHAIN_FILE_x86_64_unknown_linux_gnu = None
[INFO] [stderr]   HOST_CMAKE_TOOLCHAIN_FILE = None
[INFO] [stderr]   CMAKE_TOOLCHAIN_FILE = None
[INFO] [stderr]   CMAKE_GENERATOR_x86_64-unknown-linux-gnu = None
[INFO] [stderr]   CMAKE_GENERATOR_x86_64_unknown_linux_gnu = None
[INFO] [stderr]   HOST_CMAKE_GENERATOR = None
[INFO] [stderr]   CMAKE_GENERATOR = None
[INFO] [stderr]   CMAKE_PREFIX_PATH_x86_64-unknown-linux-gnu = None
[INFO] [stderr]   CMAKE_PREFIX_PATH_x86_64_unknown_linux_gnu = None
[INFO] [stderr]   HOST_CMAKE_PREFIX_PATH = None
[INFO] [stderr]   CMAKE_PREFIX_PATH = None
[INFO] [stderr]   CMAKE_x86_64-unknown-linux-gnu = None
[INFO] [stderr]   CMAKE_x86_64_unknown_linux_gnu = None
[INFO] [stderr]   HOST_CMAKE = None
[INFO] [stderr]   CMAKE = None
[INFO] [stderr]   Running with debug output on.
[INFO] [stderr]   -- The CXX compiler identification is GNU 15.2.0
[INFO] [stderr]      Called from: [3]	/opt/rustwide/cargo-home/registry/src/index.crates.io-1949cf8c6b5b557f/faiss-sys-0.7.0/faiss/CMakeLists.txt
[INFO] [stderr]                   [2]	/usr/share/cmake-4.2/Modules/CMakeDetermineCXXCompiler.cmake
[INFO] [stderr]                   [1]	/usr/share/cmake-4.2/Modules/CMakeDetermineCompilerId.cmake
[INFO] [stderr]   -- Detecting CXX compiler ABI info
[INFO] [stderr]      Called from: [3]	/opt/rustwide/cargo-home/registry/src/index.crates.io-1949cf8c6b5b557f/faiss-sys-0.7.0/faiss/CMakeLists.txt
[INFO] [stderr]                   [2]	/usr/share/cmake-4.2/Modules/CMakeTestCXXCompiler.cmake
[INFO] [stderr]                   [1]	/usr/share/cmake-4.2/Modules/CMakeDetermineCompilerABI.cmake
[INFO] [stderr]   -- Detecting CXX compiler ABI info - done
[INFO] [stderr]      Called from: [3]	/opt/rustwide/cargo-home/registry/src/index.crates.io-1949cf8c6b5b557f/faiss-sys-0.7.0/faiss/CMakeLists.txt
[INFO] [stderr]                   [2]	/usr/share/cmake-4.2/Modules/CMakeTestCXXCompiler.cmake
[INFO] [stderr]                   [1]	/usr/share/cmake-4.2/Modules/CMakeDetermineCompilerABI.cmake
[INFO] [stderr]   -- Check for working CXX compiler: /usr/bin/c++ - skipped
[INFO] [stderr]      Called from: [2]	/opt/rustwide/cargo-home/registry/src/index.crates.io-1949cf8c6b5b557f/faiss-sys-0.7.0/faiss/CMakeLists.txt
[INFO] [stderr]                   [1]	/usr/share/cmake-4.2/Modules/CMakeTestCXXCompiler.cmake
[INFO] [stderr]   -- Detecting CXX compile features
[INFO] [stderr]      Called from: [3]	/opt/rustwide/cargo-home/registry/src/index.crates.io-1949cf8c6b5b557f/faiss-sys-0.7.0/faiss/CMakeLists.txt
[INFO] [stderr]                   [2]	/usr/share/cmake-4.2/Modules/CMakeTestCXXCompiler.cmake
[INFO] [stderr]                   [1]	/usr/share/cmake-4.2/Modules/CMakeDetermineCompilerSupport.cmake
[INFO] [stderr]   -- Detecting CXX compile features - done
[INFO] [stderr]      Called from: [3]	/opt/rustwide/cargo-home/registry/src/index.crates.io-1949cf8c6b5b557f/faiss-sys-0.7.0/faiss/CMakeLists.txt
[INFO] [stderr]                   [2]	/usr/share/cmake-4.2/Modules/CMakeTestCXXCompiler.cmake
[INFO] [stderr]                   [1]	/usr/share/cmake-4.2/Modules/CMakeDetermineCompilerSupport.cmake
[INFO] [stderr]   -- Found OpenMP_CXX: -fopenmp (found version "4.5")
[INFO] [stderr]      Called from: [4]	/opt/rustwide/cargo-home/registry/src/index.crates.io-1949cf8c6b5b557f/faiss-sys-0.7.0/faiss/faiss/CMakeLists.txt
[INFO] [stderr]                   [3]	/usr/share/cmake-4.2/Modules/FindOpenMP.cmake
[INFO] [stderr]                   [2]	/usr/share/cmake-4.2/Modules/FindPackageHandleStandardArgs.cmake
[INFO] [stderr]                   [1]	/usr/share/cmake-4.2/Modules/FindPackageMessage.cmake
[INFO] [stderr]   -- Found OpenMP: TRUE (found version "4.5")
[INFO] [stderr]      Called from: [4]	/opt/rustwide/cargo-home/registry/src/index.crates.io-1949cf8c6b5b557f/faiss-sys-0.7.0/faiss/faiss/CMakeLists.txt
[INFO] [stderr]                   [3]	/usr/share/cmake-4.2/Modules/FindOpenMP.cmake
[INFO] [stderr]                   [2]	/usr/share/cmake-4.2/Modules/FindPackageHandleStandardArgs.cmake
[INFO] [stderr]                   [1]	/usr/share/cmake-4.2/Modules/FindPackageMessage.cmake
[INFO] [stderr]   -- Performing Test CMAKE_HAVE_LIBC_PTHREAD
[INFO] [stderr]      Called from: [6]	/opt/rustwide/cargo-home/registry/src/index.crates.io-1949cf8c6b5b557f/faiss-sys-0.7.0/faiss/faiss/CMakeLists.txt
[INFO] [stderr]                   [5]	/opt/rustwide/cargo-home/registry/src/index.crates.io-1949cf8c6b5b557f/faiss-sys-0.7.0/faiss/cmake/FindMKL.cmake
[INFO] [stderr]                   [4]	/usr/share/cmake-4.2/Modules/FindThreads.cmake
[INFO] [stderr]                   [3]	/usr/share/cmake-4.2/Modules/FindThreads.cmake
[INFO] [stderr]                   [2]	/usr/share/cmake-4.2/Modules/CheckCXXSourceCompiles.cmake
[INFO] [stderr]                   [1]	/usr/share/cmake-4.2/Modules/Internal/CheckSourceCompiles.cmake
[INFO] [stderr]   -- Performing Test CMAKE_HAVE_LIBC_PTHREAD - Success
[INFO] [stderr]      Called from: [6]	/opt/rustwide/cargo-home/registry/src/index.crates.io-1949cf8c6b5b557f/faiss-sys-0.7.0/faiss/faiss/CMakeLists.txt
[INFO] [stderr]                   [5]	/opt/rustwide/cargo-home/registry/src/index.crates.io-1949cf8c6b5b557f/faiss-sys-0.7.0/faiss/cmake/FindMKL.cmake
[INFO] [stderr]                   [4]	/usr/share/cmake-4.2/Modules/FindThreads.cmake
[INFO] [stderr]                   [3]	/usr/share/cmake-4.2/Modules/FindThreads.cmake
[INFO] [stderr]                   [2]	/usr/share/cmake-4.2/Modules/CheckCXXSourceCompiles.cmake
[INFO] [stderr]                   [1]	/usr/share/cmake-4.2/Modules/Internal/CheckSourceCompiles.cmake
[INFO] [stderr]   -- Found Threads: TRUE
[INFO] [stderr]      Called from: [5]	/opt/rustwide/cargo-home/registry/src/index.crates.io-1949cf8c6b5b557f/faiss-sys-0.7.0/faiss/faiss/CMakeLists.txt
[INFO] [stderr]                   [4]	/opt/rustwide/cargo-home/registry/src/index.crates.io-1949cf8c6b5b557f/faiss-sys-0.7.0/faiss/cmake/FindMKL.cmake
[INFO] [stderr]                   [3]	/usr/share/cmake-4.2/Modules/FindThreads.cmake
[INFO] [stderr]                   [2]	/usr/share/cmake-4.2/Modules/FindPackageHandleStandardArgs.cmake
[INFO] [stderr]                   [1]	/usr/share/cmake-4.2/Modules/FindPackageMessage.cmake
[INFO] [stderr]   -- Could NOT find MKL (missing: MKL_LIBRARIES) 
[INFO] [stderr]      Called from: [4]	/opt/rustwide/cargo-home/registry/src/index.crates.io-1949cf8c6b5b557f/faiss-sys-0.7.0/faiss/faiss/CMakeLists.txt
[INFO] [stderr]                   [3]	/opt/rustwide/cargo-home/registry/src/index.crates.io-1949cf8c6b5b557f/faiss-sys-0.7.0/faiss/cmake/FindMKL.cmake
[INFO] [stderr]                   [2]	/usr/share/cmake-4.2/Modules/FindPackageHandleStandardArgs.cmake
[INFO] [stderr]                   [1]	/usr/share/cmake-4.2/Modules/FindPackageHandleStandardArgs.cmake
[INFO] [stderr]   -- Looking for sgemm_
[INFO] [stderr]      Called from: [4]	/opt/rustwide/cargo-home/registry/src/index.crates.io-1949cf8c6b5b557f/faiss-sys-0.7.0/faiss/faiss/CMakeLists.txt
[INFO] [stderr]                   [3]	/usr/share/cmake-4.2/Modules/FindBLAS.cmake
[INFO] [stderr]                   [2]	/usr/share/cmake-4.2/Modules/FindBLAS.cmake
[INFO] [stderr]                   [1]	/usr/share/cmake-4.2/Modules/CheckFunctionExists.cmake
[INFO] [stderr]   -- Looking for sgemm_ - not found
[INFO] [stderr]      Called from: [4]	/opt/rustwide/cargo-home/registry/src/index.crates.io-1949cf8c6b5b557f/faiss-sys-0.7.0/faiss/faiss/CMakeLists.txt
[INFO] [stderr]                   [3]	/usr/share/cmake-4.2/Modules/FindBLAS.cmake
[INFO] [stderr]                   [2]	/usr/share/cmake-4.2/Modules/FindBLAS.cmake
[INFO] [stderr]                   [1]	/usr/share/cmake-4.2/Modules/CheckFunctionExists.cmake
[INFO] [stderr]   -- Looking for sgemm_
[INFO] [stderr]      Called from: [4]	/opt/rustwide/cargo-home/registry/src/index.crates.io-1949cf8c6b5b557f/faiss-sys-0.7.0/faiss/faiss/CMakeLists.txt
[INFO] [stderr]                   [3]	/usr/share/cmake-4.2/Modules/FindBLAS.cmake
[INFO] [stderr]                   [2]	/usr/share/cmake-4.2/Modules/FindBLAS.cmake
[INFO] [stderr]                   [1]	/usr/share/cmake-4.2/Modules/CheckFunctionExists.cmake
[INFO] [stderr]   -- Looking for sgemm_ - found
[INFO] [stderr]      Called from: [4]	/opt/rustwide/cargo-home/registry/src/index.crates.io-1949cf8c6b5b557f/faiss-sys-0.7.0/faiss/faiss/CMakeLists.txt
[INFO] [stderr]                   [3]	/usr/share/cmake-4.2/Modules/FindBLAS.cmake
[INFO] [stderr]                   [2]	/usr/share/cmake-4.2/Modules/FindBLAS.cmake
[INFO] [stderr]                   [1]	/usr/share/cmake-4.2/Modules/CheckFunctionExists.cmake
[INFO] [stderr]   -- Found BLAS: /usr/lib/x86_64-linux-gnu/libopenblas.so
[INFO] [stderr]      Called from: [4]	/opt/rustwide/cargo-home/registry/src/index.crates.io-1949cf8c6b5b557f/faiss-sys-0.7.0/faiss/faiss/CMakeLists.txt
[INFO] [stderr]                   [3]	/usr/share/cmake-4.2/Modules/FindBLAS.cmake
[INFO] [stderr]                   [2]	/usr/share/cmake-4.2/Modules/FindPackageHandleStandardArgs.cmake
[INFO] [stderr]                   [1]	/usr/share/cmake-4.2/Modules/FindPackageMessage.cmake
[INFO] [stderr]   -- Looking for cheev_
[INFO] [stderr]      Called from: [4]	/opt/rustwide/cargo-home/registry/src/index.crates.io-1949cf8c6b5b557f/faiss-sys-0.7.0/faiss/faiss/CMakeLists.txt
[INFO] [stderr]                   [3]	/usr/share/cmake-4.2/Modules/FindLAPACK.cmake
[INFO] [stderr]                   [2]	/usr/share/cmake-4.2/Modules/FindLAPACK.cmake
[INFO] [stderr]                   [1]	/usr/share/cmake-4.2/Modules/CheckFunctionExists.cmake
[INFO] [stderr]   -- Looking for cheev_ - found
[INFO] [stderr]      Called from: [4]	/opt/rustwide/cargo-home/registry/src/index.crates.io-1949cf8c6b5b557f/faiss-sys-0.7.0/faiss/faiss/CMakeLists.txt
[INFO] [stderr]                   [3]	/usr/share/cmake-4.2/Modules/FindLAPACK.cmake
[INFO] [stderr]                   [2]	/usr/share/cmake-4.2/Modules/FindLAPACK.cmake
[INFO] [stderr]                   [1]	/usr/share/cmake-4.2/Modules/CheckFunctionExists.cmake
[INFO] [stderr]   -- Found LAPACK: /usr/lib/x86_64-linux-gnu/libopenblas.so;-lm;-ldl
[INFO] [stderr]      Called from: [4]	/opt/rustwide/cargo-home/registry/src/index.crates.io-1949cf8c6b5b557f/faiss-sys-0.7.0/faiss/faiss/CMakeLists.txt
[INFO] [stderr]                   [3]	/usr/share/cmake-4.2/Modules/FindLAPACK.cmake
[INFO] [stderr]                   [2]	/usr/share/cmake-4.2/Modules/FindPackageHandleStandardArgs.cmake
[INFO] [stderr]                   [1]	/usr/share/cmake-4.2/Modules/FindPackageMessage.cmake
[INFO] [stderr]   -- The C compiler identification is GNU 15.2.0
[INFO] [stderr]      Called from: [3]	/opt/rustwide/cargo-home/registry/src/index.crates.io-1949cf8c6b5b557f/faiss-sys-0.7.0/faiss/c_api/CMakeLists.txt
[INFO] [stderr]                   [2]	/usr/share/cmake-4.2/Modules/CMakeDetermineCCompiler.cmake
[INFO] [stderr]                   [1]	/usr/share/cmake-4.2/Modules/CMakeDetermineCompilerId.cmake
[INFO] [stderr]   -- Detecting C compiler ABI info
[INFO] [stderr]      Called from: [3]	/opt/rustwide/cargo-home/registry/src/index.crates.io-1949cf8c6b5b557f/faiss-sys-0.7.0/faiss/c_api/CMakeLists.txt
[INFO] [stderr]                   [2]	/usr/share/cmake-4.2/Modules/CMakeTestCCompiler.cmake
[INFO] [stderr]                   [1]	/usr/share/cmake-4.2/Modules/CMakeDetermineCompilerABI.cmake
[INFO] [stderr]   -- Detecting C compiler ABI info - done
[INFO] [stderr]      Called from: [3]	/opt/rustwide/cargo-home/registry/src/index.crates.io-1949cf8c6b5b557f/faiss-sys-0.7.0/faiss/c_api/CMakeLists.txt
[INFO] [stderr]                   [2]	/usr/share/cmake-4.2/Modules/CMakeTestCCompiler.cmake
[INFO] [stderr]                   [1]	/usr/share/cmake-4.2/Modules/CMakeDetermineCompilerABI.cmake
[INFO] [stderr]   -- Check for working C compiler: /usr/bin/cc - skipped
[INFO] [stderr]      Called from: [2]	/opt/rustwide/cargo-home/registry/src/index.crates.io-1949cf8c6b5b557f/faiss-sys-0.7.0/faiss/c_api/CMakeLists.txt
[INFO] [stderr]                   [1]	/usr/share/cmake-4.2/Modules/CMakeTestCCompiler.cmake
[INFO] [stderr]   -- Detecting C compile features
[INFO] [stderr]      Called from: [3]	/opt/rustwide/cargo-home/registry/src/index.crates.io-1949cf8c6b5b557f/faiss-sys-0.7.0/faiss/c_api/CMakeLists.txt
[INFO] [stderr]                   [2]	/usr/share/cmake-4.2/Modules/CMakeTestCCompiler.cmake
[INFO] [stderr]                   [1]	/usr/share/cmake-4.2/Modules/CMakeDetermineCompilerSupport.cmake
[INFO] [stderr]   -- Detecting C compile features - done
[INFO] [stderr]      Called from: [3]	/opt/rustwide/cargo-home/registry/src/index.crates.io-1949cf8c6b5b557f/faiss-sys-0.7.0/faiss/c_api/CMakeLists.txt
[INFO] [stderr]                   [2]	/usr/share/cmake-4.2/Modules/CMakeTestCCompiler.cmake
[INFO] [stderr]                   [1]	/usr/share/cmake-4.2/Modules/CMakeDetermineCompilerSupport.cmake
[INFO] [stderr]   -- Configuring done (11.1s)
[INFO] [stderr]   -- Generating /opt/rustwide/target/debug/build/faiss-sys/da2c8ffe92ec08e2/out/build
[INFO] [stderr]      Called from: [1]	/opt/rustwide/cargo-home/registry/src/index.crates.io-1949cf8c6b5b557f/faiss-sys-0.7.0/faiss/CMakeLists.txt
[INFO] [stderr]   -- Generating /opt/rustwide/target/debug/build/faiss-sys/da2c8ffe92ec08e2/out/build/faiss
[INFO] [stderr]      Called from: [1]	/opt/rustwide/cargo-home/registry/src/index.crates.io-1949cf8c6b5b557f/faiss-sys-0.7.0/faiss/faiss/CMakeLists.txt
[INFO] [stderr]   -- Generating /opt/rustwide/target/debug/build/faiss-sys/da2c8ffe92ec08e2/out/build/c_api
[INFO] [stderr]      Called from: [1]	/opt/rustwide/cargo-home/registry/src/index.crates.io-1949cf8c6b5b557f/faiss-sys-0.7.0/faiss/c_api/CMakeLists.txt
[INFO] [stderr]   -- Generating /opt/rustwide/target/debug/build/faiss-sys/da2c8ffe92ec08e2/out/build/demos
[INFO] [stderr]      Called from: [1]	/opt/rustwide/cargo-home/registry/src/index.crates.io-1949cf8c6b5b557f/faiss-sys-0.7.0/faiss/demos/CMakeLists.txt
[INFO] [stderr]   -- Generating /opt/rustwide/target/debug/build/faiss-sys/da2c8ffe92ec08e2/out/build/benchs
[INFO] [stderr]      Called from: [1]	/opt/rustwide/cargo-home/registry/src/index.crates.io-1949cf8c6b5b557f/faiss-sys-0.7.0/faiss/benchs/CMakeLists.txt
[INFO] [stderr]   -- Generating /opt/rustwide/target/debug/build/faiss-sys/da2c8ffe92ec08e2/out/build/tutorial/cpp
[INFO] [stderr]      Called from: [1]	/opt/rustwide/cargo-home/registry/src/index.crates.io-1949cf8c6b5b557f/faiss-sys-0.7.0/faiss/tutorial/cpp/CMakeLists.txt
[INFO] [stderr]   -- Generating done (0.7s)
[INFO] [stderr]   -- Build files have been written to: /opt/rustwide/target/debug/build/faiss-sys/da2c8ffe92ec08e2/out/build
[INFO] [stderr]   Change Dir: '/opt/rustwide/target/debug/build/faiss-sys/da2c8ffe92ec08e2/out/build'
[INFO] [stderr] 
[INFO] [stderr]   Run Build Command(s): /usr/bin/cmake -E env VERBOSE=1 /usr/bin/gmake -f Makefile install
[INFO] [stderr]   /usr/bin/cmake -S/opt/rustwide/cargo-home/registry/src/index.crates.io-1949cf8c6b5b557f/faiss-sys-0.7.0/faiss -B/opt/rustwide/target/debug/build/faiss-sys/da2c8ffe92ec08e2/out/build --check-build-system CMakeFiles/Makefile.cmake 0
[INFO] [stderr]   /usr/bin/cmake -E cmake_progress_start /opt/rustwide/target/debug/build/faiss-sys/da2c8ffe92ec08e2/out/build/CMakeFiles /opt/rustwide/target/debug/build/faiss-sys/da2c8ffe92ec08e2/out/build//CMakeFiles/progress.marks
[INFO] [stderr]   /usr/bin/gmake  -f CMakeFiles/Makefile2 all
[INFO] [stderr]   gmake[1]: Entering directory '/opt/rustwide/target/debug/build/faiss-sys/da2c8ffe92ec08e2/out/build'
[INFO] [stderr]   /usr/bin/gmake  -f faiss/CMakeFiles/faiss.dir/build.make faiss/CMakeFiles/faiss.dir/depend
[INFO] [stderr]   gmake[2]: Entering directory '/opt/rustwide/target/debug/build/faiss-sys/da2c8ffe92ec08e2/out/build'
[INFO] [stderr]   cd /opt/rustwide/target/debug/build/faiss-sys/da2c8ffe92ec08e2/out/build && /usr/bin/cmake -E cmake_depends "Unix Makefiles" /opt/rustwide/cargo-home/registry/src/index.crates.io-1949cf8c6b5b557f/faiss-sys-0.7.0/faiss /opt/rustwide/cargo-home/registry/src/index.crates.io-1949cf8c6b5b557f/faiss-sys-0.7.0/faiss/faiss /opt/rustwide/target/debug/build/faiss-sys/da2c8ffe92ec08e2/out/build /opt/rustwide/target/debug/build/faiss-sys/da2c8ffe92ec08e2/out/build/faiss /opt/rustwide/target/debug/build/faiss-sys/da2c8ffe92ec08e2/out/build/faiss/CMakeFiles/faiss.dir/DependInfo.cmake "--color=" faiss
[INFO] [stderr]   gmake[2]: Leaving directory '/opt/rustwide/target/debug/build/faiss-sys/da2c8ffe92ec08e2/out/build'
[INFO] [stderr]   /usr/bin/gmake  -f faiss/CMakeFiles/faiss.dir/build.make faiss/CMakeFiles/faiss.dir/build
[INFO] [stderr]   gmake[2]: Entering directory '/opt/rustwide/target/debug/build/faiss-sys/da2c8ffe92ec08e2/out/build'
[INFO] [stderr]   [  0%] Building CXX object faiss/CMakeFiles/faiss.dir/Clustering.cpp.o
[INFO] [stderr]   [  0%] Building CXX object faiss/CMakeFiles/faiss.dir/AutoTune.cpp.o
[INFO] [stderr]   cd /opt/rustwide/target/debug/build/faiss-sys/da2c8ffe92ec08e2/out/build/faiss && /usr/bin/c++ -DFINTEGER=int -I/opt/rustwide/cargo-home/registry/src/index.crates.io-1949cf8c6b5b557f/faiss-sys-0.7.0/faiss -ffunction-sections -fdata-sections -fPIC -m64 -w -O3 -DNDEBUG -fPIC -fopenmp -MD -MT faiss/CMakeFiles/faiss.dir/AutoTune.cpp.o -MF CMakeFiles/faiss.dir/AutoTune.cpp.o.d -o CMakeFiles/faiss.dir/AutoTune.cpp.o -c /opt/rustwide/cargo-home/registry/src/index.crates.io-1949cf8c6b5b557f/faiss-sys-0.7.0/faiss/faiss/AutoTune.cpp
[INFO] [stderr]   cd /opt/rustwide/target/debug/build/faiss-sys/da2c8ffe92ec08e2/out/build/faiss && /usr/bin/c++ -DFINTEGER=int -I/opt/rustwide/cargo-home/registry/src/index.crates.io-1949cf8c6b5b557f/faiss-sys-0.7.0/faiss -ffunction-sections -fdata-sections -fPIC -m64 -w -O3 -DNDEBUG -fPIC -fopenmp -MD -MT faiss/CMakeFiles/faiss.dir/Clustering.cpp.o -MF CMakeFiles/faiss.dir/Clustering.cpp.o.d -o CMakeFiles/faiss.dir/Clustering.cpp.o -c /opt/rustwide/cargo-home/registry/src/index.crates.io-1949cf8c6b5b557f/faiss-sys-0.7.0/faiss/faiss/Clustering.cpp
[INFO] [stderr]   [  5%] Building CXX object faiss/CMakeFiles/faiss.dir/IVFlib.cpp.o
[INFO] [stderr]   [  5%] Building CXX object faiss/CMakeFiles/faiss.dir/Index.cpp.o
[INFO] [stderr]   cd /opt/rustwide/target/debug/build/faiss-sys/da2c8ffe92ec08e2/out/build/faiss && /usr/bin/c++ -DFINTEGER=int -I/opt/rustwide/cargo-home/registry/src/index.crates.io-1949cf8c6b5b557f/faiss-sys-0.7.0/faiss -ffunction-sections -fdata-sections -fPIC -m64 -w -O3 -DNDEBUG -fPIC -fopenmp -MD -MT faiss/CMakeFiles/faiss.dir/IVFlib.cpp.o -MF CMakeFiles/faiss.dir/IVFlib.cpp.o.d -o CMakeFiles/faiss.dir/IVFlib.cpp.o -c /opt/rustwide/cargo-home/registry/src/index.crates.io-1949cf8c6b5b557f/faiss-sys-0.7.0/faiss/faiss/IVFlib.cpp
[INFO] [stderr]   cd /opt/rustwide/target/debug/build/faiss-sys/da2c8ffe92ec08e2/out/build/faiss && /usr/bin/c++ -DFINTEGER=int -I/opt/rustwide/cargo-home/registry/src/index.crates.io-1949cf8c6b5b557f/faiss-sys-0.7.0/faiss -ffunction-sections -fdata-sections -fPIC -m64 -w -O3 -DNDEBUG -fPIC -fopenmp -MD -MT faiss/CMakeFiles/faiss.dir/Index.cpp.o -MF CMakeFiles/faiss.dir/Index.cpp.o.d -o CMakeFiles/faiss.dir/Index.cpp.o -c /opt/rustwide/cargo-home/registry/src/index.crates.io-1949cf8c6b5b557f/faiss-sys-0.7.0/faiss/faiss/Index.cpp
[INFO] [stderr]   [  5%] Building CXX object faiss/CMakeFiles/faiss.dir/Index2Layer.cpp.o
[INFO] [stderr]   cd /opt/rustwide/target/debug/build/faiss-sys/da2c8ffe92ec08e2/out/build/faiss && /usr/bin/c++ -DFINTEGER=int -I/opt/rustwide/cargo-home/registry/src/index.crates.io-1949cf8c6b5b557f/faiss-sys-0.7.0/faiss -ffunction-sections -fdata-sections -fPIC -m64 -w -O3 -DNDEBUG -fPIC -fopenmp -MD -MT faiss/CMakeFiles/faiss.dir/Index2Layer.cpp.o -MF CMakeFiles/faiss.dir/Index2Layer.cpp.o.d -o CMakeFiles/faiss.dir/Index2Layer.cpp.o -c /opt/rustwide/cargo-home/registry/src/index.crates.io-1949cf8c6b5b557f/faiss-sys-0.7.0/faiss/faiss/Index2Layer.cpp
[INFO] [stderr]   [  5%] Building CXX object faiss/CMakeFiles/faiss.dir/IndexAdditiveQuantizer.cpp.o
[INFO] [stderr]   cd /opt/rustwide/target/debug/build/faiss-sys/da2c8ffe92ec08e2/out/build/faiss && /usr/bin/c++ -DFINTEGER=int -I/opt/rustwide/cargo-home/registry/src/index.crates.io-1949cf8c6b5b557f/faiss-sys-0.7.0/faiss -ffunction-sections -fdata-sections -fPIC -m64 -w -O3 -DNDEBUG -fPIC -fopenmp -MD -MT faiss/CMakeFiles/faiss.dir/IndexAdditiveQuantizer.cpp.o -MF CMakeFiles/faiss.dir/IndexAdditiveQuantizer.cpp.o.d -o CMakeFiles/faiss.dir/IndexAdditiveQuantizer.cpp.o -c /opt/rustwide/cargo-home/registry/src/index.crates.io-1949cf8c6b5b557f/faiss-sys-0.7.0/faiss/faiss/IndexAdditiveQuantizer.cpp
[INFO] [stderr]   [  5%] Building CXX object faiss/CMakeFiles/faiss.dir/IndexBinary.cpp.o
[INFO] [stderr]   cd /opt/rustwide/target/debug/build/faiss-sys/da2c8ffe92ec08e2/out/build/faiss && /usr/bin/c++ -DFINTEGER=int -I/opt/rustwide/cargo-home/registry/src/index.crates.io-1949cf8c6b5b557f/faiss-sys-0.7.0/faiss -ffunction-sections -fdata-sections -fPIC -m64 -w -O3 -DNDEBUG -fPIC -fopenmp -MD -MT faiss/CMakeFiles/faiss.dir/IndexBinary.cpp.o -MF CMakeFiles/faiss.dir/IndexBinary.cpp.o.d -o CMakeFiles/faiss.dir/IndexBinary.cpp.o -c /opt/rustwide/cargo-home/registry/src/index.crates.io-1949cf8c6b5b557f/faiss-sys-0.7.0/faiss/faiss/IndexBinary.cpp
[INFO] [stderr]   [  5%] Building CXX object faiss/CMakeFiles/faiss.dir/IndexBinaryFlat.cpp.o
[INFO] [stderr]   cd /opt/rustwide/target/debug/build/faiss-sys/da2c8ffe92ec08e2/out/build/faiss && /usr/bin/c++ -DFINTEGER=int -I/opt/rustwide/cargo-home/registry/src/index.crates.io-1949cf8c6b5b557f/faiss-sys-0.7.0/faiss -ffunction-sections -fdata-sections -fPIC -m64 -w -O3 -DNDEBUG -fPIC -fopenmp -MD -MT faiss/CMakeFiles/faiss.dir/IndexBinaryFlat.cpp.o -MF CMakeFiles/faiss.dir/IndexBinaryFlat.cpp.o.d -o CMakeFiles/faiss.dir/IndexBinaryFlat.cpp.o -c /opt/rustwide/cargo-home/registry/src/index.crates.io-1949cf8c6b5b557f/faiss-sys-0.7.0/faiss/faiss/IndexBinaryFlat.cpp
[INFO] [stderr]   [ 11%] Building CXX object faiss/CMakeFiles/faiss.dir/IndexBinaryFromFloat.cpp.o
[INFO] [stderr]   cd /opt/rustwide/target/debug/build/faiss-sys/da2c8ffe92ec08e2/out/build/faiss && /usr/bin/c++ -DFINTEGER=int -I/opt/rustwide/cargo-home/registry/src/index.crates.io-1949cf8c6b5b557f/faiss-sys-0.7.0/faiss -ffunction-sections -fdata-sections -fPIC -m64 -w -O3 -DNDEBUG -fPIC -fopenmp -MD -MT faiss/CMakeFiles/faiss.dir/IndexBinaryFromFloat.cpp.o -MF CMakeFiles/faiss.dir/IndexBinaryFromFloat.cpp.o.d -o CMakeFiles/faiss.dir/IndexBinaryFromFloat.cpp.o -c /opt/rustwide/cargo-home/registry/src/index.crates.io-1949cf8c6b5b557f/faiss-sys-0.7.0/faiss/faiss/IndexBinaryFromFloat.cpp
[INFO] [stderr]   [ 11%] Building CXX object faiss/CMakeFiles/faiss.dir/IndexBinaryHNSW.cpp.o
[INFO] [stderr]   [ 11%] Building CXX object faiss/CMakeFiles/faiss.dir/IndexBinaryHash.cpp.o
[INFO] [stderr]   [ 11%] Building CXX object faiss/CMakeFiles/faiss.dir/IndexBinaryIVF.cpp.o
[INFO] [stderr]   cd /opt/rustwide/target/debug/build/faiss-sys/da2c8ffe92ec08e2/out/build/faiss && /usr/bin/c++ -DFINTEGER=int -I/opt/rustwide/cargo-home/registry/src/index.crates.io-1949cf8c6b5b557f/faiss-sys-0.7.0/faiss -ffunction-sections -fdata-sections -fPIC -m64 -w -O3 -DNDEBUG -fPIC -fopenmp -MD -MT faiss/CMakeFiles/faiss.dir/IndexBinaryHNSW.cpp.o -MF CMakeFiles/faiss.dir/IndexBinaryHNSW.cpp.o.d -o CMakeFiles/faiss.dir/IndexBinaryHNSW.cpp.o -c /opt/rustwide/cargo-home/registry/src/index.crates.io-1949cf8c6b5b557f/faiss-sys-0.7.0/faiss/faiss/IndexBinaryHNSW.cpp
[INFO] [stderr]   cd /opt/rustwide/target/debug/build/faiss-sys/da2c8ffe92ec08e2/out/build/faiss && /usr/bin/c++ -DFINTEGER=int -I/opt/rustwide/cargo-home/registry/src/index.crates.io-1949cf8c6b5b557f/faiss-sys-0.7.0/faiss -ffunction-sections -fdata-sections -fPIC -m64 -w -O3 -DNDEBUG -fPIC -fopenmp -MD -MT faiss/CMakeFiles/faiss.dir/IndexBinaryHash.cpp.o -MF CMakeFiles/faiss.dir/IndexBinaryHash.cpp.o.d -o CMakeFiles/faiss.dir/IndexBinaryHash.cpp.o -c /opt/rustwide/cargo-home/registry/src/index.crates.io-1949cf8c6b5b557f/faiss-sys-0.7.0/faiss/faiss/IndexBinaryHash.cpp
[INFO] [stderr]   cd /opt/rustwide/target/debug/build/faiss-sys/da2c8ffe92ec08e2/out/build/faiss && /usr/bin/c++ -DFINTEGER=int -I/opt/rustwide/cargo-home/registry/src/index.crates.io-1949cf8c6b5b557f/faiss-sys-0.7.0/faiss -ffunction-sections -fdata-sections -fPIC -m64 -w -O3 -DNDEBUG -fPIC -fopenmp -MD -MT faiss/CMakeFiles/faiss.dir/IndexBinaryIVF.cpp.o -MF CMakeFiles/faiss.dir/IndexBinaryIVF.cpp.o.d -o CMakeFiles/faiss.dir/IndexBinaryIVF.cpp.o -c /opt/rustwide/cargo-home/registry/src/index.crates.io-1949cf8c6b5b557f/faiss-sys-0.7.0/faiss/faiss/IndexBinaryIVF.cpp
[INFO] [stderr]   [ 11%] Building CXX object faiss/CMakeFiles/faiss.dir/IndexFlat.cpp.o
[INFO] [stderr]   cd /opt/rustwide/target/debug/build/faiss-sys/da2c8ffe92ec08e2/out/build/faiss && /usr/bin/c++ -DFINTEGER=int -I/opt/rustwide/cargo-home/registry/src/index.crates.io-1949cf8c6b5b557f/faiss-sys-0.7.0/faiss -ffunction-sections -fdata-sections -fPIC -m64 -w -O3 -DNDEBUG -fPIC -fopenmp -MD -MT faiss/CMakeFiles/faiss.dir/IndexFlat.cpp.o -MF CMakeFiles/faiss.dir/IndexFlat.cpp.o.d -o CMakeFiles/faiss.dir/IndexFlat.cpp.o -c /opt/rustwide/cargo-home/registry/src/index.crates.io-1949cf8c6b5b557f/faiss-sys-0.7.0/faiss/faiss/IndexFlat.cpp
[INFO] [stderr]   [ 11%] Building CXX object faiss/CMakeFiles/faiss.dir/IndexFlatCodes.cpp.o
[INFO] [stderr]   [ 16%] Building CXX object faiss/CMakeFiles/faiss.dir/IndexHNSW.cpp.o
[INFO] [stderr]   cd /opt/rustwide/target/debug/build/faiss-sys/da2c8ffe92ec08e2/out/build/faiss && /usr/bin/c++ -DFINTEGER=int -I/opt/rustwide/cargo-home/registry/src/index.crates.io-1949cf8c6b5b557f/faiss-sys-0.7.0/faiss -ffunction-sections -fdata-sections -fPIC -m64 -w -O3 -DNDEBUG -fPIC -fopenmp -MD -MT faiss/CMakeFiles/faiss.dir/IndexFlatCodes.cpp.o -MF CMakeFiles/faiss.dir/IndexFlatCodes.cpp.o.d -o CMakeFiles/faiss.dir/IndexFlatCodes.cpp.o -c /opt/rustwide/cargo-home/registry/src/index.crates.io-1949cf8c6b5b557f/faiss-sys-0.7.0/faiss/faiss/IndexFlatCodes.cpp
[INFO] [stderr]   cd /opt/rustwide/target/debug/build/faiss-sys/da2c8ffe92ec08e2/out/build/faiss && /usr/bin/c++ -DFINTEGER=int -I/opt/rustwide/cargo-home/registry/src/index.crates.io-1949cf8c6b5b557f/faiss-sys-0.7.0/faiss -ffunction-sections -fdata-sections -fPIC -m64 -w -O3 -DNDEBUG -fPIC -fopenmp -MD -MT faiss/CMakeFiles/faiss.dir/IndexHNSW.cpp.o -MF CMakeFiles/faiss.dir/IndexHNSW.cpp.o.d -o CMakeFiles/faiss.dir/IndexHNSW.cpp.o -c /opt/rustwide/cargo-home/registry/src/index.crates.io-1949cf8c6b5b557f/faiss-sys-0.7.0/faiss/faiss/IndexHNSW.cpp
[INFO] [stderr]   [ 16%] Building CXX object faiss/CMakeFiles/faiss.dir/IndexIVF.cpp.o
[INFO] [stderr]   [ 16%] Building CXX object faiss/CMakeFiles/faiss.dir/IndexIDMap.cpp.o
[INFO] [stderr]   cd /opt/rustwide/target/debug/build/faiss-sys/da2c8ffe92ec08e2/out/build/faiss && /usr/bin/c++ -DFINTEGER=int -I/opt/rustwide/cargo-home/registry/src/index.crates.io-1949cf8c6b5b557f/faiss-sys-0.7.0/faiss -ffunction-sections -fdata-sections -fPIC -m64 -w -O3 -DNDEBUG -fPIC -fopenmp -MD -MT faiss/CMakeFiles/faiss.dir/IndexIVF.cpp.o -MF CMakeFiles/faiss.dir/IndexIVF.cpp.o.d -o CMakeFiles/faiss.dir/IndexIVF.cpp.o -c /opt/rustwide/cargo-home/registry/src/index.crates.io-1949cf8c6b5b557f/faiss-sys-0.7.0/faiss/faiss/IndexIVF.cpp
[INFO] [stderr]   cd /opt/rustwide/target/debug/build/faiss-sys/da2c8ffe92ec08e2/out/build/faiss && /usr/bin/c++ -DFINTEGER=int -I/opt/rustwide/cargo-home/registry/src/index.crates.io-1949cf8c6b5b557f/faiss-sys-0.7.0/faiss -ffunction-sections -fdata-sections -fPIC -m64 -w -O3 -DNDEBUG -fPIC -fopenmp -MD -MT faiss/CMakeFiles/faiss.dir/IndexIDMap.cpp.o -MF CMakeFiles/faiss.dir/IndexIDMap.cpp.o.d -o CMakeFiles/faiss.dir/IndexIDMap.cpp.o -c /opt/rustwide/cargo-home/registry/src/index.crates.io-1949cf8c6b5b557f/faiss-sys-0.7.0/faiss/faiss/IndexIDMap.cpp
[INFO] [stderr]   [ 16%] Building CXX object faiss/CMakeFiles/faiss.dir/IndexIVFAdditiveQuantizer.cpp.o
[INFO] [stderr]   cd /opt/rustwide/target/debug/build/faiss-sys/da2c8ffe92ec08e2/out/build/faiss && /usr/bin/c++ -DFINTEGER=int -I/opt/rustwide/cargo-home/registry/src/index.crates.io-1949cf8c6b5b557f/faiss-sys-0.7.0/faiss -ffunction-sections -fdata-sections -fPIC -m64 -w -O3 -DNDEBUG -fPIC -fopenmp -MD -MT faiss/CMakeFiles/faiss.dir/IndexIVFAdditiveQuantizer.cpp.o -MF CMakeFiles/faiss.dir/IndexIVFAdditiveQuantizer.cpp.o.d -o CMakeFiles/faiss.dir/IndexIVFAdditiveQuantizer.cpp.o -c /opt/rustwide/cargo-home/registry/src/index.crates.io-1949cf8c6b5b557f/faiss-sys-0.7.0/faiss/faiss/IndexIVFAdditiveQuantizer.cpp
[INFO] [stderr]   gmake[2]: Leaving directory '/opt/rustwide/target/debug/build/faiss-sys/da2c8ffe92ec08e2/out/build'
[INFO] [stderr]   gmake[1]: Leaving directory '/opt/rustwide/target/debug/build/faiss-sys/da2c8ffe92ec08e2/out/build'
[INFO] [stderr] 
[INFO] [stderr] 
[INFO] [stderr]   --- stderr
[INFO] [stderr]   running: cd "/opt/rustwide/target/debug/build/faiss-sys/da2c8ffe92ec08e2/out/build" && CMAKE_PREFIX_PATH="" LC_ALL="C" "cmake" "-Wdev" "--debug-output" "/opt/rustwide/cargo-home/registry/src/index.crates.io-1949cf8c6b5b557f/faiss-sys-0.7.0/faiss" "-B" "/opt/rustwide/target/debug/build/faiss-sys/da2c8ffe92ec08e2/out/build" "-DFAISS_ENABLE_C_API=ON" "-DBUILD_SHARED_LIBS=OFF" "-DCMAKE_BUILD_TYPE=Release" "-DFAISS_ENABLE_GPU=OFF" "-DFAISS_ENABLE_PYTHON=OFF" "-DBUILD_TESTING=OFF" "-DCMAKE_INSTALL_PREFIX=/opt/rustwide/target/debug/build/faiss-sys/da2c8ffe92ec08e2/out" "-DCMAKE_C_FLAGS= -ffunction-sections -fdata-sections -fPIC -m64 -w" "-DCMAKE_C_COMPILER=/usr/bin/cc" "-DCMAKE_CXX_FLAGS= -ffunction-sections -fdata-sections -fPIC -m64 -w" "-DCMAKE_CXX_COMPILER=/usr/bin/c++" "-DCMAKE_ASM_FLAGS= -ffunction-sections -fdata-sections -fPIC -m64 -w" "-DCMAKE_ASM_COMPILER=/usr/bin/cc" "-DCMAKE_VERBOSE_MAKEFILE:BOOL=ON"
[INFO] [stderr]      Entering             /opt/rustwide/cargo-home/registry/src/index.crates.io-1949cf8c6b5b557f/faiss-sys-0.7.0/faiss/faiss
[INFO] [stderr]      Called from: [1]	/opt/rustwide/cargo-home/registry/src/index.crates.io-1949cf8c6b5b557f/faiss-sys-0.7.0/faiss/CMakeLists.txt
[INFO] [stderr]      Returning to         /opt/rustwide/cargo-home/registry/src/index.crates.io-1949cf8c6b5b557f/faiss-sys-0.7.0/faiss
[INFO] [stderr]      Called from: [1]	/opt/rustwide/cargo-home/registry/src/index.crates.io-1949cf8c6b5b557f/faiss-sys-0.7.0/faiss/CMakeLists.txt
[INFO] [stderr]      Entering             /opt/rustwide/cargo-home/registry/src/index.crates.io-1949cf8c6b5b557f/faiss-sys-0.7.0/faiss/c_api
[INFO] [stderr]      Called from: [1]	/opt/rustwide/cargo-home/registry/src/index.crates.io-1949cf8c6b5b557f/faiss-sys-0.7.0/faiss/CMakeLists.txt
[INFO] [stderr]   CMake Warning (dev) at /usr/share/cmake-4.2/Modules/CMakeDetermineCompiler.cmake:128 (set):
[INFO] [stderr]     Policy CMP0126 is not set: set(CACHE) does not remove a normal variable of
[INFO] [stderr]     the same name.  Run "cmake --help-policy CMP0126" for policy details.  Use
[INFO] [stderr]     the cmake_policy command to set the policy and suppress this warning.
[INFO] [stderr] 
[INFO] [stderr]     For compatibility with older versions of CMake, normal variable
[INFO] [stderr]     "CMAKE_C_COMPILER" will be removed from the current scope.
[INFO] [stderr]   Call Stack (most recent call first):
[INFO] [stderr]     /usr/share/cmake-4.2/Modules/CMakeDetermineCCompiler.cmake:67 (_cmake_find_compiler_path)
[INFO] [stderr]     c_api/CMakeLists.txt:8 (project)
[INFO] [stderr]   This warning is for project developers.  Use -Wno-dev to suppress it.
[INFO] [stderr] 
[INFO] [stderr]      Called from: [3]	/opt/rustwide/cargo-home/registry/src/index.crates.io-1949cf8c6b5b557f/faiss-sys-0.7.0/faiss/c_api/CMakeLists.txt
[INFO] [stderr]                   [2]	/usr/share/cmake-4.2/Modules/CMakeDetermineCCompiler.cmake
[INFO] [stderr]                   [1]	/usr/share/cmake-4.2/Modules/CMakeDetermineCompiler.cmake
[INFO] [stderr]   CMake Warning (dev) at /usr/share/cmake-4.2/Modules/CMakeFindBinUtils.cmake:243 (find_program):
[INFO] [stderr]     Policy CMP0126 is not set: set(CACHE) does not remove a normal variable of
[INFO] [stderr]     the same name.  Run "cmake --help-policy CMP0126" for policy details.  Use
[INFO] [stderr]     the cmake_policy command to set the policy and suppress this warning.
[INFO] [stderr] 
[INFO] [stderr]     For compatibility with older versions of CMake, normal variable
[INFO] [stderr]     "CMAKE_TAPI" will be removed from the current scope.
[INFO] [stderr]   Call Stack (most recent call first):
[INFO] [stderr]     /usr/share/cmake-4.2/Modules/CMakeDetermineCCompiler.cmake:200 (include)
[INFO] [stderr]     c_api/CMakeLists.txt:8 (project)
[INFO] [stderr]   This warning is for project developers.  Use -Wno-dev to suppress it.
[INFO] [stderr] 
[INFO] [stderr]      Called from: [3]	/opt/rustwide/cargo-home/registry/src/index.crates.io-1949cf8c6b5b557f/faiss-sys-0.7.0/faiss/c_api/CMakeLists.txt
[INFO] [stderr]                   [2]	/usr/share/cmake-4.2/Modules/CMakeDetermineCCompiler.cmake
[INFO] [stderr]                   [1]	/usr/share/cmake-4.2/Modules/CMakeFindBinUtils.cmake
[INFO] [stderr]      Returning to         /opt/rustwide/cargo-home/registry/src/index.crates.io-1949cf8c6b5b557f/faiss-sys-0.7.0/faiss
[INFO] [stderr]      Called from: [1]	/opt/rustwide/cargo-home/registry/src/index.crates.io-1949cf8c6b5b557f/faiss-sys-0.7.0/faiss/CMakeLists.txt
[INFO] [stderr]      Entering             /opt/rustwide/cargo-home/registry/src/index.crates.io-1949cf8c6b5b557f/faiss-sys-0.7.0/faiss/demos
[INFO] [stderr]      Called from: [1]	/opt/rustwide/cargo-home/registry/src/index.crates.io-1949cf8c6b5b557f/faiss-sys-0.7.0/faiss/CMakeLists.txt
[INFO] [stderr]      Returning to         /opt/rustwide/cargo-home/registry/src/index.crates.io-1949cf8c6b5b557f/faiss-sys-0.7.0/faiss
[INFO] [stderr]      Called from: [1]	/opt/rustwide/cargo-home/registry/src/index.crates.io-1949cf8c6b5b557f/faiss-sys-0.7.0/faiss/CMakeLists.txt
[INFO] [stderr]      Entering             /opt/rustwide/cargo-home/registry/src/index.crates.io-1949cf8c6b5b557f/faiss-sys-0.7.0/faiss/benchs
[INFO] [stderr]      Called from: [1]	/opt/rustwide/cargo-home/registry/src/index.crates.io-1949cf8c6b5b557f/faiss-sys-0.7.0/faiss/CMakeLists.txt
[INFO] [stderr]      Returning to         /opt/rustwide/cargo-home/registry/src/index.crates.io-1949cf8c6b5b557f/faiss-sys-0.7.0/faiss
[INFO] [stderr]      Called from: [1]	/opt/rustwide/cargo-home/registry/src/index.crates.io-1949cf8c6b5b557f/faiss-sys-0.7.0/faiss/CMakeLists.txt
[INFO] [stderr]      Entering             /opt/rustwide/cargo-home/registry/src/index.crates.io-1949cf8c6b5b557f/faiss-sys-0.7.0/faiss/tutorial/cpp
[INFO] [stderr]      Called from: [1]	/opt/rustwide/cargo-home/registry/src/index.crates.io-1949cf8c6b5b557f/faiss-sys-0.7.0/faiss/CMakeLists.txt
[INFO] [stderr]      Returning to         /opt/rustwide/cargo-home/registry/src/index.crates.io-1949cf8c6b5b557f/faiss-sys-0.7.0/faiss
[INFO] [stderr]      Called from: [1]	/opt/rustwide/cargo-home/registry/src/index.crates.io-1949cf8c6b5b557f/faiss-sys-0.7.0/faiss/CMakeLists.txt
[INFO] [stderr]   CMake Warning (dev) in faiss/CMakeLists.txt:
[INFO] [stderr]     Policy CMP0200 is not set: Location and configuration selection for
[INFO] [stderr]     imported targets is more consistent.  Run "cmake --help-policy CMP0200" for
[INFO] [stderr]     policy details.  Use the cmake_policy command to set the policy and
[INFO] [stderr]     suppress this warning.
[INFO] [stderr] 
[INFO] [stderr]     Configuration selection for imported target "OpenMP::OpenMP_CXX" selected
[INFO] [stderr]     configuration "(none)", but would select configuration "RELEASE" under the
[INFO] [stderr]     NEW policy.
[INFO] [stderr] 
[INFO] [stderr]   This warning is for project developers.  Use -Wno-dev to suppress it.
[INFO] [stderr] 
[INFO] [stderr]   CMake Warning (dev) at faiss/CMakeLists.txt:252 (add_library):
[INFO] [stderr]     Policy CMP0156 is not set: De-duplicate libraries on link lines based on
[INFO] [stderr]     linker capabilities.  Run "cmake --help-policy CMP0156" for policy details.
[INFO] [stderr]     Use the cmake_policy command to set the policy and suppress this warning.
[INFO] [stderr] 
[INFO] [stderr]     Since the policy is not set, legacy libraries de-duplication strategy will
[INFO] [stderr]     be applied.
[INFO] [stderr]   This warning is for project developers.  Use -Wno-dev to suppress it.
[INFO] [stderr] 
[INFO] [stderr]      Called from: [1]	/opt/rustwide/cargo-home/registry/src/index.crates.io-1949cf8c6b5b557f/faiss-sys-0.7.0/faiss/faiss/CMakeLists.txt
[INFO] [stderr]   CMake Warning (dev) at faiss/CMakeLists.txt:254 (add_library):
[INFO] [stderr]     Policy CMP0156 is not set: De-duplicate libraries on link lines based on
[INFO] [stderr]     linker capabilities.  Run "cmake --help-policy CMP0156" for policy details.
[INFO] [stderr]     Use the cmake_policy command to set the policy and suppress this warning.
[INFO] [stderr] 
[INFO] [stderr]     Since the policy is not set, legacy libraries de-duplication strategy will
[INFO] [stderr]     be applied.
[INFO] [stderr]   This warning is for project developers.  Use -Wno-dev to suppress it.
[INFO] [stderr] 
[INFO] [stderr]      Called from: [1]	/opt/rustwide/cargo-home/registry/src/index.crates.io-1949cf8c6b5b557f/faiss-sys-0.7.0/faiss/faiss/CMakeLists.txt
[INFO] [stderr]   CMake Warning (dev) at faiss/CMakeLists.txt:270 (add_library):
[INFO] [stderr]     Policy CMP0156 is not set: De-duplicate libraries on link lines based on
[INFO] [stderr]     linker capabilities.  Run "cmake --help-policy CMP0156" for policy details.
[INFO] [stderr]     Use the cmake_policy command to set the policy and suppress this warning.
[INFO] [stderr] 
[INFO] [stderr]     Since the policy is not set, legacy libraries de-duplication strategy will
[INFO] [stderr]     be applied.
[INFO] [stderr]   This warning is for project developers.  Use -Wno-dev to suppress it.
[INFO] [stderr] 
[INFO] [stderr]      Called from: [1]	/opt/rustwide/cargo-home/registry/src/index.crates.io-1949cf8c6b5b557f/faiss-sys-0.7.0/faiss/faiss/CMakeLists.txt
[INFO] [stderr]   CMake Warning (dev) at faiss/CMakeLists.txt:284 (add_library):
[INFO] [stderr]     Policy CMP0156 is not set: De-duplicate libraries on link lines based on
[INFO] [stderr]     linker capabilities.  Run "cmake --help-policy CMP0156" for policy details.
[INFO] [stderr]     Use the cmake_policy command to set the policy and suppress this warning.
[INFO] [stderr] 
[INFO] [stderr]     Since the policy is not set, legacy libraries de-duplication strategy will
[INFO] [stderr]     be applied.
[INFO] [stderr]   This warning is for project developers.  Use -Wno-dev to suppress it.
[INFO] [stderr] 
[INFO] [stderr]      Called from: [1]	/opt/rustwide/cargo-home/registry/src/index.crates.io-1949cf8c6b5b557f/faiss-sys-0.7.0/faiss/faiss/CMakeLists.txt
[INFO] [stderr]   CMake Warning (dev) at faiss/CMakeLists.txt:298 (add_library):
[INFO] [stderr]     Policy CMP0156 is not set: De-duplicate libraries on link lines based on
[INFO] [stderr]     linker capabilities.  Run "cmake --help-policy CMP0156" for policy details.
[INFO] [stderr]     Use the cmake_policy command to set the policy and suppress this warning.
[INFO] [stderr] 
[INFO] [stderr]     Since the policy is not set, legacy libraries de-duplication strategy will
[INFO] [stderr]     be applied.
[INFO] [stderr]   This warning is for project developers.  Use -Wno-dev to suppress it.
[INFO] [stderr] 
[INFO] [stderr]      Called from: [1]	/opt/rustwide/cargo-home/registry/src/index.crates.io-1949cf8c6b5b557f/faiss-sys-0.7.0/faiss/faiss/CMakeLists.txt
[INFO] [stderr]   CMake Warning (dev) at c_api/CMakeLists.txt:38 (add_library):
[INFO] [stderr]     Policy CMP0156 is not set: De-duplicate libraries on link lines based on
[INFO] [stderr]     linker capabilities.  Run "cmake --help-policy CMP0156" for policy details.
[INFO] [stderr]     Use the cmake_policy command to set the policy and suppress this warning.
[INFO] [stderr] 
[INFO] [stderr]     Since the policy is not set, legacy libraries de-duplication strategy will
[INFO] [stderr]     be applied.
[INFO] [stderr]   This warning is for project developers.  Use -Wno-dev to suppress it.
[INFO] [stderr] 
[INFO] [stderr]      Called from: [1]	/opt/rustwide/cargo-home/registry/src/index.crates.io-1949cf8c6b5b557f/faiss-sys-0.7.0/faiss/faiss/CMakeLists.txt
[INFO] [stderr]   CMake Warning (dev) in c_api/CMakeLists.txt:
[INFO] [stderr]     Policy CMP0128 is not set: Selection of language standard and extension
[INFO] [stderr]     flags improved.  Run "cmake --help-policy CMP0128" for policy details.  Use
[INFO] [stderr]     the cmake_policy command to set the policy and suppress this warning.
[INFO] [stderr] 
[INFO] [stderr]     For compatibility with older versions of CMake, unnecessary flags for
[INFO] [stderr]     language standard or compiler extensions may be added.
[INFO] [stderr]   This warning is for project developers.  Use -Wno-dev to suppress it.
[INFO] [stderr] 
[INFO] [stderr]      Called from: [1]	/opt/rustwide/cargo-home/registry/src/index.crates.io-1949cf8c6b5b557f/faiss-sys-0.7.0/faiss/c_api/CMakeLists.txt
[INFO] [stderr]   CMake Warning (dev) in c_api/CMakeLists.txt:
[INFO] [stderr]     Policy CMP0128 is not set: Selection of language standard and extension
[INFO] [stderr]     flags improved.  Run "cmake --help-policy CMP0128" for policy details.  Use
[INFO] [stderr]     the cmake_policy command to set the policy and suppress this warning.
[INFO] [stderr] 
[INFO] [stderr]     For compatibility with older versions of CMake, unnecessary flags for
[INFO] [stderr]     language standard or compiler extensions may be added.
[INFO] [stderr]   This warning is for project developers.  Use -Wno-dev to suppress it.
[INFO] [stderr] 
[INFO] [stderr]      Called from: [1]	/opt/rustwide/cargo-home/registry/src/index.crates.io-1949cf8c6b5b557f/faiss-sys-0.7.0/faiss/c_api/CMakeLists.txt
[INFO] [stderr]   CMake Warning (dev) at c_api/CMakeLists.txt:41 (add_library):
[INFO] [stderr]     Policy CMP0156 is not set: De-duplicate libraries on link lines based on
[INFO] [stderr]     linker capabilities.  Run "cmake --help-policy CMP0156" for policy details.
[INFO] [stderr]     Use the cmake_policy command to set the policy and suppress this warning.
[INFO] [stderr] 
[INFO] [stderr]     Since the policy is not set, legacy libraries de-duplication strategy will
[INFO] [stderr]     be applied.
[INFO] [stderr]   This warning is for project developers.  Use -Wno-dev to suppress it.
[INFO] [stderr] 
[INFO] [stderr]      Called from: [1]	/opt/rustwide/cargo-home/registry/src/index.crates.io-1949cf8c6b5b557f/faiss-sys-0.7.0/faiss/c_api/CMakeLists.txt
[INFO] [stderr]   CMake Warning (dev) in c_api/CMakeLists.txt:
[INFO] [stderr]     Policy CMP0128 is not set: Selection of language standard and extension
[INFO] [stderr]     flags improved.  Run "cmake --help-policy CMP0128" for policy details.  Use
[INFO] [stderr]     the cmake_policy command to set the policy and suppress this warning.
[INFO] [stderr] 
[INFO] [stderr]     For compatibility with older versions of CMake, unnecessary flags for
[INFO] [stderr]     language standard or compiler extensions may be added.
[INFO] [stderr]   This warning is for project developers.  Use -Wno-dev to suppress it.
[INFO] [stderr] 
[INFO] [stderr]      Called from: [1]	/opt/rustwide/cargo-home/registry/src/index.crates.io-1949cf8c6b5b557f/faiss-sys-0.7.0/faiss/c_api/CMakeLists.txt
[INFO] [stderr]   CMake Warning (dev) at c_api/CMakeLists.txt:56 (add_library):
[INFO] [stderr]     Policy CMP0156 is not set: De-duplicate libraries on link lines based on
[INFO] [stderr]     linker capabilities.  Run "cmake --help-policy CMP0156" for policy details.
[INFO] [stderr]     Use the cmake_policy command to set the policy and suppress this warning.
[INFO] [stderr] 
[INFO] [stderr]     Since the policy is not set, legacy libraries de-duplication strategy will
[INFO] [stderr]     be applied.
[INFO] [stderr]   This warning is for project developers.  Use -Wno-dev to suppress it.
[INFO] [stderr] 
[INFO] [stderr]      Called from: [1]	/opt/rustwide/cargo-home/registry/src/index.crates.io-1949cf8c6b5b557f/faiss-sys-0.7.0/faiss/c_api/CMakeLists.txt
[INFO] [stderr]   CMake Warning (dev) in c_api/CMakeLists.txt:
[INFO] [stderr]     Policy CMP0128 is not set: Selection of language standard and extension
[INFO] [stderr]     flags improved.  Run "cmake --help-policy CMP0128" for policy details.  Use
[INFO] [stderr]     the cmake_policy command to set the policy and suppress this warning.
[INFO] [stderr] 
[INFO] [stderr]     For compatibility with older versions of CMake, unnecessary flags for
[INFO] [stderr]     language standard or compiler extensions may be added.
[INFO] [stderr]   This warning is for project developers.  Use -Wno-dev to suppress it.
[INFO] [stderr] 
[INFO] [stderr]      Called from: [1]	/opt/rustwide/cargo-home/registry/src/index.crates.io-1949cf8c6b5b557f/faiss-sys-0.7.0/faiss/c_api/CMakeLists.txt
[INFO] [stderr]   CMake Warning (dev) at c_api/CMakeLists.txt:69 (add_library):
[INFO] [stderr]     Policy CMP0156 is not set: De-duplicate libraries on link lines based on
[INFO] [stderr]     linker capabilities.  Run "cmake --help-policy CMP0156" for policy details.
[INFO] [stderr]     Use the cmake_policy command to set the policy and suppress this warning.
[INFO] [stderr] 
[INFO] [stderr]     Since the policy is not set, legacy libraries de-duplication strategy will
[INFO] [stderr]     be applied.
[INFO] [stderr]   This warning is for project developers.  Use -Wno-dev to suppress it.
[INFO] [stderr] 
[INFO] [stderr]      Called from: [1]	/opt/rustwide/cargo-home/registry/src/index.crates.io-1949cf8c6b5b557f/faiss-sys-0.7.0/faiss/c_api/CMakeLists.txt
[INFO] [stderr]   CMake Warning (dev) in c_api/CMakeLists.txt:
[INFO] [stderr]     Policy CMP0128 is not set: Selection of language standard and extension
[INFO] [stderr]     flags improved.  Run "cmake --help-policy CMP0128" for policy details.  Use
[INFO] [stderr]     the cmake_policy command to set the policy and suppress this warning.
[INFO] [stderr] 
[INFO] [stderr]     For compatibility with older versions of CMake, unnecessary flags for
[INFO] [stderr]     language standard or compiler extensions may be added.
[INFO] [stderr]   This warning is for project developers.  Use -Wno-dev to suppress it.
[INFO] [stderr] 
[INFO] [stderr]      Called from: [1]	/opt/rustwide/cargo-home/registry/src/index.crates.io-1949cf8c6b5b557f/faiss-sys-0.7.0/faiss/c_api/CMakeLists.txt
[INFO] [stderr]   CMake Warning (dev) at c_api/CMakeLists.txt:82 (add_library):
[INFO] [stderr]     Policy CMP0156 is not set: De-duplicate libraries on link lines based on
[INFO] [stderr]     linker capabilities.  Run "cmake --help-policy CMP0156" for policy details.
[INFO] [stderr]     Use the cmake_policy command to set the policy and suppress this warning.
[INFO] [stderr] 
[INFO] [stderr]     Since the policy is not set, legacy libraries de-duplication strategy will
[INFO] [stderr]     be applied.
[INFO] [stderr]   This warning is for project developers.  Use -Wno-dev to suppress it.
[INFO] [stderr] 
[INFO] [stderr]      Called from: [1]	/opt/rustwide/cargo-home/registry/src/index.crates.io-1949cf8c6b5b557f/faiss-sys-0.7.0/faiss/c_api/CMakeLists.txt
[INFO] [stderr]   CMake Warning (dev) at c_api/CMakeLists.txt:159 (add_executable):
[INFO] [stderr]     Policy CMP0156 is not set: De-duplicate libraries on link lines based on
[INFO] [stderr]     linker capabilities.  Run "cmake --help-policy CMP0156" for policy details.
[INFO] [stderr]     Use the cmake_policy command to set the policy and suppress this warning.
[INFO] [stderr] 
[INFO] [stderr]     Since the policy is not set, legacy libraries de-duplication strategy will
[INFO] [stderr]     be applied.
[INFO] [stderr]   This warning is for project developers.  Use -Wno-dev to suppress it.
[INFO] [stderr] 
[INFO] [stderr]      Called from: [1]	/opt/rustwide/cargo-home/registry/src/index.crates.io-1949cf8c6b5b557f/faiss-sys-0.7.0/faiss/c_api/CMakeLists.txt
[INFO] [stderr]   CMake Warning (dev) at c_api/CMakeLists.txt:159 (add_executable):
[INFO] [stderr]     Policy CMP0181 is not set: Link command-line fragment variables are parsed
[INFO] [stderr]     and re-quoted.  Run "cmake --help-policy CMP0181" for policy details.  Use
[INFO] [stderr]     the cmake_policy command to set the policy and suppress this warning.
[INFO] [stderr] 
[INFO] [stderr]     Since the policy is not set, the contents of variable
[INFO] [stderr]     'CMAKE_CXX_CREATE_CONSOLE_EXE' will be used as is.
[INFO] [stderr]   This warning is for project developers.  Use -Wno-dev to suppress it.
[INFO] [stderr] 
[INFO] [stderr]      Called from: [1]	/opt/rustwide/cargo-home/registry/src/index.crates.io-1949cf8c6b5b557f/faiss-sys-0.7.0/faiss/c_api/CMakeLists.txt
[INFO] [stderr]   CMake Warning (dev) at demos/CMakeLists.txt:6 (add_executable):
[INFO] [stderr]     Policy CMP0156 is not set: De-duplicate libraries on link lines based on
[INFO] [stderr]     linker capabilities.  Run "cmake --help-policy CMP0156" for policy details.
[INFO] [stderr]     Use the cmake_policy command to set the policy and suppress this warning.
[INFO] [stderr] 
[INFO] [stderr]     Since the policy is not set, legacy libraries de-duplication strategy will
[INFO] [stderr]     be applied.
[INFO] [stderr]   This warning is for project developers.  Use -Wno-dev to suppress it.
[INFO] [stderr] 
[INFO] [stderr]      Called from: [1]	/opt/rustwide/cargo-home/registry/src/index.crates.io-1949cf8c6b5b557f/faiss-sys-0.7.0/faiss/demos/CMakeLists.txt
[INFO] [stderr]   CMake Warning (dev) at demos/CMakeLists.txt:6 (add_executable):
[INFO] [stderr]     Policy CMP0181 is not set: Link command-line fragment variables are parsed
[INFO] [stderr]     and re-quoted.  Run "cmake --help-policy CMP0181" for policy details.  Use
[INFO] [stderr]     the cmake_policy command to set the policy and suppress this warning.
[INFO] [stderr] 
[INFO] [stderr]     Since the policy is not set, the contents of variable
[INFO] [stderr]     'CMAKE_CXX_CREATE_CONSOLE_EXE' will be used as is.
[INFO] [stderr]   This warning is for project developers.  Use -Wno-dev to suppress it.
[INFO] [stderr] 
[INFO] [stderr]      Called from: [1]	/opt/rustwide/cargo-home/registry/src/index.crates.io-1949cf8c6b5b557f/faiss-sys-0.7.0/faiss/demos/CMakeLists.txt
[INFO] [stderr]   CMake Warning (dev) at demos/CMakeLists.txt:9 (add_executable):
[INFO] [stderr]     Policy CMP0156 is not set: De-duplicate libraries on link lines based on
[INFO] [stderr]     linker capabilities.  Run "cmake --help-policy CMP0156" for policy details.
[INFO] [stderr]     Use the cmake_policy command to set the policy and suppress this warning.
[INFO] [stderr] 
[INFO] [stderr]     Since the policy is not set, legacy libraries de-duplication strategy will
[INFO] [stderr]     be applied.
[INFO] [stderr]   This warning is for project developers.  Use -Wno-dev to suppress it.
[INFO] [stderr] 
[INFO] [stderr]      Called from: [1]	/opt/rustwide/cargo-home/registry/src/index.crates.io-1949cf8c6b5b557f/faiss-sys-0.7.0/faiss/demos/CMakeLists.txt
[INFO] [stderr]   CMake Warning (dev) at demos/CMakeLists.txt:9 (add_executable):
[INFO] [stderr]     Policy CMP0181 is not set: Link command-line fragment variables are parsed
[INFO] [stderr]     and re-quoted.  Run "cmake --help-policy CMP0181" for policy details.  Use
[INFO] [stderr]     the cmake_policy command to set the policy and suppress this warning.
[INFO] [stderr] 
[INFO] [stderr]     Since the policy is not set, the contents of variable
[INFO] [stderr]     'CMAKE_CXX_CREATE_CONSOLE_EXE' will be used as is.
[INFO] [stderr]   This warning is for project developers.  Use -Wno-dev to suppress it.
[INFO] [stderr] 
[INFO] [stderr]      Called from: [1]	/opt/rustwide/cargo-home/registry/src/index.crates.io-1949cf8c6b5b557f/faiss-sys-0.7.0/faiss/demos/CMakeLists.txt
[INFO] [stderr]   CMake Warning (dev) at demos/CMakeLists.txt:12 (add_executable):
[INFO] [stderr]     Policy CMP0156 is not set: De-duplicate libraries on link lines based on
[INFO] [stderr]     linker capabilities.  Run "cmake --help-policy CMP0156" for policy details.
[INFO] [stderr]     Use the cmake_policy command to set the policy and suppress this warning.
[INFO] [stderr] 
[INFO] [stderr]     Since the policy is not set, legacy libraries de-duplication strategy will
[INFO] [stderr]     be applied.
[INFO] [stderr]   This warning is for project developers.  Use -Wno-dev to suppress it.
[INFO] [stderr] 
[INFO] [stderr]      Called from: [1]	/opt/rustwide/cargo-home/registry/src/index.crates.io-1949cf8c6b5b557f/faiss-sys-0.7.0/faiss/demos/CMakeLists.txt
[INFO] [stderr]   CMake Warning (dev) at demos/CMakeLists.txt:12 (add_executable):
[INFO] [stderr]     Policy CMP0181 is not set: Link command-line fragment variables are parsed
[INFO] [stderr]     and re-quoted.  Run "cmake --help-policy CMP0181" for policy details.  Use
[INFO] [stderr]     the cmake_policy command to set the policy and suppress this warning.
[INFO] [stderr] 
[INFO] [stderr]     Since the policy is not set, the contents of variable
[INFO] [stderr]     'CMAKE_CXX_CREATE_CONSOLE_EXE' will be used as is.
[INFO] [stderr]   This warning is for project developers.  Use -Wno-dev to suppress it.
[INFO] [stderr] 
[INFO] [stderr]      Called from: [1]	/opt/rustwide/cargo-home/registry/src/index.crates.io-1949cf8c6b5b557f/faiss-sys-0.7.0/faiss/demos/CMakeLists.txt
[INFO] [stderr]   CMake Warning (dev) at demos/CMakeLists.txt:15 (add_executable):
[INFO] [stderr]     Policy CMP0156 is not set: De-duplicate libraries on link lines based on
[INFO] [stderr]     linker capabilities.  Run "cmake --help-policy CMP0156" for policy details.
[INFO] [stderr]     Use the cmake_policy command to set the policy and suppress this warning.
[INFO] [stderr] 
[INFO] [stderr]     Since the policy is not set, legacy libraries de-duplication strategy will
[INFO] [stderr]     be applied.
[INFO] [stderr]   This warning is for project developers.  Use -Wno-dev to suppress it.
[INFO] [stderr] 
[INFO] [stderr]      Called from: [1]	/opt/rustwide/cargo-home/registry/src/index.crates.io-1949cf8c6b5b557f/faiss-sys-0.7.0/faiss/demos/CMakeLists.txt
[INFO] [stderr]   CMake Warning (dev) at demos/CMakeLists.txt:15 (add_executable):
[INFO] [stderr]     Policy CMP0181 is not set: Link command-line fragment variables are parsed
[INFO] [stderr]     and re-quoted.  Run "cmake --help-policy CMP0181" for policy details.  Use
[INFO] [stderr]     the cmake_policy command to set the policy and suppress this warning.
[INFO] [stderr] 
[INFO] [stderr]     Since the policy is not set, the contents of variable
[INFO] [stderr]     'CMAKE_CXX_CREATE_CONSOLE_EXE' will be used as is.
[INFO] [stderr]   This warning is for project developers.  Use -Wno-dev to suppress it.
[INFO] [stderr] 
[INFO] [stderr]      Called from: [1]	/opt/rustwide/cargo-home/registry/src/index.crates.io-1949cf8c6b5b557f/faiss-sys-0.7.0/faiss/demos/CMakeLists.txt
[INFO] [stderr]   CMake Warning (dev) at demos/CMakeLists.txt:18 (add_executable):
[INFO] [stderr]     Policy CMP0156 is not set: De-duplicate libraries on link lines based on
[INFO] [stderr]     linker capabilities.  Run "cmake --help-policy CMP0156" for policy details.
[INFO] [stderr]     Use the cmake_policy command to set the policy and suppress this warning.
[INFO] [stderr] 
[INFO] [stderr]     Since the policy is not set, legacy libraries de-duplication strategy will
[INFO] [stderr]     be applied.
[INFO] [stderr]   This warning is for project developers.  Use -Wno-dev to suppress it.
[INFO] [stderr] 
[INFO] [stderr]      Called from: [1]	/opt/rustwide/cargo-home/registry/src/index.crates.io-1949cf8c6b5b557f/faiss-sys-0.7.0/faiss/demos/CMakeLists.txt
[INFO] [stderr]   CMake Warning (dev) at demos/CMakeLists.txt:18 (add_executable):
[INFO] [stderr]     Policy CMP0181 is not set: Link command-line fragment variables are parsed
[INFO] [stderr]     and re-quoted.  Run "cmake --help-policy CMP0181" for policy details.  Use
[INFO] [stderr]     the cmake_policy command to set the policy and suppress this warning.
[INFO] [stderr] 
[INFO] [stderr]     Since the policy is not set, the contents of variable
[INFO] [stderr]     'CMAKE_CXX_CREATE_CONSOLE_EXE' will be used as is.
[INFO] [stderr]   This warning is for project developers.  Use -Wno-dev to suppress it.
[INFO] [stderr] 
[INFO] [stderr]      Called from: [1]	/opt/rustwide/cargo-home/registry/src/index.crates.io-1949cf8c6b5b557f/faiss-sys-0.7.0/faiss/demos/CMakeLists.txt
[INFO] [stderr]   CMake Warning (dev) at demos/CMakeLists.txt:21 (add_executable):
[INFO] [stderr]     Policy CMP0156 is not set: De-duplicate libraries on link lines based on
[INFO] [stderr]     linker capabilities.  Run "cmake --help-policy CMP0156" for policy details.
[INFO] [stderr]     Use the cmake_policy command to set the policy and suppress this warning.
[INFO] [stderr] 
[INFO] [stderr]     Since the policy is not set, legacy libraries de-duplication strategy will
[INFO] [stderr]     be applied.
[INFO] [stderr]   This warning is for project developers.  Use -Wno-dev to suppress it.
[INFO] [stderr] 
[INFO] [stderr]      Called from: [1]	/opt/rustwide/cargo-home/registry/src/index.crates.io-1949cf8c6b5b557f/faiss-sys-0.7.0/faiss/demos/CMakeLists.txt
[INFO] [stderr]   CMake Warning (dev) at demos/CMakeLists.txt:21 (add_executable):
[INFO] [stderr]     Policy CMP0181 is not set: Link command-line fragment variables are parsed
[INFO] [stderr]     and re-quoted.  Run "cmake --help-policy CMP0181" for policy details.  Use
[INFO] [stderr]     the cmake_policy command to set the policy and suppress this warning.
[INFO] [stderr] 
[INFO] [stderr]     Since the policy is not set, the contents of variable
[INFO] [stderr]     'CMAKE_CXX_CREATE_CONSOLE_EXE' will be used as is.
[INFO] [stderr]   This warning is for project developers.  Use -Wno-dev to suppress it.
[INFO] [stderr] 
[INFO] [stderr]      Called from: [1]	/opt/rustwide/cargo-home/registry/src/index.crates.io-1949cf8c6b5b557f/faiss-sys-0.7.0/faiss/demos/CMakeLists.txt
[INFO] [stderr]   CMake Warning (dev) at demos/CMakeLists.txt:24 (add_executable):
[INFO] [stderr]     Policy CMP0156 is not set: De-duplicate libraries on link lines based on
[INFO] [stderr]     linker capabilities.  Run "cmake --help-policy CMP0156" for policy details.
[INFO] [stderr]     Use the cmake_policy command to set the policy and suppress this warning.
[INFO] [stderr] 
[INFO] [stderr]     Since the policy is not set, legacy libraries de-duplication strategy will
[INFO] [stderr]     be applied.
[INFO] [stderr]   This warning is for project developers.  Use -Wno-dev to suppress it.
[INFO] [stderr] 
[INFO] [stderr]      Called from: [1]	/opt/rustwide/cargo-home/registry/src/index.crates.io-1949cf8c6b5b557f/faiss-sys-0.7.0/faiss/demos/CMakeLists.txt
[INFO] [stderr]   CMake Warning (dev) at demos/CMakeLists.txt:24 (add_executable):
[INFO] [stderr]     Policy CMP0181 is not set: Link command-line fragment variables are parsed
[INFO] [stderr]     and re-quoted.  Run "cmake --help-policy CMP0181" for policy details.  Use
[INFO] [stderr]     the cmake_policy command to set the policy and suppress this warning.
[INFO] [stderr] 
[INFO] [stderr]     Since the policy is not set, the contents of variable
[INFO] [stderr]     'CMAKE_CXX_CREATE_CONSOLE_EXE' will be used as is.
[INFO] [stderr]   This warning is for project developers.  Use -Wno-dev to suppress it.
[INFO] [stderr] 
[INFO] [stderr]      Called from: [1]	/opt/rustwide/cargo-home/registry/src/index.crates.io-1949cf8c6b5b557f/faiss-sys-0.7.0/faiss/demos/CMakeLists.txt
[INFO] [stderr]   CMake Warning (dev) at benchs/CMakeLists.txt:8 (add_executable):
[INFO] [stderr]     Policy CMP0156 is not set: De-duplicate libraries on link lines based on
[INFO] [stderr]     linker capabilities.  Run "cmake --help-policy CMP0156" for policy details.
[INFO] [stderr]     Use the cmake_policy command to set the policy and suppress this warning.
[INFO] [stderr] 
[INFO] [stderr]     Since the policy is not set, legacy libraries de-duplication strategy will
[INFO] [stderr]     be applied.
[INFO] [stderr]   This warning is for project developers.  Use -Wno-dev to suppress it.
[INFO] [stderr] 
[INFO] [stderr]      Called from: [1]	/opt/rustwide/cargo-home/registry/src/index.crates.io-1949cf8c6b5b557f/faiss-sys-0.7.0/faiss/benchs/CMakeLists.txt
[INFO] [stderr]   CMake Warning (dev) at benchs/CMakeLists.txt:8 (add_executable):
[INFO] [stderr]     Policy CMP0181 is not set: Link command-line fragment variables are parsed
[INFO] [stderr]     and re-quoted.  Run "cmake --help-policy CMP0181" for policy details.  Use
[INFO] [stderr]     the cmake_policy command to set the policy and suppress this warning.
[INFO] [stderr] 
[INFO] [stderr]     Since the policy is not set, the contents of variable
[INFO] [stderr]     'CMAKE_CXX_CREATE_CONSOLE_EXE' will be used as is.
[INFO] [stderr]   This warning is for project developers.  Use -Wno-dev to suppress it.
[INFO] [stderr] 
[INFO] [stderr]      Called from: [1]	/opt/rustwide/cargo-home/registry/src/index.crates.io-1949cf8c6b5b557f/faiss-sys-0.7.0/faiss/benchs/CMakeLists.txt
[INFO] [stderr]   CMake Warning (dev) at tutorial/cpp/CMakeLists.txt:6 (add_executable):
[INFO] [stderr]     Policy CMP0156 is not set: De-duplicate libraries on link lines based on
[INFO] [stderr]     linker capabilities.  Run "cmake --help-policy CMP0156" for policy details.
[INFO] [stderr]     Use the cmake_policy command to set the policy and suppress this warning.
[INFO] [stderr] 
[INFO] [stderr]     Since the policy is not set, legacy libraries de-duplication strategy will
[INFO] [stderr]     be applied.
[INFO] [stderr]   This warning is for project developers.  Use -Wno-dev to suppress it.
[INFO] [stderr] 
[INFO] [stderr]      Called from: [1]	/opt/rustwide/cargo-home/registry/src/index.crates.io-1949cf8c6b5b557f/faiss-sys-0.7.0/faiss/tutorial/cpp/CMakeLists.txt
[INFO] [stderr]   CMake Warning (dev) at tutorial/cpp/CMakeLists.txt:6 (add_executable):
[INFO] [stderr]     Policy CMP0181 is not set: Link command-line fragment variables are parsed
[INFO] [stderr]     and re-quoted.  Run "cmake --help-policy CMP0181" for policy details.  Use
[INFO] [stderr]     the cmake_policy command to set the policy and suppress this warning.
[INFO] [stderr] 
[INFO] [stderr]     Since the policy is not set, the contents of variable
[INFO] [stderr]     'CMAKE_CXX_CREATE_CONSOLE_EXE' will be used as is.
[INFO] [stderr]   This warning is for project developers.  Use -Wno-dev to suppress it.
[INFO] [stderr] 
[INFO] [stderr]      Called from: [1]	/opt/rustwide/cargo-home/registry/src/index.crates.io-1949cf8c6b5b557f/faiss-sys-0.7.0/faiss/tutorial/cpp/CMakeLists.txt
[INFO] [stderr]   CMake Warning (dev) at tutorial/cpp/CMakeLists.txt:9 (add_executable):
[INFO] [stderr]     Policy CMP0156 is not set: De-duplicate libraries on link lines based on
[INFO] [stderr]     linker capabilities.  Run "cmake --help-policy CMP0156" for policy details.
[INFO] [stderr]     Use the cmake_policy command to set the policy and suppress this warning.
[INFO] [stderr] 
[INFO] [stderr]     Since the policy is not set, legacy libraries de-duplication strategy will
[INFO] [stderr]     be applied.
[INFO] [stderr]   This warning is for project developers.  Use -Wno-dev to suppress it.
[INFO] [stderr] 
[INFO] [stderr]      Called from: [1]	/opt/rustwide/cargo-home/registry/src/index.crates.io-1949cf8c6b5b557f/faiss-sys-0.7.0/faiss/tutorial/cpp/CMakeLists.txt
[INFO] [stderr]   CMake Warning (dev) at tutorial/cpp/CMakeLists.txt:9 (add_executable):
[INFO] [stderr]     Policy CMP0181 is not set: Link command-line fragment variables are parsed
[INFO] [stderr]     and re-quoted.  Run "cmake --help-policy CMP0181" for policy details.  Use
[INFO] [stderr]     the cmake_policy command to set the policy and suppress this warning.
[INFO] [stderr] 
[INFO] [stderr]     Since the policy is not set, the contents of variable
[INFO] [stderr]     'CMAKE_CXX_CREATE_CONSOLE_EXE' will be used as is.
[INFO] [stderr]   This warning is for project developers.  Use -Wno-dev to suppress it.
[INFO] [stderr] 
[INFO] [stderr]      Called from: [1]	/opt/rustwide/cargo-home/registry/src/index.crates.io-1949cf8c6b5b557f/faiss-sys-0.7.0/faiss/tutorial/cpp/CMakeLists.txt
[INFO] [stderr]   CMake Warning (dev) at tutorial/cpp/CMakeLists.txt:12 (add_executable):
[INFO] [stderr]     Policy CMP0156 is not set: De-duplicate libraries on link lines based on
[INFO] [stderr]     linker capabilities.  Run "cmake --help-policy CMP0156" for policy details.
[INFO] [stderr]     Use the cmake_policy command to set the policy and suppress this warning.
[INFO] [stderr] 
[INFO] [stderr]     Since the policy is not set, legacy libraries de-duplication strategy will
[INFO] [stderr]     be applied.
[INFO] [stderr]   This warning is for project developers.  Use -Wno-dev to suppress it.
[INFO] [stderr] 
[INFO] [stderr]      Called from: [1]	/opt/rustwide/cargo-home/registry/src/index.crates.io-1949cf8c6b5b557f/faiss-sys-0.7.0/faiss/tutorial/cpp/CMakeLists.txt
[INFO] [stderr]   CMake Warning (dev) at tutorial/cpp/CMakeLists.txt:12 (add_executable):
[INFO] [stderr]     Policy CMP0181 is not set: Link command-line fragment variables are parsed
[INFO] [stderr]     and re-quoted.  Run "cmake --help-policy CMP0181" for policy details.  Use
[INFO] [stderr]     the cmake_policy command to set the policy and suppress this warning.
[INFO] [stderr] 
[INFO] [stderr]     Since the policy is not set, the contents of variable
[INFO] [stderr]     'CMAKE_CXX_CREATE_CONSOLE_EXE' will be used as is.
[INFO] [stderr]   This warning is for project developers.  Use -Wno-dev to suppress it.
[INFO] [stderr] 
[INFO] [stderr]      Called from: [1]	/opt/rustwide/cargo-home/registry/src/index.crates.io-1949cf8c6b5b557f/faiss-sys-0.7.0/faiss/tutorial/cpp/CMakeLists.txt
[INFO] [stderr]   CMake Warning (dev) at tutorial/cpp/CMakeLists.txt:15 (add_executable):
[INFO] [stderr]     Policy CMP0156 is not set: De-duplicate libraries on link lines based on
[INFO] [stderr]     linker capabilities.  Run "cmake --help-policy CMP0156" for policy details.
[INFO] [stderr]     Use the cmake_policy command to set the policy and suppress this warning.
[INFO] [stderr] 
[INFO] [stderr]     Since the policy is not set, legacy libraries de-duplication strategy will
[INFO] [stderr]     be applied.
[INFO] [stderr]   This warning is for project developers.  Use -Wno-dev to suppress it.
[INFO] [stderr] 
[INFO] [stderr]      Called from: [1]	/opt/rustwide/cargo-home/registry/src/index.crates.io-1949cf8c6b5b557f/faiss-sys-0.7.0/faiss/tutorial/cpp/CMakeLists.txt
[INFO] [stderr]   CMake Warning (dev) at tutorial/cpp/CMakeLists.txt:15 (add_executable):
[INFO] [stderr]     Policy CMP0181 is not set: Link command-line fragment variables are parsed
[INFO] [stderr]     and re-quoted.  Run "cmake --help-policy CMP0181" for policy details.  Use
[INFO] [stderr]     the cmake_policy command to set the policy and suppress this warning.
[INFO] [stderr] 
[INFO] [stderr]     Since the policy is not set, the contents of variable
[INFO] [stderr]     'CMAKE_CXX_CREATE_CONSOLE_EXE' will be used as is.
[INFO] [stderr]   This warning is for project developers.  Use -Wno-dev to suppress it.
[INFO] [stderr] 
[INFO] [stderr]      Called from: [1]	/opt/rustwide/cargo-home/registry/src/index.crates.io-1949cf8c6b5b557f/faiss-sys-0.7.0/faiss/tutorial/cpp/CMakeLists.txt
[INFO] [stderr]   CMake Warning (dev) at tutorial/cpp/CMakeLists.txt:18 (add_executable):
[INFO] [stderr]     Policy CMP0156 is not set: De-duplicate libraries on link lines based on
[INFO] [stderr]     linker capabilities.  Run "cmake --help-policy CMP0156" for policy details.
[INFO] [stderr]     Use the cmake_policy command to set the policy and suppress this warning.
[INFO] [stderr] 
[INFO] [stderr]     Since the policy is not set, legacy libraries de-duplication strategy will
[INFO] [stderr]     be applied.
[INFO] [stderr]   This warning is for project developers.  Use -Wno-dev to suppress it.
[INFO] [stderr] 
[INFO] [stderr]      Called from: [1]	/opt/rustwide/cargo-home/registry/src/index.crates.io-1949cf8c6b5b557f/faiss-sys-0.7.0/faiss/tutorial/cpp/CMakeLists.txt
[INFO] [stderr]   CMake Warning (dev) at tutorial/cpp/CMakeLists.txt:18 (add_executable):
[INFO] [stderr]     Policy CMP0181 is not set: Link command-line fragment variables are parsed
[INFO] [stderr]     and re-quoted.  Run "cmake --help-policy CMP0181" for policy details.  Use
[INFO] [stderr]     the cmake_policy command to set the policy and suppress this warning.
[INFO] [stderr] 
[INFO] [stderr]     Since the policy is not set, the contents of variable
[INFO] [stderr]     'CMAKE_CXX_CREATE_CONSOLE_EXE' will be used as is.
[INFO] [stderr]   This warning is for project developers.  Use -Wno-dev to suppress it.
[INFO] [stderr] 
[INFO] [stderr]      Called from: [1]	/opt/rustwide/cargo-home/registry/src/index.crates.io-1949cf8c6b5b557f/faiss-sys-0.7.0/faiss/tutorial/cpp/CMakeLists.txt
[INFO] [stderr]   CMake Warning (dev) at tutorial/cpp/CMakeLists.txt:21 (add_executable):
[INFO] [stderr]     Policy CMP0156 is not set: De-duplicate libraries on link lines based on
[INFO] [stderr]     linker capabilities.  Run "cmake --help-policy CMP0156" for policy details.
[INFO] [stderr]     Use the cmake_policy command to set the policy and suppress this warning.
[INFO] [stderr] 
[INFO] [stderr]     Since the policy is not set, legacy libraries de-duplication strategy will
[INFO] [stderr]     be applied.
[INFO] [stderr]   This warning is for project developers.  Use -Wno-dev to suppress it.
[INFO] [stderr] 
[INFO] [stderr]      Called from: [1]	/opt/rustwide/cargo-home/registry/src/index.crates.io-1949cf8c6b5b557f/faiss-sys-0.7.0/faiss/tutorial/cpp/CMakeLists.txt
[INFO] [stderr]   CMake Warning (dev) at tutorial/cpp/CMakeLists.txt:21 (add_executable):
[INFO] [stderr]     Policy CMP0181 is not set: Link command-line fragment variables are parsed
[INFO] [stderr]     and re-quoted.  Run "cmake --help-policy CMP0181" for policy details.  Use
[INFO] [stderr]     the cmake_policy command to set the policy and suppress this warning.
[INFO] [stderr] 
[INFO] [stderr]     Since the policy is not set, the contents of variable
[INFO] [stderr]     'CMAKE_CXX_CREATE_CONSOLE_EXE' will be used as is.
[INFO] [stderr]   This warning is for project developers.  Use -Wno-dev to suppress it.
[INFO] [stderr] 
[INFO] [stderr]      Called from: [1]	/opt/rustwide/cargo-home/registry/src/index.crates.io-1949cf8c6b5b557f/faiss-sys-0.7.0/faiss/tutorial/cpp/CMakeLists.txt
[INFO] [stderr]   CMake Warning (dev) at tutorial/cpp/CMakeLists.txt:24 (add_executable):
[INFO] [stderr]     Policy CMP0156 is not set: De-duplicate libraries on link lines based on
[INFO] [stderr]     linker capabilities.  Run "cmake --help-policy CMP0156" for policy details.
[INFO] [stderr]     Use the cmake_policy command to set the policy and suppress this warning.
[INFO] [stderr] 
[INFO] [stderr]     Since the policy is not set, legacy libraries de-duplication strategy will
[INFO] [stderr]     be applied.
[INFO] [stderr]   This warning is for project developers.  Use -Wno-dev to suppress it.
[INFO] [stderr] 
[INFO] [stderr]      Called from: [1]	/opt/rustwide/cargo-home/registry/src/index.crates.io-1949cf8c6b5b557f/faiss-sys-0.7.0/faiss/tutorial/cpp/CMakeLists.txt
[INFO] [stderr]   CMake Warning (dev) at tutorial/cpp/CMakeLists.txt:24 (add_executable):
[INFO] [stderr]     Policy CMP0181 is not set: Link command-line fragment variables are parsed
[INFO] [stderr]     and re-quoted.  Run "cmake --help-policy CMP0181" for policy details.  Use
[INFO] [stderr]     the cmake_policy command to set the policy and suppress this warning.
[INFO] [stderr] 
[INFO] [stderr]     Since the policy is not set, the contents of variable
[INFO] [stderr]     'CMAKE_CXX_CREATE_CONSOLE_EXE' will be used as is.
[INFO] [stderr]   This warning is for project developers.  Use -Wno-dev to suppress it.
[INFO] [stderr] 
[INFO] [stderr]      Called from: [1]	/opt/rustwide/cargo-home/registry/src/index.crates.io-1949cf8c6b5b557f/faiss-sys-0.7.0/faiss/tutorial/cpp/CMakeLists.txt
[INFO] [stderr]   CMake Warning (dev) at tutorial/cpp/CMakeLists.txt:27 (add_executable):
[INFO] [stderr]     Policy CMP0156 is not set: De-duplicate libraries on link lines based on
[INFO] [stderr]     linker capabilities.  Run "cmake --help-policy CMP0156" for policy details.
[INFO] [stderr]     Use the cmake_policy command to set the policy and suppress this warning.
[INFO] [stderr] 
[INFO] [stderr]     Since the policy is not set, legacy libraries de-duplication strategy will
[INFO] [stderr]     be applied.
[INFO] [stderr]   This warning is for project developers.  Use -Wno-dev to suppress it.
[INFO] [stderr] 
[INFO] [stderr]      Called from: [1]	/opt/rustwide/cargo-home/registry/src/index.crates.io-1949cf8c6b5b557f/faiss-sys-0.7.0/faiss/tutorial/cpp/CMakeLists.txt
[INFO] [stderr]   CMake Warning (dev) at tutorial/cpp/CMakeLists.txt:27 (add_executable):
[INFO] [stderr]     Policy CMP0181 is not set: Link command-line fragment variables are parsed
[INFO] [stderr]     and re-quoted.  Run "cmake --help-policy CMP0181" for policy details.  Use
[INFO] [stderr]     the cmake_policy command to set the policy and suppress this warning.
[INFO] [stderr] 
[INFO] [stderr]     Since the policy is not set, the contents of variable
[INFO] [stderr]     'CMAKE_CXX_CREATE_CONSOLE_EXE' will be used as is.
[INFO] [stderr]   This warning is for project developers.  Use -Wno-dev to suppress it.
[INFO] [stderr] 
[INFO] [stderr]      Called from: [1]	/opt/rustwide/cargo-home/registry/src/index.crates.io-1949cf8c6b5b557f/faiss-sys-0.7.0/faiss/tutorial/cpp/CMakeLists.txt
[INFO] [stderr]   CMake Warning (dev) at tutorial/cpp/CMakeLists.txt:30 (add_executable):
[INFO] [stderr]     Policy CMP0156 is not set: De-duplicate libraries on link lines based on
[INFO] [stderr]     linker capabilities.  Run "cmake --help-policy CMP0156" for policy details.
[INFO] [stderr]     Use the cmake_policy command to set the policy and suppress this warning.
[INFO] [stderr] 
[INFO] [stderr]     Since the policy is not set, legacy libraries de-duplication strategy will
[INFO] [stderr]     be applied.
[INFO] [stderr]   This warning is for project developers.  Use -Wno-dev to suppress it.
[INFO] [stderr] 
[INFO] [stderr]      Called from: [1]	/opt/rustwide/cargo-home/registry/src/index.crates.io-1949cf8c6b5b557f/faiss-sys-0.7.0/faiss/tutorial/cpp/CMakeLists.txt
[INFO] [stderr]   CMake Warning (dev) at tutorial/cpp/CMakeLists.txt:30 (add_executable):
[INFO] [stderr]     Policy CMP0181 is not set: Link command-line fragment variables are parsed
[INFO] [stderr]     and re-quoted.  Run "cmake --help-policy CMP0181" for policy details.  Use
[INFO] [stderr]     the cmake_policy command to set the policy and suppress this warning.
[INFO] [stderr] 
[INFO] [stderr]     Since the policy is not set, the contents of variable
[INFO] [stderr]     'CMAKE_CXX_CREATE_CONSOLE_EXE' will be used as is.
[INFO] [stderr]   This warning is for project developers.  Use -Wno-dev to suppress it.
[INFO] [stderr] 
[INFO] [stderr]      Called from: [1]	/opt/rustwide/cargo-home/registry/src/index.crates.io-1949cf8c6b5b557f/faiss-sys-0.7.0/faiss/tutorial/cpp/CMakeLists.txt
[INFO] [stderr]   CMake Warning:
[INFO] [stderr]     Manually-specified variables were not used by the project:
[INFO] [stderr] 
[INFO] [stderr]       CMAKE_ASM_COMPILER
[INFO] [stderr]       CMAKE_ASM_FLAGS
[INFO] [stderr] 
[INFO] [stderr] 
[INFO] [stderr]   running: cd "/opt/rustwide/target/debug/build/faiss-sys/da2c8ffe92ec08e2/out/build" && LC_ALL="C" MAKEFLAGS="-j --jobserver-fds=4,5 --jobserver-auth=4,5" "cmake" "--build" "/opt/rustwide/target/debug/build/faiss-sys/da2c8ffe92ec08e2/out/build" "--target" "install" "--config" "Debug"
[INFO] [stderr]   c++: fatal error: Killed signal terminated program cc1plus
[INFO] [stderr]   compilation terminated.
[INFO] [stderr]   gmake[2]: *** [faiss/CMakeFiles/faiss.dir/build.make:82: faiss/CMakeFiles/faiss.dir/AutoTune.cpp.o] Error 1
[INFO] [stderr]   gmake[2]: *** Waiting for unfinished jobs....
[INFO] [stderr]   c++: fatal error: Killed signal terminated program cc1plus
[INFO] [stderr]   compilation terminated.
[INFO] [stderr]   gmake[2]: *** [faiss/CMakeFiles/faiss.dir/build.make:236: faiss/CMakeFiles/faiss.dir/IndexBinaryIVF.cpp.o] Error 1
[INFO] [stderr]   c++: fatal error: Killed signal terminated program cc1plus
[INFO] [stderr]   compilation terminated.
[INFO] [stderr]   gmake[2]: *** [faiss/CMakeFiles/faiss.dir/build.make:152: faiss/CMakeFiles/faiss.dir/IndexAdditiveQuantizer.cpp.o] Error 1
[INFO] [stderr]   c++: fatal error: Killed signal terminated program cc1plus
[INFO] [stderr]   compilation terminated.
[INFO] [stderr]   gmake[2]: *** [faiss/CMakeFiles/faiss.dir/build.make:110: faiss/CMakeFiles/faiss.dir/IVFlib.cpp.o] Error 1
[INFO] [stderr]   gmake[1]: *** [CMakeFiles/Makefile2:224: faiss/CMakeFiles/faiss.dir/all] Error 2
[INFO] [stderr]   gmake: *** [Makefile:139: all] Error 2
[INFO] [stderr] 
[INFO] [stderr]   thread 'main' (1165) panicked at /opt/rustwide/cargo-home/registry/src/index.crates.io-1949cf8c6b5b557f/cmake-0.1.58/src/lib.rs:1132:5:
[INFO] [stderr] 
[INFO] [stderr]   command did not execute successfully, got: exit status: 2
[INFO] [stderr] 
[INFO] [stderr]   build script failed, must exit now
[INFO] [stderr]   stack backtrace:
[INFO] [stderr]      0:     0x631003f01ef1 - std[617be2ca0a6fd877]::backtrace_rs::backtrace::libunwind::trace
[INFO] [stderr]                                  at /rustc/e3feeb59cd1bdd011a2bfcc0747b55125d9b8527/library/std/src/../../backtrace/src/backtrace/libunwind.rs:117:9
[INFO] [stderr]      1:     0x631003f01ef1 - std[617be2ca0a6fd877]::backtrace_rs::backtrace::trace_unsynchronized::<std[617be2ca0a6fd877]::sys::backtrace::_print_fmt::{closure#1}>
[INFO] [stderr]                                  at /rustc/e3feeb59cd1bdd011a2bfcc0747b55125d9b8527/library/std/src/../../backtrace/src/backtrace/mod.rs:66:14
[INFO] [stderr]      2:     0x631003f01ef1 - std[617be2ca0a6fd877]::sys::backtrace::_print_fmt
[INFO] [stderr]                                  at /rustc/e3feeb59cd1bdd011a2bfcc0747b55125d9b8527/library/std/src/sys/backtrace.rs:74:9
[INFO] [stderr]      3:     0x631003f01ef1 - <<std[617be2ca0a6fd877]::sys::backtrace::BacktraceLock>::print::DisplayBacktrace as core[a373ad73a504971]::fmt::Display>::fmt
[INFO] [stderr]                                  at /rustc/e3feeb59cd1bdd011a2bfcc0747b55125d9b8527/library/std/src/sys/backtrace.rs:44:26
[INFO] [stderr]      4:     0x631003f15e8a - <core[a373ad73a504971]::fmt::rt::Argument>::fmt
[INFO] [stderr]                                  at /rustc/e3feeb59cd1bdd011a2bfcc0747b55125d9b8527/library/core/src/fmt/rt.rs:152:76
[INFO] [stderr]      5:     0x631003f15e8a - core[a373ad73a504971]::fmt::write
[INFO] [stderr]      6:     0x631003f076dc - core[a373ad73a504971]::io::write::default_write_fmt::<std[617be2ca0a6fd877]::sys::stdio::unix::Stderr>
[INFO] [stderr]                                  at /rustc/e3feeb59cd1bdd011a2bfcc0747b55125d9b8527/library/core/src/io/write.rs:402:11
[INFO] [stderr]      7:     0x631003f076dc - <std[617be2ca0a6fd877]::sys::stdio::unix::Stderr as core[a373ad73a504971]::io::write::Write>::write_fmt
[INFO] [stderr]                                  at /rustc/e3feeb59cd1bdd011a2bfcc0747b55125d9b8527/library/core/src/io/write.rs:335:13
[INFO] [stderr]      8:     0x631003ee1466 - <std[617be2ca0a6fd877]::sys::backtrace::BacktraceLock>::print
[INFO] [stderr]                                  at /rustc/e3feeb59cd1bdd011a2bfcc0747b55125d9b8527/library/std/src/sys/backtrace.rs:47:9
[INFO] [stderr]      9:     0x631003ee1466 - std[617be2ca0a6fd877]::panicking::default_hook::{closure#0}
[INFO] [stderr]                                  at /rustc/e3feeb59cd1bdd011a2bfcc0747b55125d9b8527/library/std/src/panicking.rs:289:27
[INFO] [stderr]     10:     0x631003efcc11 - std[617be2ca0a6fd877]::panicking::default_hook
[INFO] [stderr]                                  at /rustc/e3feeb59cd1bdd011a2bfcc0747b55125d9b8527/library/std/src/panicking.rs:316:9
[INFO] [stderr]     11:     0x631003efcdcb - std[617be2ca0a6fd877]::panicking::panic_with_hook
[INFO] [stderr]                                  at /rustc/e3feeb59cd1bdd011a2bfcc0747b55125d9b8527/library/std/src/panicking.rs:811:13
[INFO] [stderr]     12:     0x631003ee1512 - std[617be2ca0a6fd877]::panicking::panic_handler::{closure#0}
[INFO] [stderr]                                  at /rustc/e3feeb59cd1bdd011a2bfcc0747b55125d9b8527/library/std/src/panicking.rs:685:13
[INFO] [stderr]     13:     0x631003eda189 - std[617be2ca0a6fd877]::sys::backtrace::__rust_end_short_backtrace::<std[617be2ca0a6fd877]::panicking::panic_handler::{closure#0}, !>
[INFO] [stderr]                                  at /rustc/e3feeb59cd1bdd011a2bfcc0747b55125d9b8527/library/std/src/sys/backtrace.rs:182:18
[INFO] [stderr]     14:     0x631003ee1cfd - __rustc[ea4f61d10b84890b]::rust_begin_unwind
[INFO] [stderr]                                  at /rustc/e3feeb59cd1bdd011a2bfcc0747b55125d9b8527/library/std/src/panicking.rs:676:5
[INFO] [stderr]     15:     0x631003f1667c - core[a373ad73a504971]::panicking::panic_fmt
[INFO] [stderr]                                  at /rustc/e3feeb59cd1bdd011a2bfcc0747b55125d9b8527/library/core/src/panicking.rs:80:14
[INFO] [stderr]     16:     0x631003e6b727 - cmake[1f2652580e0ba6a3]::fail
[INFO] [stderr]     17:     0x631003e6b3b3 - cmake[1f2652580e0ba6a3]::run
[INFO] [stderr]     18:     0x631003e713a5 - <cmake[1f2652580e0ba6a3]::Config>::build
[INFO] [stderr]     19:     0x631003e5d149 - build_script_build[57ed018942c11795]::static_link_faiss
[INFO] [stderr]     20:     0x631003e5d566 - build_script_build[57ed018942c11795]::main
[INFO] [stderr]     21:     0x631003e5e0d3 - <fn() as core[a373ad73a504971]::ops::function::FnOnce<()>>::call_once
[INFO] [stderr]     22:     0x631003e5cf56 - std[617be2ca0a6fd877]::sys::backtrace::__rust_begin_short_backtrace::<fn(), ()>
[INFO] [stderr]     23:     0x631003e5cf69 - std[617be2ca0a6fd877]::rt::lang_start::<()>::{closure#0}
[INFO] [stderr]     24:     0x631003efbf18 - <&dyn core[a373ad73a504971]::ops::function::Fn<(), Output = i32> + core[a373ad73a504971]::marker::Sync + core[a373ad73a504971]::panic::unwind_safe::RefUnwindSafe as core[a373ad73a504971]::ops::function::FnOnce<()>>::call_once
[INFO] [stderr]                                  at /rustc/e3feeb59cd1bdd011a2bfcc0747b55125d9b8527/library/core/src/ops/function.rs:287:21
[INFO] [stderr]     25:     0x631003efbf18 - std[617be2ca0a6fd877]::panicking::catch_unwind::do_call::<&dyn core[a373ad73a504971]::ops::function::Fn<(), Output = i32> + core[a373ad73a504971]::marker::Sync + core[a373ad73a504971]::panic::unwind_safe::RefUnwindSafe, i32>
[INFO] [stderr]                                  at /rustc/e3feeb59cd1bdd011a2bfcc0747b55125d9b8527/library/std/src/panicking.rs:573:43
[INFO] [stderr]     26:     0x631003efbf18 - std[617be2ca0a6fd877]::panicking::catch_unwind::<i32, &dyn core[a373ad73a504971]::ops::function::Fn<(), Output = i32> + core[a373ad73a504971]::marker::Sync + core[a373ad73a504971]::panic::unwind_safe::RefUnwindSafe>
[INFO] [stderr]                                  at /rustc/e3feeb59cd1bdd011a2bfcc0747b55125d9b8527/library/std/src/panicking.rs:541:19
[INFO] [stderr]     27:     0x631003efbf18 - std[617be2ca0a6fd877]::panic::catch_unwind::<&dyn core[a373ad73a504971]::ops::function::Fn<(), Output = i32> + core[a373ad73a504971]::marker::Sync + core[a373ad73a504971]::panic::unwind_safe::RefUnwindSafe, i32>
[INFO] [stderr]                                  at /rustc/e3feeb59cd1bdd011a2bfcc0747b55125d9b8527/library/std/src/panic.rs:359:14
[INFO] [stderr]     28:     0x631003efbf18 - std[617be2ca0a6fd877]::rt::lang_start_internal::{closure#0}
[INFO] [stderr]                                  at /rustc/e3feeb59cd1bdd011a2bfcc0747b55125d9b8527/library/std/src/rt.rs:175:24
[INFO] [stderr]     29:     0x631003efbf18 - std[617be2ca0a6fd877]::panicking::catch_unwind::do_call::<std[617be2ca0a6fd877]::rt::lang_start_internal::{closure#0}, isize>
[INFO] [stderr]                                  at /rustc/e3feeb59cd1bdd011a2bfcc0747b55125d9b8527/library/std/src/panicking.rs:573:43
[INFO] [stderr]     30:     0x631003efbf18 - std[617be2ca0a6fd877]::panicking::catch_unwind::<isize, std[617be2ca0a6fd877]::rt::lang_start_internal::{closure#0}>
[INFO] [stderr]                                  at /rustc/e3feeb59cd1bdd011a2bfcc0747b55125d9b8527/library/std/src/panicking.rs:541:19
[INFO] [stderr]     31:     0x631003efbf18 - std[617be2ca0a6fd877]::panic::catch_unwind::<std[617be2ca0a6fd877]::rt::lang_start_internal::{closure#0}, isize>
[INFO] [stderr]                                  at /rustc/e3feeb59cd1bdd011a2bfcc0747b55125d9b8527/library/std/src/panic.rs:359:14
[INFO] [stderr]     32:     0x631003efbf18 - std[617be2ca0a6fd877]::rt::lang_start_internal
[INFO] [stderr]                                  at /rustc/e3feeb59cd1bdd011a2bfcc0747b55125d9b8527/library/std/src/rt.rs:171:5
[INFO] [stderr]     33:     0x631003e5cae1 - std[617be2ca0a6fd877]::rt::lang_start::<()>
[INFO] [stderr]     34:     0x631003e5e145 - main
[INFO] [stderr]     35:     0x7362c3704601 - <unknown>
[INFO] [stderr]     36:     0x7362c3704718 - __libc_start_main
[INFO] [stderr]     37:     0x631003e5bed5 - _start
[INFO] [stderr]     38:                0x0 - <unknown>
[INFO] running `Command { std: "docker" "inspect" "4ea30700c5153a903e9f9a99588299d70f75fa98847edb664551b4a984e09c2e", kill_on_drop: false }`
[INFO] running `Command { std: "docker" "rm" "-f" "4ea30700c5153a903e9f9a99588299d70f75fa98847edb664551b4a984e09c2e", kill_on_drop: false }`
[INFO] [stdout] 4ea30700c5153a903e9f9a99588299d70f75fa98847edb664551b4a984e09c2e
