[INFO] fetching crate sp1-verifier 6.8.1...
[INFO] testing sp1-verifier-6.8.1 against 1.100.0-beta.1 for beta-1.100-2
[INFO] extracting crate sp1-verifier 6.8.1 into /workspace/builds/worker-4-tc2/source
[INFO] started tweaking crates.io crate sp1-verifier 6.8.1
[INFO] finished tweaking crates.io crate sp1-verifier 6.8.1
[INFO] tweaked toml for crates.io crate sp1-verifier 6.8.1 written to /workspace/builds/worker-4-tc2/source/Cargo.toml
[INFO] validating manifest of crates.io crate sp1-verifier 6.8.1 on toolchain 1.100.0-beta.1
[INFO] running `Command { std: CARGO_HOME="/workspace/cargo-home" RUSTUP_HOME="/workspace/rustup-home" "/workspace/cargo-home/bin/cargo" "+1.100.0-beta.1" "metadata" "--manifest-path" "Cargo.toml" "--no-deps", kill_on_drop: false }`
[INFO] crate crates.io crate sp1-verifier 6.8.1 already has a lockfile, it will not be regenerated
[INFO] running `Command { std: CARGO_HOME="/workspace/cargo-home" RUSTUP_HOME="/workspace/rustup-home" "/workspace/cargo-home/bin/cargo" "+1.100.0-beta.1" "fetch" "--manifest-path" "Cargo.toml", kill_on_drop: false }`
[INFO] running `Command { std: "docker" "create" "-v" "/var/lib/crater-agent-workspace/builds/worker-4-tc2/source:/opt/rustwide/workdir:ro,Z" "-v" "/var/lib/crater-agent-workspace/builds/worker-4-tc2/target:/opt/rustwide/target:rw,Z" "-v" "/var/lib/crater-agent-workspace/cargo-home:/opt/rustwide/cargo-home:ro,Z" "-v" "/var/lib/crater-agent-workspace/rustup-home:/opt/rustwide/rustup-home:ro,Z" "-m" "1610612736" "--network" "none" "ghcr.io/rust-lang/crates-build-env/linux@sha256:3111399a4047eeb3a02b7a90e478d715f38a8c6669b5c4b49d30a17385265909" "sleep" "infinity", kill_on_drop: false }`
[INFO] [stdout] df7265502d62fcbbc2260a20e6beb3951b9e467c4e7cf2657785f585ae46f768
[INFO] running `Command { std: "docker" "start" "df7265502d62fcbbc2260a20e6beb3951b9e467c4e7cf2657785f585ae46f768", kill_on_drop: false }`
[INFO] running `Command { std: "docker" "inspect" "df7265502d62fcbbc2260a20e6beb3951b9e467c4e7cf2657785f585ae46f768", kill_on_drop: false }`
[INFO] running `Command { std: "docker" "exec" "-e" "SOURCE_DIR=/opt/rustwide/workdir" "-e" "CARGO_HOME=/opt/rustwide/cargo-home" "-e" "RUSTUP_HOME=/opt/rustwide/rustup-home" "-e" "CARGO_TARGET_DIR=/opt/rustwide/target" "-w" "/opt/rustwide/workdir" "--user" "0:0" "df7265502d62fcbbc2260a20e6beb3951b9e467c4e7cf2657785f585ae46f768" "/opt/rustwide/cargo-home/bin/cargo" "+1.100.0-beta.1" "metadata" "--no-deps" "--format-version=1", kill_on_drop: false }`
[INFO] running `Command { std: "docker" "inspect" "df7265502d62fcbbc2260a20e6beb3951b9e467c4e7cf2657785f585ae46f768", kill_on_drop: false }`
[INFO] running `Command { std: "docker" "exec" "-e" "SOURCE_DIR=/opt/rustwide/workdir" "-e" "CARGO_HOME=/opt/rustwide/cargo-home" "-e" "RUSTUP_HOME=/opt/rustwide/rustup-home" "-e" "CARGO_TARGET_DIR=/opt/rustwide/target" "-e" "CARGO_INCREMENTAL=0" "-e" "RUST_BACKTRACE=full" "-e" "RUSTFLAGS=--cap-lints=warn" "-e" "RUSTDOCFLAGS=--cap-lints=warn" "-w" "/opt/rustwide/workdir" "--user" "0:0" "df7265502d62fcbbc2260a20e6beb3951b9e467c4e7cf2657785f585ae46f768" "/opt/rustwide/cargo-home/bin/cargo" "+1.100.0-beta.1" "build" "--frozen" "--message-format=json", kill_on_drop: false }`
[INFO] [stderr]    Compiling proc-macro2 v1.0.106
[INFO] [stderr]    Compiling quote v1.0.45
[INFO] [stderr]    Compiling serde_core v1.0.228
[INFO] [stderr]    Compiling serde v1.0.228
[INFO] [stderr]    Compiling libc v0.2.186
[INFO] [stderr]    Compiling zerocopy v0.8.48
[INFO] [stderr]    Compiling either v1.15.0
[INFO] [stderr]    Compiling num-integer v0.1.46
[INFO] [stderr]    Compiling rayon-core v1.13.0
[INFO] [stderr]    Compiling itertools v0.12.1
[INFO] [stderr]    Compiling itertools v0.14.0
[INFO] [stderr]    Compiling num-bigint v0.4.6
[INFO] [stderr]    Compiling syn v2.0.117
[INFO] [stderr]    Compiling rayon v1.12.0
[INFO] [stderr]    Compiling getrandom v0.2.17
[INFO] [stderr]    Compiling rand_core v0.6.4
[INFO] [stderr]    Compiling gcd v2.3.0
[INFO] [stderr]    Compiling spin v0.9.8
[INFO] [stderr]    Compiling num-bigint v0.3.3
[INFO] [stderr]    Compiling lazy_static v1.5.0
[INFO] [stderr]    Compiling syn v1.0.109
[INFO] [stderr]    Compiling radium v0.7.0
[INFO] [stderr]    Compiling memchr v2.8.0
[INFO] [stderr]    Compiling tap v1.0.1
[INFO] [stderr]    Compiling wyz v0.5.1
[INFO] [stderr]    Compiling regex-syntax v0.8.10
[INFO] [stderr]    Compiling byteorder v1.5.0
[INFO] [stderr]    Compiling futures-core v0.3.32
[INFO] [stderr]    Compiling futures-sink v0.3.32
[INFO] [stderr]    Compiling funty v2.0.0
[INFO] [stderr]    Compiling futures-channel v0.3.32
[INFO] [stderr]    Compiling transpose v0.2.3
[INFO] [stderr]    Compiling p3-koala-bear v0.4.3-succinct
[INFO] [stderr]    Compiling p3-baby-bear v0.4.3-succinct
[INFO] [stderr]    Compiling subtle v2.6.1
[INFO] [stderr]    Compiling addchain v0.2.1
[INFO] [stderr]    Compiling bitvec v1.0.1
[INFO] [stderr]    Compiling p3-maybe-rayon v0.4.3-succinct
[INFO] [stderr]    Compiling futures-task v0.3.32
[INFO] [stderr]    Compiling log v0.4.29
[INFO] [stderr]    Compiling futures-io v0.3.32
[INFO] [stderr]    Compiling sharded-slab v0.1.7
[INFO] [stderr]    Compiling thread_local v1.1.9
[INFO] [stderr]    Compiling nu-ansi-term v0.50.3
[INFO] [stderr]    Compiling tracing-log v0.2.0
[INFO] [stderr]    Compiling regex-automata v0.4.14
[INFO] [stderr]    Compiling crossbeam-channel v0.5.15
[INFO] [stderr]    Compiling crossbeam-queue v0.3.12
[INFO] [stderr]    Compiling ansi_term v0.12.1
[INFO] [stderr]    Compiling generic-array v0.14.9
[INFO] [stderr]    Compiling crossbeam v0.8.4
[INFO] [stderr]    Compiling ppv-lite86 v0.2.21
[INFO] [stderr]    Compiling num_cpus v1.17.0
[INFO] [stderr]    Compiling tokio v1.52.1
[INFO] [stderr]    Compiling rand_chacha v0.3.1
[INFO] [stderr]    Compiling slop-primitives v6.8.1
[INFO] [stderr]    Compiling typenum v1.20.0
[INFO] [stderr]    Compiling rand v0.8.6
[INFO] [stderr]    Compiling cc v1.2.61
[INFO] [stderr]    Compiling ahash v0.8.12
[INFO] [stderr]    Compiling ff_derive v0.13.1
[INFO] [stderr]    Compiling heck v0.5.0
[INFO] [stderr]    Compiling matchers v0.2.0
[INFO] [stderr]    Compiling cpufeatures v0.3.0
[INFO] [stderr]    Compiling allocator-api2 v0.2.21
[INFO] [stderr]    Compiling constant_time_eq v0.4.2
[INFO] [stderr]    Compiling block-buffer v0.10.4
[INFO] [stderr]    Compiling crypto-common v0.1.6
[INFO] [stderr]    Compiling digest v0.10.7
[INFO] [stderr]    Compiling elf v0.7.4
[INFO] [stderr]    Compiling sha2 v0.10.9
[INFO] [stderr]    Compiling range-set-blaze v0.1.16
[INFO] [stderr]    Compiling object v0.37.3
[INFO] [stderr]    Compiling serde_derive v1.0.228
[INFO] [stderr]    Compiling tracing-attributes v0.1.31
[INFO] [stderr]    Compiling thiserror-impl v1.0.69
[INFO] [stderr]    Compiling derive-where v1.6.1
[INFO] [stderr]    Compiling futures-macro v0.3.32
[INFO] [stderr]    Compiling futures-util v0.3.32
[INFO] [stderr]    Compiling ff v0.13.1
[INFO] [stderr]    Compiling tracing v0.1.44
[INFO] [stderr]    Compiling pin-project-internal v1.1.11
[INFO] [stderr]    Compiling thiserror v1.0.69
[INFO] [stderr]    Compiling blake3 v1.8.5
[INFO] [stderr]    Compiling struct-reflection-derive v0.1.0
[INFO] [stderr]    Compiling strum_macros v0.27.2
[INFO] [stderr]    Compiling deepsize_derive2 v0.1.0
[INFO] [stderr]    Compiling struct-reflection v0.1.0
[INFO] [stderr]    Compiling sp1-derive v6.8.1
[INFO] [stderr]    Compiling rayon-scan v0.1.1
[INFO] [stderr]    Compiling rustc-demangle v0.1.27
[INFO] [stderr]    Compiling pin-project v1.1.11
[INFO] [stderr]    Compiling thousands v0.2.0
[INFO] [stderr]    Compiling gen_ops v0.4.0
[INFO] [stderr]    Compiling bytemuck_derive v1.10.2
[INFO] [stderr]    Compiling slop-maybe-rayon v6.8.1
[INFO] [stderr]    Compiling thiserror v2.0.18
[INFO] [stderr]    Compiling thiserror-impl v2.0.18
[INFO] [stderr]    Compiling rustc-hex v2.1.0
[INFO] [stderr]    Compiling strum v0.27.2
[INFO] [stderr]    Compiling bytemuck v1.25.0
[INFO] [stderr]    Compiling substrate-bn-succinct-rs v0.6.0
[INFO] [stderr]    Compiling p3-util v0.4.3-succinct
[INFO] [stderr]    Compiling smallvec v1.15.1
[INFO] [stderr]    Compiling hashbrown v0.14.5
[INFO] [stderr]    Compiling bincode v1.3.3
[INFO] [stderr]    Compiling p3-field v0.4.3-succinct
[INFO] [stderr]    Compiling tracing-subscriber v0.3.23
[INFO] [stderr]    Compiling futures-executor v0.3.32
[INFO] [stderr]    Compiling futures v0.3.32
[INFO] [stderr]    Compiling slop-futures v6.8.1
[INFO] [stderr]    Compiling p3-matrix v0.4.3-succinct
[INFO] [stderr]    Compiling p3-symmetric v0.4.3-succinct
[INFO] [stderr]    Compiling slop-algebra v6.8.1
[INFO] [stderr]    Compiling p3-challenger v0.4.3-succinct
[INFO] [stderr]    Compiling slop-symmetric v6.8.1
[INFO] [stderr]    Compiling p3-dft v0.4.3-succinct
[INFO] [stderr]    Compiling slop-matrix v6.8.1
[INFO] [stderr]    Compiling slop-alloc v6.8.1
[INFO] [stderr]    Compiling p3-interpolation v0.4.3-succinct
[INFO] [stderr]    Compiling p3-air v0.4.3-succinct
[INFO] [stderr]    Compiling deepsize2 v0.1.0
[INFO] [stderr]    Compiling backtrace v0.3.76
[INFO] [stderr]    Compiling p3-mds v0.4.3-succinct
[INFO] [stderr]    Compiling slop-air v6.8.1
[INFO] [stderr]    Compiling slop-tensor v6.8.1
[INFO] [stderr]    Compiling p3-commit v0.4.3-succinct
[INFO] [stderr]    Compiling slop-challenger v6.8.1
[INFO] [stderr]    Compiling slop-commit v6.8.1
[INFO] [stderr]    Compiling p3-merkle-tree v0.4.3-succinct
[INFO] [stderr]    Compiling p3-fri v0.4.3-succinct
[INFO] [stderr]    Compiling p3-uni-stark v0.4.3-succinct
[INFO] [stderr]    Compiling p3-poseidon2 v0.4.3-succinct
[INFO] [stderr]    Compiling slop-poseidon2 v6.8.1
[INFO] [stderr]    Compiling p3-bn254-fr v0.4.3-succinct
[INFO] [stderr]    Compiling slop-multilinear v6.8.1
[INFO] [stderr]    Compiling slop-koala-bear v6.8.1
[INFO] [stderr]    Compiling slop-baby-bear v6.8.1
[INFO] [stderr]    Compiling slop-fri v6.8.1
[INFO] [stderr]    Compiling slop-dft v6.8.1
[INFO] [stderr]    Compiling slop-uni-stark v6.8.1
[INFO] [stderr]    Compiling slop-sumcheck v6.8.1
[INFO] [stderr]    Compiling tracing-forest v0.1.6
[INFO] [stderr]    Compiling slop-utils v6.8.1
[INFO] [stderr]    Compiling slop-bn254 v6.8.1
[INFO] [stderr]    Compiling slop-merkle-tree v6.8.1
[INFO] [stderr]    Compiling sp1-primitives v6.8.1
[INFO] [stderr]    Compiling slop-basefold v6.8.1
[INFO] [stderr]    Compiling slop-basefold-prover v6.8.1
[INFO] [stderr]    Compiling slop-stacked v6.8.1
[INFO] [stderr]    Compiling slop-jagged v6.8.1
[INFO] [stderr]    Compiling slop-whir v6.8.1
[INFO] [stderr]    Compiling sp1-hypercube v6.8.1
[INFO] [stderr]    Compiling sp1-recursion-executor v6.8.1
[INFO] [stderr]    Compiling sp1-recursion-machine v6.8.1
[INFO] [stderr]    Compiling sp1-verifier v6.8.1 (/opt/rustwide/workdir)
[INFO] [stderr]     Finished `dev` profile [unoptimized + debuginfo] target(s) in 2m 11s
[INFO] running `Command { std: "docker" "inspect" "df7265502d62fcbbc2260a20e6beb3951b9e467c4e7cf2657785f585ae46f768", kill_on_drop: false }`
[INFO] running `Command { std: "docker" "exec" "-e" "SOURCE_DIR=/opt/rustwide/workdir" "-e" "CARGO_HOME=/opt/rustwide/cargo-home" "-e" "RUSTUP_HOME=/opt/rustwide/rustup-home" "-e" "CARGO_TARGET_DIR=/opt/rustwide/target" "-e" "CARGO_INCREMENTAL=0" "-e" "RUST_BACKTRACE=full" "-e" "RUSTFLAGS=--cap-lints=warn" "-e" "RUSTDOCFLAGS=--cap-lints=warn" "-w" "/opt/rustwide/workdir" "--user" "0:0" "df7265502d62fcbbc2260a20e6beb3951b9e467c4e7cf2657785f585ae46f768" "/opt/rustwide/cargo-home/bin/cargo" "+1.100.0-beta.1" "test" "--frozen" "--no-run" "--message-format=json", kill_on_drop: false }`
[INFO] [stderr]    Compiling syn v2.0.117
[INFO] [stderr]    Compiling winnow v1.0.2
[INFO] [stderr]    Compiling hashbrown v0.17.0
[INFO] [stderr]    Compiling aho-corasick v1.1.4
[INFO] [stderr]    Compiling parking_lot_core v0.9.12
[INFO] [stderr]    Compiling toml_datetime v1.1.1+spec-1.1.0
[INFO] [stderr]    Compiling regex-syntax v0.8.10
[INFO] [stderr]    Compiling rstest_macros v0.25.0
[INFO] [stderr]    Compiling sdd v3.0.10
[INFO] [stderr]    Compiling relative-path v1.9.3
[INFO] [stderr]    Compiling futures-timer v3.0.3
[INFO] [stderr]    Compiling scc v2.4.0
[INFO] [stderr]    Compiling indexmap v2.14.0
[INFO] [stderr]    Compiling toml_parser v1.1.2+spec-1.1.0
[INFO] [stderr]    Compiling toml_edit v0.25.11+spec-1.1.0
[INFO] [stderr]    Compiling regex-automata v0.4.14
[INFO] [stderr]    Compiling proc-macro-crate v3.5.0
[INFO] [stderr]    Compiling serde_derive v1.0.228
[INFO] [stderr]    Compiling tracing-attributes v0.1.31
[INFO] [stderr]    Compiling thiserror-impl v1.0.69
[INFO] [stderr]    Compiling futures-macro v0.3.32
[INFO] [stderr]    Compiling derive-where v1.6.1
[INFO] [stderr]    Compiling tokio-macros v2.7.0
[INFO] [stderr]    Compiling pin-project-internal v1.1.11
[INFO] [stderr]    Compiling futures-util v0.3.32
[INFO] [stderr]    Compiling tokio v1.52.1
[INFO] [stderr]    Compiling pin-project v1.1.11
[INFO] [stderr]    Compiling struct-reflection-derive v0.1.0
[INFO] [stderr]    Compiling thiserror v1.0.69
[INFO] [stderr]    Compiling tracing v0.1.44
[INFO] [stderr]    Compiling deepsize_derive2 v0.1.0
[INFO] [stderr]    Compiling strum_macros v0.27.2
[INFO] [stderr]    Compiling struct-reflection v0.1.0
[INFO] [stderr]    Compiling bytemuck_derive v1.10.2
[INFO] [stderr]    Compiling regex v1.12.3
[INFO] [stderr]    Compiling thiserror-impl v2.0.18
[INFO] [stderr]    Compiling serial_test_derive v3.4.0
[INFO] [stderr]    Compiling bytemuck v1.25.0
[INFO] [stderr]    Compiling substrate-bn-succinct-rs v0.6.0
[INFO] [stderr]    Compiling thiserror v2.0.18
[INFO] [stderr]    Compiling serde v1.0.228
[INFO] [stderr]    Compiling strum v0.27.2
[INFO] [stderr]    Compiling p3-util v0.4.3-succinct
[INFO] [stderr]    Compiling smallvec v1.15.1
[INFO] [stderr]    Compiling bincode v1.3.3
[INFO] [stderr]    Compiling hashbrown v0.14.5
[INFO] [stderr]    Compiling futures-executor v0.3.32
[INFO] [stderr]    Compiling p3-field v0.4.3-succinct
[INFO] [stderr]    Compiling tracing-subscriber v0.3.23
[INFO] [stderr]    Compiling futures v0.3.32
[INFO] [stderr]    Compiling backtrace v0.3.76
[INFO] [stderr]    Compiling slop-futures v6.8.1
[INFO] [stderr]    Compiling p3-matrix v0.4.3-succinct
[INFO] [stderr]    Compiling p3-symmetric v0.4.3-succinct
[INFO] [stderr]    Compiling slop-algebra v6.8.1
[INFO] [stderr]    Compiling p3-challenger v0.4.3-succinct
[INFO] [stderr]    Compiling slop-symmetric v6.8.1
[INFO] [stderr]    Compiling slop-alloc v6.8.1
[INFO] [stderr]    Compiling deepsize2 v0.1.0
[INFO] [stderr]    Compiling p3-dft v0.4.3-succinct
[INFO] [stderr]    Compiling slop-matrix v6.8.1
[INFO] [stderr]    Compiling p3-interpolation v0.4.3-succinct
[INFO] [stderr]    Compiling p3-air v0.4.3-succinct
[INFO] [stderr]    Compiling parking_lot v0.12.5
[INFO] [stderr]    Compiling p3-mds v0.4.3-succinct
[INFO] [stderr]    Compiling slop-tensor v6.8.1
[INFO] [stderr]    Compiling slop-air v6.8.1
[INFO] [stderr]    Compiling p3-commit v0.4.3-succinct
[INFO] [stderr]    Compiling slop-challenger v6.8.1
[INFO] [stderr]    Compiling slop-dft v6.8.1
[INFO] [stderr]    Compiling serial_test v3.4.0
[INFO] [stderr]    Compiling p3-poseidon2 v0.4.3-succinct
[INFO] [stderr]    Compiling slop-commit v6.8.1
[INFO] [stderr]    Compiling p3-merkle-tree v0.4.3-succinct
[INFO] [stderr]    Compiling p3-fri v0.4.3-succinct
[INFO] [stderr]    Compiling slop-multilinear v6.8.1
[INFO] [stderr]    Compiling slop-poseidon2 v6.8.1
[INFO] [stderr]    Compiling p3-bn254-fr v0.4.3-succinct
[INFO] [stderr]    Compiling p3-koala-bear v0.4.3-succinct
[INFO] [stderr]    Compiling p3-baby-bear v0.4.3-succinct
[INFO] [stderr]    Compiling slop-koala-bear v6.8.1
[INFO] [stderr]    Compiling slop-baby-bear v6.8.1
[INFO] [stderr]    Compiling slop-fri v6.8.1
[INFO] [stderr]    Compiling slop-sumcheck v6.8.1
[INFO] [stderr]    Compiling p3-uni-stark v0.4.3-succinct
[INFO] [stderr]    Compiling tracing-forest v0.1.6
[INFO] [stderr]    Compiling slop-utils v6.8.1
[INFO] [stderr]    Compiling rstest v0.25.0
[INFO] [stderr]    Compiling slop-uni-stark v6.8.1
[INFO] [stderr]    Compiling slop-bn254 v6.8.1
[INFO] [stderr]    Compiling slop-merkle-tree v6.8.1
[INFO] [stderr]    Compiling sp1-primitives v6.8.1
[INFO] [stderr]    Compiling slop-basefold v6.8.1
[INFO] [stderr]    Compiling slop-basefold-prover v6.8.1
[INFO] [stderr]    Compiling slop-stacked v6.8.1
[INFO] [stderr]    Compiling slop-jagged v6.8.1
[INFO] [stderr]    Compiling slop-whir v6.8.1
[INFO] [stderr]    Compiling sp1-hypercube v6.8.1
[INFO] [stderr]    Compiling sp1-recursion-executor v6.8.1
[INFO] [stderr]    Compiling sp1-recursion-machine v6.8.1
[INFO] [stderr]    Compiling sp1-verifier v6.8.1 (/opt/rustwide/workdir)
[INFO] [stdout] error: couldn't read `src/../../prover/wrap_vk.bin`: No such file or directory (os error 2)
[INFO] [stdout]    --> src/tests.rs:284:20
[INFO] [stdout]     |
[INFO] [stdout] 284 |     let vk_bytes = include_bytes!("../../prover/wrap_vk.bin");
[INFO] [stdout]     |                    ^^^^^^^^^^^^^^^^^^^^^^^^^^^^^^^^^^^^^^^^^^
[INFO] [stdout] 
[INFO] [stdout] 
[INFO] [stdout] error: couldn't read `src/../../prover/wrapped_proof.bin`: No such file or directory (os error 2)
[INFO] [stdout]    --> src/tests.rs:285:23
[INFO] [stdout]     |
[INFO] [stdout] 285 |     let proof_bytes = include_bytes!("../../prover/wrapped_proof.bin");
[INFO] [stdout]     |                       ^^^^^^^^^^^^^^^^^^^^^^^^^^^^^^^^^^^^^^^^^^^^^^^^
[INFO] [stdout] 
[INFO] [stdout] 
[INFO] [stdout] error[E0433]: cannot find module or crate `sp1_sdk` in this scope
[INFO] [stdout]  --> src/tests.rs:7:5
[INFO] [stdout]   |
[INFO] [stdout] 7 | use sp1_sdk::{
[INFO] [stdout]   |     ^^^^^^^ use of unresolved module or unlinked crate `sp1_sdk`
[INFO] [stdout]   |
[INFO] [stdout]   = help: if you wanted to use a crate named `sp1_sdk`, use `cargo add sp1_sdk` to add it to your `Cargo.toml`
[INFO] [stdout] 
[INFO] [stdout] 
[INFO] [stdout] error[E0432]: unresolved import `sp1_sdk`
[INFO] [stdout]  --> src/tests.rs:7:5
[INFO] [stdout]   |
[INFO] [stdout] 7 | use sp1_sdk::{
[INFO] [stdout]   |     ^^^^^^^ use of unresolved module or unlinked crate `sp1_sdk`
[INFO] [stdout]   |
[INFO] [stdout]   = help: if you wanted to use a crate named `sp1_sdk`, use `cargo add sp1_sdk` to add it to your `Cargo.toml`
[INFO] [stdout] 
[INFO] [stdout] 
[INFO] [stdout] error[E0432]: unresolved import `test_artifacts`
[INFO] [stdout]   --> src/tests.rs:11:5
[INFO] [stdout]    |
[INFO] [stdout] 11 | use test_artifacts::{
[INFO] [stdout]    |     ^^^^^^^^^^^^^^ use of unresolved module or unlinked crate `test_artifacts`
[INFO] [stdout]    |
[INFO] [stdout]    = help: if you wanted to use a crate named `test_artifacts`, use `cargo add test_artifacts` to add it to your `Cargo.toml`
[INFO] [stdout] 
[INFO] [stdout] 
[INFO] [stdout] Some errors have detailed explanations: E0432, E0433.
[INFO] [stdout] 
[INFO] [stdout] For more information about an error, try `rustc --explain E0432`.
[INFO] [stdout] 
[INFO] [stderr] error: could not compile `sp1-verifier` (lib test) due to 5 previous errors
[INFO] running `Command { std: "docker" "inspect" "df7265502d62fcbbc2260a20e6beb3951b9e467c4e7cf2657785f585ae46f768", kill_on_drop: false }`
[INFO] running `Command { std: "docker" "rm" "-f" "df7265502d62fcbbc2260a20e6beb3951b9e467c4e7cf2657785f585ae46f768", kill_on_drop: false }`
[INFO] [stdout] df7265502d62fcbbc2260a20e6beb3951b9e467c4e7cf2657785f585ae46f768
