[INFO] fetching crate sp1-verifier-legacy 6.0.2...
[INFO] testing sp1-verifier-legacy-6.0.2 against 1.99.0-beta.8 for beta-1.100-2
[INFO] extracting crate sp1-verifier-legacy 6.0.2 into /workspace/builds/worker-2-tc1/source
[INFO] started tweaking crates.io crate sp1-verifier-legacy 6.0.2
[INFO] finished tweaking crates.io crate sp1-verifier-legacy 6.0.2
[INFO] tweaked toml for crates.io crate sp1-verifier-legacy 6.0.2 written to /workspace/builds/worker-2-tc1/source/Cargo.toml
[INFO] validating manifest of crates.io crate sp1-verifier-legacy 6.0.2 on toolchain 1.99.0-beta.8
[INFO] running `Command { std: CARGO_HOME="/workspace/cargo-home" RUSTUP_HOME="/workspace/rustup-home" "/workspace/cargo-home/bin/cargo" "+1.99.0-beta.8" "metadata" "--manifest-path" "Cargo.toml" "--no-deps", kill_on_drop: false }`
[INFO] crate crates.io crate sp1-verifier-legacy 6.0.2 already has a lockfile, it will not be regenerated
[INFO] running `Command { std: CARGO_HOME="/workspace/cargo-home" RUSTUP_HOME="/workspace/rustup-home" "/workspace/cargo-home/bin/cargo" "+1.99.0-beta.8" "fetch" "--manifest-path" "Cargo.toml", kill_on_drop: false }`
[INFO] [stderr]     Blocking waiting for file lock on package cache
[INFO] [stderr]     Updating crates.io index
[INFO] [stderr]     Blocking waiting for file lock on package cache
[INFO] [stderr]  Downloading crates ...
[INFO] [stderr]   Downloaded fnv v1.0.7
[INFO] [stderr]   Downloaded ark-ec v0.5.0
[INFO] [stderr]   Downloaded rustc-hex v2.1.0
[INFO] [stderr]   Downloaded merlin v3.0.0
[INFO] [stderr]   Downloaded block-buffer v0.10.4
[INFO] [stderr]   Downloaded strum v0.27.2
[INFO] [stderr]   Downloaded memuse v0.2.2
[INFO] [stderr]   Downloaded crypto-common v0.1.6
[INFO] [stderr]   Downloaded funty v2.0.0
[INFO] [stderr]   Downloaded static_assertions v1.1.0
[INFO] [stderr]   Downloaded group v0.12.1
[INFO] [stderr]   Downloaded crossbeam-deque v0.8.6
[INFO] [stderr]   Downloaded arrayref v0.3.9
[INFO] [stderr]   Downloaded rand_chacha v0.3.1
[INFO] [stderr]   Downloaded pairing v0.22.0
[INFO] [stderr]   Downloaded zeroize_derive v1.4.3
[INFO] [stderr]   Downloaded rustc_version v0.4.1
[INFO] [stderr]   Downloaded slop-sumcheck v6.1.0
[INFO] [stderr]   Downloaded slop-uni-stark v6.1.0
[INFO] [stderr]   Downloaded proc-macro2 v1.0.106
[INFO] [stderr]   Downloaded ark-poly v0.5.0
[INFO] [stderr]   Downloaded itertools v0.10.5
[INFO] [stderr]   Downloaded slop-basefold v6.1.0
[INFO] [stderr]   Downloaded addchain v0.2.0
[INFO] [stderr]   Downloaded ff v0.12.1
[INFO] [stderr]   Downloaded halo2 v0.1.0-beta.2
[INFO] [stderr]   Downloaded slop-jagged v6.1.0
[INFO] [stderr]   Downloaded ark-crypto-primitives-macros v0.5.0
[INFO] [stderr]   Downloaded radium v0.7.0
[INFO] [stderr]   Downloaded hex v0.4.3
[INFO] [stderr]   Downloaded serial_test v3.3.1
[INFO] [stderr]   Downloaded ark-snark v0.5.1
[INFO] [stderr]   Downloaded cfg-if v1.0.4
[INFO] [stderr]   Downloaded heck v0.5.0
[INFO] [stderr]   Downloaded cpufeatures v0.2.17
[INFO] [stderr]   Downloaded ark-serialize v0.4.2
[INFO] [stderr]   Downloaded slop-poseidon2 v6.1.0
[INFO] [stderr]   Downloaded slop-maybe-rayon v6.1.0
[INFO] [stderr]   Downloaded subtle v2.6.1
[INFO] [stderr]   Downloaded lazy_static v1.5.0
[INFO] [stderr]   Downloaded version_check v0.9.5
[INFO] [stderr]   Downloaded ff_derive v0.13.1
[INFO] [stderr]   Downloaded toml_datetime v0.7.5+spec-1.1.0
[INFO] [stderr]   Downloaded ark-groth16 v0.5.0
[INFO] [stderr]   Downloaded ark-bn254 v0.5.0
[INFO] [stderr]   Downloaded backtrace v0.3.76
[INFO] [stderr]   Downloaded crunchy v0.2.4
[INFO] [stderr]   Downloaded tap v1.0.1
[INFO] [stderr]   Downloaded once_cell v1.21.3
[INFO] [stderr]   Downloaded sp1-recursion-executor v6.1.0
[INFO] [stderr]   Downloaded p3-symmetric v0.3.2-succinct
[INFO] [stderr]   Downloaded p3-uni-stark v0.3.2-succinct
[INFO] [stderr]   Downloaded p3-air v0.3.2-succinct
[INFO] [stderr]   Downloaded rayon-scan v0.1.1
[INFO] [stderr]   Downloaded gen_ops v0.4.0
[INFO] [stderr]   Downloaded sdd v3.0.10
[INFO] [stderr]   Downloaded keccak v0.1.5
[INFO] [stderr]   Downloaded gcd v2.3.0
[INFO] [stderr]   Downloaded futures-io v0.3.31
[INFO] [stderr]   Downloaded equivalent v1.0.2
[INFO] [stderr]   Downloaded ark-serialize v0.5.0
[INFO] [stderr]   Downloaded enum-ordinalize v4.3.2
[INFO] [stderr]   Downloaded byteorder v1.5.0
[INFO] [stderr]   Downloaded digest v0.10.7
[INFO] [stderr]   Downloaded arrayvec v0.7.6
[INFO] [stderr]   Downloaded deepsize_derive2 v0.1.0
[INFO] [stderr]   Downloaded windows-targets v0.48.5
[INFO] [stderr]   Downloaded ark-serialize-derive v0.5.0
[INFO] [stderr]   Downloaded autocfg v1.5.0
[INFO] [stderr]   Downloaded num-integer v0.1.46
[INFO] [stderr]   Downloaded bytemuck_derive v1.10.2
[INFO] [stderr]   Downloaded sha2 v0.10.9
[INFO] [stderr]   Downloaded group v0.13.0
[INFO] [stderr]   Downloaded wyz v0.5.1
[INFO] [stderr]   Downloaded either v1.15.0
[INFO] [stderr]   Downloaded semver v1.0.27
[INFO] [stderr]   Downloaded paste v1.0.15
[INFO] [stderr]   Downloaded p3-interpolation v0.3.2-succinct
[INFO] [stderr]   Downloaded quote v1.0.44
[INFO] [stderr]   Downloaded pin-project-lite v0.2.16
[INFO] [stderr]   Downloaded thiserror-impl v2.0.18
[INFO] [stderr]   Downloaded rand_core v0.6.4
[INFO] [stderr]   Downloaded wasi v0.11.1+wasi-snapshot-preview1
[INFO] [stderr]   Downloaded ppv-lite86 v0.2.21
[INFO] [stderr]   Downloaded generic-array v0.14.9
[INFO] [stderr]   Downloaded blake2b_simd v1.0.4
[INFO] [stderr]   Downloaded constant_time_eq v0.4.2
[INFO] [stderr]   Downloaded jubjub v0.9.0
[INFO] [stderr]   Downloaded crossbeam-utils v0.8.21
[INFO] [stderr]   Downloaded ark-std v0.4.0
[INFO] [stderr]   Downloaded zeroize v1.8.2
[INFO] [stderr]   Downloaded thiserror v2.0.18
[INFO] [stderr]   Downloaded p3-poseidon2 v0.3.2-succinct
[INFO] [stderr]   Downloaded adler2 v2.0.1
[INFO] [stderr]   Downloaded getrandom v0.2.17
[INFO] [stderr]   Downloaded pasta_curves v0.5.1
[INFO] [stderr]   Downloaded ff v0.13.1
[INFO] [stderr]   Downloaded blake2 v0.10.6
[INFO] [stderr]   Downloaded derivative v2.2.0
[INFO] [stderr]   Downloaded slop-algebra v6.1.0
[INFO] [stderr]   Downloaded p3-mds v0.3.2-succinct
[INFO] [stderr]   Downloaded tracing-log v0.2.0
[INFO] [stderr]   Downloaded slop-tensor v6.1.0
[INFO] [stderr]   Downloaded tokio-macros v2.6.0
[INFO] [stderr]   Downloaded crossbeam-epoch v0.9.18
[INFO] [stderr]   Downloaded thiserror v1.0.69
[INFO] [stderr]   Downloaded parking_lot v0.12.5
[INFO] [stderr]   Downloaded proc-macro-crate v3.4.0
[INFO] [stderr]   Downloaded dirs v5.0.1
[INFO] [stderr]   Downloaded dirs-sys v0.4.1
[INFO] [stderr]   Downloaded redox_users v0.4.6
[INFO] [stderr]   Downloaded libredox v0.1.12
[INFO] [stderr]   Downloaded enum-ordinalize-derive v4.3.2
[INFO] [stderr]   Downloaded ark-ff-asm v0.5.0
[INFO] [stderr]   Downloaded ark-ff-macros v0.4.2
[INFO] [stderr]   Downloaded p3-matrix v0.3.2-succinct
[INFO] [stderr]   Downloaded matchers v0.2.0
[INFO] [stderr]   Downloaded unicode-ident v1.0.22
[INFO] [stderr]   Downloaded spin v0.9.8
[INFO] [stderr]   Downloaded strum_macros v0.27.2
[INFO] [stderr]   Downloaded sp1-recursion-machine v6.1.0
[INFO] [stderr]   Downloaded pasta_curves v0.4.1
[INFO] [stderr]   Downloaded lock_api v0.4.14
[INFO] [stderr]   Downloaded ark-ff v0.4.2
[INFO] [stderr]   Downloaded thiserror-impl v1.0.69
[INFO] [stderr]   Downloaded sp1-primitives v6.1.0
[INFO] [stderr]   Downloaded bincode v1.3.3
[INFO] [stderr]   Downloaded glob v0.3.3
[INFO] [stderr]   Downloaded slop-symmetric v6.1.0
[INFO] [stderr]   Downloaded slop-primitives v6.1.0
[INFO] [stderr]   Downloaded substrate-bn-succinct-rs v0.6.0
[INFO] [stderr]   Downloaded zerocopy-derive v0.8.35
[INFO] [stderr]   Downloaded num-traits v0.2.19
[INFO] [stderr]   Downloaded serde_derive v1.0.228
[INFO] [stderr]   Downloaded serde_core v1.0.228
[INFO] [stderr]   Downloaded slop-basefold-prover v6.1.0
[INFO] [stderr]   Downloaded hashbrown v0.15.5
[INFO] [stderr]   Downloaded bytemuck v1.24.0
[INFO] [stderr]   Downloaded rayon-core v1.13.0
[INFO] [stderr]   Downloaded futures v0.3.31
[INFO] [stderr]   Downloaded p3-koala-bear v0.3.2-succinct
[INFO] [stderr]   Downloaded ark-ff-asm v0.4.2
[INFO] [stderr]   Downloaded thousands v0.2.0
[INFO] [stderr]   Downloaded sp1-derive v6.1.0
[INFO] [stderr]   Downloaded p3-util v0.3.2-succinct
[INFO] [stderr]   Downloaded slop-challenger v6.1.0
[INFO] [stderr]   Downloaded futures-core v0.3.31
[INFO] [stderr]   Downloaded nu-ansi-term v0.50.3
[INFO] [stderr]   Downloaded slop-air v6.1.0
[INFO] [stderr]   Downloaded typenum v1.19.0
[INFO] [stderr]   Downloaded slop-commit v6.1.0
[INFO] [stderr]   Downloaded option-ext v0.2.0
[INFO] [stderr]   Downloaded futures-executor v0.3.31
[INFO] [stderr]   Downloaded p3-merkle-tree v0.3.2-succinct
[INFO] [stderr]   Downloaded rustc-demangle v0.1.27
[INFO] [stderr]   Downloaded toml_parser v1.0.6+spec-1.1.0
[INFO] [stderr]   Downloaded serde v1.0.228
[INFO] [stderr]   Downloaded valuable v0.1.1
[INFO] [stderr]   Downloaded p3-maybe-rayon v0.3.2-succinct
[INFO] [stderr]   Downloaded log v0.4.29
[INFO] [stderr]   Downloaded slop-alloc v6.1.0
[INFO] [stderr]   Downloaded allocator-api2 v0.2.21
[INFO] [stderr]   Downloaded serial_test_derive v3.3.1
[INFO] [stderr]   Downloaded rand v0.8.5
[INFO] [stderr]   Downloaded num-bigint v0.3.3
[INFO] [stderr]   Downloaded futures-channel v0.3.31
[INFO] [stderr]   Downloaded slop-fri v6.1.0
[INFO] [stderr]   Downloaded slop-matrix v6.1.0
[INFO] [stderr]   Downloaded p3-baby-bear v0.3.2-succinct
[INFO] [stderr]   Downloaded ahash v0.8.12
[INFO] [stderr]   Downloaded deepsize2 v0.1.0
[INFO] [stderr]   Downloaded redox_syscall v0.5.18
[INFO] [stderr]   Downloaded scopeguard v1.2.0
[INFO] [stderr]   Downloaded rstest v0.25.0
[INFO] [stderr]   Downloaded rstest_macros v0.25.0
[INFO] [stderr]   Downloaded relative-path v1.9.3
[INFO] [stderr]   Downloaded futures-timer v3.0.3
[INFO] [stderr]   Downloaded ark-std v0.5.0
[INFO] [stderr]   Downloaded ark-relations v0.5.1
[INFO] [stderr]   Downloaded ark-ff-macros v0.5.0
[INFO] [stderr]   Downloaded ark-crypto-primitives v0.5.0
[INFO] [stderr]   Downloaded num-bigint v0.4.6
[INFO] [stderr]   Downloaded p3-field v0.3.2-succinct
[INFO] [stderr]   Downloaded p3-challenger v0.3.2-succinct
[INFO] [stderr]   Downloaded pin-utils v0.1.0
[INFO] [stderr]   Downloaded futures-task v0.3.31
[INFO] [stderr]   Downloaded futures-sink v0.3.31
[INFO] [stderr]   Downloaded slop-bn254 v6.1.0
[INFO] [stderr]   Downloaded windows-link v0.2.1
[INFO] [stderr]   Downloaded strength_reduce v0.2.4
[INFO] [stderr]   Downloaded pin-project v1.1.10
[INFO] [stderr]   Downloaded crossbeam v0.8.4
[INFO] [stderr]   Downloaded derive-where v1.6.0
[INFO] [stderr]   Downloaded p3-commit v0.3.2-succinct
[INFO] [stderr]   Downloaded slop-baby-bear v6.1.0
[INFO] [stderr]   Downloaded p3-fri v0.3.2-succinct
[INFO] [stderr]   Downloaded addr2line v0.25.1
[INFO] [stderr]   Downloaded tracing-core v0.1.36
[INFO] [stderr]   Downloaded slab v0.4.11
[INFO] [stderr]   Downloaded memchr v2.7.6
[INFO] [stderr]   Downloaded transpose v0.2.3
[INFO] [stderr]   Downloaded pin-project-internal v1.1.10
[INFO] [stderr]   Downloaded parking_lot_core v0.9.12
[INFO] [stderr]   Downloaded bitflags v2.10.0
[INFO] [stderr]   Downloaded educe v0.6.0
[INFO] [stderr]   Downloaded halo2_proofs v0.1.0
[INFO] [stderr]   Downloaded tracing-attributes v0.1.31
[INFO] [stderr]   Downloaded itertools v0.14.0
[INFO] [stderr]   Downloaded p3-dft v0.3.2-succinct
[INFO] [stderr]   Downloaded futures-macro v0.3.31
[INFO] [stderr]   Downloaded p3-bn254-fr v0.3.2-succinct
[INFO] [stderr]   Downloaded slop-utils v6.1.0
[INFO] [stderr]   Downloaded tracing-forest v0.1.6
[INFO] [stderr]   Downloaded ansi_term v0.12.1
[INFO] [stderr]   Downloaded slop-futures v6.1.0
[INFO] [stderr]   Downloaded crossbeam-queue v0.3.12
[INFO] [stderr]   Downloaded num_cpus v1.17.0
[INFO] [stderr]   Downloaded slop-dft v6.1.0
[INFO] [stderr]   Downloaded hashbrown v0.14.5
[INFO] [stderr]   Downloaded miniz_oxide v0.8.9
[INFO] [stderr]   Downloaded toml_edit v0.23.10+spec-1.0.0
[INFO] [stderr]   Downloaded rayon v1.11.0
[INFO] [stderr]   Downloaded slop-koala-bear v6.1.0
[INFO] [stderr]   Downloaded shlex v1.3.0
[INFO] [stderr]   Downloaded find-msvc-tools v0.1.8
[INFO] [stderr]   Downloaded slop-whir v6.1.0
[INFO] [stderr]   Downloaded thread_local v1.1.9
[INFO] [stderr]   Downloaded smallvec v1.15.1
[INFO] [stderr]   Downloaded sharded-slab v0.1.7
[INFO] [stderr]   Downloaded slop-stacked v6.1.0
[INFO] [stderr]   Downloaded hermit-abi v0.5.2
[INFO] [stderr]   Downloaded scc v2.4.0
[INFO] [stderr]   Downloaded indexmap v2.13.0
[INFO] [stderr]   Downloaded zkhash v0.2.0
[INFO] [stderr]   Downloaded range-set-blaze v0.1.16
[INFO] [stderr]   Downloaded ark-ff v0.5.0
[INFO] [stderr]   Downloaded sp1-hypercube v6.1.0
[INFO] [stderr]   Downloaded blake3 v1.8.3
[INFO] [stderr]   Downloaded slop-multilinear v6.1.0
[INFO] [stderr]   Downloaded slop-merkle-tree v6.1.0
[INFO] [stderr]   Downloaded elf v0.7.4
[INFO] [stderr]   Downloaded aho-corasick v1.1.4
[INFO] [stderr]   Downloaded crossbeam-channel v0.5.15
[INFO] [stderr]   Downloaded tracing-subscriber v0.2.25
[INFO] [stderr]   Downloaded itertools v0.13.0
[INFO] [stderr]   Downloaded zerocopy v0.8.35
[INFO] [stderr]   Downloaded syn v1.0.109
[INFO] [stderr]   Downloaded bitvec v1.0.1
[INFO] [stderr]   Downloaded itertools v0.12.1
[INFO] [stderr]   Downloaded tracing-subscriber v0.3.22
[INFO] [stderr]   Downloaded hashbrown v0.16.1
[INFO] [stderr]   Downloaded regex v1.12.2
[INFO] [stderr]   Downloaded cc v1.2.54
[INFO] [stderr]   Downloaded winnow v0.7.14
[INFO] [stderr]   Downloaded syn v2.0.114
[INFO] [stderr]   Downloaded futures-util v0.3.31
[INFO] [stderr]   Downloaded regex-syntax v0.8.8
[INFO] [stderr]   Downloaded bls12_381 v0.7.1
[INFO] [stderr]   Downloaded libc v0.2.180
[INFO] [stderr]   Downloaded regex-automata v0.4.13
[INFO] [stderr]   Downloaded gimli v0.32.3
[INFO] [stderr]   Downloaded tokio v1.49.0
[INFO] [stderr]   Downloaded object v0.37.3
[INFO] [stderr]   Downloaded windows_aarch64_gnullvm v0.48.5
[INFO] [stderr]   Downloaded windows_x86_64_gnullvm v0.48.5
[INFO] [stderr]   Downloaded tracing v0.1.44
[INFO] [stderr]   Downloaded sha3 v0.10.8
[INFO] [stderr]   Downloaded windows_aarch64_msvc v0.48.5
[INFO] [stderr]   Downloaded windows_x86_64_gnu v0.48.5
[INFO] [stderr]   Downloaded windows_x86_64_msvc v0.48.5
[INFO] [stderr]   Downloaded windows_i686_msvc v0.48.5
[INFO] [stderr]   Downloaded windows_i686_gnu v0.48.5
[INFO] [stderr]   Downloaded winapi v0.3.9
[INFO] [stderr]   Downloaded windows-sys v0.61.2
[INFO] [stderr]   Downloaded winapi-i686-pc-windows-gnu v0.4.0
[INFO] [stderr]   Downloaded winapi-x86_64-pc-windows-gnu v0.4.0
[INFO] [stderr]   Downloaded windows-sys v0.48.0
[INFO] running `Command { std: "docker" "create" "-v" "/var/lib/crater-agent-workspace/builds/worker-2-tc1/source:/opt/rustwide/workdir:ro,Z" "-v" "/var/lib/crater-agent-workspace/builds/worker-2-tc1/target:/opt/rustwide/target:rw,Z" "-v" "/var/lib/crater-agent-workspace/cargo-home:/opt/rustwide/cargo-home:ro,Z" "-v" "/var/lib/crater-agent-workspace/rustup-home:/opt/rustwide/rustup-home:ro,Z" "-m" "1610612736" "--network" "none" "ghcr.io/rust-lang/crates-build-env/linux@sha256:3111399a4047eeb3a02b7a90e478d715f38a8c6669b5c4b49d30a17385265909" "sleep" "infinity", kill_on_drop: false }`
[INFO] [stdout] 4a99827683f3c9c9f187c1cb63c86da8dd1c724e1c2adb6376cb6fadb4181511
[INFO] running `Command { std: "docker" "start" "4a99827683f3c9c9f187c1cb63c86da8dd1c724e1c2adb6376cb6fadb4181511", kill_on_drop: false }`
[INFO] running `Command { std: "docker" "inspect" "4a99827683f3c9c9f187c1cb63c86da8dd1c724e1c2adb6376cb6fadb4181511", kill_on_drop: false }`
[INFO] running `Command { std: "docker" "exec" "-e" "SOURCE_DIR=/opt/rustwide/workdir" "-e" "CARGO_HOME=/opt/rustwide/cargo-home" "-e" "RUSTUP_HOME=/opt/rustwide/rustup-home" "-e" "CARGO_TARGET_DIR=/opt/rustwide/target" "-w" "/opt/rustwide/workdir" "--user" "0:0" "4a99827683f3c9c9f187c1cb63c86da8dd1c724e1c2adb6376cb6fadb4181511" "/opt/rustwide/cargo-home/bin/cargo" "+1.99.0-beta.8" "metadata" "--no-deps" "--format-version=1", kill_on_drop: false }`
[INFO] running `Command { std: "docker" "inspect" "4a99827683f3c9c9f187c1cb63c86da8dd1c724e1c2adb6376cb6fadb4181511", kill_on_drop: false }`
[INFO] running `Command { std: "docker" "exec" "-e" "SOURCE_DIR=/opt/rustwide/workdir" "-e" "CARGO_HOME=/opt/rustwide/cargo-home" "-e" "RUSTUP_HOME=/opt/rustwide/rustup-home" "-e" "CARGO_TARGET_DIR=/opt/rustwide/target" "-e" "CARGO_INCREMENTAL=0" "-e" "RUST_BACKTRACE=full" "-e" "RUSTFLAGS=--cap-lints=warn" "-e" "RUSTDOCFLAGS=--cap-lints=warn" "-w" "/opt/rustwide/workdir" "--user" "0:0" "4a99827683f3c9c9f187c1cb63c86da8dd1c724e1c2adb6376cb6fadb4181511" "/opt/rustwide/cargo-home/bin/cargo" "+1.99.0-beta.8" "build" "--frozen" "--message-format=json", kill_on_drop: false }`
[INFO] [stderr]    Compiling proc-macro2 v1.0.106
[INFO] [stderr]    Compiling quote v1.0.44
[INFO] [stderr]    Compiling unicode-ident v1.0.22
[INFO] [stderr]    Compiling cfg-if v1.0.4
[INFO] [stderr]    Compiling libc v0.2.180
[INFO] [stderr]    Compiling autocfg v1.5.0
[INFO] [stderr]    Compiling zerocopy v0.8.35
[INFO] [stderr]    Compiling either v1.15.0
[INFO] [stderr]    Compiling serde_core v1.0.228
[INFO] [stderr]    Compiling serde v1.0.228
[INFO] [stderr]    Compiling crossbeam-utils v0.8.21
[INFO] [stderr]    Compiling once_cell v1.21.3
[INFO] [stderr]    Compiling rayon-core v1.13.0
[INFO] [stderr]    Compiling pin-project-lite v0.2.16
[INFO] [stderr]    Compiling num-traits v0.2.19
[INFO] [stderr]    Compiling itertools v0.12.1
[INFO] [stderr]    Compiling tracing-core v0.1.36
[INFO] [stderr]    Compiling crossbeam-epoch v0.9.18
[INFO] [stderr]    Compiling syn v2.0.114
[INFO] [stderr]    Compiling getrandom v0.2.17
[INFO] [stderr]    Compiling crossbeam-deque v0.8.6
[INFO] [stderr]    Compiling num-integer v0.1.46
[INFO] [stderr]    Compiling rand_core v0.6.4
[INFO] [stderr]    Compiling subtle v2.6.1
[INFO] [stderr]    Compiling num-bigint v0.4.6
[INFO] [stderr]    Compiling version_check v0.9.5
[INFO] [stderr]    Compiling radium v0.7.0
[INFO] [stderr]    Compiling tap v1.0.1
[INFO] [stderr]    Compiling wyz v0.5.1
[INFO] [stderr]    Compiling rayon v1.11.0
[INFO] [stderr]    Compiling spin v0.9.8
[INFO] [stderr]    Compiling funty v2.0.0
[INFO] [stderr]    Compiling lazy_static v1.5.0
[INFO] [stderr]    Compiling memchr v2.7.6
[INFO] [stderr]    Compiling syn v1.0.109
[INFO] [stderr]    Compiling futures-sink v0.3.31
[INFO] [stderr]    Compiling futures-core v0.3.31
[INFO] [stderr]    Compiling bitvec v1.0.1
[INFO] [stderr]    Compiling typenum v1.19.0
[INFO] [stderr]    Compiling futures-channel v0.3.31
[INFO] [stderr]    Compiling generic-array v0.14.9
[INFO] [stderr]    Compiling itertools v0.14.0
[INFO] [stderr]    Compiling slab v0.4.11
[INFO] [stderr]    Compiling futures-task v0.3.31
[INFO] [stderr]    Compiling pin-utils v0.1.0
[INFO] [stderr]    Compiling arrayvec v0.7.6
[INFO] [stderr]    Compiling futures-io v0.3.31
[INFO] [stderr]    Compiling num-bigint v0.3.3
[INFO] [stderr]    Compiling thiserror v1.0.69
[INFO] [stderr]    Compiling p3-maybe-rayon v0.3.2-succinct
[INFO] [stderr]    Compiling memuse v0.2.2
[INFO] [stderr]    Compiling gcd v2.3.0
[INFO] [stderr]    Compiling constant_time_eq v0.4.2
[INFO] [stderr]    Compiling ppv-lite86 v0.2.21
[INFO] [stderr]    Compiling arrayref v0.3.9
[INFO] [stderr]    Compiling byteorder v1.5.0
[INFO] [stderr]    Compiling crypto-common v0.1.6
[INFO] [stderr]    Compiling rand_chacha v0.3.1
[INFO] [stderr]    Compiling block-buffer v0.10.4
[INFO] [stderr]    Compiling blake2b_simd v1.0.4
[INFO] [stderr]    Compiling static_assertions v1.1.0
[INFO] [stderr]    Compiling crossbeam-channel v0.5.15
[INFO] [stderr]    Compiling digest v0.10.7
[INFO] [stderr]    Compiling rand v0.8.5
[INFO] [stderr]    Compiling ff v0.12.1
[INFO] [stderr]    Compiling group v0.12.1
[INFO] [stderr]    Compiling crossbeam-queue v0.3.12
[INFO] [stderr]    Compiling paste v1.0.15
[INFO] [stderr]    Compiling pairing v0.22.0
[INFO] [stderr]    Compiling crossbeam v0.8.4
[INFO] [stderr]    Compiling tokio v1.49.0
[INFO] [stderr]    Compiling addchain v0.2.0
[INFO] [stderr]    Compiling cpufeatures v0.2.17
[INFO] [stderr]    Compiling regex-syntax v0.8.8
[INFO] [stderr]    Compiling ark-std v0.4.0
[INFO] [stderr]    Compiling pasta_curves v0.4.1
[INFO] [stderr]    Compiling strength_reduce v0.2.4
[INFO] [stderr]    Compiling ark-serialize v0.4.2
[INFO] [stderr]    Compiling transpose v0.2.3
[INFO] [stderr]    Compiling bls12_381 v0.7.1
[INFO] [stderr]    Compiling itertools v0.10.5
[INFO] [stderr]    Compiling serde_derive v1.0.228
[INFO] [stderr]    Compiling tracing-attributes v0.1.31
[INFO] [stderr]    Compiling futures-macro v0.3.31
[INFO] [stderr]    Compiling thiserror-impl v1.0.69
[INFO] [stderr]    Compiling pin-project-internal v1.1.10
[INFO] [stderr]    Compiling futures-util v0.3.31
[INFO] [stderr]    Compiling tracing v0.1.44
[INFO] [stderr]    Compiling zeroize_derive v1.4.3
[INFO] [stderr]    Compiling pin-project v1.1.10
[INFO] [stderr]    Compiling regex-automata v0.4.13
[INFO] [stderr]    Compiling halo2_proofs v0.1.0
[INFO] [stderr]    Compiling derive-where v1.6.0
[INFO] [stderr]    Compiling log v0.4.29
[INFO] [stderr]    Compiling ff_derive v0.13.1
[INFO] [stderr]    Compiling zeroize v1.8.2
[INFO] [stderr]    Compiling derivative v2.2.0
[INFO] [stderr]    Compiling ark-ff-asm v0.4.2
[INFO] [stderr]    Compiling ark-ff-macros v0.4.2
[INFO] [stderr]    Compiling ff v0.13.1
[INFO] [stderr]    Compiling keccak v0.1.5
[INFO] [stderr]    Compiling group v0.13.0
[INFO] [stderr]    Compiling pasta_curves v0.5.1
[INFO] [stderr]    Compiling sha3 v0.10.8
[INFO] [stderr]    Compiling tracing-log v0.2.0
[INFO] [stderr]    Compiling jubjub v0.9.0
[INFO] [stderr]    Compiling sha2 v0.10.9
[INFO] [stderr]    Compiling ark-ff v0.4.2
[INFO] [stderr]    Compiling matchers v0.2.0
[INFO] [stderr]    Compiling blake2 v0.10.6
[INFO] [stderr]    Compiling sharded-slab v0.1.7
[INFO] [stderr]    Compiling p3-util v0.3.2-succinct
[INFO] [stderr]    Compiling p3-field v0.3.2-succinct
[INFO] [stderr]    Compiling futures-executor v0.3.31
[INFO] [stderr]    Compiling smallvec v1.15.1
[INFO] [stderr]    Compiling thread_local v1.1.9
[INFO] [stderr]    Compiling p3-matrix v0.3.2-succinct
[INFO] [stderr]    Compiling p3-symmetric v0.3.2-succinct
[INFO] [stderr]    Compiling slop-algebra v6.1.0
[INFO] [stderr]    Compiling futures v0.3.31
[INFO] [stderr]    Compiling halo2 v0.1.0-beta.2
[INFO] [stderr]    Compiling slop-futures v6.1.0
[INFO] [stderr]    Compiling hex v0.4.3
[INFO] [stderr]    Compiling p3-dft v0.3.2-succinct
[INFO] [stderr]    Compiling p3-challenger v0.3.2-succinct
[INFO] [stderr]    Compiling slop-symmetric v6.1.0
[INFO] [stderr]    Compiling slop-alloc v6.1.0
[INFO] [stderr]    Compiling p3-mds v0.3.2-succinct
[INFO] [stderr]    Compiling slop-matrix v6.1.0
[INFO] [stderr]    Compiling nu-ansi-term v0.50.3
[INFO] [stderr]    Compiling ansi_term v0.12.1
[INFO] [stderr]    Compiling p3-commit v0.3.2-succinct
[INFO] [stderr]    Compiling slop-challenger v6.1.0
[INFO] [stderr]    Compiling slop-tensor v6.1.0
[INFO] [stderr]    Compiling p3-poseidon2 v0.3.2-succinct
[INFO] [stderr]    Compiling tracing-subscriber v0.3.22
[INFO] [stderr]    Compiling slop-commit v6.1.0
[INFO] [stderr]    Compiling num_cpus v1.17.0
[INFO] [stderr]    Compiling p3-merkle-tree v0.3.2-succinct
[INFO] [stderr]    Compiling slop-primitives v6.1.0
[INFO] [stderr]    Compiling slop-poseidon2 v6.1.0
[INFO] [stderr]    Compiling p3-bn254-fr v0.3.2-succinct
[INFO] [stderr]    Compiling p3-koala-bear v0.3.2-succinct
[INFO] [stderr]    Compiling p3-baby-bear v0.3.2-succinct
[INFO] [stderr]    Compiling slop-koala-bear v6.1.0
[INFO] [stderr]    Compiling slop-multilinear v6.1.0
[INFO] [stderr]    Compiling slop-baby-bear v6.1.0
[INFO] [stderr]    Compiling p3-interpolation v0.3.2-succinct
[INFO] [stderr]    Compiling p3-fri v0.3.2-succinct
[INFO] [stderr]    Compiling shlex v1.3.0
[INFO] [stderr]    Compiling find-msvc-tools v0.1.8
[INFO] [stderr]    Compiling slop-dft v6.1.0
[INFO] [stderr]    Compiling ahash v0.8.12
[INFO] [stderr]    Compiling cc v1.2.54
[INFO] [stderr]    Compiling p3-air v0.3.2-succinct
[INFO] [stderr]    Compiling slop-sumcheck v6.1.0
[INFO] [stderr]    Compiling heck v0.5.0
[INFO] [stderr]    Compiling object v0.37.3
[INFO] [stderr]    Compiling allocator-api2 v0.2.21
[INFO] [stderr]    Compiling slop-fri v6.1.0
[INFO] [stderr]    Compiling strum_macros v0.27.2
[INFO] [stderr]    Compiling p3-uni-stark v0.3.2-succinct
[INFO] [stderr]    Compiling bincode v1.3.3
[INFO] [stderr]    Compiling hashbrown v0.14.5
[INFO] [stderr]    Compiling tracing-forest v0.1.6
[INFO] [stderr]    Compiling deepsize_derive2 v0.1.0
[INFO] [stderr]    Compiling slop-utils v6.1.0
[INFO] [stderr]    Compiling adler2 v2.0.1
[INFO] [stderr]    Compiling gimli v0.32.3
[INFO] [stderr]    Compiling elf v0.7.4
[INFO] [stderr]    Compiling range-set-blaze v0.1.16
[INFO] [stderr]    Compiling blake3 v1.8.3
[INFO] [stderr]    Compiling deepsize2 v0.1.0
[INFO] [stderr]    Compiling miniz_oxide v0.8.9
[INFO] [stderr]    Compiling slop-uni-stark v6.1.0
[INFO] [stderr]    Compiling slop-air v6.1.0
[INFO] [stderr]    Compiling sp1-derive v6.1.0
[INFO] [stderr]    Compiling rayon-scan v0.1.1
[INFO] [stderr]    Compiling gen_ops v0.4.0
[INFO] [stderr]    Compiling rustc-demangle v0.1.27
[INFO] [stderr]    Compiling strum v0.27.2
[INFO] [stderr]    Compiling thousands v0.2.0
[INFO] [stderr]    Compiling crunchy v0.2.4
[INFO] [stderr]    Compiling zkhash v0.2.0
[INFO] [stderr]    Compiling bytemuck_derive v1.10.2
[INFO] [stderr]    Compiling slop-maybe-rayon v6.1.0
[INFO] [stderr]    Compiling thiserror v2.0.18
[INFO] [stderr]    Compiling thiserror-impl v2.0.18
[INFO] [stderr]    Compiling rustc-hex v2.1.0
[INFO] [stderr]    Compiling bytemuck v1.24.0
[INFO] [stderr]    Compiling substrate-bn-succinct-rs v0.6.0
[INFO] [stderr]    Compiling addr2line v0.25.1
[INFO] [stderr]    Compiling backtrace v0.3.76
[INFO] [stderr]    Compiling slop-bn254 v6.1.0
[INFO] [stderr]    Compiling slop-merkle-tree v6.1.0
[INFO] [stderr]    Compiling sp1-primitives v6.1.0
[INFO] [stderr]    Compiling slop-basefold v6.1.0
[INFO] [stderr]    Compiling slop-basefold-prover v6.1.0
[INFO] [stderr]    Compiling slop-stacked v6.1.0
[INFO] [stderr]    Compiling slop-jagged v6.1.0
[INFO] [stderr]    Compiling slop-whir v6.1.0
[INFO] [stderr]    Compiling sp1-hypercube v6.1.0
[INFO] [stderr]    Compiling sp1-recursion-executor v6.1.0
[INFO] [stderr]    Compiling sp1-recursion-machine v6.1.0
[INFO] [stderr]    Compiling sp1-verifier-legacy v6.0.2 (/opt/rustwide/workdir)
[INFO] [stderr]     Finished `dev` profile [unoptimized + debuginfo] target(s) in 2m 28s
[INFO] running `Command { std: "docker" "inspect" "4a99827683f3c9c9f187c1cb63c86da8dd1c724e1c2adb6376cb6fadb4181511", kill_on_drop: false }`
[INFO] running `Command { std: "docker" "exec" "-e" "SOURCE_DIR=/opt/rustwide/workdir" "-e" "CARGO_HOME=/opt/rustwide/cargo-home" "-e" "RUSTUP_HOME=/opt/rustwide/rustup-home" "-e" "CARGO_TARGET_DIR=/opt/rustwide/target" "-e" "CARGO_INCREMENTAL=0" "-e" "RUST_BACKTRACE=full" "-e" "RUSTFLAGS=--cap-lints=warn" "-e" "RUSTDOCFLAGS=--cap-lints=warn" "-w" "/opt/rustwide/workdir" "--user" "0:0" "4a99827683f3c9c9f187c1cb63c86da8dd1c724e1c2adb6376cb6fadb4181511" "/opt/rustwide/cargo-home/bin/cargo" "+1.99.0-beta.8" "test" "--frozen" "--no-run" "--message-format=json", kill_on_drop: false }`
[INFO] [stderr]    Compiling futures-util v0.3.31
[INFO] [stderr]    Compiling tokio-macros v2.6.0
[INFO] [stderr]    Compiling winnow v0.7.14
[INFO] [stderr]    Compiling hashbrown v0.16.1
[INFO] [stderr]    Compiling semver v1.0.27
[INFO] [stderr]    Compiling equivalent v1.0.2
[INFO] [stderr]    Compiling aho-corasick v1.1.4
[INFO] [stderr]    Compiling toml_datetime v0.7.5+spec-1.1.0
[INFO] [stderr]    Compiling parking_lot_core v0.9.12
[INFO] [stderr]    Compiling regex-syntax v0.8.8
[INFO] [stderr]    Compiling scopeguard v1.2.0
[INFO] [stderr]    Compiling lock_api v0.4.14
[INFO] [stderr]    Compiling rustc_version v0.4.1
[INFO] [stderr]    Compiling tokio v1.49.0
[INFO] [stderr]    Compiling rstest_macros v0.25.0
[INFO] [stderr]    Compiling indexmap v2.13.0
[INFO] [stderr]    Compiling relative-path v1.9.3
[INFO] [stderr]    Compiling glob v0.3.3
[INFO] [stderr]    Compiling sdd v3.0.10
[INFO] [stderr]    Compiling parking_lot v0.12.5
[INFO] [stderr]    Compiling scc v2.4.0
[INFO] [stderr]    Compiling serial_test_derive v3.3.1
[INFO] [stderr]    Compiling futures-timer v3.0.3
[INFO] [stderr]    Compiling toml_parser v1.0.6+spec-1.1.0
[INFO] [stderr]    Compiling regex-automata v0.4.13
[INFO] [stderr]    Compiling toml_edit v0.23.10+spec-1.0.0
[INFO] [stderr]    Compiling proc-macro-crate v3.4.0
[INFO] [stderr]    Compiling futures-executor v0.3.31
[INFO] [stderr]    Compiling futures v0.3.31
[INFO] [stderr]    Compiling serial_test v3.3.1
[INFO] [stderr]    Compiling slop-challenger v6.1.0
[INFO] [stderr]    Compiling slop-futures v6.1.0
[INFO] [stderr]    Compiling slop-koala-bear v6.1.0
[INFO] [stderr]    Compiling slop-bn254 v6.1.0
[INFO] [stderr]    Compiling slop-baby-bear v6.1.0
[INFO] [stderr]    Compiling sp1-primitives v6.1.0
[INFO] [stderr]    Compiling slop-tensor v6.1.0
[INFO] [stderr]    Compiling slop-multilinear v6.1.0
[INFO] [stderr]    Compiling slop-merkle-tree v6.1.0
[INFO] [stderr]    Compiling slop-dft v6.1.0
[INFO] [stderr]    Compiling slop-sumcheck v6.1.0
[INFO] [stderr]    Compiling slop-basefold v6.1.0
[INFO] [stderr]    Compiling slop-basefold-prover v6.1.0
[INFO] [stderr]    Compiling slop-stacked v6.1.0
[INFO] [stderr]    Compiling slop-jagged v6.1.0
[INFO] [stderr]    Compiling regex v1.12.2
[INFO] [stderr]    Compiling slop-whir v6.1.0
[INFO] [stderr]    Compiling sp1-hypercube v6.1.0
[INFO] [stderr]    Compiling rstest v0.25.0
[INFO] [stderr]    Compiling sp1-recursion-executor v6.1.0
[INFO] [stderr]    Compiling sp1-recursion-machine v6.1.0
[INFO] [stderr]    Compiling sp1-verifier-legacy v6.0.2 (/opt/rustwide/workdir)
[INFO] [stdout] error[E0433]: cannot find module or crate `sp1_sdk` in this scope
[INFO] [stdout]  --> src/tests.rs:4:5
[INFO] [stdout]   |
[INFO] [stdout] 4 | use sp1_sdk::{
[INFO] [stdout]   |     ^^^^^^^ use of unresolved module or unlinked crate `sp1_sdk`
[INFO] [stdout]   |
[INFO] [stdout]   = help: if you wanted to use a crate named `sp1_sdk`, use `cargo add sp1_sdk` to add it to your `Cargo.toml`
[INFO] [stdout] 
[INFO] [stdout] 
[INFO] [stdout] error[E0432]: unresolved import `sp1_sdk`
[INFO] [stdout]  --> src/tests.rs:4:5
[INFO] [stdout]   |
[INFO] [stdout] 4 | use sp1_sdk::{
[INFO] [stdout]   |     ^^^^^^^ use of unresolved module or unlinked crate `sp1_sdk`
[INFO] [stdout]   |
[INFO] [stdout]   = help: if you wanted to use a crate named `sp1_sdk`, use `cargo add sp1_sdk` to add it to your `Cargo.toml`
[INFO] [stdout] 
[INFO] [stdout] 
[INFO] [stdout] error[E0432]: unresolved import `test_artifacts`
[INFO] [stdout]  --> src/tests.rs:8:5
[INFO] [stdout]   |
[INFO] [stdout] 8 | use test_artifacts::{
[INFO] [stdout]   |     ^^^^^^^^^^^^^^ use of unresolved module or unlinked crate `test_artifacts`
[INFO] [stdout]   |
[INFO] [stdout]   = help: if you wanted to use a crate named `test_artifacts`, use `cargo add test_artifacts` to add it to your `Cargo.toml`
[INFO] [stdout] 
[INFO] [stdout] 
[INFO] [stdout] Some errors have detailed explanations: E0432, E0433.
[INFO] [stdout] 
[INFO] [stdout] For more information about an error, try `rustc --explain E0432`.
[INFO] [stdout] 
[INFO] [stderr] error: could not compile `sp1-verifier-legacy` (lib test) due to 3 previous errors
[INFO] running `Command { std: "docker" "inspect" "4a99827683f3c9c9f187c1cb63c86da8dd1c724e1c2adb6376cb6fadb4181511", kill_on_drop: false }`
[INFO] running `Command { std: "docker" "rm" "-f" "4a99827683f3c9c9f187c1cb63c86da8dd1c724e1c2adb6376cb6fadb4181511", kill_on_drop: false }`
[INFO] [stdout] 4a99827683f3c9c9f187c1cb63c86da8dd1c724e1c2adb6376cb6fadb4181511
