[INFO] fetching crate sp1-recursion-machine 6.8.1...
[INFO] testing sp1-recursion-machine-6.8.1 against 1.99.0-beta.8 for beta-1.100-2
[INFO] extracting crate sp1-recursion-machine 6.8.1 into /workspace/builds/worker-2-tc1/source
[INFO] started tweaking crates.io crate sp1-recursion-machine 6.8.1
[INFO] finished tweaking crates.io crate sp1-recursion-machine 6.8.1
[INFO] tweaked toml for crates.io crate sp1-recursion-machine 6.8.1 written to /workspace/builds/worker-2-tc1/source/Cargo.toml
[INFO] validating manifest of crates.io crate sp1-recursion-machine 6.8.1 on toolchain 1.99.0-beta.8
[INFO] running `Command { std: CARGO_HOME="/workspace/cargo-home" RUSTUP_HOME="/workspace/rustup-home" "/workspace/cargo-home/bin/cargo" "+1.99.0-beta.8" "metadata" "--manifest-path" "Cargo.toml" "--no-deps", kill_on_drop: false }`
[INFO] crate crates.io crate sp1-recursion-machine 6.8.1 already has a lockfile, it will not be regenerated
[INFO] running `Command { std: CARGO_HOME="/workspace/cargo-home" RUSTUP_HOME="/workspace/rustup-home" "/workspace/cargo-home/bin/cargo" "+1.99.0-beta.8" "fetch" "--manifest-path" "Cargo.toml", kill_on_drop: false }`
[INFO] running `Command { std: "docker" "create" "-v" "/var/lib/crater-agent-workspace/builds/worker-2-tc1/source:/opt/rustwide/workdir:ro,Z" "-v" "/var/lib/crater-agent-workspace/builds/worker-2-tc1/target:/opt/rustwide/target:rw,Z" "-v" "/var/lib/crater-agent-workspace/cargo-home:/opt/rustwide/cargo-home:ro,Z" "-v" "/var/lib/crater-agent-workspace/rustup-home:/opt/rustwide/rustup-home:ro,Z" "-m" "1610612736" "--network" "none" "ghcr.io/rust-lang/crates-build-env/linux@sha256:3111399a4047eeb3a02b7a90e478d715f38a8c6669b5c4b49d30a17385265909" "sleep" "infinity", kill_on_drop: false }`
[INFO] [stdout] f3ee0d399641db42020dee2d0d26fcf642f979b0d3d6b6d669bcc149a8311299
[INFO] running `Command { std: "docker" "start" "f3ee0d399641db42020dee2d0d26fcf642f979b0d3d6b6d669bcc149a8311299", kill_on_drop: false }`
[INFO] running `Command { std: "docker" "inspect" "f3ee0d399641db42020dee2d0d26fcf642f979b0d3d6b6d669bcc149a8311299", kill_on_drop: false }`
[INFO] running `Command { std: "docker" "exec" "-e" "SOURCE_DIR=/opt/rustwide/workdir" "-e" "CARGO_HOME=/opt/rustwide/cargo-home" "-e" "RUSTUP_HOME=/opt/rustwide/rustup-home" "-e" "CARGO_TARGET_DIR=/opt/rustwide/target" "-w" "/opt/rustwide/workdir" "--user" "0:0" "f3ee0d399641db42020dee2d0d26fcf642f979b0d3d6b6d669bcc149a8311299" "/opt/rustwide/cargo-home/bin/cargo" "+1.99.0-beta.8" "metadata" "--no-deps" "--format-version=1", kill_on_drop: false }`
[INFO] running `Command { std: "docker" "inspect" "f3ee0d399641db42020dee2d0d26fcf642f979b0d3d6b6d669bcc149a8311299", kill_on_drop: false }`
[INFO] running `Command { std: "docker" "exec" "-e" "SOURCE_DIR=/opt/rustwide/workdir" "-e" "CARGO_HOME=/opt/rustwide/cargo-home" "-e" "RUSTUP_HOME=/opt/rustwide/rustup-home" "-e" "CARGO_TARGET_DIR=/opt/rustwide/target" "-e" "CARGO_INCREMENTAL=0" "-e" "RUST_BACKTRACE=full" "-e" "RUSTFLAGS=--cap-lints=warn" "-e" "RUSTDOCFLAGS=--cap-lints=warn" "-w" "/opt/rustwide/workdir" "--user" "0:0" "f3ee0d399641db42020dee2d0d26fcf642f979b0d3d6b6d669bcc149a8311299" "/opt/rustwide/cargo-home/bin/cargo" "+1.99.0-beta.8" "build" "--frozen" "--message-format=json", kill_on_drop: false }`
[INFO] [stderr]    Compiling serde_core v1.0.228
[INFO] [stderr]    Compiling thiserror-impl v1.0.69
[INFO] [stderr]    Compiling gcd v2.3.0
[INFO] [stderr]    Compiling itertools v0.12.1
[INFO] [stderr]    Compiling num-bigint v0.3.3
[INFO] [stderr]    Compiling syn v1.0.109
[INFO] [stderr]    Compiling num-integer v0.1.46
[INFO] [stderr]    Compiling radium v0.7.0
[INFO] [stderr]    Compiling num-bigint v0.4.6
[INFO] [stderr]    Compiling tap v1.0.1
[INFO] [stderr]    Compiling futures-sink v0.3.32
[INFO] [stderr]    Compiling funty v2.0.0
[INFO] [stderr]    Compiling futures-core v0.3.32
[INFO] [stderr]    Compiling transpose v0.2.3
[INFO] [stderr]    Compiling rand v0.8.6
[INFO] [stderr]    Compiling p3-maybe-rayon v0.4.3-succinct
[INFO] [stderr]    Compiling regex-automata v0.4.14
[INFO] [stderr]    Compiling p3-baby-bear v0.4.3-succinct
[INFO] [stderr]    Compiling p3-koala-bear v0.4.3-succinct
[INFO] [stderr]    Compiling wyz v0.5.1
[INFO] [stderr]    Compiling derive-where v1.6.1
[INFO] [stderr]    Compiling futures-channel v0.3.32
[INFO] [stderr]    Compiling futures-macro v0.3.32
[INFO] [stderr]    Compiling subtle v2.6.1
[INFO] [stderr]    Compiling crossbeam-channel v0.5.15
[INFO] [stderr]    Compiling crossbeam-queue v0.3.12
[INFO] [stderr]    Compiling pin-project-internal v1.1.11
[INFO] [stderr]    Compiling num_cpus v1.17.0
[INFO] [stderr]    Compiling generic-array v0.14.9
[INFO] [stderr]    Compiling tokio v1.52.1
[INFO] [stderr]    Compiling slop-primitives v6.8.1
[INFO] [stderr]    Compiling bitvec v1.0.1
[INFO] [stderr]    Compiling cc v1.2.61
[INFO] [stderr]    Compiling futures-util v0.3.32
[INFO] [stderr]    Compiling crossbeam v0.8.4
[INFO] [stderr]    Compiling ahash v0.8.12
[INFO] [stderr]    Compiling constant_time_eq v0.4.2
[INFO] [stderr]    Compiling thiserror v1.0.69
[INFO] [stderr]    Compiling strum_macros v0.27.2
[INFO] [stderr]    Compiling deepsize_derive2 v0.1.0
[INFO] [stderr]    Compiling pin-project v1.1.11
[INFO] [stderr]    Compiling struct-reflection-derive v0.1.0
[INFO] [stderr]    Compiling elf v0.7.4
[INFO] [stderr]    Compiling range-set-blaze v0.1.16
[INFO] [stderr]    Compiling object v0.37.3
[INFO] [stderr]    Compiling struct-reflection v0.1.0
[INFO] [stderr]    Compiling rayon-scan v0.1.1
[INFO] [stderr]    Compiling gen_ops v0.4.0
[INFO] [stderr]    Compiling rustc-demangle v0.1.27
[INFO] [stderr]    Compiling thousands v0.2.0
[INFO] [stderr]    Compiling block-buffer v0.10.4
[INFO] [stderr]    Compiling crypto-common v0.1.6
[INFO] [stderr]    Compiling slop-maybe-rayon v6.8.1
[INFO] [stderr]    Compiling digest v0.10.7
[INFO] [stderr]    Compiling blake3 v1.8.5
[INFO] [stderr]    Compiling sha2 v0.10.9
[INFO] [stderr]    Compiling addchain v0.2.1
[INFO] [stderr]    Compiling matchers v0.2.0
[INFO] [stderr]    Compiling strum v0.27.2
[INFO] [stderr]    Compiling serde v1.0.228
[INFO] [stderr]    Compiling p3-util v0.4.3-succinct
[INFO] [stderr]    Compiling smallvec v1.15.1
[INFO] [stderr]    Compiling bincode v1.3.3
[INFO] [stderr]    Compiling hashbrown v0.14.5
[INFO] [stderr]    Compiling p3-field v0.4.3-succinct
[INFO] [stderr]    Compiling ff_derive v0.13.1
[INFO] [stderr]    Compiling sp1-derive v6.8.1
[INFO] [stderr]    Compiling tracing-subscriber v0.3.23
[INFO] [stderr]    Compiling p3-matrix v0.4.3-succinct
[INFO] [stderr]    Compiling p3-symmetric v0.4.3-succinct
[INFO] [stderr]    Compiling slop-algebra v6.8.1
[INFO] [stderr]    Compiling p3-challenger v0.4.3-succinct
[INFO] [stderr]    Compiling slop-symmetric v6.8.1
[INFO] [stderr]    Compiling slop-alloc v6.8.1
[INFO] [stderr]    Compiling futures-executor v0.3.32
[INFO] [stderr]    Compiling deepsize2 v0.1.0
[INFO] [stderr]    Compiling p3-dft v0.4.3-succinct
[INFO] [stderr]    Compiling slop-matrix v6.8.1
[INFO] [stderr]    Compiling p3-interpolation v0.4.3-succinct
[INFO] [stderr]    Compiling p3-air v0.4.3-succinct
[INFO] [stderr]    Compiling slop-tensor v6.8.1
[INFO] [stderr]    Compiling futures v0.3.32
[INFO] [stderr]    Compiling slop-futures v6.8.1
[INFO] [stderr]    Compiling p3-commit v0.4.3-succinct
[INFO] [stderr]    Compiling slop-challenger v6.8.1
[INFO] [stderr]    Compiling slop-air v6.8.1
[INFO] [stderr]    Compiling p3-mds v0.4.3-succinct
[INFO] [stderr]    Compiling slop-commit v6.8.1
[INFO] [stderr]    Compiling p3-merkle-tree v0.4.3-succinct
[INFO] [stderr]    Compiling p3-fri v0.4.3-succinct
[INFO] [stderr]    Compiling p3-uni-stark v0.4.3-succinct
[INFO] [stderr]    Compiling slop-dft v6.8.1
[INFO] [stderr]    Compiling p3-poseidon2 v0.4.3-succinct
[INFO] [stderr]    Compiling slop-multilinear v6.8.1
[INFO] [stderr]    Compiling ff v0.13.1
[INFO] [stderr]    Compiling slop-poseidon2 v6.8.1
[INFO] [stderr]    Compiling p3-bn254-fr v0.4.3-succinct
[INFO] [stderr]    Compiling slop-koala-bear v6.8.1
[INFO] [stderr]    Compiling slop-fri v6.8.1
[INFO] [stderr]    Compiling slop-baby-bear v6.8.1
[INFO] [stderr]    Compiling slop-uni-stark v6.8.1
[INFO] [stderr]    Compiling slop-sumcheck v6.8.1
[INFO] [stderr]    Compiling tracing-forest v0.1.6
[INFO] [stderr]    Compiling backtrace v0.3.76
[INFO] [stderr]    Compiling slop-utils v6.8.1
[INFO] [stderr]    Compiling slop-bn254 v6.8.1
[INFO] [stderr]    Compiling slop-merkle-tree v6.8.1
[INFO] [stderr]    Compiling sp1-primitives v6.8.1
[INFO] [stderr]    Compiling slop-basefold v6.8.1
[INFO] [stderr]    Compiling slop-basefold-prover v6.8.1
[INFO] [stderr]    Compiling slop-stacked v6.8.1
[INFO] [stderr]    Compiling slop-jagged v6.8.1
[INFO] [stderr]    Compiling slop-whir v6.8.1
[INFO] [stderr]    Compiling sp1-hypercube v6.8.1
[INFO] [stderr]    Compiling sp1-recursion-executor v6.8.1
[INFO] [stderr]    Compiling sp1-recursion-machine v6.8.1 (/opt/rustwide/workdir)
[INFO] [stderr]     Finished `dev` profile [unoptimized + debuginfo] target(s) in 1m 02s
[INFO] running `Command { std: "docker" "inspect" "f3ee0d399641db42020dee2d0d26fcf642f979b0d3d6b6d669bcc149a8311299", kill_on_drop: false }`
[INFO] running `Command { std: "docker" "exec" "-e" "SOURCE_DIR=/opt/rustwide/workdir" "-e" "CARGO_HOME=/opt/rustwide/cargo-home" "-e" "RUSTUP_HOME=/opt/rustwide/rustup-home" "-e" "CARGO_TARGET_DIR=/opt/rustwide/target" "-e" "CARGO_INCREMENTAL=0" "-e" "RUST_BACKTRACE=full" "-e" "RUSTFLAGS=--cap-lints=warn" "-e" "RUSTDOCFLAGS=--cap-lints=warn" "-w" "/opt/rustwide/workdir" "--user" "0:0" "f3ee0d399641db42020dee2d0d26fcf642f979b0d3d6b6d669bcc149a8311299" "/opt/rustwide/cargo-home/bin/cargo" "+1.99.0-beta.8" "test" "--frozen" "--no-run" "--message-format=json", kill_on_drop: false }`
[INFO] [stderr]    Compiling sp1-recursion-machine v6.8.1 (/opt/rustwide/workdir)
[INFO] [stdout] error[E0433]: cannot find module or crate `tokio` in this scope
[INFO] [stdout]   --> src/chips/test_fixtures.rs:25:5
[INFO] [stdout]    |
[INFO] [stdout] 25 | use tokio::sync::OnceCell;
[INFO] [stdout]    |     ^^^^^ use of unresolved module or unlinked crate `tokio`
[INFO] [stdout]    |
[INFO] [stdout]    = help: if you wanted to use a crate named `tokio`, use `cargo add tokio` to add it to your `Cargo.toml`
[INFO] [stdout] 
[INFO] [stdout] 
[INFO] [stdout] error[E0433]: cannot find module or crate `sp1_core_machine` in this scope
[INFO] [stdout]   --> src/chips/poseidon2_wide/mod.rs:38:9
[INFO] [stdout]    |
[INFO] [stdout] 38 |     use sp1_core_machine::utils::setup_logger;
[INFO] [stdout]    |         ^^^^^^^^^^^^^^^^ use of unresolved module or unlinked crate `sp1_core_machine`
[INFO] [stdout]    |
[INFO] [stdout]    = help: if you wanted to use a crate named `sp1_core_machine`, use `cargo add sp1_core_machine` to add it to your `Cargo.toml`
[INFO] [stdout] 
[INFO] [stdout] 
[INFO] [stdout] error[E0433]: cannot find module or crate `sp1_core_machine` in this scope
[INFO] [stdout]    --> src/chips/public_values.rs:210:9
[INFO] [stdout]     |
[INFO] [stdout] 210 |     use sp1_core_machine::utils::setup_logger;
[INFO] [stdout]     |         ^^^^^^^^^^^^^^^^ use of unresolved module or unlinked crate `sp1_core_machine`
[INFO] [stdout]     |
[INFO] [stdout]     = help: if you wanted to use a crate named `sp1_core_machine`, use `cargo add sp1_core_machine` to add it to your `Cargo.toml`
[INFO] [stdout] 
[INFO] [stdout] 
[INFO] [stdout] error[E0432]: unresolved import `slop_challenger`
[INFO] [stdout]    --> src/chips/public_values.rs:208:9
[INFO] [stdout]     |
[INFO] [stdout] 208 |     use slop_challenger::IopCtx;
[INFO] [stdout]     |         ^^^^^^^^^^^^^^^ use of unresolved module or unlinked crate `slop_challenger`
[INFO] [stdout]     |
[INFO] [stdout]     = help: if you wanted to use a crate named `slop_challenger`, use `cargo add slop_challenger` to add it to your `Cargo.toml`
[INFO] [stdout] 
[INFO] [stdout] 
[INFO] [stdout] error[E0432]: unresolved import `slop_challenger`
[INFO] [stdout]    --> src/chips/select.rs:220:9
[INFO] [stdout]     |
[INFO] [stdout] 220 |     use slop_challenger::IopCtx;
[INFO] [stdout]     |         ^^^^^^^^^^^^^^^ use of unresolved module or unlinked crate `slop_challenger`
[INFO] [stdout]     |
[INFO] [stdout]     = help: if you wanted to use a crate named `slop_challenger`, use `cargo add slop_challenger` to add it to your `Cargo.toml`
[INFO] [stdout] 
[INFO] [stdout] 
[INFO] [stdout] error[E0433]: cannot find module or crate `tokio` in this scope
[INFO] [stdout]    --> src/chips/alu_base.rs:262:7
[INFO] [stdout]     |
[INFO] [stdout] 262 |     #[tokio::test]
[INFO] [stdout]     |       ^^^^^ use of unresolved module or unlinked crate `tokio`
[INFO] [stdout] 
[INFO] [stdout] 
[INFO] [stdout] error[E0433]: cannot find module or crate `tokio` in this scope
[INFO] [stdout]    --> src/chips/alu_base.rs:269:7
[INFO] [stdout]     |
[INFO] [stdout] 269 |     #[tokio::test]
[INFO] [stdout]     |       ^^^^^ use of unresolved module or unlinked crate `tokio`
[INFO] [stdout] 
[INFO] [stdout] 
[INFO] [stdout] error[E0433]: cannot find module or crate `tokio` in this scope
[INFO] [stdout]    --> src/chips/alu_base.rs:276:7
[INFO] [stdout]     |
[INFO] [stdout] 276 |     #[tokio::test]
[INFO] [stdout]     |       ^^^^^ use of unresolved module or unlinked crate `tokio`
[INFO] [stdout] 
[INFO] [stdout] 
[INFO] [stdout] error[E0433]: cannot find module or crate `tokio` in this scope
[INFO] [stdout]    --> src/chips/alu_ext.rs:271:7
[INFO] [stdout]     |
[INFO] [stdout] 271 |     #[tokio::test]
[INFO] [stdout]     |       ^^^^^ use of unresolved module or unlinked crate `tokio`
[INFO] [stdout] 
[INFO] [stdout] 
[INFO] [stdout] error[E0433]: cannot find module or crate `tokio` in this scope
[INFO] [stdout]    --> src/chips/alu_ext.rs:278:7
[INFO] [stdout]     |
[INFO] [stdout] 278 |     #[tokio::test]
[INFO] [stdout]     |       ^^^^^ use of unresolved module or unlinked crate `tokio`
[INFO] [stdout] 
[INFO] [stdout] 
[INFO] [stdout] error[E0433]: cannot find module or crate `tokio` in this scope
[INFO] [stdout]    --> src/chips/alu_ext.rs:285:7
[INFO] [stdout]     |
[INFO] [stdout] 285 |     #[tokio::test]
[INFO] [stdout]     |       ^^^^^ use of unresolved module or unlinked crate `tokio`
[INFO] [stdout] 
[INFO] [stdout] 
[INFO] [stdout] error[E0433]: cannot find module or crate `tokio` in this scope
[INFO] [stdout]    --> src/chips/mem/constant.rs:195:7
[INFO] [stdout]     |
[INFO] [stdout] 195 |     #[tokio::test]
[INFO] [stdout]     |       ^^^^^ use of unresolved module or unlinked crate `tokio`
[INFO] [stdout] 
[INFO] [stdout] 
[INFO] [stdout] error[E0433]: cannot find module or crate `tokio` in this scope
[INFO] [stdout]    --> src/chips/mem/constant.rs:203:7
[INFO] [stdout]     |
[INFO] [stdout] 203 |     #[tokio::test]
[INFO] [stdout]     |       ^^^^^ use of unresolved module or unlinked crate `tokio`
[INFO] [stdout] 
[INFO] [stdout] 
[INFO] [stdout] error[E0433]: cannot find module or crate `tokio` in this scope
[INFO] [stdout]    --> src/chips/mem/constant.rs:211:7
[INFO] [stdout]     |
[INFO] [stdout] 211 |     #[tokio::test]
[INFO] [stdout]     |       ^^^^^ use of unresolved module or unlinked crate `tokio`
[INFO] [stdout] 
[INFO] [stdout] 
[INFO] [stdout] error[E0433]: cannot find module or crate `tokio` in this scope
[INFO] [stdout]    --> src/chips/mem/constant.rs:220:7
[INFO] [stdout]     |
[INFO] [stdout] 220 |     #[tokio::test]
[INFO] [stdout]     |       ^^^^^ use of unresolved module or unlinked crate `tokio`
[INFO] [stdout] 
[INFO] [stdout] 
[INFO] [stdout] error[E0433]: cannot find module or crate `tokio` in this scope
[INFO] [stdout]    --> src/chips/mem/constant.rs:230:7
[INFO] [stdout]     |
[INFO] [stdout] 230 |     #[tokio::test]
[INFO] [stdout]     |       ^^^^^ use of unresolved module or unlinked crate `tokio`
[INFO] [stdout] 
[INFO] [stdout] 
[INFO] [stdout] error[E0433]: cannot find module or crate `tokio` in this scope
[INFO] [stdout]    --> src/chips/mem/constant.rs:240:7
[INFO] [stdout]     |
[INFO] [stdout] 240 |     #[tokio::test]
[INFO] [stdout]     |       ^^^^^ use of unresolved module or unlinked crate `tokio`
[INFO] [stdout] 
[INFO] [stdout] 
[INFO] [stdout] error[E0433]: cannot find module or crate `tokio` in this scope
[INFO] [stdout]    --> src/chips/mem/variable.rs:240:7
[INFO] [stdout]     |
[INFO] [stdout] 240 |     #[tokio::test]
[INFO] [stdout]     |       ^^^^^ use of unresolved module or unlinked crate `tokio`
[INFO] [stdout] 
[INFO] [stdout] 
[INFO] [stdout] error[E0433]: cannot find module or crate `tokio` in this scope
[INFO] [stdout]    --> src/chips/mem/variable.rs:248:7
[INFO] [stdout]     |
[INFO] [stdout] 248 |     #[tokio::test]
[INFO] [stdout]     |       ^^^^^ use of unresolved module or unlinked crate `tokio`
[INFO] [stdout] 
[INFO] [stdout] 
[INFO] [stdout] error[E0433]: cannot find module or crate `tokio` in this scope
[INFO] [stdout]    --> src/chips/poseidon2_helper/convert.rs:252:7
[INFO] [stdout]     |
[INFO] [stdout] 252 |     #[tokio::test]
[INFO] [stdout]     |       ^^^^^ use of unresolved module or unlinked crate `tokio`
[INFO] [stdout] 
[INFO] [stdout] 
[INFO] [stdout] error[E0433]: cannot find module or crate `tokio` in this scope
[INFO] [stdout]    --> src/chips/poseidon2_helper/convert.rs:259:7
[INFO] [stdout]     |
[INFO] [stdout] 259 |     #[tokio::test]
[INFO] [stdout]     |       ^^^^^ use of unresolved module or unlinked crate `tokio`
[INFO] [stdout] 
[INFO] [stdout] 
[INFO] [stdout] error[E0433]: cannot find module or crate `tokio` in this scope
[INFO] [stdout]    --> src/chips/poseidon2_helper/linear.rs:301:7
[INFO] [stdout]     |
[INFO] [stdout] 301 |     #[tokio::test]
[INFO] [stdout]     |       ^^^^^ use of unresolved module or unlinked crate `tokio`
[INFO] [stdout] 
[INFO] [stdout] 
[INFO] [stdout] error[E0433]: cannot find module or crate `tokio` in this scope
[INFO] [stdout]    --> src/chips/poseidon2_helper/linear.rs:308:7
[INFO] [stdout]     |
[INFO] [stdout] 308 |     #[tokio::test]
[INFO] [stdout]     |       ^^^^^ use of unresolved module or unlinked crate `tokio`
[INFO] [stdout] 
[INFO] [stdout] 
[INFO] [stdout] error[E0433]: cannot find module or crate `tokio` in this scope
[INFO] [stdout]    --> src/chips/poseidon2_helper/sbox.rs:267:7
[INFO] [stdout]     |
[INFO] [stdout] 267 |     #[tokio::test]
[INFO] [stdout]     |       ^^^^^ use of unresolved module or unlinked crate `tokio`
[INFO] [stdout] 
[INFO] [stdout] 
[INFO] [stdout] error[E0433]: cannot find module or crate `tokio` in this scope
[INFO] [stdout]    --> src/chips/poseidon2_helper/sbox.rs:274:7
[INFO] [stdout]     |
[INFO] [stdout] 274 |     #[tokio::test]
[INFO] [stdout]     |       ^^^^^ use of unresolved module or unlinked crate `tokio`
[INFO] [stdout] 
[INFO] [stdout] 
[INFO] [stdout] error[E0433]: cannot find module or crate `tokio` in this scope
[INFO] [stdout]    --> src/chips/poseidon2_wide/trace.rs:179:7
[INFO] [stdout]     |
[INFO] [stdout] 179 |     #[tokio::test]
[INFO] [stdout]     |       ^^^^^ use of unresolved module or unlinked crate `tokio`
[INFO] [stdout] 
[INFO] [stdout] 
[INFO] [stdout] error[E0433]: cannot find module or crate `tokio` in this scope
[INFO] [stdout]    --> src/chips/poseidon2_wide/trace.rs:187:7
[INFO] [stdout]     |
[INFO] [stdout] 187 |     #[tokio::test]
[INFO] [stdout]     |       ^^^^^ use of unresolved module or unlinked crate `tokio`
[INFO] [stdout] 
[INFO] [stdout] 
[INFO] [stdout] error[E0433]: cannot find module or crate `tokio` in this scope
[INFO] [stdout]   --> src/chips/poseidon2_wide/mod.rs:45:7
[INFO] [stdout]    |
[INFO] [stdout] 45 |     #[tokio::test]
[INFO] [stdout]    |       ^^^^^ use of unresolved module or unlinked crate `tokio`
[INFO] [stdout] 
[INFO] [stdout] 
[INFO] [stdout] error[E0433]: cannot find module or crate `tokio` in this scope
[INFO] [stdout]    --> src/chips/prefix_sum_checks.rs:293:7
[INFO] [stdout]     |
[INFO] [stdout] 293 |     #[tokio::test]
[INFO] [stdout]     |       ^^^^^ use of unresolved module or unlinked crate `tokio`
[INFO] [stdout] 
[INFO] [stdout] 
[INFO] [stdout] error[E0433]: cannot find module or crate `tokio` in this scope
[INFO] [stdout]    --> src/chips/prefix_sum_checks.rs:300:7
[INFO] [stdout]     |
[INFO] [stdout] 300 |     #[tokio::test]
[INFO] [stdout]     |       ^^^^^ use of unresolved module or unlinked crate `tokio`
[INFO] [stdout] 
[INFO] [stdout] 
[INFO] [stdout] error[E0433]: cannot find module or crate `tokio` in this scope
[INFO] [stdout]    --> src/chips/prefix_sum_checks.rs:307:7
[INFO] [stdout]     |
[INFO] [stdout] 307 |     #[tokio::test]
[INFO] [stdout]     |       ^^^^^ use of unresolved module or unlinked crate `tokio`
[INFO] [stdout] 
[INFO] [stdout] 
[INFO] [stdout] error[E0433]: cannot find module or crate `tokio` in this scope
[INFO] [stdout]    --> src/chips/public_values.rs:219:7
[INFO] [stdout]     |
[INFO] [stdout] 219 |     #[tokio::test]
[INFO] [stdout]     |       ^^^^^ use of unresolved module or unlinked crate `tokio`
[INFO] [stdout] 
[INFO] [stdout] 
[INFO] [stdout] error[E0433]: cannot find module or crate `tokio` in this scope
[INFO] [stdout]    --> src/chips/public_values.rs:247:7
[INFO] [stdout]     |
[INFO] [stdout] 247 |     #[tokio::test]
[INFO] [stdout]     |       ^^^^^ use of unresolved module or unlinked crate `tokio`
[INFO] [stdout] 
[INFO] [stdout] 
[INFO] [stdout] error[E0433]: cannot find module or crate `tokio` in this scope
[INFO] [stdout]    --> src/chips/public_values.rs:254:7
[INFO] [stdout]     |
[INFO] [stdout] 254 |     #[tokio::test]
[INFO] [stdout]     |       ^^^^^ use of unresolved module or unlinked crate `tokio`
[INFO] [stdout] 
[INFO] [stdout] 
[INFO] [stdout] error[E0433]: cannot find module or crate `tokio` in this scope
[INFO] [stdout]    --> src/chips/select.rs:226:7
[INFO] [stdout]     |
[INFO] [stdout] 226 |     #[tokio::test]
[INFO] [stdout]     |       ^^^^^ use of unresolved module or unlinked crate `tokio`
[INFO] [stdout] 
[INFO] [stdout] 
[INFO] [stdout] error[E0433]: cannot find module or crate `tokio` in this scope
[INFO] [stdout]    --> src/chips/select.rs:258:7
[INFO] [stdout]     |
[INFO] [stdout] 258 |     #[tokio::test]
[INFO] [stdout]     |       ^^^^^ use of unresolved module or unlinked crate `tokio`
[INFO] [stdout] 
[INFO] [stdout] 
[INFO] [stdout] error[E0433]: cannot find module or crate `tokio` in this scope
[INFO] [stdout]    --> src/chips/select.rs:265:7
[INFO] [stdout]     |
[INFO] [stdout] 265 |     #[tokio::test]
[INFO] [stdout]     |       ^^^^^ use of unresolved module or unlinked crate `tokio`
[INFO] [stdout] 
[INFO] [stdout] 
[INFO] [stdout] error[E0433]: cannot find module or crate `tokio` in this scope
[INFO] [stdout]    --> src/machine.rs:196:7
[INFO] [stdout]     |
[INFO] [stdout] 196 |     #[tokio::test]
[INFO] [stdout]     |       ^^^^^ use of unresolved module or unlinked crate `tokio`
[INFO] [stdout] 
[INFO] [stdout] 
[INFO] [stdout] error[E0433]: cannot find module or crate `tokio` in this scope
[INFO] [stdout]    --> src/machine.rs:210:7
[INFO] [stdout]     |
[INFO] [stdout] 210 |     #[tokio::test]
[INFO] [stdout]     |       ^^^^^ use of unresolved module or unlinked crate `tokio`
[INFO] [stdout] 
[INFO] [stdout] 
[INFO] [stdout] error[E0433]: cannot find module or crate `tokio` in this scope
[INFO] [stdout]    --> src/machine.rs:223:7
[INFO] [stdout]     |
[INFO] [stdout] 223 |     #[tokio::test]
[INFO] [stdout]     |       ^^^^^ use of unresolved module or unlinked crate `tokio`
[INFO] [stdout] 
[INFO] [stdout] 
[INFO] [stdout] error[E0433]: cannot find module or crate `tokio` in this scope
[INFO] [stdout]    --> src/machine.rs:235:7
[INFO] [stdout]     |
[INFO] [stdout] 235 |     #[tokio::test]
[INFO] [stdout]     |       ^^^^^ use of unresolved module or unlinked crate `tokio`
[INFO] [stdout] 
[INFO] [stdout] 
[INFO] [stdout] Some errors have detailed explanations: E0432, E0433.
[INFO] [stdout] 
[INFO] [stdout] For more information about an error, try `rustc --explain E0432`.
[INFO] [stdout] 
[INFO] [stderr] error: could not compile `sp1-recursion-machine` (lib test) due to 41 previous errors
[INFO] running `Command { std: "docker" "inspect" "f3ee0d399641db42020dee2d0d26fcf642f979b0d3d6b6d669bcc149a8311299", kill_on_drop: false }`
[INFO] running `Command { std: "docker" "rm" "-f" "f3ee0d399641db42020dee2d0d26fcf642f979b0d3d6b6d669bcc149a8311299", kill_on_drop: false }`
[INFO] [stdout] f3ee0d399641db42020dee2d0d26fcf642f979b0d3d6b6d669bcc149a8311299
