[INFO] fetching crate sp1-core 1.1.1...
[INFO] testing sp1-core-1.1.1 against 1.100.0-beta.1 for beta-1.100-2
[INFO] extracting crate sp1-core 1.1.1 into /workspace/builds/worker-0-tc2/source
[INFO] started tweaking crates.io crate sp1-core 1.1.1
[INFO] finished tweaking crates.io crate sp1-core 1.1.1
[INFO] tweaked toml for crates.io crate sp1-core 1.1.1 written to /workspace/builds/worker-0-tc2/source/Cargo.toml
[INFO] validating manifest of crates.io crate sp1-core 1.1.1 on toolchain 1.100.0-beta.1
[INFO] running `Command { std: CARGO_HOME="/workspace/cargo-home" RUSTUP_HOME="/workspace/rustup-home" "/workspace/cargo-home/bin/cargo" "+1.100.0-beta.1" "metadata" "--manifest-path" "Cargo.toml" "--no-deps", kill_on_drop: false }`
[INFO] running `Command { std: CARGO_HOME="/workspace/cargo-home" RUSTUP_HOME="/workspace/rustup-home" "/workspace/cargo-home/bin/cargo" "+1.100.0-beta.1" "generate-lockfile" "--manifest-path" "Cargo.toml", kill_on_drop: false }`
[INFO] [stderr]     Updating crates.io index
[INFO] [stderr]      Locking 273 packages to highest compatible versions
[INFO] [stderr]       Adding bincode v1.3.3 (available: v3.0.0)
[INFO] [stderr]       Adding criterion v0.5.1 (available: v0.8.2)
[INFO] [stderr]       Adding crypto-common v0.1.6 (available: v0.1.7)
[INFO] [stderr]       Adding curve25519-dalek v4.1.3 (available: v5.0.0)
[INFO] [stderr]       Adding elf v0.7.4 (available: v0.8.0)
[INFO] [stderr]       Adding elliptic-curve v0.13.8 (available: v0.14.1)
[INFO] [stderr]       Adding hashbrown v0.14.5 (available: v0.17.1)
[INFO] [stderr]       Adding itertools v0.13.0 (available: v0.15.0)
[INFO] [stderr]       Adding k256 v0.13.4 (available: v0.14.0)
[INFO] [stderr]       Adding num-bigint v0.4.8 (available: v0.5.1)
[INFO] [stderr]       Adding p3-air v0.1.3-succinct (available: v0.8.0)
[INFO] [stderr]       Adding p3-baby-bear v0.1.3-succinct (available: v0.8.0)
[INFO] [stderr]       Adding p3-blake3 v0.1.3-succinct (available: v0.8.0)
[INFO] [stderr]       Adding p3-challenger v0.1.3-succinct (available: v0.8.0)
[INFO] [stderr]       Adding p3-commit v0.1.3-succinct (available: v0.8.0)
[INFO] [stderr]       Adding p3-dft v0.1.3-succinct (available: v0.8.0)
[INFO] [stderr]       Adding p3-field v0.1.3-succinct (available: v0.8.0)
[INFO] [stderr]       Adding p3-fri v0.1.3-succinct (available: v0.8.0)
[INFO] [stderr]       Adding p3-keccak v0.1.3-succinct (available: v0.8.0)
[INFO] [stderr]       Adding p3-keccak-air v0.1.3-succinct (available: v0.8.0)
[INFO] [stderr]       Adding p3-matrix v0.1.3-succinct (available: v0.8.0)
[INFO] [stderr]       Adding p3-maybe-rayon v0.1.3-succinct (available: v0.8.0)
[INFO] [stderr]       Adding p3-merkle-tree v0.1.3-succinct (available: v0.8.0)
[INFO] [stderr]       Adding p3-poseidon2 v0.1.3-succinct (available: v0.8.0)
[INFO] [stderr]       Adding p3-symmetric v0.1.3-succinct (available: v0.8.0)
[INFO] [stderr]       Adding p3-uni-stark v0.1.3-succinct (available: v0.8.0)
[INFO] [stderr]       Adding p3-util v0.1.3-succinct (available: v0.8.0)
[INFO] [stderr]       Adding rand v0.8.8 (available: v0.10.3)
[INFO] [stderr]       Adding rrs-succinct v0.1.0 (available: v0.2.0)
[INFO] [stderr]       Adding size v0.4.1 (available: v0.5.0)
[INFO] [stderr]       Adding sp1-derive v1.2.0 (available: v6.8.1)
[INFO] [stderr]       Adding sp1-primitives v1.2.0 (available: v6.8.1)
[INFO] [stderr]       Adding sp1-zkvm v1.2.0 (available: v6.8.1)
[INFO] [stderr]       Adding strum v0.26.3 (available: v0.28.0)
[INFO] [stderr]       Adding strum_macros v0.26.4 (available: v0.28.0)
[INFO] [stderr]       Adding thiserror v1.0.69 (available: v2.0.21)
[INFO] [stderr]       Adding tracing-forest v0.1.6 (available: v0.3.1)
[INFO] running `Command { std: CARGO_HOME="/workspace/cargo-home" RUSTUP_HOME="/workspace/rustup-home" "/workspace/cargo-home/bin/cargo" "+1.100.0-beta.1" "fetch" "--manifest-path" "Cargo.toml", kill_on_drop: false }`
[INFO] running `Command { std: "docker" "create" "-v" "/var/lib/crater-agent-workspace/builds/worker-0-tc2/source:/opt/rustwide/workdir:ro,Z" "-v" "/var/lib/crater-agent-workspace/builds/worker-0-tc2/target:/opt/rustwide/target:rw,Z" "-v" "/var/lib/crater-agent-workspace/cargo-home:/opt/rustwide/cargo-home:ro,Z" "-v" "/var/lib/crater-agent-workspace/rustup-home:/opt/rustwide/rustup-home:ro,Z" "-m" "1610612736" "--network" "none" "ghcr.io/rust-lang/crates-build-env/linux@sha256:3111399a4047eeb3a02b7a90e478d715f38a8c6669b5c4b49d30a17385265909" "sleep" "infinity", kill_on_drop: false }`
[INFO] [stdout] 432a59983891fbabc93d37aa15323f9565495f6605fcc68807808518d696b6f5
[INFO] running `Command { std: "docker" "start" "432a59983891fbabc93d37aa15323f9565495f6605fcc68807808518d696b6f5", kill_on_drop: false }`
[INFO] running `Command { std: "docker" "inspect" "432a59983891fbabc93d37aa15323f9565495f6605fcc68807808518d696b6f5", kill_on_drop: false }`
[INFO] running `Command { std: "docker" "exec" "-e" "SOURCE_DIR=/opt/rustwide/workdir" "-e" "CARGO_HOME=/opt/rustwide/cargo-home" "-e" "RUSTUP_HOME=/opt/rustwide/rustup-home" "-e" "CARGO_TARGET_DIR=/opt/rustwide/target" "-w" "/opt/rustwide/workdir" "--user" "0:0" "432a59983891fbabc93d37aa15323f9565495f6605fcc68807808518d696b6f5" "/opt/rustwide/cargo-home/bin/cargo" "+1.100.0-beta.1" "metadata" "--no-deps" "--format-version=1", kill_on_drop: false }`
[INFO] running `Command { std: "docker" "inspect" "432a59983891fbabc93d37aa15323f9565495f6605fcc68807808518d696b6f5", kill_on_drop: false }`
[INFO] running `Command { std: "docker" "exec" "-e" "SOURCE_DIR=/opt/rustwide/workdir" "-e" "CARGO_HOME=/opt/rustwide/cargo-home" "-e" "RUSTUP_HOME=/opt/rustwide/rustup-home" "-e" "CARGO_TARGET_DIR=/opt/rustwide/target" "-e" "CARGO_INCREMENTAL=0" "-e" "RUST_BACKTRACE=full" "-e" "RUSTFLAGS=--cap-lints=warn" "-e" "RUSTDOCFLAGS=--cap-lints=warn" "-w" "/opt/rustwide/workdir" "--user" "0:0" "432a59983891fbabc93d37aa15323f9565495f6605fcc68807808518d696b6f5" "/opt/rustwide/cargo-home/bin/cargo" "+1.100.0-beta.1" "build" "--frozen" "--message-format=json", kill_on_drop: false }`
[INFO] [stderr]    Compiling syn v3.0.6
[INFO] [stderr]    Compiling syn v2.0.119
[INFO] [stderr]    Compiling serde_core v1.0.229
[INFO] [stderr]    Compiling zerocopy v0.8.60
[INFO] [stderr]    Compiling serde v1.0.229
[INFO] [stderr]    Compiling num-traits v0.2.19
[INFO] [stderr]    Compiling getrandom v0.2.17
[INFO] [stderr]    Compiling either v1.19.0
[INFO] [stderr]    Compiling rand_core v0.6.4
[INFO] [stderr]    Compiling tracing-core v0.1.36
[INFO] [stderr]    Compiling zeroize v1.9.1
[INFO] [stderr]    Compiling itertools v0.12.1
[INFO] [stderr]    Compiling rayon v1.12.0
[INFO] [stderr]    Compiling hashbrown v0.17.1
[INFO] [stderr]    Compiling num-integer v0.1.47
[INFO] [stderr]    Compiling num-bigint v0.4.8
[INFO] [stderr]    Compiling equivalent v1.0.2
[INFO] [stderr]    Compiling indexmap v2.14.2
[INFO] [stderr]    Compiling generic-array v0.14.9
[INFO] [stderr]    Compiling winnow v1.0.4
[INFO] [stderr]    Compiling p3-maybe-rayon v0.1.3-succinct
[INFO] [stderr]    Compiling block-buffer v0.10.4
[INFO] [stderr]    Compiling crypto-common v0.1.6
[INFO] [stderr]    Compiling toml_datetime v1.1.1+spec-1.1.0
[INFO] [stderr]    Compiling der v0.7.10
[INFO] [stderr]    Compiling digest v0.10.7
[INFO] [stderr]    Compiling syn v1.0.109
[INFO] [stderr]    Compiling lazy_static v1.5.1
[INFO] [stderr]    Compiling regex-automata v0.4.18
[INFO] [stderr]    Compiling unicode-xid v0.2.6
[INFO] [stderr]    Compiling konst_macro_rules v0.2.19
[INFO] [stderr]    Compiling toml_datetime v0.6.11
[INFO] [stderr]    Compiling arrayvec v0.7.8
[INFO] [stderr]    Compiling thiserror v2.0.21
[INFO] [stderr]    Compiling find-msvc-tools v0.1.14
[INFO] [stderr]    Compiling winnow v0.5.40
[INFO] [stderr]    Compiling cc v1.6.0
[INFO] [stderr]    Compiling toml_parser v1.1.3+spec-1.1.0
[INFO] [stderr]    Compiling spki v0.7.3
[INFO] [stderr]    Compiling toml_edit v0.25.15+spec-1.1.0
[INFO] [stderr]    Compiling tracing-log v0.2.0
[INFO] [stderr]    Compiling serde_derive v1.0.229
[INFO] [stderr]    Compiling thiserror-impl v2.0.21
[INFO] [stderr]    Compiling darling_core v0.24.1
[INFO] [stderr]    Compiling ppv-lite86 v0.2.21
[INFO] [stderr]    Compiling proc-macro-crate v3.5.0
[INFO] [stderr]    Compiling tracing-attributes v0.1.31
[INFO] [stderr]    Compiling thiserror-impl v1.0.69
[INFO] [stderr]    Compiling toml_edit v0.19.15
[INFO] [stderr]    Compiling rand_chacha v0.3.1
[INFO] [stderr]    Compiling rand v0.8.8
[INFO] [stderr]    Compiling matchers v0.2.0
[INFO] [stderr]    Compiling konst v0.2.20
[INFO] [stderr]    Compiling const_format_proc_macros v0.2.34
[INFO] [stderr]    Compiling sharded-slab v0.1.7
[INFO] [stderr]    Compiling tracing v0.1.44
[INFO] [stderr]    Compiling parity-scale-codec v3.7.5
[INFO] [stderr]    Compiling ff v0.13.1
[INFO] [stderr]    Compiling thread_local v1.1.10
[INFO] [stderr]    Compiling nu-ansi-term v0.50.3
[INFO] [stderr]    Compiling smallvec v1.16.2
[INFO] [stderr]    Compiling crunchy v0.2.4
[INFO] [stderr]    Compiling sec1 v0.7.3
[INFO] [stderr]    Compiling const_format v0.2.36
[INFO] [stderr]    Compiling tracing-subscriber v0.3.23
[INFO] [stderr]    Compiling group v0.13.0
[INFO] [stderr]    Compiling thiserror v1.0.69
[INFO] [stderr]    Compiling parity-scale-codec-derive v3.7.5
[INFO] [stderr]    Compiling derive_more-impl v1.0.0
[INFO] [stderr]    Compiling impl-trait-for-tuples v0.2.3
[INFO] [stderr]    Compiling darling_macro v0.24.1
[INFO] [stderr]    Compiling proc-macro-crate v1.3.1
[INFO] [stderr]    Compiling p3-util v0.1.3-succinct
[INFO] [stderr]    Compiling blake3 v1.8.7
[INFO] [stderr]    Compiling p3-field v0.1.3-succinct
[INFO] [stderr]    Compiling pkcs8 v0.10.2
[INFO] [stderr]    Compiling hmac v0.12.1
[INFO] [stderr]    Compiling crypto-bigint v0.5.5
[INFO] [stderr]    Compiling p3-matrix v0.1.3-succinct
[INFO] [stderr]    Compiling p3-symmetric v0.1.3-succinct
[INFO] [stderr]    Compiling ahash v0.8.12
[INFO] [stderr]    Compiling ansi_term v0.12.1
[INFO] [stderr]    Compiling p3-dft v0.1.3-succinct
[INFO] [stderr]    Compiling p3-challenger v0.1.3-succinct
[INFO] [stderr]    Compiling getrandom v0.4.3
[INFO] [stderr]    Compiling gcd v2.3.0
[INFO] [stderr]    Compiling tiny-keccak v2.0.2
[INFO] [stderr]    Compiling byte-slice-cast v1.2.3
[INFO] [stderr]    Compiling p3-mds v0.1.3-succinct
[INFO] [stderr]    Compiling rustix v1.1.5
[INFO] [stderr]    Compiling p3-commit v0.1.3-succinct
[INFO] [stderr]    Compiling p3-poseidon2 v0.1.3-succinct
[INFO] [stderr]    Compiling tracing-forest v0.1.6
[INFO] [stderr]    Compiling p3-air v0.1.3-succinct
[INFO] [stderr]    Compiling rfc6979 v0.4.0
[INFO] [stderr]    Compiling derive_more v1.0.0
[INFO] [stderr]    Compiling darling v0.24.1
[INFO] [stderr]    Compiling cobs v0.3.0
[INFO] [stderr]    Compiling curve25519-dalek v4.1.3
[INFO] [stderr]    Compiling elliptic-curve v0.13.8
[INFO] [stderr]    Compiling scale-info-derive v2.11.6
[INFO] [stderr]    Compiling signature v2.2.0
[INFO] [stderr]    Compiling constant_time_eq v0.4.2
[INFO] [stderr]    Compiling bitflags v2.13.2
[INFO] [stderr]    Compiling ecdsa v0.16.9
[INFO] [stderr]    Compiling postcard v1.1.3
[INFO] [stderr]    Compiling serde_with_macros v3.24.0
[INFO] [stderr]    Compiling p3-baby-bear v0.1.3-succinct
[INFO] [stderr]    Compiling sha2 v0.10.9
[INFO] [stderr]    Compiling p3-interpolation v0.1.3-succinct
[INFO] [stderr]    Compiling curve25519-dalek-derive v0.1.1
[INFO] [stderr]    Compiling num-rational v0.4.2
[INFO] [stderr]    Compiling scale-info v2.11.6
[INFO] [stderr]    Compiling num-iter v0.1.46
[INFO] [stderr]    Compiling num-complex v0.4.6
[INFO] [stderr]    Compiling itertools v0.13.0
[INFO] [stderr]    Compiling strum_macros v0.26.4
[INFO] [stderr]    Compiling num_enum_derive v0.5.11
[INFO] [stderr]    Compiling serde_with v3.24.0
[INFO] [stderr]    Compiling snowbridge-amcl v1.0.2
[INFO] [stderr]    Compiling num_enum v0.5.11
[INFO] [stderr]    Compiling rrs-succinct v0.1.0
[INFO] [stderr]    Compiling num v0.4.3
[INFO] [stderr]    Compiling sp1-derive v1.2.0
[INFO] [stderr]    Compiling hashbrown v0.14.5
[INFO] [stderr]    Compiling tempfile v3.27.0
[INFO] [stderr]    Compiling sp1-primitives v1.2.0
[INFO] [stderr]    Compiling k256 v0.13.4
[INFO] [stderr]    Compiling p3-fri v0.1.3-succinct
[INFO] [stderr]    Compiling p3-uni-stark v0.1.3-succinct
[INFO] [stderr]    Compiling p3-blake3 v0.1.3-succinct
[INFO] [stderr]    Compiling p3-keccak v0.1.3-succinct
[INFO] [stderr]    Compiling p3-keccak-air v0.1.3-succinct
[INFO] [stderr]    Compiling p3-merkle-tree v0.1.3-succinct
[INFO] [stderr]    Compiling bincode v1.3.3
[INFO] [stderr]    Compiling generic-array v1.4.5
[INFO] [stderr]    Compiling rayon-scan v0.1.1
[INFO] [stderr]    Compiling num_cpus v1.17.0
[INFO] [stderr]    Compiling size v0.4.1
[INFO] [stderr]    Compiling bytemuck v1.25.2
[INFO] [stderr]    Compiling strum v0.26.3
[INFO] [stderr]    Compiling nohash-hasher v0.2.0
[INFO] [stderr]    Compiling elf v0.7.4
[INFO] [stderr]    Compiling sp1-core v1.1.1 (/opt/rustwide/workdir)
[INFO] [stdout] error[E0433]: cannot find module or crate `sp1_stark` in this scope
[INFO] [stdout]   --> src/stark/air.rs:46:10
[INFO] [stdout]    |
[INFO] [stdout] 46 | #[derive(MachineAir)]
[INFO] [stdout]    |          ^^^^^^^^^^ use of unresolved module or unlinked crate `sp1_stark`
[INFO] [stdout]    |
[INFO] [stdout]    = help: if you wanted to use a crate named `sp1_stark`, use `cargo add sp1_stark` to add it to your `Cargo.toml`
[INFO] [stdout] note: module `crate::syscall::precompiles::uint256::air` exists but is inaccessible
[INFO] [stdout]   --> src/syscall/precompiles/uint256/mod.rs:1:1
[INFO] [stdout]    |
[INFO] [stdout]  1 | mod air;
[INFO] [stdout]    | ^^^^^^^^ not accessible
[INFO] [stdout]    = note: this error originates in the derive macro `MachineAir` (in Nightly builds, run with -Z macro-backtrace for more info)
[INFO] [stdout] help: consider importing this module
[INFO] [stdout]    |
[INFO] [stdout]  1 + use crate::air;
[INFO] [stdout]    |
[INFO] [stdout] 
[INFO] [stdout] 
[INFO] [stdout] error[E0405]: cannot find trait `SP1CoreAirBuilder` in module `crate::air`
[INFO] [stdout]    --> src/stark/air.rs:46:10
[INFO] [stdout]     |
[INFO] [stdout]  46 | #[derive(MachineAir)]
[INFO] [stdout]     |          ^^^^^^^^^^ not found in `crate::air`
[INFO] [stdout]     |
[INFO] [stdout] note: similarly named trait `SP1AirBuilder` defined here
[INFO] [stdout]    --> src/air/builder.rs:706:1
[INFO] [stdout]     |
[INFO] [stdout] 706 | / pub trait SP1AirBuilder:
[INFO] [stdout] 707 | |     MachineAirBuilder
[INFO] [stdout] 708 | |     + ByteAirBuilder
[INFO] [stdout] 709 | |     + WordAirBuilder
[INFO] [stdout] ...   |
[INFO] [stdout] 714 | | }
[INFO] [stdout]     | |_^
[INFO] [stdout]     = note: this error originates in the derive macro `MachineAir` (in Nightly builds, run with -Z macro-backtrace for more info)
[INFO] [stdout] 
[INFO] [stdout] 
[INFO] [stdout] error[E0599]: no variant named `Record` found for enum `stark::air::RiscvAir<F>`
[INFO] [stdout]   --> src/stark/air.rs:46:10
[INFO] [stdout]    |
[INFO] [stdout] 46 | #[derive(MachineAir)]
[INFO] [stdout]    |          ^^^^^^^^^^ variant not found in `stark::air::RiscvAir<F>`
[INFO] [stdout] 47 | pub enum RiscvAir<F: PrimeField32> {
[INFO] [stdout]    | ---------------------------------- variant `Record` not found here
[INFO] [stdout]    |
[INFO] [stdout]    = note: this error originates in the derive macro `MachineAir` (in Nightly builds, run with -Z macro-backtrace for more info)
[INFO] [stdout] 
[INFO] [stdout] 
[INFO] [stdout] error[E0277]: the trait bound `RiscvAir<<SC as StarkGenericConfig>::Val>: MachineAir<_>` is not satisfied
[INFO] [stdout]   --> src/utils/prove.rs:57:48
[INFO] [stdout]    |
[INFO] [stdout] 57 | pub fn prove_simple<SC: StarkGenericConfig, P: MachineProver<SC, RiscvAir<SC::Val>>>(
[INFO] [stdout]    |                                                ^^^^^^^^^^^^^^^^^^^^^^^^^^^^^^^^^^^^ unsatisfied trait bound
[INFO] [stdout]    |
[INFO] [stdout] help: the trait `air::machine::MachineAir<<SC as stark::config::StarkGenericConfig>::Val>` is not implemented for `stark::air::RiscvAir<<SC as stark::config::StarkGenericConfig>::Val>`
[INFO] [stdout]   --> src/stark/air.rs:47:1
[INFO] [stdout]    |
[INFO] [stdout] 47 | pub enum RiscvAir<F: PrimeField32> {
[INFO] [stdout]    | ^^^^^^^^^^^^^^^^^^^^^^^^^^^^^^^^^^
[INFO] [stdout]    = help: the following other types implement trait `air::machine::MachineAir<F>`:
[INFO] [stdout]              add_sub::AddSubChip
[INFO] [stdout]              alu::lt::LtChip
[INFO] [stdout]              alu::mul::MulChip
[INFO] [stdout]              bitwise::BitwiseChip
[INFO] [stdout]              bytes::ByteChip<F>
[INFO] [stdout]              chip::Chip<F, A>
[INFO] [stdout]              compress::ShaCompressChip
[INFO] [stdout]              cpu::CpuChip
[INFO] [stdout]            and 14 others
[INFO] [stdout] note: required by a bound in `stark::prover::MachineProver`
[INFO] [stdout]   --> src/stark/prover.rs:34:52
[INFO] [stdout]    |
[INFO] [stdout] 34 | pub trait MachineProver<SC: StarkGenericConfig, A: MachineAir<SC::Val>>:
[INFO] [stdout]    |                                                    ^^^^^^^^^^^^^^^^^^^ required by this bound in `MachineProver`
[INFO] [stdout]    = note: the full name for the type has been written to '/opt/rustwide/target/debug/build/sp1-core/06907e715cfc9197/out/sp1_core-06907e715cfc9197.long-type-1004250391621816744.txt'
[INFO] [stdout]    = note: consider using `--verbose` to print the full type name to the console
[INFO] [stdout] 
[INFO] [stdout] 
[INFO] [stdout] error[E0277]: the trait bound `RiscvAir<<SC as StarkGenericConfig>::Val>: MachineAir<_>` is not satisfied
[INFO] [stdout]    --> src/utils/prove.rs:109:41
[INFO] [stdout]     |
[INFO] [stdout] 109 | pub fn prove<SC: StarkGenericConfig, P: MachineProver<SC, RiscvAir<SC::Val>>>(
[INFO] [stdout]     |                                         ^^^^^^^^^^^^^^^^^^^^^^^^^^^^^^^^^^^^ unsatisfied trait bound
[INFO] [stdout]     |
[INFO] [stdout] help: the trait `air::machine::MachineAir<<SC as stark::config::StarkGenericConfig>::Val>` is not implemented for `stark::air::RiscvAir<<SC as stark::config::StarkGenericConfig>::Val>`
[INFO] [stdout]    --> src/stark/air.rs:47:1
[INFO] [stdout]     |
[INFO] [stdout]  47 | pub enum RiscvAir<F: PrimeField32> {
[INFO] [stdout]     | ^^^^^^^^^^^^^^^^^^^^^^^^^^^^^^^^^^
[INFO] [stdout]     = help: the following other types implement trait `air::machine::MachineAir<F>`:
[INFO] [stdout]               add_sub::AddSubChip
[INFO] [stdout]               alu::lt::LtChip
[INFO] [stdout]               alu::mul::MulChip
[INFO] [stdout]               bitwise::BitwiseChip
[INFO] [stdout]               bytes::ByteChip<F>
[INFO] [stdout]               chip::Chip<F, A>
[INFO] [stdout]               compress::ShaCompressChip
[INFO] [stdout]               cpu::CpuChip
[INFO] [stdout]             and 14 others
[INFO] [stdout] note: required by a bound in `stark::prover::MachineProver`
[INFO] [stdout]    --> src/stark/prover.rs:34:52
[INFO] [stdout]     |
[INFO] [stdout]  34 | pub trait MachineProver<SC: StarkGenericConfig, A: MachineAir<SC::Val>>:
[INFO] [stdout]     |                                                    ^^^^^^^^^^^^^^^^^^^ required by this bound in `MachineProver`
[INFO] [stdout]     = note: the full name for the type has been written to '/opt/rustwide/target/debug/build/sp1-core/06907e715cfc9197/out/sp1_core-06907e715cfc9197.long-type-1004250391621816744.txt'
[INFO] [stdout]     = note: consider using `--verbose` to print the full type name to the console
[INFO] [stdout] 
[INFO] [stdout] 
[INFO] [stdout] error[E0277]: the trait bound `RiscvAir<<SC as StarkGenericConfig>::Val>: MachineAir<_>` is not satisfied
[INFO] [stdout]    --> src/utils/prove.rs:128:54
[INFO] [stdout]     |
[INFO] [stdout] 128 | pub fn prove_with_context<SC: StarkGenericConfig, P: MachineProver<SC, RiscvAir<SC::Val>>>(
[INFO] [stdout]     |                                                      ^^^^^^^^^^^^^^^^^^^^^^^^^^^^^^^^^^^^ unsatisfied trait bound
[INFO] [stdout]     |
[INFO] [stdout] help: the trait `air::machine::MachineAir<<SC as stark::config::StarkGenericConfig>::Val>` is not implemented for `stark::air::RiscvAir<<SC as stark::config::StarkGenericConfig>::Val>`
[INFO] [stdout]    --> src/stark/air.rs:47:1
[INFO] [stdout]     |
[INFO] [stdout]  47 | pub enum RiscvAir<F: PrimeField32> {
[INFO] [stdout]     | ^^^^^^^^^^^^^^^^^^^^^^^^^^^^^^^^^^
[INFO] [stdout]     = help: the following other types implement trait `air::machine::MachineAir<F>`:
[INFO] [stdout]               add_sub::AddSubChip
[INFO] [stdout]               alu::lt::LtChip
[INFO] [stdout]               alu::mul::MulChip
[INFO] [stdout]               bitwise::BitwiseChip
[INFO] [stdout]               bytes::ByteChip<F>
[INFO] [stdout]               chip::Chip<F, A>
[INFO] [stdout]               compress::ShaCompressChip
[INFO] [stdout]               cpu::CpuChip
[INFO] [stdout]             and 14 others
[INFO] [stdout] note: required by a bound in `stark::prover::MachineProver`
[INFO] [stdout]    --> src/stark/prover.rs:34:52
[INFO] [stdout]     |
[INFO] [stdout]  34 | pub trait MachineProver<SC: StarkGenericConfig, A: MachineAir<SC::Val>>:
[INFO] [stdout]     |                                                    ^^^^^^^^^^^^^^^^^^^ required by this bound in `MachineProver`
[INFO] [stdout]     = note: the full name for the type has been written to '/opt/rustwide/target/debug/build/sp1-core/06907e715cfc9197/out/sp1_core-06907e715cfc9197.long-type-1004250391621816744.txt'
[INFO] [stdout]     = note: consider using `--verbose` to print the full type name to the console
[INFO] [stdout] 
[INFO] [stdout] 
[INFO] [stdout] error[E0277]: the trait bound `stark::air::RiscvAir<BabyBear>: air::machine::MachineAir<BabyBear>` is not satisfied
[INFO] [stdout]    --> src/utils/prove.rs:582:23
[INFO] [stdout]     |
[INFO] [stdout] 582 | pub fn run_test_io<P: MachineProver<BabyBearPoseidon2, RiscvAir<BabyBear>>>(
[INFO] [stdout]     |                       ^^^^^^^^^^^^^^^^^^^^^^^^^^^^^^^^^^^^^^^^^^^^^^^^^^^^ unsatisfied trait bound
[INFO] [stdout]     |
[INFO] [stdout] help: the trait `air::machine::MachineAir<BabyBear>` is not implemented for `stark::air::RiscvAir<BabyBear>`
[INFO] [stdout]    --> src/stark/air.rs:47:1
[INFO] [stdout]     |
[INFO] [stdout]  47 | pub enum RiscvAir<F: PrimeField32> {
[INFO] [stdout]     | ^^^^^^^^^^^^^^^^^^^^^^^^^^^^^^^^^^
[INFO] [stdout]     = help: the following other types implement trait `air::machine::MachineAir<F>`:
[INFO] [stdout]               add_sub::AddSubChip
[INFO] [stdout]               alu::lt::LtChip
[INFO] [stdout]               alu::mul::MulChip
[INFO] [stdout]               bitwise::BitwiseChip
[INFO] [stdout]               bytes::ByteChip<F>
[INFO] [stdout]               chip::Chip<F, A>
[INFO] [stdout]               compress::ShaCompressChip
[INFO] [stdout]               cpu::CpuChip
[INFO] [stdout]             and 14 others
[INFO] [stdout] note: required by a bound in `stark::prover::MachineProver`
[INFO] [stdout]    --> src/stark/prover.rs:34:52
[INFO] [stdout]     |
[INFO] [stdout]  34 | pub trait MachineProver<SC: StarkGenericConfig, A: MachineAir<SC::Val>>:
[INFO] [stdout]     |                                                    ^^^^^^^^^^^^^^^^^^^ required by this bound in `MachineProver`
[INFO] [stdout] 
[INFO] [stdout] 
[INFO] [stdout] error[E0277]: the trait bound `stark::air::RiscvAir<BabyBear>: air::machine::MachineAir<BabyBear>` is not satisfied
[INFO] [stdout]    --> src/utils/prove.rs:597:20
[INFO] [stdout]     |
[INFO] [stdout] 597 | pub fn run_test<P: MachineProver<BabyBearPoseidon2, RiscvAir<BabyBear>>>(
[INFO] [stdout]     |                    ^^^^^^^^^^^^^^^^^^^^^^^^^^^^^^^^^^^^^^^^^^^^^^^^^^^^ unsatisfied trait bound
[INFO] [stdout]     |
[INFO] [stdout] help: the trait `air::machine::MachineAir<BabyBear>` is not implemented for `stark::air::RiscvAir<BabyBear>`
[INFO] [stdout]    --> src/stark/air.rs:47:1
[INFO] [stdout]     |
[INFO] [stdout]  47 | pub enum RiscvAir<F: PrimeField32> {
[INFO] [stdout]     | ^^^^^^^^^^^^^^^^^^^^^^^^^^^^^^^^^^
[INFO] [stdout]     = help: the following other types implement trait `air::machine::MachineAir<F>`:
[INFO] [stdout]               add_sub::AddSubChip
[INFO] [stdout]               alu::lt::LtChip
[INFO] [stdout]               alu::mul::MulChip
[INFO] [stdout]               bitwise::BitwiseChip
[INFO] [stdout]               bytes::ByteChip<F>
[INFO] [stdout]               chip::Chip<F, A>
[INFO] [stdout]               compress::ShaCompressChip
[INFO] [stdout]               cpu::CpuChip
[INFO] [stdout]             and 14 others
[INFO] [stdout] note: required by a bound in `stark::prover::MachineProver`
[INFO] [stdout]    --> src/stark/prover.rs:34:52
[INFO] [stdout]     |
[INFO] [stdout]  34 | pub trait MachineProver<SC: StarkGenericConfig, A: MachineAir<SC::Val>>:
[INFO] [stdout]     |                                                    ^^^^^^^^^^^^^^^^^^^ required by this bound in `MachineProver`
[INFO] [stdout] 
[INFO] [stdout] 
[INFO] [stdout] error[E0277]: the trait bound `stark::air::RiscvAir<BabyBear>: air::machine::MachineAir<BabyBear>` is not satisfied
[INFO] [stdout]    --> src/utils/prove.rs:612:25
[INFO] [stdout]     |
[INFO] [stdout] 612 | pub fn run_test_core<P: MachineProver<BabyBearPoseidon2, RiscvAir<BabyBear>>>(
[INFO] [stdout]     |                         ^^^^^^^^^^^^^^^^^^^^^^^^^^^^^^^^^^^^^^^^^^^^^^^^^^^^ unsatisfied trait bound
[INFO] [stdout]     |
[INFO] [stdout] help: the trait `air::machine::MachineAir<BabyBear>` is not implemented for `stark::air::RiscvAir<BabyBear>`
[INFO] [stdout]    --> src/stark/air.rs:47:1
[INFO] [stdout]     |
[INFO] [stdout]  47 | pub enum RiscvAir<F: PrimeField32> {
[INFO] [stdout]     | ^^^^^^^^^^^^^^^^^^^^^^^^^^^^^^^^^^
[INFO] [stdout]     = help: the following other types implement trait `air::machine::MachineAir<F>`:
[INFO] [stdout]               add_sub::AddSubChip
[INFO] [stdout]               alu::lt::LtChip
[INFO] [stdout]               alu::mul::MulChip
[INFO] [stdout]               bitwise::BitwiseChip
[INFO] [stdout]               bytes::ByteChip<F>
[INFO] [stdout]               chip::Chip<F, A>
[INFO] [stdout]               compress::ShaCompressChip
[INFO] [stdout]               cpu::CpuChip
[INFO] [stdout]             and 14 others
[INFO] [stdout] note: required by a bound in `stark::prover::MachineProver`
[INFO] [stdout]    --> src/stark/prover.rs:34:52
[INFO] [stdout]     |
[INFO] [stdout]  34 | pub trait MachineProver<SC: StarkGenericConfig, A: MachineAir<SC::Val>>:
[INFO] [stdout]     |                                                    ^^^^^^^^^^^^^^^^^^^ required by this bound in `MachineProver`
[INFO] [stdout] 
[INFO] [stdout] 
[INFO] [stdout] error[E0433]: cannot find module or crate `sp1_core_executor` in this scope
[INFO] [stdout]   --> src/stark/air.rs:46:10
[INFO] [stdout]    |
[INFO] [stdout] 46 | #[derive(MachineAir)]
[INFO] [stdout]    |          ^^^^^^^^^^ use of unresolved module or unlinked crate `sp1_core_executor`
[INFO] [stdout]    |
[INFO] [stdout]    = help: if you wanted to use a crate named `sp1_core_executor`, use `cargo add sp1_core_executor` to add it to your `Cargo.toml`
[INFO] [stdout]    = note: this error originates in the derive macro `MachineAir` (in Nightly builds, run with -Z macro-backtrace for more info)
[INFO] [stdout] 
[INFO] [stdout] 
[INFO] [stdout] Some errors have detailed explanations: E0277, E0405, E0433, E0599.
[INFO] [stdout] 
[INFO] [stdout] For more information about an error, try `rustc --explain E0277`.
[INFO] [stdout] 
[INFO] [stderr] error: could not compile `sp1-core` (lib) due to 10 previous errors
[INFO] [stderr] warning: unused dependency `anyhow`
[INFO] [stderr]   --> Cargo.toml:11:15
[INFO] [stderr]    |
[INFO] [stderr] 11 | [dependencies.anyhow]
[INFO] [stderr]    |               ^^^^^^^
[INFO] [stderr]    |
[INFO] [stderr]    = note: `cargo::unused_dependencies` is set to `warn` by default
[INFO] [stderr] help: consider removing the dependency on `anyhow`
[INFO] [stderr] warning: `sp1-core` (manifest) generated 1 warning
[INFO] running `Command { std: "docker" "inspect" "432a59983891fbabc93d37aa15323f9565495f6605fcc68807808518d696b6f5", kill_on_drop: false }`
[INFO] running `Command { std: "docker" "rm" "-f" "432a59983891fbabc93d37aa15323f9565495f6605fcc68807808518d696b6f5", kill_on_drop: false }`
[INFO] [stdout] 432a59983891fbabc93d37aa15323f9565495f6605fcc68807808518d696b6f5
