[INFO] fetching crate sourcetrait_gitparity 0.0.0-2...
[INFO] testing sourcetrait_gitparity-0.0.0-2 against 1.99.0-beta.8 for beta-1.100-2
[INFO] extracting crate sourcetrait_gitparity 0.0.0-2 into /workspace/builds/worker-7-tc1/source
[INFO] started tweaking crates.io crate sourcetrait_gitparity 0.0.0-2
[INFO] removed 0 missing tests
[INFO] finished tweaking crates.io crate sourcetrait_gitparity 0.0.0-2
[INFO] tweaked toml for crates.io crate sourcetrait_gitparity 0.0.0-2 written to /workspace/builds/worker-7-tc1/source/Cargo.toml
[INFO] validating manifest of crates.io crate sourcetrait_gitparity 0.0.0-2 on toolchain 1.99.0-beta.8
[INFO] running `Command { std: CARGO_HOME="/workspace/cargo-home" RUSTUP_HOME="/workspace/rustup-home" "/workspace/cargo-home/bin/cargo" "+1.99.0-beta.8" "metadata" "--manifest-path" "Cargo.toml" "--no-deps", kill_on_drop: false }`
[INFO] crate crates.io crate sourcetrait_gitparity 0.0.0-2 already has a lockfile, it will not be regenerated
[INFO] running `Command { std: CARGO_HOME="/workspace/cargo-home" RUSTUP_HOME="/workspace/rustup-home" "/workspace/cargo-home/bin/cargo" "+1.99.0-beta.8" "fetch" "--manifest-path" "Cargo.toml", kill_on_drop: false }`
[INFO] [stderr]     Updating crates.io index
[INFO] [stderr]  Downloading crates ...
[INFO] [stderr]   Downloaded sourcetrait_testing v0.0.0-2
[INFO] [stderr]   Downloaded shutdown_hooks v0.1.0
[INFO] [stderr]   Downloaded splitty v1.0.2
[INFO] [stderr]   Downloaded function_name v0.3.0
[INFO] [stderr]   Downloaded sourcetrait_testing_macro v0.0.0-2
[INFO] [stderr]   Downloaded function_name-proc-macro v0.3.0
[INFO] [stderr]   Downloaded cc v1.4.3
[INFO] [stderr]   Downloaded sourcetrait_stdx v0.0.0-2
[INFO] running `Command { std: "docker" "create" "-v" "/var/lib/crater-agent-workspace/builds/worker-7-tc1/source:/opt/rustwide/workdir:ro,Z" "-v" "/var/lib/crater-agent-workspace/builds/worker-7-tc1/target:/opt/rustwide/target:rw,Z" "-v" "/var/lib/crater-agent-workspace/cargo-home:/opt/rustwide/cargo-home:ro,Z" "-v" "/var/lib/crater-agent-workspace/rustup-home:/opt/rustwide/rustup-home:ro,Z" "-m" "1610612736" "--network" "none" "ghcr.io/rust-lang/crates-build-env/linux@sha256:3111399a4047eeb3a02b7a90e478d715f38a8c6669b5c4b49d30a17385265909" "sleep" "infinity", kill_on_drop: false }`
[INFO] [stdout] 0cc64aa0214dc92065d695fbb7bc8de2c12a421432d113200067b02de0943339
[INFO] running `Command { std: "docker" "start" "0cc64aa0214dc92065d695fbb7bc8de2c12a421432d113200067b02de0943339", kill_on_drop: false }`
[INFO] running `Command { std: "docker" "inspect" "0cc64aa0214dc92065d695fbb7bc8de2c12a421432d113200067b02de0943339", kill_on_drop: false }`
[INFO] running `Command { std: "docker" "exec" "-e" "SOURCE_DIR=/opt/rustwide/workdir" "-e" "CARGO_HOME=/opt/rustwide/cargo-home" "-e" "RUSTUP_HOME=/opt/rustwide/rustup-home" "-e" "CARGO_TARGET_DIR=/opt/rustwide/target" "-w" "/opt/rustwide/workdir" "--user" "0:0" "0cc64aa0214dc92065d695fbb7bc8de2c12a421432d113200067b02de0943339" "/opt/rustwide/cargo-home/bin/cargo" "+1.99.0-beta.8" "metadata" "--no-deps" "--format-version=1", kill_on_drop: false }`
[INFO] running `Command { std: "docker" "inspect" "0cc64aa0214dc92065d695fbb7bc8de2c12a421432d113200067b02de0943339", kill_on_drop: false }`
[INFO] running `Command { std: "docker" "exec" "-e" "SOURCE_DIR=/opt/rustwide/workdir" "-e" "CARGO_HOME=/opt/rustwide/cargo-home" "-e" "RUSTUP_HOME=/opt/rustwide/rustup-home" "-e" "CARGO_TARGET_DIR=/opt/rustwide/target" "-e" "CARGO_INCREMENTAL=0" "-e" "RUST_BACKTRACE=full" "-e" "RUSTFLAGS=--cap-lints=warn" "-e" "RUSTDOCFLAGS=--cap-lints=warn" "-w" "/opt/rustwide/workdir" "--user" "0:0" "0cc64aa0214dc92065d695fbb7bc8de2c12a421432d113200067b02de0943339" "/opt/rustwide/cargo-home/bin/cargo" "+1.99.0-beta.8" "build" "--frozen" "--message-format=json", kill_on_drop: false }`
[INFO] [stderr]    Compiling syn v2.0.119
[INFO] [stderr]    Compiling syn v3.0.3
[INFO] [stderr]    Compiling find-msvc-tools v0.1.11
[INFO] [stderr]    Compiling pkg-config v0.3.34
[INFO] [stderr]    Compiling litemap v0.8.3
[INFO] [stderr]    Compiling writeable v0.6.4
[INFO] [stderr]    Compiling icu_properties_data v2.3.0
[INFO] [stderr]    Compiling icu_normalizer_data v2.3.0
[INFO] [stderr]    Compiling smallvec v1.15.2
[INFO] [stderr]    Compiling percent-encoding v2.3.2
[INFO] [stderr]    Compiling konst_macro_rules v0.2.19
[INFO] [stderr]    Compiling const_format_proc_macros v0.2.34
[INFO] [stderr]    Compiling jobserver v0.1.35
[INFO] [stderr]    Compiling log v0.4.33
[INFO] [stderr]    Compiling chrono v0.4.45
[INFO] [stderr]    Compiling splitty v1.0.2
[INFO] [stderr]    Compiling indoc v2.0.7
[INFO] [stderr]    Compiling konst v0.2.20
[INFO] [stderr]    Compiling form_urlencoded v1.2.2
[INFO] [stderr]    Compiling cc v1.4.3
[INFO] [stderr]    Compiling const_format v0.2.36
[INFO] [stderr]    Compiling openssl-sys v0.9.117
[INFO] [stderr]    Compiling libz-sys v1.1.29
[INFO] [stderr]    Compiling libssh2-sys v0.3.2
[INFO] [stderr]    Compiling libgit2-sys v0.18.7+1.9.6
[INFO] [stderr]    Compiling sourcetrait_stdx v0.0.0-2
[INFO] [stderr]    Compiling zerovec-derive v0.11.4
[INFO] [stderr]    Compiling displaydoc v0.2.7
[INFO] [stderr]    Compiling thiserror-impl v2.0.20
[INFO] [stderr]    Compiling synstructure v0.13.2
[INFO] [stderr]    Compiling darling_core v0.20.11
[INFO] [stderr]    Compiling thiserror v2.0.20
[INFO] [stderr]    Compiling zerofrom-derive v0.1.7
[INFO] [stderr]    Compiling yoke-derive v0.8.2
[INFO] [stderr]    Compiling strum_macros v0.27.2
[INFO] [stderr]    Compiling zerofrom v0.1.8
[INFO] [stderr]    Compiling yoke v0.8.3
[INFO] [stderr]    Compiling zerovec v0.11.7
[INFO] [stderr]    Compiling zerotrie v0.2.5
[INFO] [stderr]    Compiling tinystr v0.8.4
[INFO] [stderr]    Compiling potential_utf v0.1.6
[INFO] [stderr]    Compiling icu_collections v2.3.0
[INFO] [stderr]    Compiling icu_locale_core v2.3.0
[INFO] [stderr]    Compiling darling_macro v0.20.11
[INFO] [stderr]    Compiling strum v0.27.2
[INFO] [stderr]    Compiling darling v0.20.11
[INFO] [stderr]    Compiling derive_builder_core v0.20.2
[INFO] [stderr]    Compiling icu_provider v2.3.0
[INFO] [stderr]    Compiling derive_builder_macro v0.20.2
[INFO] [stderr]    Compiling derive_builder v0.20.2
[INFO] [stderr]    Compiling icu_normalizer v2.3.0
[INFO] [stderr]    Compiling icu_properties v2.3.0
[INFO] [stderr]    Compiling idna_adapter v1.2.2
[INFO] [stderr]    Compiling idna v1.1.0
[INFO] [stderr]    Compiling url v2.5.8
[INFO] [stderr]    Compiling git2 v0.20.4
[INFO] [stderr]    Compiling sourcetrait_gitparity v0.0.0-2 (/opt/rustwide/workdir)
[INFO] [stderr]     Finished `dev` profile [unoptimized + debuginfo] target(s) in 43.10s
[INFO] running `Command { std: "docker" "inspect" "0cc64aa0214dc92065d695fbb7bc8de2c12a421432d113200067b02de0943339", kill_on_drop: false }`
[INFO] running `Command { std: "docker" "exec" "-e" "SOURCE_DIR=/opt/rustwide/workdir" "-e" "CARGO_HOME=/opt/rustwide/cargo-home" "-e" "RUSTUP_HOME=/opt/rustwide/rustup-home" "-e" "CARGO_TARGET_DIR=/opt/rustwide/target" "-e" "CARGO_INCREMENTAL=0" "-e" "RUST_BACKTRACE=full" "-e" "RUSTFLAGS=--cap-lints=warn" "-e" "RUSTDOCFLAGS=--cap-lints=warn" "-w" "/opt/rustwide/workdir" "--user" "0:0" "0cc64aa0214dc92065d695fbb7bc8de2c12a421432d113200067b02de0943339" "/opt/rustwide/cargo-home/bin/cargo" "+1.99.0-beta.8" "test" "--frozen" "--no-run" "--message-format=json", kill_on_drop: false }`
[INFO] [stderr]    Compiling syn v3.0.3
[INFO] [stderr]    Compiling zerocopy v0.8.56
[INFO] [stderr]    Compiling log v0.4.33
[INFO] [stderr]    Compiling getrandom v0.3.4
[INFO] [stderr]    Compiling regex-automata v0.4.18
[INFO] [stderr]    Compiling parking_lot_core v0.9.12
[INFO] [stderr]    Compiling errno v0.3.14
[INFO] [stderr]    Compiling jiff-core v0.1.0
[INFO] [stderr]    Compiling anstream v1.0.0
[INFO] [stderr]    Compiling hashbrown v0.17.1
[INFO] [stderr]    Compiling function_name-proc-macro v0.3.0
[INFO] [stderr]    Compiling sourcetrait_testing_macro v0.0.0-2
[INFO] [stderr]    Compiling shutdown_hooks v0.1.0
[INFO] [stderr]    Compiling signal-hook-registry v1.4.8
[INFO] [stderr]    Compiling rand_core v0.9.5
[INFO] [stderr]    Compiling function_name v0.3.0
[INFO] [stderr]    Compiling parking_lot v0.12.5
[INFO] [stderr]    Compiling indexmap v2.14.0
[INFO] [stderr]    Compiling jiff v0.2.35
[INFO] [stderr]    Compiling regex v1.13.1
[INFO] [stderr]    Compiling env_filter v2.0.0
[INFO] [stderr]    Compiling zerovec-derive v0.11.4
[INFO] [stderr]    Compiling displaydoc v0.2.7
[INFO] [stderr]    Compiling thiserror-impl v2.0.20
[INFO] [stderr]    Compiling tokio-macros v2.7.2
[INFO] [stderr]    Compiling tokio v1.53.1
[INFO] [stderr]    Compiling zerotrie v0.2.5
[INFO] [stderr]    Compiling thiserror v2.0.20
[INFO] [stderr]    Compiling zerovec v0.11.7
[INFO] [stderr]    Compiling env_logger v0.11.11
[INFO] [stderr]    Compiling ppv-lite86 v0.2.21
[INFO] [stderr]    Compiling tinystr v0.8.4
[INFO] [stderr]    Compiling potential_utf v0.1.6
[INFO] [stderr]    Compiling icu_locale_core v2.3.0
[INFO] [stderr]    Compiling icu_collections v2.3.0
[INFO] [stderr]    Compiling rand_chacha v0.9.0
[INFO] [stderr]    Compiling rand v0.9.5
[INFO] [stderr]    Compiling icu_provider v2.3.0
[INFO] [stderr]    Compiling icu_normalizer v2.3.0
[INFO] [stderr]    Compiling icu_properties v2.3.0
[INFO] [stderr]    Compiling idna_adapter v1.2.2
[INFO] [stderr]    Compiling idna v1.1.0
[INFO] [stderr]    Compiling url v2.5.8
[INFO] [stderr]    Compiling git2 v0.20.4
[INFO] [stderr]    Compiling sourcetrait_testing v0.0.0-2
[INFO] [stderr]    Compiling sourcetrait_gitparity v0.0.0-2 (/opt/rustwide/workdir)
[INFO] [stdout] error[E0433]: cannot find `testlib` in `sourcetrait_gitparity`
[INFO] [stdout]   --> tests/steps_alpha.rs:5:5
[INFO] [stdout]    |
[INFO] [stdout]  5 |     testlib::stepper::repo_alpha::{downstream::*, upstream::*}
[INFO] [stdout]    |     ^^^^^^^ could not find `testlib` in `sourcetrait_gitparity`
[INFO] [stdout]    |
[INFO] [stdout] note: found an item that was configured out
[INFO] [stdout]   --> src/lib.rs:67:9
[INFO] [stdout]    |
[INFO] [stdout] 66 | #[cfg(feature = "testlib")]
[INFO] [stdout]    |       ------------------- the item is gated behind the `testlib` feature
[INFO] [stdout] 67 | pub mod testlib;
[INFO] [stdout]    |         ^^^^^^^
[INFO] [stdout] 
[INFO] [stdout] 
[INFO] [stdout] error[E0425]: cannot find value `UPSTREAM_REPO_ALPHA_STEPPER` in this scope
[INFO] [stdout]   --> tests/steps_alpha.rs:63:24
[INFO] [stdout]    |
[INFO] [stdout] 63 |     let upstream_git = UPSTREAM_REPO_ALPHA_STEPPER.run(test.as_testable(), UpstreamRepoStepperOptions {
[INFO] [stdout]    |                        ^^^^^^^^^^^^^^^^^^^^^^^^^^^ not found in this scope
[INFO] [stdout] 
[INFO] [stdout] 
[INFO] [stdout] error[E0422]: cannot find struct, variant or union type `UpstreamRepoStepperOptions` in this scope
[INFO] [stdout]   --> tests/steps_alpha.rs:63:76
[INFO] [stdout]    |
[INFO] [stdout] 63 |     let upstream_git = UPSTREAM_REPO_ALPHA_STEPPER.run(test.as_testable(), UpstreamRepoStepperOptions {
[INFO] [stdout]    |                                                                            ^^^^^^^^^^^^^^^^^^^^^^^^^^ not found in this scope
[INFO] [stdout] 
[INFO] [stdout] 
[INFO] [stdout] error[E0425]: cannot find value `DOWNSTREAM_REPO_ALPHA_STEPPER` in this scope
[INFO] [stdout]   --> tests/steps_alpha.rs:68:5
[INFO] [stdout]    |
[INFO] [stdout] 68 |     DOWNSTREAM_REPO_ALPHA_STEPPER.run(test.as_testable(), DownstreamRepoStepperOptions {
[INFO] [stdout]    |     ^^^^^^^^^^^^^^^^^^^^^^^^^^^^^ not found in this scope
[INFO] [stdout] 
[INFO] [stdout] 
[INFO] [stdout] error[E0422]: cannot find struct, variant or union type `DownstreamRepoStepperOptions` in this scope
[INFO] [stdout]   --> tests/steps_alpha.rs:68:59
[INFO] [stdout]    |
[INFO] [stdout] 68 |     DOWNSTREAM_REPO_ALPHA_STEPPER.run(test.as_testable(), DownstreamRepoStepperOptions {
[INFO] [stdout]    |                                                           ^^^^^^^^^^^^^^^^^^^^^^^^^^^^ not found in this scope
[INFO] [stdout] 
[INFO] [stdout] 
[INFO] [stdout] Some errors have detailed explanations: E0422, E0425, E0433.
[INFO] [stdout] 
[INFO] [stdout] For more information about an error, try `rustc --explain E0422`.
[INFO] [stdout] 
[INFO] [stderr] error: could not compile `sourcetrait_gitparity` (test "steps_alpha") due to 5 previous errors
[INFO] [stderr] warning: build failed, waiting for other jobs to finish...
[INFO] running `Command { std: "docker" "inspect" "0cc64aa0214dc92065d695fbb7bc8de2c12a421432d113200067b02de0943339", kill_on_drop: false }`
[INFO] running `Command { std: "docker" "rm" "-f" "0cc64aa0214dc92065d695fbb7bc8de2c12a421432d113200067b02de0943339", kill_on_drop: false }`
[INFO] [stdout] 0cc64aa0214dc92065d695fbb7bc8de2c12a421432d113200067b02de0943339
