[INFO] fetching crate songww-harfbuzz-rs 0.1.0...
[INFO] testing songww-harfbuzz-rs-0.1.0 against 1.99.0-beta.8 for beta-1.100-2
[INFO] extracting crate songww-harfbuzz-rs 0.1.0 into /workspace/builds/worker-0-tc1/source
[INFO] started tweaking crates.io crate songww-harfbuzz-rs 0.1.0
[INFO] finished tweaking crates.io crate songww-harfbuzz-rs 0.1.0
[INFO] tweaked toml for crates.io crate songww-harfbuzz-rs 0.1.0 written to /workspace/builds/worker-0-tc1/source/Cargo.toml
[INFO] validating manifest of crates.io crate songww-harfbuzz-rs 0.1.0 on toolchain 1.99.0-beta.8
[INFO] running `Command { std: CARGO_HOME="/workspace/cargo-home" RUSTUP_HOME="/workspace/rustup-home" "/workspace/cargo-home/bin/cargo" "+1.99.0-beta.8" "metadata" "--manifest-path" "Cargo.toml" "--no-deps", kill_on_drop: false }`
[INFO] running `Command { std: CARGO_HOME="/workspace/cargo-home" RUSTUP_HOME="/workspace/rustup-home" "/workspace/cargo-home/bin/cargo" "+1.99.0-beta.8" "generate-lockfile" "--manifest-path" "Cargo.toml", kill_on_drop: false }`
[INFO] [stderr]     Blocking waiting for file lock on package cache
[INFO] [stderr]     Updating crates.io index
[INFO] [stderr]     Blocking waiting for file lock on package cache
[INFO] [stderr]      Locking 78 packages to highest compatible versions
[INFO] [stderr]       Adding bitflags v1.3.2 (available: v2.13.2)
[INFO] [stderr]       Adding songww-harfbuzz-sys v0.1.0 (available: v0.2.0)
[INFO] [stderr]       Adding thiserror v1.0.69 (available: v2.0.21)
[INFO] running `Command { std: CARGO_HOME="/workspace/cargo-home" RUSTUP_HOME="/workspace/rustup-home" "/workspace/cargo-home/bin/cargo" "+1.99.0-beta.8" "fetch" "--manifest-path" "Cargo.toml", kill_on_drop: false }`
[INFO] [stderr]     Blocking waiting for file lock on package cache
[INFO] [stderr]     Blocking waiting for file lock on package cache
[INFO] [stderr]  Downloading crates ...
[INFO] [stderr]   Downloaded peeking_take_while v0.1.2
[INFO] [stderr]   Downloaded core-text v19.2.0
[INFO] [stderr]   Downloaded lazycell v1.3.0
[INFO] [stderr]   Downloaded bindgen v0.60.1
[INFO] [stderr]   Downloaded songww-harfbuzz-sys v0.1.0
[INFO] [stderr]   Downloaded freetype-sys v0.15.0
[INFO] running `Command { std: "docker" "create" "-v" "/var/lib/crater-agent-workspace/builds/worker-0-tc1/source:/opt/rustwide/workdir:ro,Z" "-v" "/var/lib/crater-agent-workspace/builds/worker-0-tc1/target:/opt/rustwide/target:rw,Z" "-v" "/var/lib/crater-agent-workspace/cargo-home:/opt/rustwide/cargo-home:ro,Z" "-v" "/var/lib/crater-agent-workspace/rustup-home:/opt/rustwide/rustup-home:ro,Z" "-m" "1610612736" "--network" "none" "ghcr.io/rust-lang/crates-build-env/linux@sha256:3111399a4047eeb3a02b7a90e478d715f38a8c6669b5c4b49d30a17385265909" "sleep" "infinity", kill_on_drop: false }`
[INFO] [stdout] 017a487a5df086631220f01e1b011e0fbbdd069a18d77211868694556de5f4a7
[INFO] running `Command { std: "docker" "start" "017a487a5df086631220f01e1b011e0fbbdd069a18d77211868694556de5f4a7", kill_on_drop: false }`
[INFO] running `Command { std: "docker" "inspect" "017a487a5df086631220f01e1b011e0fbbdd069a18d77211868694556de5f4a7", kill_on_drop: false }`
[INFO] running `Command { std: "docker" "exec" "-e" "SOURCE_DIR=/opt/rustwide/workdir" "-e" "CARGO_HOME=/opt/rustwide/cargo-home" "-e" "RUSTUP_HOME=/opt/rustwide/rustup-home" "-e" "CARGO_TARGET_DIR=/opt/rustwide/target" "-w" "/opt/rustwide/workdir" "--user" "0:0" "017a487a5df086631220f01e1b011e0fbbdd069a18d77211868694556de5f4a7" "/opt/rustwide/cargo-home/bin/cargo" "+1.99.0-beta.8" "metadata" "--no-deps" "--format-version=1", kill_on_drop: false }`
[INFO] running `Command { std: "docker" "inspect" "017a487a5df086631220f01e1b011e0fbbdd069a18d77211868694556de5f4a7", kill_on_drop: false }`
[INFO] running `Command { std: "docker" "exec" "-e" "SOURCE_DIR=/opt/rustwide/workdir" "-e" "CARGO_HOME=/opt/rustwide/cargo-home" "-e" "RUSTUP_HOME=/opt/rustwide/rustup-home" "-e" "CARGO_TARGET_DIR=/opt/rustwide/target" "-e" "CARGO_INCREMENTAL=0" "-e" "RUST_BACKTRACE=full" "-e" "RUSTFLAGS=--cap-lints=warn" "-e" "RUSTDOCFLAGS=--cap-lints=warn" "-w" "/opt/rustwide/workdir" "--user" "0:0" "017a487a5df086631220f01e1b011e0fbbdd069a18d77211868694556de5f4a7" "/opt/rustwide/cargo-home/bin/cargo" "+1.99.0-beta.8" "build" "--frozen" "--message-format=json", kill_on_drop: false }`
[INFO] [stderr]    Compiling find-msvc-tools v0.1.14
[INFO] [stderr]    Compiling pkg-config v0.3.34
[INFO] [stderr]    Compiling libc v0.2.190
[INFO] [stderr]    Compiling proc-macro2 v1.0.107
[INFO] [stderr]    Compiling cc v1.6.0
[INFO] [stderr]    Compiling quote v1.0.47
[INFO] [stderr]    Compiling syn v2.0.119
[INFO] [stderr]    Compiling cmake v0.1.58
[INFO] [stderr]    Compiling freetype-sys v0.15.0
[INFO] [stderr]    Compiling songww-harfbuzz-sys v0.1.0
[INFO] [stderr]    Compiling thiserror-impl v1.0.69
[INFO] [stderr]    Compiling thiserror v1.0.69
[INFO] [stderr] error: failed to run custom build command for `songww-harfbuzz-sys v0.1.0`
[INFO] [stderr] note: To improve backtraces for build dependencies, set the CARGO_PROFILE_DEV_BUILD_OVERRIDE_DEBUG=true environment variable to enable debug information generation.
[INFO] [stderr] 
[INFO] [stderr] Caused by:
[INFO] [stderr]   process didn't exit successfully: `/opt/rustwide/target/debug/build/songww-harfbuzz-sys-4058761785a64104/build-script-build` (exit status: 101)
[INFO] [stderr]   --- stdout
[INFO] [stderr]   ninja: Entering directory `/opt/rustwide/target/debug/build/songww-harfbuzz-sys-57135823d27c34d0/out/build'
[INFO] [stderr]   [1/64] Compiling C++ object src/libharfbuzz.a.p/hb-buffer-verify.cc.o
[INFO] [stderr]   [2/64] Compiling C++ object src/libharfbuzz.a.p/hb-draw.cc.o
[INFO] [stderr]   [3/64] Compiling C++ object src/libharfbuzz.a.p/hb-blob.cc.o
[INFO] [stderr]   In file included from ../../../../../../cargo-home/registry/src/index.crates.io-1949cf8c6b5b557f/songww-harfbuzz-sys-0.1.0/harfbuzz/src/hb.hh:483,
[INFO] [stderr]                    from ../../../../../../cargo-home/registry/src/index.crates.io-1949cf8c6b5b557f/songww-harfbuzz-sys-0.1.0/harfbuzz/src/hb-blob.cc:28:
[INFO] [stderr]   ../../../../../../cargo-home/registry/src/index.crates.io-1949cf8c6b5b557f/songww-harfbuzz-sys-0.1.0/harfbuzz/src/hb-object.hh: In instantiation of ‘bool hb_object_set_user_data(Type*, hb_user_data_key_t*, void*, hb_destroy_func_t, hb_bool_t) [with Type = hb_blob_t; hb_user_data_key_t = hb_user_data_key_t; hb_destroy_func_t = void (*)(void*); hb_bool_t = int]’:
[INFO] [stderr]   ../../../../../../cargo-home/registry/src/index.crates.io-1949cf8c6b5b557f/songww-harfbuzz-sys-0.1.0/harfbuzz/src/hb-blob.cc:292:34:   required from here
[INFO] [stderr]     292 |   return hb_object_set_user_data (blob, key, data, destroy, replace);
[INFO] [stderr]         |          ~~~~~~~~~~~~~~~~~~~~~~~~^~~~~~~~~~~~~~~~~~~~~~~~~~~~~~~~~~~
[INFO] [stderr]   ../../../../../../cargo-home/registry/src/index.crates.io-1949cf8c6b5b557f/songww-harfbuzz-sys-0.1.0/harfbuzz/src/hb-object.hh:301:53: warning: ‘void* calloc(size_t, size_t)’ sizes specified with ‘sizeof’ in the earlier argument and not in the later argument [-Wcalloc-transposed-args]
[INFO] [stderr]     301 |     user_data = (hb_user_data_array_t *) hb_calloc (sizeof (hb_user_data_array_t), 1);
[INFO] [stderr]         |                                                     ^~~~~~~~~~~~~~~~~~~~~~~~~~~~~
[INFO] [stderr]   ../../../../../../cargo-home/registry/src/index.crates.io-1949cf8c6b5b557f/songww-harfbuzz-sys-0.1.0/harfbuzz/src/hb-object.hh:301:53: note: earlier argument should specify number of elements, later size of each element
[INFO] [stderr]   [4/64] Compiling C++ object src/libharfbuzz.a.p/hb-number.cc.o
[INFO] [stderr]   [5/64] Compiling C++ object src/libharfbuzz.a.p/hb-buffer-serialize.cc.o
[INFO] [stderr]   [6/64] Compiling C++ object src/libharfbuzz.a.p/hb-common.cc.o
[INFO] [stderr]   [7/64] Compiling C++ object src/libharfbuzz.a.p/hb-map.cc.o
[INFO] [stderr]   In file included from ../../../../../../cargo-home/registry/src/index.crates.io-1949cf8c6b5b557f/songww-harfbuzz-sys-0.1.0/harfbuzz/src/hb.hh:483,
[INFO] [stderr]                    from ../../../../../../cargo-home/registry/src/index.crates.io-1949cf8c6b5b557f/songww-harfbuzz-sys-0.1.0/harfbuzz/src/hb-map.hh:30,
[INFO] [stderr]                    from ../../../../../../cargo-home/registry/src/index.crates.io-1949cf8c6b5b557f/songww-harfbuzz-sys-0.1.0/harfbuzz/src/hb-map.cc:27:
[INFO] [stderr]   ../../../../../../cargo-home/registry/src/index.crates.io-1949cf8c6b5b557f/songww-harfbuzz-sys-0.1.0/harfbuzz/src/hb-object.hh: In instantiation of ‘bool hb_object_set_user_data(Type*, hb_user_data_key_t*, void*, hb_destroy_func_t, hb_bool_t) [with Type = hb_map_t; hb_user_data_key_t = hb_user_data_key_t; hb_destroy_func_t = void (*)(void*); hb_bool_t = int]’:
[INFO] [stderr]   ../../../../../../cargo-home/registry/src/index.crates.io-1949cf8c6b5b557f/songww-harfbuzz-sys-0.1.0/harfbuzz/src/hb-map.cc:136:34:   required from here
[INFO] [stderr]     136 |   return hb_object_set_user_data (map, key, data, destroy, replace);
[INFO] [stderr]         |          ~~~~~~~~~~~~~~~~~~~~~~~~^~~~~~~~~~~~~~~~~~~~~~~~~~~~~~~~~~
[INFO] [stderr]   ../../../../../../cargo-home/registry/src/index.crates.io-1949cf8c6b5b557f/songww-harfbuzz-sys-0.1.0/harfbuzz/src/hb-object.hh:301:53: warning: ‘void* calloc(size_t, size_t)’ sizes specified with ‘sizeof’ in the earlier argument and not in the later argument [-Wcalloc-transposed-args]
[INFO] [stderr]     301 |     user_data = (hb_user_data_array_t *) hb_calloc (sizeof (hb_user_data_array_t), 1);
[INFO] [stderr]         |                                                     ^~~~~~~~~~~~~~~~~~~~~~~~~~~~~
[INFO] [stderr]   ../../../../../../cargo-home/registry/src/index.crates.io-1949cf8c6b5b557f/songww-harfbuzz-sys-0.1.0/harfbuzz/src/hb-object.hh:301:53: note: earlier argument should specify number of elements, later size of each element
[INFO] [stderr]   [8/64] Compiling C++ object src/libharfbuzz.a.p/hb-fallback-shape.cc.o
[INFO] [stderr]   [9/64] Compiling C++ object src/libharfbuzz.a.p/hb-aat-map.cc.o
[INFO] [stderr]   [10/64] Compiling C++ object src/libharfbuzz.a.p/hb-ot-color.cc.o
[INFO] [stderr]   FAILED: [code=1] src/libharfbuzz.a.p/hb-ot-color.cc.o 
[INFO] [stderr]   c++ -Isrc/libharfbuzz.a.p -Isrc -I../../../../../../cargo-home/registry/src/index.crates.io-1949cf8c6b5b557f/songww-harfbuzz-sys-0.1.0/harfbuzz/src -I. -I../../../../../../cargo-home/registry/src/index.crates.io-1949cf8c6b5b557f/songww-harfbuzz-sys-0.1.0/harfbuzz -I/usr/include/freetype2 -I/usr/include/libpng16 -fdiagnostics-color=always -D_GLIBCXX_ASSERTIONS=1 -D_FILE_OFFSET_BITS=64 -Wall -Winvalid-pch -fno-rtti -std=c++11 -O0 -g -fno-exceptions -fno-rtti -fno-threadsafe-statics -fvisibility-inlines-hidden -DHAVE_CONFIG_H -fPIC -pthread -Wno-non-virtual-dtor -MD -MQ src/libharfbuzz.a.p/hb-ot-color.cc.o -MF src/libharfbuzz.a.p/hb-ot-color.cc.o.d -o src/libharfbuzz.a.p/hb-ot-color.cc.o -c ../../../../../../cargo-home/registry/src/index.crates.io-1949cf8c6b5b557f/songww-harfbuzz-sys-0.1.0/harfbuzz/src/hb-ot-color.cc
[INFO] [stderr]   c++: fatal error: Killed signal terminated program cc1plus
[INFO] [stderr]   compilation terminated.
[INFO] [stderr]   [11/64] Compiling C++ object src/libharfbuzz.a.p/hb-ot-face.cc.o
[INFO] [stderr]   FAILED: [code=1] src/libharfbuzz.a.p/hb-ot-face.cc.o 
[INFO] [stderr]   c++ -Isrc/libharfbuzz.a.p -Isrc -I../../../../../../cargo-home/registry/src/index.crates.io-1949cf8c6b5b557f/songww-harfbuzz-sys-0.1.0/harfbuzz/src -I. -I../../../../../../cargo-home/registry/src/index.crates.io-1949cf8c6b5b557f/songww-harfbuzz-sys-0.1.0/harfbuzz -I/usr/include/freetype2 -I/usr/include/libpng16 -fdiagnostics-color=always -D_GLIBCXX_ASSERTIONS=1 -D_FILE_OFFSET_BITS=64 -Wall -Winvalid-pch -fno-rtti -std=c++11 -O0 -g -fno-exceptions -fno-rtti -fno-threadsafe-statics -fvisibility-inlines-hidden -DHAVE_CONFIG_H -fPIC -pthread -Wno-non-virtual-dtor -MD -MQ src/libharfbuzz.a.p/hb-ot-face.cc.o -MF src/libharfbuzz.a.p/hb-ot-face.cc.o.d -o src/libharfbuzz.a.p/hb-ot-face.cc.o -c ../../../../../../cargo-home/registry/src/index.crates.io-1949cf8c6b5b557f/songww-harfbuzz-sys-0.1.0/harfbuzz/src/hb-ot-face.cc
[INFO] [stderr]   c++: fatal error: Killed signal terminated program cc1plus
[INFO] [stderr]   compilation terminated.
[INFO] [stderr]   [12/64] Compiling C++ object src/libharfbuzz.a.p/hb-face.cc.o
[INFO] [stderr]   FAILED: [code=1] src/libharfbuzz.a.p/hb-face.cc.o 
[INFO] [stderr]   c++ -Isrc/libharfbuzz.a.p -Isrc -I../../../../../../cargo-home/registry/src/index.crates.io-1949cf8c6b5b557f/songww-harfbuzz-sys-0.1.0/harfbuzz/src -I. -I../../../../../../cargo-home/registry/src/index.crates.io-1949cf8c6b5b557f/songww-harfbuzz-sys-0.1.0/harfbuzz -I/usr/include/freetype2 -I/usr/include/libpng16 -fdiagnostics-color=always -D_GLIBCXX_ASSERTIONS=1 -D_FILE_OFFSET_BITS=64 -Wall -Winvalid-pch -fno-rtti -std=c++11 -O0 -g -fno-exceptions -fno-rtti -fno-threadsafe-statics -fvisibility-inlines-hidden -DHAVE_CONFIG_H -fPIC -pthread -Wno-non-virtual-dtor -MD -MQ src/libharfbuzz.a.p/hb-face.cc.o -MF src/libharfbuzz.a.p/hb-face.cc.o.d -o src/libharfbuzz.a.p/hb-face.cc.o -c ../../../../../../cargo-home/registry/src/index.crates.io-1949cf8c6b5b557f/songww-harfbuzz-sys-0.1.0/harfbuzz/src/hb-face.cc
[INFO] [stderr]   In file included from ../../../../../../cargo-home/registry/src/index.crates.io-1949cf8c6b5b557f/songww-harfbuzz-sys-0.1.0/harfbuzz/src/hb.hh:483,
[INFO] [stderr]                    from ../../../../../../cargo-home/registry/src/index.crates.io-1949cf8c6b5b557f/songww-harfbuzz-sys-0.1.0/harfbuzz/src/hb-face.cc:29:
[INFO] [stderr]   ../../../../../../cargo-home/registry/src/index.crates.io-1949cf8c6b5b557f/songww-harfbuzz-sys-0.1.0/harfbuzz/src/hb-object.hh: In instantiation of ‘bool hb_object_set_user_data(Type*, hb_user_data_key_t*, void*, hb_destroy_func_t, hb_bool_t) [with Type = hb_face_t; hb_user_data_key_t = hb_user_data_key_t; hb_destroy_func_t = void (*)(void*); hb_bool_t = int]’:
[INFO] [stderr]   ../../../../../../cargo-home/registry/src/index.crates.io-1949cf8c6b5b557f/songww-harfbuzz-sys-0.1.0/harfbuzz/src/hb-face.cc:329:34:   required from here
[INFO] [stderr]     329 |   return hb_object_set_user_data (face, key, data, destroy, replace);
[INFO] [stderr]         |          ~~~~~~~~~~~~~~~~~~~~~~~~^~~~~~~~~~~~~~~~~~~~~~~~~~~~~~~~~~~
[INFO] [stderr]   ../../../../../../cargo-home/registry/src/index.crates.io-1949cf8c6b5b557f/songww-harfbuzz-sys-0.1.0/harfbuzz/src/hb-object.hh:301:53: warning: ‘void* calloc(size_t, size_t)’ sizes specified with ‘sizeof’ in the earlier argument and not in the later argument [-Wcalloc-transposed-args]
[INFO] [stderr]     301 |     user_data = (hb_user_data_array_t *) hb_calloc (sizeof (hb_user_data_array_t), 1);
[INFO] [stderr]         |                                                     ^~~~~~~~~~~~~~~~~~~~~~~~~~~~~
[INFO] [stderr]   ../../../../../../cargo-home/registry/src/index.crates.io-1949cf8c6b5b557f/songww-harfbuzz-sys-0.1.0/harfbuzz/src/hb-object.hh:301:53: note: earlier argument should specify number of elements, later size of each element
[INFO] [stderr]   c++: fatal error: Killed signal terminated program cc1plus
[INFO] [stderr]   compilation terminated.
[INFO] [stderr]   [13/64] Compiling C++ object src/libharfbuzz.a.p/hb-ot-cff1-table.cc.o
[INFO] [stderr]   FAILED: [code=1] src/libharfbuzz.a.p/hb-ot-cff1-table.cc.o 
[INFO] [stderr]   c++ -Isrc/libharfbuzz.a.p -Isrc -I../../../../../../cargo-home/registry/src/index.crates.io-1949cf8c6b5b557f/songww-harfbuzz-sys-0.1.0/harfbuzz/src -I. -I../../../../../../cargo-home/registry/src/index.crates.io-1949cf8c6b5b557f/songww-harfbuzz-sys-0.1.0/harfbuzz -I/usr/include/freetype2 -I/usr/include/libpng16 -fdiagnostics-color=always -D_GLIBCXX_ASSERTIONS=1 -D_FILE_OFFSET_BITS=64 -Wall -Winvalid-pch -fno-rtti -std=c++11 -O0 -g -fno-exceptions -fno-rtti -fno-threadsafe-statics -fvisibility-inlines-hidden -DHAVE_CONFIG_H -fPIC -pthread -Wno-non-virtual-dtor -MD -MQ src/libharfbuzz.a.p/hb-ot-cff1-table.cc.o -MF src/libharfbuzz.a.p/hb-ot-cff1-table.cc.o.d -o src/libharfbuzz.a.p/hb-ot-cff1-table.cc.o -c ../../../../../../cargo-home/registry/src/index.crates.io-1949cf8c6b5b557f/songww-harfbuzz-sys-0.1.0/harfbuzz/src/hb-ot-cff1-table.cc
[INFO] [stderr]   In file included from ../../../../../../cargo-home/registry/src/index.crates.io-1949cf8c6b5b557f/songww-harfbuzz-sys-0.1.0/harfbuzz/src/hb-ot-cff1-table.cc:33:
[INFO] [stderr]   ../../../../../../cargo-home/registry/src/index.crates.io-1949cf8c6b5b557f/songww-harfbuzz-sys-0.1.0/harfbuzz/src/hb-ot-cff1-table.hh: In member function ‘bool OT::cff1::accelerator_t::get_glyph_from_name(const char*, int, hb_codepoint_t*) const’:
[INFO] [stderr]   ../../../../../../cargo-home/registry/src/index.crates.io-1949cf8c6b5b557f/songww-harfbuzz-sys-0.1.0/harfbuzz/src/hb-ot-cff1-table.hh:1382:57: warning: ‘void* calloc(size_t, size_t)’ sizes specified with ‘sizeof’ in the earlier argument and not in the later argument [-Wcalloc-transposed-args]
[INFO] [stderr]    1382 |         names = (hb_sorted_vector_t<gname_t> *) calloc (sizeof (hb_sorted_vector_t<gname_t>), 1);
[INFO] [stderr]         |                                                         ^~~~~~~~~~~~~~~~~~~~~~~~~~~~~~~~~~~~
[INFO] [stderr]   ../../../../../../cargo-home/registry/src/index.crates.io-1949cf8c6b5b557f/songww-harfbuzz-sys-0.1.0/harfbuzz/src/hb-ot-cff1-table.hh:1382:57: note: earlier argument should specify number of elements, later size of each element
[INFO] [stderr]   c++: fatal error: Killed signal terminated program cc1plus
[INFO] [stderr]   compilation terminated.
[INFO] [stderr]   [14/64] Compiling C++ object src/libharfbuzz.a.p/hb-buffer.cc.o
[INFO] [stderr]   In file included from ../../../../../../cargo-home/registry/src/index.crates.io-1949cf8c6b5b557f/songww-harfbuzz-sys-0.1.0/harfbuzz/src/hb.hh:483,
[INFO] [stderr]                    from ../../../../../../cargo-home/registry/src/index.crates.io-1949cf8c6b5b557f/songww-harfbuzz-sys-0.1.0/harfbuzz/src/hb-buffer.hh:33,
[INFO] [stderr]                    from ../../../../../../cargo-home/registry/src/index.crates.io-1949cf8c6b5b557f/songww-harfbuzz-sys-0.1.0/harfbuzz/src/hb-buffer.cc:30:
[INFO] [stderr]   ../../../../../../cargo-home/registry/src/index.crates.io-1949cf8c6b5b557f/songww-harfbuzz-sys-0.1.0/harfbuzz/src/hb-object.hh: In instantiation of ‘bool hb_object_set_user_data(Type*, hb_user_data_key_t*, void*, hb_destroy_func_t, hb_bool_t) [with Type = hb_buffer_t; hb_user_data_key_t = hb_user_data_key_t; hb_destroy_func_t = void (*)(void*); hb_bool_t = int]’:
[INFO] [stderr]   ../../../../../../cargo-home/registry/src/index.crates.io-1949cf8c6b5b557f/songww-harfbuzz-sys-0.1.0/harfbuzz/src/hb-buffer.cc:784:34:   required from here
[INFO] [stderr]     784 |   return hb_object_set_user_data (buffer, key, data, destroy, replace);
[INFO] [stderr]         |          ~~~~~~~~~~~~~~~~~~~~~~~~^~~~~~~~~~~~~~~~~~~~~~~~~~~~~~~~~~~~~
[INFO] [stderr]   ../../../../../../cargo-home/registry/src/index.crates.io-1949cf8c6b5b557f/songww-harfbuzz-sys-0.1.0/harfbuzz/src/hb-object.hh:301:53: warning: ‘void* calloc(size_t, size_t)’ sizes specified with ‘sizeof’ in the earlier argument and not in the later argument [-Wcalloc-transposed-args]
[INFO] [stderr]     301 |     user_data = (hb_user_data_array_t *) hb_calloc (sizeof (hb_user_data_array_t), 1);
[INFO] [stderr]         |                                                     ^~~~~~~~~~~~~~~~~~~~~~~~~~~~~
[INFO] [stderr]   ../../../../../../cargo-home/registry/src/index.crates.io-1949cf8c6b5b557f/songww-harfbuzz-sys-0.1.0/harfbuzz/src/hb-object.hh:301:53: note: earlier argument should specify number of elements, later size of each element
[INFO] [stderr]   [15/64] Compiling C++ object src/libharfbuzz.a.p/hb-font.cc.o
[INFO] [stderr]   In file included from ../../../../../../cargo-home/registry/src/index.crates.io-1949cf8c6b5b557f/songww-harfbuzz-sys-0.1.0/harfbuzz/src/hb.hh:483,
[INFO] [stderr]                    from ../../../../../../cargo-home/registry/src/index.crates.io-1949cf8c6b5b557f/songww-harfbuzz-sys-0.1.0/harfbuzz/src/hb-font.cc:29:
[INFO] [stderr]   ../../../../../../cargo-home/registry/src/index.crates.io-1949cf8c6b5b557f/songww-harfbuzz-sys-0.1.0/harfbuzz/src/hb-object.hh: In instantiation of ‘bool hb_object_set_user_data(Type*, hb_user_data_key_t*, void*, hb_destroy_func_t, hb_bool_t) [with Type = hb_font_funcs_t; hb_user_data_key_t = hb_user_data_key_t; hb_destroy_func_t = void (*)(void*); hb_bool_t = int]’:
[INFO] [stderr]   ../../../../../../cargo-home/registry/src/index.crates.io-1949cf8c6b5b557f/songww-harfbuzz-sys-0.1.0/harfbuzz/src/hb-font.cc:778:34:   required from here
[INFO] [stderr]     778 |   return hb_object_set_user_data (ffuncs, key, data, destroy, replace);
[INFO] [stderr]         |          ~~~~~~~~~~~~~~~~~~~~~~~~^~~~~~~~~~~~~~~~~~~~~~~~~~~~~~~~~~~~~
[INFO] [stderr]   ../../../../../../cargo-home/registry/src/index.crates.io-1949cf8c6b5b557f/songww-harfbuzz-sys-0.1.0/harfbuzz/src/hb-object.hh:301:53: warning: ‘void* calloc(size_t, size_t)’ sizes specified with ‘sizeof’ in the earlier argument and not in the later argument [-Wcalloc-transposed-args]
[INFO] [stderr]     301 |     user_data = (hb_user_data_array_t *) hb_calloc (sizeof (hb_user_data_array_t), 1);
[INFO] [stderr]         |                                                     ^~~~~~~~~~~~~~~~~~~~~~~~~~~~~
[INFO] [stderr]   ../../../../../../cargo-home/registry/src/index.crates.io-1949cf8c6b5b557f/songww-harfbuzz-sys-0.1.0/harfbuzz/src/hb-object.hh:301:53: note: earlier argument should specify number of elements, later size of each element
[INFO] [stderr]   ../../../../../../cargo-home/registry/src/index.crates.io-1949cf8c6b5b557f/songww-harfbuzz-sys-0.1.0/harfbuzz/src/hb-object.hh: In instantiation of ‘bool hb_object_set_user_data(Type*, hb_user_data_key_t*, void*, hb_destroy_func_t, hb_bool_t) [with Type = hb_font_t; hb_user_data_key_t = hb_user_data_key_t; hb_destroy_func_t = void (*)(void*); hb_bool_t = int]’:
[INFO] [stderr]   ../../../../../../cargo-home/registry/src/index.crates.io-1949cf8c6b5b557f/songww-harfbuzz-sys-0.1.0/harfbuzz/src/hb-font.cc:1855:34:   required from here
[INFO] [stderr]    1855 |   return hb_object_set_user_data (font, key, data, destroy, replace);
[INFO] [stderr]         |          ~~~~~~~~~~~~~~~~~~~~~~~~^~~~~~~~~~~~~~~~~~~~~~~~~~~~~~~~~~~
[INFO] [stderr]   ../../../../../../cargo-home/registry/src/index.crates.io-1949cf8c6b5b557f/songww-harfbuzz-sys-0.1.0/harfbuzz/src/hb-object.hh:301:53: warning: ‘void* calloc(size_t, size_t)’ sizes specified with ‘sizeof’ in the earlier argument and not in the later argument [-Wcalloc-transposed-args]
[INFO] [stderr]     301 |     user_data = (hb_user_data_array_t *) hb_calloc (sizeof (hb_user_data_array_t), 1);
[INFO] [stderr]         |                                                     ^~~~~~~~~~~~~~~~~~~~~~~~~~~~~
[INFO] [stderr]   ../../../../../../cargo-home/registry/src/index.crates.io-1949cf8c6b5b557f/songww-harfbuzz-sys-0.1.0/harfbuzz/src/hb-object.hh:301:53: note: earlier argument should specify number of elements, later size of each element
[INFO] [stderr]   [16/64] Compiling C++ object src/libharfbuzz.a.p/hb-ot-map.cc.o
[INFO] [stderr]   [17/64] Compiling C++ object src/libharfbuzz.a.p/hb-ot-meta.cc.o
[INFO] [stderr]   [18/64] Compiling C++ object src/libharfbuzz.a.p/hb-ot-shape-complex-default.cc.o
[INFO] [stderr]   [19/64] Compiling C++ object src/libharfbuzz.a.p/hb-ot-shape-complex-hangul.cc.o
[INFO] [stderr]   [20/64] Compiling C++ object src/libharfbuzz.a.p/hb-ot-name.cc.o
[INFO] [stderr]   [21/64] Compiling C++ object src/libharfbuzz.a.p/hb-ot-cff2-table.cc.o
[INFO] [stderr]   [22/64] Compiling C++ object src/libharfbuzz.a.p/hb-ot-math.cc.o
[INFO] [stderr]   [23/64] Compiling C++ object src/libharfbuzz.a.p/hb-ot-metrics.cc.o
[INFO] [stderr]   [24/64] Compiling C++ object src/libharfbuzz.a.p/hb-ot-font.cc.o
[INFO] [stderr]   In file included from ../../../../../../cargo-home/registry/src/index.crates.io-1949cf8c6b5b557f/songww-harfbuzz-sys-0.1.0/harfbuzz/src/hb-ot-font.cc:39:
[INFO] [stderr]   ../../../../../../cargo-home/registry/src/index.crates.io-1949cf8c6b5b557f/songww-harfbuzz-sys-0.1.0/harfbuzz/src/hb-ot-cff1-table.hh: In member function ‘bool OT::cff1::accelerator_t::get_glyph_from_name(const char*, int, hb_codepoint_t*) const’:
[INFO] [stderr]   ../../../../../../cargo-home/registry/src/index.crates.io-1949cf8c6b5b557f/songww-harfbuzz-sys-0.1.0/harfbuzz/src/hb-ot-cff1-table.hh:1382:57: warning: ‘void* calloc(size_t, size_t)’ sizes specified with ‘sizeof’ in the earlier argument and not in the later argument [-Wcalloc-transposed-args]
[INFO] [stderr]    1382 |         names = (hb_sorted_vector_t<gname_t> *) calloc (sizeof (hb_sorted_vector_t<gname_t>), 1);
[INFO] [stderr]         |                                                         ^~~~~~~~~~~~~~~~~~~~~~~~~~~~~~~~~~~~
[INFO] [stderr]   ../../../../../../cargo-home/registry/src/index.crates.io-1949cf8c6b5b557f/songww-harfbuzz-sys-0.1.0/harfbuzz/src/hb-ot-cff1-table.hh:1382:57: note: earlier argument should specify number of elements, later size of each element
[INFO] [stderr]   [25/64] Compiling C++ object src/libharfbuzz.a.p/hb-aat-layout.cc.o
[INFO] [stderr]   [26/64] Compiling C++ object src/libharfbuzz.a.p/hb-ot-shape-complex-arabic.cc.o
[INFO] [stderr]   [27/64] Compiling C++ object src/libharfbuzz.a.p/hb-ot-layout.cc.o
[INFO] [stderr]   ninja: build stopped: subcommand failed.
[INFO] [stderr]   INFO: autodetecting backend as ninja
[INFO] [stderr]   INFO: calculating backend command to run: /usr/bin/ninja -C /opt/rustwide/target/debug/build/songww-harfbuzz-sys-57135823d27c34d0/out/build
[INFO] [stderr] 
[INFO] [stderr] 
[INFO] [stderr] 
[INFO] [stderr]   --- stderr
[INFO] [stderr] 
[INFO] [stderr]   thread 'main' (220) panicked at /opt/rustwide/cargo-home/registry/src/index.crates.io-1949cf8c6b5b557f/songww-harfbuzz-sys-0.1.0/build.rs:200:5:
[INFO] [stderr]   build harfbuzz failed
[INFO] [stderr]   stack backtrace:
[INFO] [stderr]      0:     0x557c618b8211 - std[70759c8f55707aa4]::backtrace_rs::backtrace::libunwind::trace
[INFO] [stderr]                                  at /rustc/dfb0accb7f508ae8be965d8629557221c889dd98/library/std/src/../../backtrace/src/backtrace/libunwind.rs:117:9
[INFO] [stderr]      1:     0x557c618b8211 - std[70759c8f55707aa4]::backtrace_rs::backtrace::trace_unsynchronized::<std[70759c8f55707aa4]::sys::backtrace::_print_fmt::{closure#1}>
[INFO] [stderr]                                  at /rustc/dfb0accb7f508ae8be965d8629557221c889dd98/library/std/src/../../backtrace/src/backtrace/mod.rs:66:14
[INFO] [stderr]      2:     0x557c618b8211 - std[70759c8f55707aa4]::sys::backtrace::_print_fmt
[INFO] [stderr]                                  at /rustc/dfb0accb7f508ae8be965d8629557221c889dd98/library/std/src/sys/backtrace.rs:74:9
[INFO] [stderr]      3:     0x557c618b8211 - <<std[70759c8f55707aa4]::sys::backtrace::BacktraceLock>::print::DisplayBacktrace as core[df12db4294e9bfd3]::fmt::Display>::fmt
[INFO] [stderr]                                  at /rustc/dfb0accb7f508ae8be965d8629557221c889dd98/library/std/src/sys/backtrace.rs:44:26
[INFO] [stderr]      4:     0x557c618ca3ea - <core[df12db4294e9bfd3]::fmt::rt::Argument>::fmt
[INFO] [stderr]                                  at /rustc/dfb0accb7f508ae8be965d8629557221c889dd98/library/core/src/fmt/rt.rs:152:76
[INFO] [stderr]      5:     0x557c618ca3ea - core[df12db4294e9bfd3]::fmt::write
[INFO] [stderr]      6:     0x557c618bc85c - core[df12db4294e9bfd3]::io::write::default_write_fmt::<std[70759c8f55707aa4]::sys::stdio::unix::Stderr>
[INFO] [stderr]                                  at /rustc/dfb0accb7f508ae8be965d8629557221c889dd98/library/core/src/io/write.rs:402:11
[INFO] [stderr]      7:     0x557c618bc85c - <std[70759c8f55707aa4]::sys::stdio::unix::Stderr as core[df12db4294e9bfd3]::io::write::Write>::write_fmt
[INFO] [stderr]                                  at /rustc/dfb0accb7f508ae8be965d8629557221c889dd98/library/core/src/io/write.rs:335:13
[INFO] [stderr]      8:     0x557c61897226 - <std[70759c8f55707aa4]::sys::backtrace::BacktraceLock>::print
[INFO] [stderr]                                  at /rustc/dfb0accb7f508ae8be965d8629557221c889dd98/library/std/src/sys/backtrace.rs:47:9
[INFO] [stderr]      9:     0x557c61897226 - std[70759c8f55707aa4]::panicking::default_hook::{closure#0}
[INFO] [stderr]                                  at /rustc/dfb0accb7f508ae8be965d8629557221c889dd98/library/std/src/panicking.rs:292:27
[INFO] [stderr]     10:     0x557c618b3711 - std[70759c8f55707aa4]::panicking::default_hook
[INFO] [stderr]                                  at /rustc/dfb0accb7f508ae8be965d8629557221c889dd98/library/std/src/panicking.rs:319:9
[INFO] [stderr]     11:     0x557c618b38cb - std[70759c8f55707aa4]::panicking::panic_with_hook
[INFO] [stderr]                                  at /rustc/dfb0accb7f508ae8be965d8629557221c889dd98/library/std/src/panicking.rs:815:13
[INFO] [stderr]     12:     0x557c6189668c - std[70759c8f55707aa4]::panicking::begin_panic::<&str>::{closure#0}
[INFO] [stderr]                                  at /rustc/dfb0accb7f508ae8be965d8629557221c889dd98/library/std/src/panicking.rs:752:9
[INFO] [stderr]     13:     0x557c6188fdb9 - std[70759c8f55707aa4]::sys::backtrace::__rust_end_short_backtrace::<std[70759c8f55707aa4]::panicking::begin_panic<&str>::{closure#0}, !>
[INFO] [stderr]                                  at /rustc/dfb0accb7f508ae8be965d8629557221c889dd98/library/std/src/sys/backtrace.rs:182:18
[INFO] [stderr]     14:     0x557c6188d1bb - std[70759c8f55707aa4]::panicking::begin_panic::<&str>
[INFO] [stderr]                                  at /rustc/dfb0accb7f508ae8be965d8629557221c889dd98/library/std/src/panicking.rs:751:5
[INFO] [stderr]     15:     0x557c617f4697 - build_script_build[def929f845a7c470]::failed
[INFO] [stderr]     16:     0x557c617f58cb - build_script_build[def929f845a7c470]::vendored
[INFO] [stderr]     17:     0x557c617f40ac - build_script_build[def929f845a7c470]::main
[INFO] [stderr]     18:     0x557c617f6ae3 - <fn() as core[df12db4294e9bfd3]::ops::function::FnOnce<()>>::call_once
[INFO] [stderr]     19:     0x557c617f2e4e - std[70759c8f55707aa4]::sys::backtrace::__rust_begin_short_backtrace::<fn(), ()>
[INFO] [stderr]     20:     0x557c617f31e9 - std[70759c8f55707aa4]::rt::lang_start::<()>::{closure#0}
[INFO] [stderr]     21:     0x557c618b2639 - <&dyn core[df12db4294e9bfd3]::ops::function::Fn<(), Output = i32> + core[df12db4294e9bfd3]::panic::unwind_safe::RefUnwindSafe + core[df12db4294e9bfd3]::marker::Sync as core[df12db4294e9bfd3]::ops::function::FnOnce<()>>::call_once
[INFO] [stderr]                                  at /rustc/dfb0accb7f508ae8be965d8629557221c889dd98/library/core/src/ops/function.rs:287:21
[INFO] [stderr]     22:     0x557c618b2639 - std[70759c8f55707aa4]::panicking::catch_unwind::do_call::<&dyn core[df12db4294e9bfd3]::ops::function::Fn<(), Output = i32> + core[df12db4294e9bfd3]::panic::unwind_safe::RefUnwindSafe + core[df12db4294e9bfd3]::marker::Sync, i32>
[INFO] [stderr]                                  at /rustc/dfb0accb7f508ae8be965d8629557221c889dd98/library/std/src/panicking.rs:576:43
[INFO] [stderr]     23:     0x557c618b2639 - std[70759c8f55707aa4]::panicking::catch_unwind::<i32, &dyn core[df12db4294e9bfd3]::ops::function::Fn<(), Output = i32> + core[df12db4294e9bfd3]::panic::unwind_safe::RefUnwindSafe + core[df12db4294e9bfd3]::marker::Sync>
[INFO] [stderr]                                  at /rustc/dfb0accb7f508ae8be965d8629557221c889dd98/library/std/src/panicking.rs:544:19
[INFO] [stderr]     24:     0x557c618b2639 - std[70759c8f55707aa4]::panic::catch_unwind::<&dyn core[df12db4294e9bfd3]::ops::function::Fn<(), Output = i32> + core[df12db4294e9bfd3]::panic::unwind_safe::RefUnwindSafe + core[df12db4294e9bfd3]::marker::Sync, i32>
[INFO] [stderr]                                  at /rustc/dfb0accb7f508ae8be965d8629557221c889dd98/library/std/src/panic.rs:359:14
[INFO] [stderr]     25:     0x557c618b2639 - std[70759c8f55707aa4]::rt::lang_start_internal::{closure#0}
[INFO] [stderr]                                  at /rustc/dfb0accb7f508ae8be965d8629557221c889dd98/library/std/src/rt.rs:175:24
[INFO] [stderr]     26:     0x557c618b2639 - std[70759c8f55707aa4]::panicking::catch_unwind::do_call::<std[70759c8f55707aa4]::rt::lang_start_internal::{closure#0}, isize>
[INFO] [stderr]                                  at /rustc/dfb0accb7f508ae8be965d8629557221c889dd98/library/std/src/panicking.rs:576:43
[INFO] [stderr]     27:     0x557c618b2639 - std[70759c8f55707aa4]::panicking::catch_unwind::<isize, std[70759c8f55707aa4]::rt::lang_start_internal::{closure#0}>
[INFO] [stderr]                                  at /rustc/dfb0accb7f508ae8be965d8629557221c889dd98/library/std/src/panicking.rs:544:19
[INFO] [stderr]     28:     0x557c618b2639 - std[70759c8f55707aa4]::panic::catch_unwind::<std[70759c8f55707aa4]::rt::lang_start_internal::{closure#0}, isize>
[INFO] [stderr]                                  at /rustc/dfb0accb7f508ae8be965d8629557221c889dd98/library/std/src/panic.rs:359:14
[INFO] [stderr]     29:     0x557c618b2639 - std[70759c8f55707aa4]::rt::lang_start_internal
[INFO] [stderr]                                  at /rustc/dfb0accb7f508ae8be965d8629557221c889dd98/library/std/src/rt.rs:171:5
[INFO] [stderr]     30:     0x557c617f2ad1 - std[70759c8f55707aa4]::rt::lang_start::<()>
[INFO] [stderr]     31:     0x557c617f6b55 - main
[INFO] [stderr]     32:     0x7d2d096a9601 - <unknown>
[INFO] [stderr]     33:     0x7d2d096a9718 - __libc_start_main
[INFO] [stderr]     34:     0x557c617efc95 - _start
[INFO] [stderr]     35:                0x0 - <unknown>
[INFO] running `Command { std: "docker" "inspect" "017a487a5df086631220f01e1b011e0fbbdd069a18d77211868694556de5f4a7", kill_on_drop: false }`
[INFO] running `Command { std: "docker" "rm" "-f" "017a487a5df086631220f01e1b011e0fbbdd069a18d77211868694556de5f4a7", kill_on_drop: false }`
[INFO] [stdout] 017a487a5df086631220f01e1b011e0fbbdd069a18d77211868694556de5f4a7
