[INFO] fetching crate solana-transaction 5.1.0...
[INFO] testing solana-transaction-5.1.0 against 1.100.0-beta.1 for beta-1.100-2
[INFO] extracting crate solana-transaction 5.1.0 into /workspace/builds/worker-7-tc2/source
[INFO] started tweaking crates.io crate solana-transaction 5.1.0
[INFO] finished tweaking crates.io crate solana-transaction 5.1.0
[INFO] tweaked toml for crates.io crate solana-transaction 5.1.0 written to /workspace/builds/worker-7-tc2/source/Cargo.toml
[INFO] validating manifest of crates.io crate solana-transaction 5.1.0 on toolchain 1.100.0-beta.1
[INFO] running `Command { std: CARGO_HOME="/workspace/cargo-home" RUSTUP_HOME="/workspace/rustup-home" "/workspace/cargo-home/bin/cargo" "+1.100.0-beta.1" "metadata" "--manifest-path" "Cargo.toml" "--no-deps", kill_on_drop: false }`
[INFO] crate crates.io crate solana-transaction 5.1.0 already has a lockfile, it will not be regenerated
[INFO] running `Command { std: CARGO_HOME="/workspace/cargo-home" RUSTUP_HOME="/workspace/rustup-home" "/workspace/cargo-home/bin/cargo" "+1.100.0-beta.1" "fetch" "--manifest-path" "Cargo.toml", kill_on_drop: false }`
[INFO] running `Command { std: "docker" "create" "-v" "/var/lib/crater-agent-workspace/builds/worker-7-tc2/source:/opt/rustwide/workdir:ro,Z" "-v" "/var/lib/crater-agent-workspace/builds/worker-7-tc2/target:/opt/rustwide/target:rw,Z" "-v" "/var/lib/crater-agent-workspace/cargo-home:/opt/rustwide/cargo-home:ro,Z" "-v" "/var/lib/crater-agent-workspace/rustup-home:/opt/rustwide/rustup-home:ro,Z" "-m" "1610612736" "--network" "none" "ghcr.io/rust-lang/crates-build-env/linux@sha256:3111399a4047eeb3a02b7a90e478d715f38a8c6669b5c4b49d30a17385265909" "sleep" "infinity", kill_on_drop: false }`
[INFO] [stdout] 859c647328347f6686c67cade28b4aab4fa74053ad0adc8298a23dced3ccaeb8
[INFO] running `Command { std: "docker" "start" "859c647328347f6686c67cade28b4aab4fa74053ad0adc8298a23dced3ccaeb8", kill_on_drop: false }`
[INFO] running `Command { std: "docker" "inspect" "859c647328347f6686c67cade28b4aab4fa74053ad0adc8298a23dced3ccaeb8", kill_on_drop: false }`
[INFO] running `Command { std: "docker" "exec" "-e" "SOURCE_DIR=/opt/rustwide/workdir" "-e" "CARGO_HOME=/opt/rustwide/cargo-home" "-e" "RUSTUP_HOME=/opt/rustwide/rustup-home" "-e" "CARGO_TARGET_DIR=/opt/rustwide/target" "-w" "/opt/rustwide/workdir" "--user" "0:0" "859c647328347f6686c67cade28b4aab4fa74053ad0adc8298a23dced3ccaeb8" "/opt/rustwide/cargo-home/bin/cargo" "+1.100.0-beta.1" "metadata" "--no-deps" "--format-version=1", kill_on_drop: false }`
[INFO] running `Command { std: "docker" "inspect" "859c647328347f6686c67cade28b4aab4fa74053ad0adc8298a23dced3ccaeb8", kill_on_drop: false }`
[INFO] running `Command { std: "docker" "exec" "-e" "SOURCE_DIR=/opt/rustwide/workdir" "-e" "CARGO_HOME=/opt/rustwide/cargo-home" "-e" "RUSTUP_HOME=/opt/rustwide/rustup-home" "-e" "CARGO_TARGET_DIR=/opt/rustwide/target" "-e" "CARGO_INCREMENTAL=0" "-e" "RUST_BACKTRACE=full" "-e" "RUSTFLAGS=--cap-lints=warn" "-e" "RUSTDOCFLAGS=--cap-lints=warn" "-w" "/opt/rustwide/workdir" "--user" "0:0" "859c647328347f6686c67cade28b4aab4fa74053ad0adc8298a23dced3ccaeb8" "/opt/rustwide/cargo-home/bin/cargo" "+1.100.0-beta.1" "build" "--frozen" "--message-format=json", kill_on_drop: false }`
[INFO] [stderr]    Compiling five8_core v1.0.0
[INFO] [stderr]    Compiling solana-sanitize v3.0.1
[INFO] [stderr]    Compiling solana-program-error v3.0.1
[INFO] [stderr]    Compiling solana-instruction-error v3.1.0
[INFO] [stderr]    Compiling five8 v1.0.0
[INFO] [stderr]    Compiling five8_const v1.0.0
[INFO] [stderr]    Compiling solana-transaction-error v4.1.0
[INFO] [stderr]    Compiling solana-hash v4.7.0
[INFO] [stderr]    Compiling solana-signature v3.6.0
[INFO] [stderr]    Compiling solana-address v2.8.0
[INFO] [stderr]    Compiling solana-pubkey v4.4.0
[INFO] [stderr]    Compiling solana-sdk-ids v3.1.0
[INFO] [stderr]    Compiling solana-instruction v4.0.0
[INFO] [stderr]    Compiling solana-message v5.1.0
[INFO] [stderr]    Compiling solana-transaction v5.1.0 (/opt/rustwide/workdir)
[INFO] [stderr]     Finished `dev` profile [unoptimized + debuginfo] target(s) in 2.12s
[INFO] running `Command { std: "docker" "inspect" "859c647328347f6686c67cade28b4aab4fa74053ad0adc8298a23dced3ccaeb8", kill_on_drop: false }`
[INFO] running `Command { std: "docker" "exec" "-e" "SOURCE_DIR=/opt/rustwide/workdir" "-e" "CARGO_HOME=/opt/rustwide/cargo-home" "-e" "RUSTUP_HOME=/opt/rustwide/rustup-home" "-e" "CARGO_TARGET_DIR=/opt/rustwide/target" "-e" "CARGO_INCREMENTAL=0" "-e" "RUST_BACKTRACE=full" "-e" "RUSTFLAGS=--cap-lints=warn" "-e" "RUSTDOCFLAGS=--cap-lints=warn" "-w" "/opt/rustwide/workdir" "--user" "0:0" "859c647328347f6686c67cade28b4aab4fa74053ad0adc8298a23dced3ccaeb8" "/opt/rustwide/cargo-home/bin/cargo" "+1.100.0-beta.1" "test" "--frozen" "--no-run" "--message-format=json", kill_on_drop: false }`
[INFO] [stderr]    Compiling getrandom v0.3.4
[INFO] [stderr]    Compiling serde v1.0.229
[INFO] [stderr]    Compiling zerocopy v0.8.55
[INFO] [stderr]    Compiling solana-atomic-u64 v3.0.1
[INFO] [stderr]    Compiling num-traits v0.2.19
[INFO] [stderr]    Compiling getrandom v0.4.3
[INFO] [stderr]    Compiling indexmap v2.14.0
[INFO] [stderr]    Compiling toml_parser v1.1.3+spec-1.1.0
[INFO] [stderr]    Compiling hybrid-array v0.4.13
[INFO] [stderr]    Compiling syn v2.0.119
[INFO] [stderr]    Compiling syn v3.0.3
[INFO] [stderr]    Compiling borsh v1.8.0
[INFO] [stderr]    Compiling once_cell v1.21.4
[INFO] [stderr]    Compiling solana-ed25519 v0.2.4
[INFO] [stderr]    Compiling digest v0.10.7
[INFO] [stderr]    Compiling signature v2.2.0
[INFO] [stderr]    Compiling zeroize v1.9.0
[INFO] [stderr]    Compiling ed25519 v2.2.3
[INFO] [stderr]    Compiling strsim v0.11.1
[INFO] [stderr]    Compiling sha2 v0.10.9
[INFO] [stderr]    Compiling rand v0.10.2
[INFO] [stderr]    Compiling bs58 v0.5.1
[INFO] [stderr]    Compiling tempfile v3.27.0
[INFO] [stderr]    Compiling crypto-common v0.2.2
[INFO] [stderr]    Compiling block-buffer v0.12.1
[INFO] [stderr]    Compiling pbkdf2 v0.11.0
[INFO] [stderr]    Compiling hmac v0.12.1
[INFO] [stderr]    Compiling wait-timeout v0.2.1
[INFO] [stderr]    Compiling quick-error v1.2.3
[INFO] [stderr]    Compiling bit-vec v0.8.0
[INFO] [stderr]    Compiling solana-msg v3.1.0
[INFO] [stderr]    Compiling solana-fee-calculator v3.4.0
[INFO] [stderr]    Compiling solana-seed-phrase v3.0.0
[INFO] [stderr]    Compiling solana-short-vec v3.3.0
[INFO] [stderr]    Compiling bit-set v0.8.0
[INFO] [stderr]    Compiling unarray v0.1.4
[INFO] [stderr]    Compiling rusty-fork v0.3.1
[INFO] [stderr]    Compiling rand_core v0.9.5
[INFO] [stderr]    Compiling rand_xorshift v0.4.0
[INFO] [stderr]    Compiling bincode v1.3.3
[INFO] [stderr]    Compiling solana-serde-varint v3.0.1
[INFO] [stderr]    Compiling solana-instruction-error v3.1.0
[INFO] [stderr]    Compiling solana-instruction-error v2.5.0
[INFO] [stderr]    Compiling toml_edit v0.25.13+spec-1.1.0
[INFO] [stderr]    Compiling solana-transaction-error v4.1.0
[INFO] [stderr]    Compiling proc-macro-crate v3.5.0
[INFO] [stderr]    Compiling digest v0.11.3
[INFO] [stderr]    Compiling sha2 v0.11.0
[INFO] [stderr]    Compiling serde_derive v1.0.229
[INFO] [stderr]    Compiling ppv-lite86 v0.2.21
[INFO] [stderr]    Compiling solana-hash v4.7.0
[INFO] [stderr]    Compiling darling_core v0.23.0
[INFO] [stderr]    Compiling test-case-core v3.3.1
[INFO] [stderr]    Compiling rand_chacha v0.9.0
[INFO] [stderr]    Compiling solana-sha256-hasher v3.1.0
[INFO] [stderr]    Compiling rand v0.9.5
[INFO] [stderr]    Compiling borsh-derive v1.8.0
[INFO] [stderr]    Compiling curve25519-dalek-derive v0.1.1
[INFO] [stderr]    Compiling solana-sdk-macro v3.0.1
[INFO] [stderr]    Compiling cfg_eval v0.1.2
[INFO] [stderr]    Compiling num-derive v0.4.2
[INFO] [stderr]    Compiling test-case-macros v3.3.1
[INFO] [stderr]    Compiling solana-clock v4.0.0
[INFO] [stderr]    Compiling solana-address v2.8.0
[INFO] [stderr]    Compiling proptest v1.11.0
[INFO] [stderr]    Compiling solana-pubkey v4.4.0
[INFO] [stderr]    Compiling solana-sdk-ids v3.1.0
[INFO] [stderr]    Compiling solana-serialize-utils v4.0.0
[INFO] [stderr]    Compiling solana-nonce v3.4.0
[INFO] [stderr]    Compiling solana-packet v4.4.0
[INFO] [stderr]    Compiling test-case v3.3.1
[INFO] [stderr]    Compiling darling_macro v0.23.0
[INFO] [stderr]    Compiling darling v0.23.0
[INFO] [stderr]    Compiling solana-instruction v4.0.0
[INFO] [stderr]    Compiling serde_with_macros v3.21.0
[INFO] [stderr]    Compiling solana-instruction v3.5.1
[INFO] [stderr]    Compiling solana-message v5.1.0
[INFO] [stderr]    Compiling solana-system-interface v3.3.0
[INFO] [stderr]    Compiling solana-signature v3.6.0
[INFO] [stderr]    Compiling solana-signer v4.0.0
[INFO] [stderr]    Compiling solana-transaction v5.1.0 (/opt/rustwide/workdir)
[INFO] [stderr]    Compiling solana-presigner v4.0.0
[INFO] [stderr]    Compiling solana-keypair v4.0.0
[INFO] [stderr]    Compiling serde_with v3.21.0
[INFO] [stderr]    Compiling solana-vote-interface v7.1.0
[INFO] [stdout] error[E0432]: unresolved import `solana_signer`
[INFO] [stdout]    --> src/sanitized.rs:323:9
[INFO] [stdout]     |
[INFO] [stdout] 323 |         solana_signer::Signer,
[INFO] [stdout]     |         ^^^^^^^^^^^^^ use of unresolved module or unlinked crate `solana_signer`
[INFO] [stdout]     |
[INFO] [stdout] help: there is a crate or module with a similar name
[INFO] [stdout]     |
[INFO] [stdout] 323 |         solana_presigner::Signer,
[INFO] [stdout]     |                +++
[INFO] [stdout] 
[INFO] [stdout] 
[INFO] [stdout] error[E0432]: unresolved import `solana_signer`
[INFO] [stdout]   --> src/versioned/sanitized.rs:76:9
[INFO] [stdout]    |
[INFO] [stdout] 76 |         solana_signer::Signer,
[INFO] [stdout]    |         ^^^^^^^^^^^^^ use of unresolved module or unlinked crate `solana_signer`
[INFO] [stdout]    |
[INFO] [stdout] help: there is a crate or module with a similar name
[INFO] [stdout]    |
[INFO] [stdout] 76 |         solana_presigner::Signer,
[INFO] [stdout]    |                +++
[INFO] [stdout] 
[INFO] [stdout] 
[INFO] [stdout] error[E0432]: unresolved import `solana_signer`
[INFO] [stdout]    --> src/versioned/mod.rs:466:9
[INFO] [stdout]     |
[INFO] [stdout] 466 |         solana_signer::Signer,
[INFO] [stdout]     |         ^^^^^^^^^^^^^ use of unresolved module or unlinked crate `solana_signer`
[INFO] [stdout]     |
[INFO] [stdout] help: there is a crate or module with a similar name
[INFO] [stdout]     |
[INFO] [stdout] 466 |         solana_presigner::Signer,
[INFO] [stdout]     |                +++
[INFO] [stdout] 
[INFO] [stdout] 
[INFO] [stdout] error[E0432]: unresolved import `solana_signer`
[INFO] [stdout]     --> src/lib.rs:1157:9
[INFO] [stdout]      |
[INFO] [stdout] 1157 |         solana_signer::Signer,
[INFO] [stdout]      |         ^^^^^^^^^^^^^ use of unresolved module or unlinked crate `solana_signer`
[INFO] [stdout]      |
[INFO] [stdout] help: there is a crate or module with a similar name
[INFO] [stdout]      |
[INFO] [stdout] 1157 |         solana_presigner::Signer,
[INFO] [stdout]      |                +++
[INFO] [stdout] 
[INFO] [stdout] 
[INFO] [stdout] error[E0433]: cannot find module or crate `wincode` in this scope
[INFO] [stdout]    --> src/versioned/mod.rs:914:20
[INFO] [stdout]     |
[INFO] [stdout] 914 |         if let Err(wincode::ReadError::Custom(msg)) = result {
[INFO] [stdout]     |                    ^^^^^^^ use of unresolved module or unlinked crate `wincode`
[INFO] [stdout]     |
[INFO] [stdout] help: there is a crate or module with a similar name
[INFO] [stdout]     |
[INFO] [stdout] 914 -         if let Err(wincode::ReadError::Custom(msg)) = result {
[INFO] [stdout] 914 +         if let Err(bincode::ReadError::Custom(msg)) = result {
[INFO] [stdout]     |
[INFO] [stdout] 
[INFO] [stdout] 
[INFO] [stdout] error[E0433]: cannot find type `Transaction` in this scope
[INFO] [stdout]    --> src/sanitized.rs:337:27
[INFO] [stdout]     |
[INFO] [stdout] 337 |         let mut vote_tx = Transaction::new_with_payer(&[vote_ix], Some(&node_keypair.pubkey()));
[INFO] [stdout]     |                           ^^^^^^^^^^^ use of undeclared type `Transaction`
[INFO] [stdout]     |
[INFO] [stdout] help: consider importing this struct
[INFO] [stdout]     |
[INFO] [stdout] 317 +     use crate::Transaction;
[INFO] [stdout]     |
[INFO] [stdout] 
[INFO] [stdout] 
[INFO] [stdout] error[E0433]: cannot find type `Hash` in this scope
[INFO] [stdout]     --> src/lib.rs:1181:13
[INFO] [stdout]      |
[INFO] [stdout] 1181 |             Hash::default(),
[INFO] [stdout]      |             ^^^^ use of undeclared type `Hash`
[INFO] [stdout]      |
[INFO] [stdout] note: found an item that was configured out
[INFO] [stdout]     --> src/lib.rs:143:18
[INFO] [stdout]      |
[INFO] [stdout]  141 | #[cfg(feature = "wincode")]
[INFO] [stdout]      |       ------------------- the item is gated behind the `wincode` feature
[INFO] [stdout]  142 | pub use {
[INFO] [stdout]  143 |     solana_hash::Hash,
[INFO] [stdout]      |                  ^^^^
[INFO] [stdout] help: consider importing one of these traits
[INFO] [stdout]      |
[INFO] [stdout] 1148 +     use crate::tests::std::hash::Hash;
[INFO] [stdout]      |
[INFO] [stdout] 1148 +     use std::hash::Hash;
[INFO] [stdout]      |
[INFO] [stdout] 
[INFO] [stdout] 
[INFO] [stdout] error[E0433]: cannot find type `Hash` in this scope
[INFO] [stdout]     --> src/lib.rs:1216:13
[INFO] [stdout]      |
[INFO] [stdout] 1216 |             Hash::default(),
[INFO] [stdout]      |             ^^^^ use of undeclared type `Hash`
[INFO] [stdout]      |
[INFO] [stdout] note: found an item that was configured out
[INFO] [stdout]     --> src/lib.rs:143:18
[INFO] [stdout]      |
[INFO] [stdout]  141 | #[cfg(feature = "wincode")]
[INFO] [stdout]      |       ------------------- the item is gated behind the `wincode` feature
[INFO] [stdout]  142 | pub use {
[INFO] [stdout]  143 |     solana_hash::Hash,
[INFO] [stdout]      |                  ^^^^
[INFO] [stdout] help: consider importing one of these traits
[INFO] [stdout]      |
[INFO] [stdout] 1148 +     use crate::tests::std::hash::Hash;
[INFO] [stdout]      |
[INFO] [stdout] 1148 +     use std::hash::Hash;
[INFO] [stdout]      |
[INFO] [stdout] 
[INFO] [stdout] 
[INFO] [stdout] error[E0433]: cannot find type `Hash` in this scope
[INFO] [stdout]     --> src/lib.rs:1229:13
[INFO] [stdout]      |
[INFO] [stdout] 1229 |             Hash::default(),
[INFO] [stdout]      |             ^^^^ use of undeclared type `Hash`
[INFO] [stdout]      |
[INFO] [stdout] note: found an item that was configured out
[INFO] [stdout]     --> src/lib.rs:143:18
[INFO] [stdout]      |
[INFO] [stdout]  141 | #[cfg(feature = "wincode")]
[INFO] [stdout]      |       ------------------- the item is gated behind the `wincode` feature
[INFO] [stdout]  142 | pub use {
[INFO] [stdout]  143 |     solana_hash::Hash,
[INFO] [stdout]      |                  ^^^^
[INFO] [stdout] help: consider importing one of these traits
[INFO] [stdout]      |
[INFO] [stdout] 1148 +     use crate::tests::std::hash::Hash;
[INFO] [stdout]      |
[INFO] [stdout] 1148 +     use std::hash::Hash;
[INFO] [stdout]      |
[INFO] [stdout] 
[INFO] [stdout] 
[INFO] [stdout] error[E0433]: cannot find type `Hash` in this scope
[INFO] [stdout]     --> src/lib.rs:1307:57
[INFO] [stdout]      |
[INFO] [stdout] 1307 |         let tx = Transaction::new(&[&keypair], message, Hash::default());
[INFO] [stdout]      |                                                         ^^^^ use of undeclared type `Hash`
[INFO] [stdout]      |
[INFO] [stdout] note: found an item that was configured out
[INFO] [stdout]     --> src/lib.rs:143:18
[INFO] [stdout]      |
[INFO] [stdout]  141 | #[cfg(feature = "wincode")]
[INFO] [stdout]      |       ------------------- the item is gated behind the `wincode` feature
[INFO] [stdout]  142 | pub use {
[INFO] [stdout]  143 |     solana_hash::Hash,
[INFO] [stdout]      |                  ^^^^
[INFO] [stdout] help: consider importing one of these traits
[INFO] [stdout]      |
[INFO] [stdout] 1148 +     use crate::tests::std::hash::Hash;
[INFO] [stdout]      |
[INFO] [stdout] 1148 +     use std::hash::Hash;
[INFO] [stdout]      |
[INFO] [stdout] 
[INFO] [stdout] 
[INFO] [stdout] error[E0433]: cannot find type `Hash` in this scope
[INFO] [stdout]     --> src/lib.rs:1374:57
[INFO] [stdout]      |
[INFO] [stdout] 1374 |         let tx = Transaction::new(&[&keypair], message, Hash::default());
[INFO] [stdout]      |                                                         ^^^^ use of undeclared type `Hash`
[INFO] [stdout]      |
[INFO] [stdout] note: found an item that was configured out
[INFO] [stdout]     --> src/lib.rs:143:18
[INFO] [stdout]      |
[INFO] [stdout]  141 | #[cfg(feature = "wincode")]
[INFO] [stdout]      |       ------------------- the item is gated behind the `wincode` feature
[INFO] [stdout]  142 | pub use {
[INFO] [stdout]  143 |     solana_hash::Hash,
[INFO] [stdout]      |                  ^^^^
[INFO] [stdout] help: consider importing one of these traits
[INFO] [stdout]      |
[INFO] [stdout] 1148 +     use crate::tests::std::hash::Hash;
[INFO] [stdout]      |
[INFO] [stdout] 1148 +     use std::hash::Hash;
[INFO] [stdout]      |
[INFO] [stdout] 
[INFO] [stdout] 
[INFO] [stdout] error[E0433]: cannot find type `Hash` in this scope
[INFO] [stdout]     --> src/lib.rs:1413:63
[INFO] [stdout]      |
[INFO] [stdout] 1413 |         let tx = Transaction::new(&[&alice_keypair], message, Hash::default());
[INFO] [stdout]      |                                                               ^^^^ use of undeclared type `Hash`
[INFO] [stdout]      |
[INFO] [stdout] note: found an item that was configured out
[INFO] [stdout]     --> src/lib.rs:143:18
[INFO] [stdout]      |
[INFO] [stdout]  141 | #[cfg(feature = "wincode")]
[INFO] [stdout]      |       ------------------- the item is gated behind the `wincode` feature
[INFO] [stdout]  142 | pub use {
[INFO] [stdout]  143 |     solana_hash::Hash,
[INFO] [stdout]      |                  ^^^^
[INFO] [stdout] help: consider importing one of these traits
[INFO] [stdout]      |
[INFO] [stdout] 1148 +     use crate::tests::std::hash::Hash;
[INFO] [stdout]      |
[INFO] [stdout] 1148 +     use std::hash::Hash;
[INFO] [stdout]      |
[INFO] [stdout] 
[INFO] [stdout] 
[INFO] [stdout] error[E0573]: cannot find type `Hash` in this scope
[INFO] [stdout]     --> src/lib.rs:1418:40
[INFO] [stdout]      |
[INFO] [stdout] 1418 |         let blockhash_size = size_of::<Hash>();
[INFO] [stdout]      |                                        ^^^^ not found in this scope
[INFO] [stdout]      |
[INFO] [stdout]      = note: a derive macro named `Hash` exists in another namespace
[INFO] [stdout] note: found an item that was configured out
[INFO] [stdout]     --> src/lib.rs:143:18
[INFO] [stdout]      |
[INFO] [stdout]  141 | #[cfg(feature = "wincode")]
[INFO] [stdout]      |       ------------------- the item is gated behind the `wincode` feature
[INFO] [stdout]  142 | pub use {
[INFO] [stdout]  143 |     solana_hash::Hash,
[INFO] [stdout]      |                  ^^^^
[INFO] [stdout] help: consider importing one of these traits instead
[INFO] [stdout]      |
[INFO] [stdout] 1148 +     use crate::tests::std::hash::Hash;
[INFO] [stdout]      |
[INFO] [stdout] 1148 +     use std::hash::Hash;
[INFO] [stdout]      |
[INFO] [stdout] 
[INFO] [stdout] 
[INFO] [stdout] error[E0433]: cannot find type `Hash` in this scope
[INFO] [stdout]     --> src/lib.rs:1463:62
[INFO] [stdout]      |
[INFO] [stdout] 1463 |         Transaction::new_unsigned(message).sign(&[&keypair], Hash::default());
[INFO] [stdout]      |                                                              ^^^^ use of undeclared type `Hash`
[INFO] [stdout]      |
[INFO] [stdout] note: found an item that was configured out
[INFO] [stdout]     --> src/lib.rs:143:18
[INFO] [stdout]      |
[INFO] [stdout]  141 | #[cfg(feature = "wincode")]
[INFO] [stdout]      |       ------------------- the item is gated behind the `wincode` feature
[INFO] [stdout]  142 | pub use {
[INFO] [stdout]  143 |     solana_hash::Hash,
[INFO] [stdout]      |                  ^^^^
[INFO] [stdout] help: consider importing one of these traits
[INFO] [stdout]      |
[INFO] [stdout] 1148 +     use crate::tests::std::hash::Hash;
[INFO] [stdout]      |
[INFO] [stdout] 1148 +     use std::hash::Hash;
[INFO] [stdout]      |
[INFO] [stdout] 
[INFO] [stdout] 
[INFO] [stdout] error[E0433]: cannot find type `Hash` in this scope
[INFO] [stdout]     --> src/lib.rs:1477:70
[INFO] [stdout]      |
[INFO] [stdout] 1477 |         Transaction::new_unsigned(message).partial_sign(&[&keypair], Hash::default());
[INFO] [stdout]      |                                                                      ^^^^ use of undeclared type `Hash`
[INFO] [stdout]      |
[INFO] [stdout] note: found an item that was configured out
[INFO] [stdout]     --> src/lib.rs:143:18
[INFO] [stdout]      |
[INFO] [stdout]  141 | #[cfg(feature = "wincode")]
[INFO] [stdout]      |       ------------------- the item is gated behind the `wincode` feature
[INFO] [stdout]  142 | pub use {
[INFO] [stdout]  143 |     solana_hash::Hash,
[INFO] [stdout]      |                  ^^^^
[INFO] [stdout] help: consider importing one of these traits
[INFO] [stdout]      |
[INFO] [stdout] 1148 +     use crate::tests::std::hash::Hash;
[INFO] [stdout]      |
[INFO] [stdout] 1148 +     use std::hash::Hash;
[INFO] [stdout]      |
[INFO] [stdout] 
[INFO] [stdout] 
[INFO] [stdout] error[E0433]: cannot find type `Hash` in this scope
[INFO] [stdout]     --> src/lib.rs:1497:50
[INFO] [stdout]      |
[INFO] [stdout] 1497 |         tx.partial_sign(&[&keypair0, &keypair2], Hash::default());
[INFO] [stdout]      |                                                  ^^^^ use of undeclared type `Hash`
[INFO] [stdout]      |
[INFO] [stdout] note: found an item that was configured out
[INFO] [stdout]     --> src/lib.rs:143:18
[INFO] [stdout]      |
[INFO] [stdout]  141 | #[cfg(feature = "wincode")]
[INFO] [stdout]      |       ------------------- the item is gated behind the `wincode` feature
[INFO] [stdout]  142 | pub use {
[INFO] [stdout]  143 |     solana_hash::Hash,
[INFO] [stdout]      |                  ^^^^
[INFO] [stdout] help: consider importing one of these traits
[INFO] [stdout]      |
[INFO] [stdout] 1148 +     use crate::tests::std::hash::Hash;
[INFO] [stdout]      |
[INFO] [stdout] 1148 +     use std::hash::Hash;
[INFO] [stdout]      |
[INFO] [stdout] 
[INFO] [stdout] 
[INFO] [stdout] error[E0433]: cannot find type `Hash` in this scope
[INFO] [stdout]     --> src/lib.rs:1499:39
[INFO] [stdout]      |
[INFO] [stdout] 1499 |         tx.partial_sign(&[&keypair1], Hash::default());
[INFO] [stdout]      |                                       ^^^^ use of undeclared type `Hash`
[INFO] [stdout]      |
[INFO] [stdout] note: found an item that was configured out
[INFO] [stdout]     --> src/lib.rs:143:18
[INFO] [stdout]      |
[INFO] [stdout]  141 | #[cfg(feature = "wincode")]
[INFO] [stdout]      |       ------------------- the item is gated behind the `wincode` feature
[INFO] [stdout]  142 | pub use {
[INFO] [stdout]  143 |     solana_hash::Hash,
[INFO] [stdout]      |                  ^^^^
[INFO] [stdout] help: consider importing one of these traits
[INFO] [stdout]      |
[INFO] [stdout] 1148 +     use crate::tests::std::hash::Hash;
[INFO] [stdout]      |
[INFO] [stdout] 1148 +     use std::hash::Hash;
[INFO] [stdout]      |
[INFO] [stdout] 
[INFO] [stdout] 
[INFO] [stdout] error[E0433]: cannot find type `Hash` in this scope
[INFO] [stdout]     --> src/lib.rs:1517:74
[INFO] [stdout]      |
[INFO] [stdout] 1517 |         Transaction::new_unsigned(message).sign(&Vec::<&Keypair>::new(), Hash::default());
[INFO] [stdout]      |                                                                          ^^^^ use of undeclared type `Hash`
[INFO] [stdout]      |
[INFO] [stdout] note: found an item that was configured out
[INFO] [stdout]     --> src/lib.rs:143:18
[INFO] [stdout]      |
[INFO] [stdout]  141 | #[cfg(feature = "wincode")]
[INFO] [stdout]      |       ------------------- the item is gated behind the `wincode` feature
[INFO] [stdout]  142 | pub use {
[INFO] [stdout]  143 |     solana_hash::Hash,
[INFO] [stdout]      |                  ^^^^
[INFO] [stdout] help: consider importing one of these traits
[INFO] [stdout]      |
[INFO] [stdout] 1148 +     use crate::tests::std::hash::Hash;
[INFO] [stdout]      |
[INFO] [stdout] 1148 +     use std::hash::Hash;
[INFO] [stdout]      |
[INFO] [stdout] 
[INFO] [stdout] 
[INFO] [stdout] error[E0433]: cannot find type `Hash` in this scope
[INFO] [stdout]     --> src/lib.rs:1529:63
[INFO] [stdout]      |
[INFO] [stdout] 1529 |         Transaction::new_unsigned(message).sign(&[&keypair0], Hash::default());
[INFO] [stdout]      |                                                               ^^^^ use of undeclared type `Hash`
[INFO] [stdout]      |
[INFO] [stdout] note: found an item that was configured out
[INFO] [stdout]     --> src/lib.rs:143:18
[INFO] [stdout]      |
[INFO] [stdout]  141 | #[cfg(feature = "wincode")]
[INFO] [stdout]      |       ------------------- the item is gated behind the `wincode` feature
[INFO] [stdout]  142 | pub use {
[INFO] [stdout]  143 |     solana_hash::Hash,
[INFO] [stdout]      |                  ^^^^
[INFO] [stdout] help: consider importing one of these traits
[INFO] [stdout]      |
[INFO] [stdout] 1148 +     use crate::tests::std::hash::Hash;
[INFO] [stdout]      |
[INFO] [stdout] 1148 +     use std::hash::Hash;
[INFO] [stdout]      |
[INFO] [stdout] 
[INFO] [stdout] 
[INFO] [stdout] error[E0433]: cannot find type `Hash` in this scope
[INFO] [stdout]     --> src/lib.rs:1540:31
[INFO] [stdout]      |
[INFO] [stdout] 1540 |         tx.sign(&[&keypair0], Hash::default());
[INFO] [stdout]      |                               ^^^^ use of undeclared type `Hash`
[INFO] [stdout]      |
[INFO] [stdout] note: found an item that was configured out
[INFO] [stdout]     --> src/lib.rs:143:18
[INFO] [stdout]      |
[INFO] [stdout]  141 | #[cfg(feature = "wincode")]
[INFO] [stdout]      |       ------------------- the item is gated behind the `wincode` feature
[INFO] [stdout]  142 | pub use {
[INFO] [stdout]  143 |     solana_hash::Hash,
[INFO] [stdout]      |                  ^^^^
[INFO] [stdout] help: consider importing one of these traits
[INFO] [stdout]      |
[INFO] [stdout] 1148 +     use crate::tests::std::hash::Hash;
[INFO] [stdout]      |
[INFO] [stdout] 1148 +     use std::hash::Hash;
[INFO] [stdout]      |
[INFO] [stdout] 
[INFO] [stdout] 
[INFO] [stdout] error[E0433]: cannot find type `Hash` in this scope
[INFO] [stdout]     --> src/lib.rs:1566:31
[INFO] [stdout]      |
[INFO] [stdout] 1566 |         tx.sign(&[&keypair0], Hash::default());
[INFO] [stdout]      |                               ^^^^ use of undeclared type `Hash`
[INFO] [stdout]      |
[INFO] [stdout] note: found an item that was configured out
[INFO] [stdout]     --> src/lib.rs:143:18
[INFO] [stdout]      |
[INFO] [stdout]  141 | #[cfg(feature = "wincode")]
[INFO] [stdout]      |       ------------------- the item is gated behind the `wincode` feature
[INFO] [stdout]  142 | pub use {
[INFO] [stdout]  143 |     solana_hash::Hash,
[INFO] [stdout]      |                  ^^^^
[INFO] [stdout] help: consider importing one of these traits
[INFO] [stdout]      |
[INFO] [stdout] 1148 +     use crate::tests::std::hash::Hash;
[INFO] [stdout]      |
[INFO] [stdout] 1148 +     use std::hash::Hash;
[INFO] [stdout]      |
[INFO] [stdout] 
[INFO] [stdout] 
[INFO] [stdout] error[E0433]: cannot find type `Hash` in this scope
[INFO] [stdout]     --> src/lib.rs:1598:41
[INFO] [stdout]      |
[INFO] [stdout] 1598 |         let res = tx.try_sign(&signers, Hash::default());
[INFO] [stdout]      |                                         ^^^^ use of undeclared type `Hash`
[INFO] [stdout]      |
[INFO] [stdout] note: found an item that was configured out
[INFO] [stdout]     --> src/lib.rs:143:18
[INFO] [stdout]      |
[INFO] [stdout]  141 | #[cfg(feature = "wincode")]
[INFO] [stdout]      |       ------------------- the item is gated behind the `wincode` feature
[INFO] [stdout]  142 | pub use {
[INFO] [stdout]  143 |     solana_hash::Hash,
[INFO] [stdout]      |                  ^^^^
[INFO] [stdout] help: consider importing one of these traits
[INFO] [stdout]      |
[INFO] [stdout] 1148 +     use crate::tests::std::hash::Hash;
[INFO] [stdout]      |
[INFO] [stdout] 1148 +     use std::hash::Hash;
[INFO] [stdout]      |
[INFO] [stdout] 
[INFO] [stdout] 
[INFO] [stdout] error[E0433]: cannot find type `Hash` in this scope
[INFO] [stdout]     --> src/lib.rs:1616:41
[INFO] [stdout]      |
[INFO] [stdout] 1616 |         let res = tx.try_sign(&signers, Hash::default());
[INFO] [stdout]      |                                         ^^^^ use of undeclared type `Hash`
[INFO] [stdout]      |
[INFO] [stdout] note: found an item that was configured out
[INFO] [stdout]     --> src/lib.rs:143:18
[INFO] [stdout]      |
[INFO] [stdout]  141 | #[cfg(feature = "wincode")]
[INFO] [stdout]      |       ------------------- the item is gated behind the `wincode` feature
[INFO] [stdout]  142 | pub use {
[INFO] [stdout]  143 |     solana_hash::Hash,
[INFO] [stdout]      |                  ^^^^
[INFO] [stdout] help: consider importing one of these traits
[INFO] [stdout]      |
[INFO] [stdout] 1148 +     use crate::tests::std::hash::Hash;
[INFO] [stdout]      |
[INFO] [stdout] 1148 +     use std::hash::Hash;
[INFO] [stdout]      |
[INFO] [stdout] 
[INFO] [stdout] 
[INFO] [stdout] error[E0433]: cannot find type `Hash` in this scope
[INFO] [stdout]     --> src/lib.rs:1634:78
[INFO] [stdout]      |
[INFO] [stdout] 1634 |         let tx = Transaction::new(&[&from_keypair, &nonce_keypair], message, Hash::default());
[INFO] [stdout]      |                                                                              ^^^^ use of undeclared type `Hash`
[INFO] [stdout]      |
[INFO] [stdout] note: found an item that was configured out
[INFO] [stdout]     --> src/lib.rs:143:18
[INFO] [stdout]      |
[INFO] [stdout]  141 | #[cfg(feature = "wincode")]
[INFO] [stdout]      |       ------------------- the item is gated behind the `wincode` feature
[INFO] [stdout]  142 | pub use {
[INFO] [stdout]  143 |     solana_hash::Hash,
[INFO] [stdout]      |                  ^^^^
[INFO] [stdout] help: consider importing one of these traits
[INFO] [stdout]      |
[INFO] [stdout] 1148 +     use crate::tests::std::hash::Hash;
[INFO] [stdout]      |
[INFO] [stdout] 1148 +     use std::hash::Hash;
[INFO] [stdout]      |
[INFO] [stdout] 
[INFO] [stdout] 
[INFO] [stdout] error[E0433]: cannot find type `Hash` in this scope
[INFO] [stdout]     --> src/lib.rs:1667:78
[INFO] [stdout]      |
[INFO] [stdout] 1667 |         let tx = Transaction::new(&[&from_keypair, &nonce_keypair], message, Hash::default());
[INFO] [stdout]      |                                                                              ^^^^ use of undeclared type `Hash`
[INFO] [stdout]      |
[INFO] [stdout] note: found an item that was configured out
[INFO] [stdout]     --> src/lib.rs:143:18
[INFO] [stdout]      |
[INFO] [stdout]  141 | #[cfg(feature = "wincode")]
[INFO] [stdout]      |       ------------------- the item is gated behind the `wincode` feature
[INFO] [stdout]  142 | pub use {
[INFO] [stdout]  143 |     solana_hash::Hash,
[INFO] [stdout]      |                  ^^^^
[INFO] [stdout] help: consider importing one of these traits
[INFO] [stdout]      |
[INFO] [stdout] 1148 +     use crate::tests::std::hash::Hash;
[INFO] [stdout]      |
[INFO] [stdout] 1148 +     use std::hash::Hash;
[INFO] [stdout]      |
[INFO] [stdout] 
[INFO] [stdout] 
[INFO] [stdout] error[E0433]: cannot find type `Hash` in this scope
[INFO] [stdout]     --> src/lib.rs:1687:78
[INFO] [stdout]      |
[INFO] [stdout] 1687 |         let tx = Transaction::new(&[&from_keypair, &nonce_keypair], message, Hash::default());
[INFO] [stdout]      |                                                                              ^^^^ use of undeclared type `Hash`
[INFO] [stdout]      |
[INFO] [stdout] note: found an item that was configured out
[INFO] [stdout]     --> src/lib.rs:143:18
[INFO] [stdout]      |
[INFO] [stdout]  141 | #[cfg(feature = "wincode")]
[INFO] [stdout]      |       ------------------- the item is gated behind the `wincode` feature
[INFO] [stdout]  142 | pub use {
[INFO] [stdout]  143 |     solana_hash::Hash,
[INFO] [stdout]      |                  ^^^^
[INFO] [stdout] help: consider importing one of these traits
[INFO] [stdout]      |
[INFO] [stdout] 1148 +     use crate::tests::std::hash::Hash;
[INFO] [stdout]      |
[INFO] [stdout] 1148 +     use std::hash::Hash;
[INFO] [stdout]      |
[INFO] [stdout] 
[INFO] [stdout] 
[INFO] [stdout] error[E0433]: cannot find type `Hash` in this scope
[INFO] [stdout]     --> src/lib.rs:1700:66
[INFO] [stdout]      |
[INFO] [stdout] 1700 |             .try_partial_sign(&[&from_keypair, &unused_keypair], Hash::default())
[INFO] [stdout]      |                                                                  ^^^^ use of undeclared type `Hash`
[INFO] [stdout]      |
[INFO] [stdout] note: found an item that was configured out
[INFO] [stdout]     --> src/lib.rs:143:18
[INFO] [stdout]      |
[INFO] [stdout]  141 | #[cfg(feature = "wincode")]
[INFO] [stdout]      |       ------------------- the item is gated behind the `wincode` feature
[INFO] [stdout]  142 | pub use {
[INFO] [stdout]  143 |     solana_hash::Hash,
[INFO] [stdout]      |                  ^^^^
[INFO] [stdout] help: consider importing one of these traits
[INFO] [stdout]      |
[INFO] [stdout] 1148 +     use crate::tests::std::hash::Hash;
[INFO] [stdout]      |
[INFO] [stdout] 1148 +     use std::hash::Hash;
[INFO] [stdout]      |
[INFO] [stdout] 
[INFO] [stdout] 
[INFO] [stdout] error[E0405]: cannot find trait `Signers` in this scope
[INFO] [stdout]     --> src/lib.rs:1709:30
[INFO] [stdout]      |
[INFO] [stdout] 1709 |             signers: Box<dyn Signers>,
[INFO] [stdout]      |                              ^^^^^^^ not found in this scope
[INFO] [stdout]      |
[INFO] [stdout] note: found an item that was configured out
[INFO] [stdout]     --> src/lib.rs:121:34
[INFO] [stdout]      |
[INFO] [stdout]  120 | #[cfg(feature = "wincode")]
[INFO] [stdout]      |       ------------------- the item is gated behind the `wincode` feature
[INFO] [stdout]  121 | pub use solana_signer::{signers::Signers, SignerError};
[INFO] [stdout]      |                                  ^^^^^^^
[INFO] [stdout] 
[INFO] [stdout] 
[INFO] [stdout] error[E0433]: cannot find type `Hash` in this scope
[INFO] [stdout]     --> src/lib.rs:1714:57
[INFO] [stdout]      |
[INFO] [stdout] 1714 |             Transaction::new(signers.as_ref(), message, Hash::default())
[INFO] [stdout]      |                                                         ^^^^ use of undeclared type `Hash`
[INFO] [stdout]      |
[INFO] [stdout] note: found an item that was configured out
[INFO] [stdout]     --> src/lib.rs:143:18
[INFO] [stdout]      |
[INFO] [stdout]  141 | #[cfg(feature = "wincode")]
[INFO] [stdout]      |       ------------------- the item is gated behind the `wincode` feature
[INFO] [stdout]  142 | pub use {
[INFO] [stdout]  143 |     solana_hash::Hash,
[INFO] [stdout]      |                  ^^^^
[INFO] [stdout] help: consider importing one of these traits
[INFO] [stdout]      |
[INFO] [stdout] 1148 +     use crate::tests::std::hash::Hash;
[INFO] [stdout]      |
[INFO] [stdout] 1148 +     use std::hash::Hash;
[INFO] [stdout]      |
[INFO] [stdout] 
[INFO] [stdout] 
[INFO] [stdout] error[E0433]: cannot find type `Hash` in this scope
[INFO] [stdout]     --> src/lib.rs:1741:42
[INFO] [stdout]      |
[INFO] [stdout] 1741 |         tx.sign(&[&keypair0, &keypair1], Hash::new_unique());
[INFO] [stdout]      |                                          ^^^^ use of undeclared type `Hash`
[INFO] [stdout]      |
[INFO] [stdout] note: found an item that was configured out
[INFO] [stdout]     --> src/lib.rs:143:18
[INFO] [stdout]      |
[INFO] [stdout]  141 | #[cfg(feature = "wincode")]
[INFO] [stdout]      |       ------------------- the item is gated behind the `wincode` feature
[INFO] [stdout]  142 | pub use {
[INFO] [stdout]  143 |     solana_hash::Hash,
[INFO] [stdout]      |                  ^^^^
[INFO] [stdout] help: consider importing one of these traits
[INFO] [stdout]      |
[INFO] [stdout] 1148 +     use crate::tests::std::hash::Hash;
[INFO] [stdout]      |
[INFO] [stdout] 1148 +     use std::hash::Hash;
[INFO] [stdout]      |
[INFO] [stdout] 
[INFO] [stdout] 
[INFO] [stdout] warning: unused imports: `solana_keypair::Keypair` and `solana_transaction_error::TransactionError`
[INFO] [stdout]   --> src/versioned/sanitized.rs:73:9
[INFO] [stdout]    |
[INFO] [stdout] 73 |         solana_keypair::Keypair,
[INFO] [stdout]    |         ^^^^^^^^^^^^^^^^^^^^^^^
[INFO] [stdout] ...
[INFO] [stdout] 77 |         solana_transaction_error::TransactionError,
[INFO] [stdout]    |         ^^^^^^^^^^^^^^^^^^^^^^^^^^^^^^^^^^^^^^^^^^
[INFO] [stdout]    |
[INFO] [stdout]    = note: `#[warn(unused_imports)]` (part of `#[warn(unused)]`) on by default
[INFO] [stdout] 
[INFO] [stdout] 
[INFO] [stdout] error[E0433]: cannot find type `SignerError` in this scope
[INFO] [stdout]    --> src/versioned/mod.rs:491:17
[INFO] [stdout]     |
[INFO] [stdout] 491 |             Err(SignerError::NotEnoughSigners)
[INFO] [stdout]     |                 ^^^^^^^^^^^ use of undeclared type `SignerError`
[INFO] [stdout]     |
[INFO] [stdout] note: found an item that was configured out
[INFO] [stdout]    --> src/lib.rs:121:43
[INFO] [stdout]     |
[INFO] [stdout] 120 | #[cfg(feature = "wincode")]
[INFO] [stdout]     |       ------------------- the item is gated behind the `wincode` feature
[INFO] [stdout] 121 | pub use solana_signer::{signers::Signers, SignerError};
[INFO] [stdout]     |                                           ^^^^^^^^^^^
[INFO] [stdout] 
[INFO] [stdout] 
[INFO] [stdout] error[E0433]: cannot find type `SignerError` in this scope
[INFO] [stdout]    --> src/versioned/mod.rs:496:17
[INFO] [stdout]     |
[INFO] [stdout] 496 |             Err(SignerError::KeypairPubkeyMismatch)
[INFO] [stdout]     |                 ^^^^^^^^^^^ use of undeclared type `SignerError`
[INFO] [stdout]     |
[INFO] [stdout] note: found an item that was configured out
[INFO] [stdout]    --> src/lib.rs:121:43
[INFO] [stdout]     |
[INFO] [stdout] 120 | #[cfg(feature = "wincode")]
[INFO] [stdout]     |       ------------------- the item is gated behind the `wincode` feature
[INFO] [stdout] 121 | pub use solana_signer::{signers::Signers, SignerError};
[INFO] [stdout]     |                                           ^^^^^^^^^^^
[INFO] [stdout] 
[INFO] [stdout] 
[INFO] [stdout] error[E0433]: cannot find type `SignerError` in this scope
[INFO] [stdout]    --> src/versioned/mod.rs:501:17
[INFO] [stdout]     |
[INFO] [stdout] 501 |             Err(SignerError::KeypairPubkeyMismatch)
[INFO] [stdout]     |                 ^^^^^^^^^^^ use of undeclared type `SignerError`
[INFO] [stdout]     |
[INFO] [stdout] note: found an item that was configured out
[INFO] [stdout]    --> src/lib.rs:121:43
[INFO] [stdout]     |
[INFO] [stdout] 120 | #[cfg(feature = "wincode")]
[INFO] [stdout]     |       ------------------- the item is gated behind the `wincode` feature
[INFO] [stdout] 121 | pub use solana_signer::{signers::Signers, SignerError};
[INFO] [stdout]     |                                           ^^^^^^^^^^^
[INFO] [stdout] 
[INFO] [stdout] 
[INFO] [stdout] error[E0433]: cannot find module or crate `wincode` in this scope
[INFO] [stdout]    --> src/versioned/mod.rs:798:38
[INFO] [stdout]     |
[INFO] [stdout] 798 |             let wincode_serialized = wincode::serialize(&tx.0).unwrap();
[INFO] [stdout]     |                                      ^^^^^^^ use of unresolved module or unlinked crate `wincode`
[INFO] [stdout]     |
[INFO] [stdout] help: there is a crate or module with a similar name
[INFO] [stdout]     |
[INFO] [stdout] 798 -             let wincode_serialized = wincode::serialize(&tx.0).unwrap();
[INFO] [stdout] 798 +             let wincode_serialized = bincode::serialize(&tx.0).unwrap();
[INFO] [stdout]     |
[INFO] [stdout] 
[INFO] [stdout] 
[INFO] [stdout] error[E0433]: cannot find module or crate `wincode` in this scope
[INFO] [stdout]    --> src/versioned/mod.rs:804:62
[INFO] [stdout]     |
[INFO] [stdout] 804 |             let wincode_deserialized: VersionedTransaction = wincode::deserialize(&wincode_serialized).unwrap();
[INFO] [stdout]     |                                                              ^^^^^^^ use of unresolved module or unlinked crate `wincode`
[INFO] [stdout]     |
[INFO] [stdout] help: there is a crate or module with a similar name
[INFO] [stdout]     |
[INFO] [stdout] 804 -             let wincode_deserialized: VersionedTransaction = wincode::deserialize(&wincode_serialized).unwrap();
[INFO] [stdout] 804 +             let wincode_deserialized: VersionedTransaction = bincode::deserialize(&wincode_serialized).unwrap();
[INFO] [stdout]     |
[INFO] [stdout] 
[INFO] [stdout] 
[INFO] [stdout] error[E0433]: cannot find module or crate `wincode` in this scope
[INFO] [stdout]    --> src/versioned/mod.rs:861:26
[INFO] [stdout]     |
[INFO] [stdout] 861 |         let serialized = wincode::serialize(&v1_tx).unwrap();
[INFO] [stdout]     |                          ^^^^^^^ use of unresolved module or unlinked crate `wincode`
[INFO] [stdout]     |
[INFO] [stdout] help: there is a crate or module with a similar name
[INFO] [stdout]     |
[INFO] [stdout] 861 -         let serialized = wincode::serialize(&v1_tx).unwrap();
[INFO] [stdout] 861 +         let serialized = bincode::serialize(&v1_tx).unwrap();
[INFO] [stdout]     |
[INFO] [stdout] 
[INFO] [stdout] 
[INFO] [stdout] error[E0433]: cannot find module or crate `wincode` in this scope
[INFO] [stdout]    --> src/versioned/mod.rs:876:28
[INFO] [stdout]     |
[INFO] [stdout] 876 |         let deserialized = wincode::deserialize(&serialized).unwrap();
[INFO] [stdout]     |                            ^^^^^^^ use of unresolved module or unlinked crate `wincode`
[INFO] [stdout]     |
[INFO] [stdout] help: there is a crate or module with a similar name
[INFO] [stdout]     |
[INFO] [stdout] 876 -         let deserialized = wincode::deserialize(&serialized).unwrap();
[INFO] [stdout] 876 +         let deserialized = bincode::deserialize(&serialized).unwrap();
[INFO] [stdout]     |
[INFO] [stdout] 
[INFO] [stdout] 
[INFO] [stdout] error[E0433]: cannot find module or crate `wincode` in this scope
[INFO] [stdout]    --> src/versioned/mod.rs:912:55
[INFO] [stdout]     |
[INFO] [stdout] 912 |         let result: Result<VersionedTransaction, _> = wincode::deserialize(malformed_input);
[INFO] [stdout]     |                                                       ^^^^^^^ use of unresolved module or unlinked crate `wincode`
[INFO] [stdout]     |
[INFO] [stdout] help: there is a crate or module with a similar name
[INFO] [stdout]     |
[INFO] [stdout] 912 -         let result: Result<VersionedTransaction, _> = wincode::deserialize(malformed_input);
[INFO] [stdout] 912 +         let result: Result<VersionedTransaction, _> = bincode::deserialize(malformed_input);
[INFO] [stdout]     |
[INFO] [stdout] 
[INFO] [stdout] 
[INFO] [stdout] error[E0433]: cannot find type `SignerError` in this scope
[INFO] [stdout]     --> src/lib.rs:1702:25
[INFO] [stdout]      |
[INFO] [stdout] 1702 |         assert_eq!(err, SignerError::KeypairPubkeyMismatch);
[INFO] [stdout]      |                         ^^^^^^^^^^^ use of undeclared type `SignerError`
[INFO] [stdout]      |
[INFO] [stdout] note: found an item that was configured out
[INFO] [stdout]     --> src/lib.rs:121:43
[INFO] [stdout]      |
[INFO] [stdout]  120 | #[cfg(feature = "wincode")]
[INFO] [stdout]      |       ------------------- the item is gated behind the `wincode` feature
[INFO] [stdout]  121 | pub use solana_signer::{signers::Signers, SignerError};
[INFO] [stdout]      |                                           ^^^^^^^^^^^
[INFO] [stdout] 
[INFO] [stdout] 
[INFO] [stdout] Some errors have detailed explanations: E0405, E0432, E0433, E0573.
[INFO] [stdout] 
[INFO] [stdout] For more information about an error, try `rustc --explain E0405`.
[INFO] [stdout] 
[INFO] [stderr] error: could not compile `solana-transaction` (lib test) due to 39 previous errors; 1 warning emitted
[INFO] running `Command { std: "docker" "inspect" "859c647328347f6686c67cade28b4aab4fa74053ad0adc8298a23dced3ccaeb8", kill_on_drop: false }`
[INFO] running `Command { std: "docker" "rm" "-f" "859c647328347f6686c67cade28b4aab4fa74053ad0adc8298a23dced3ccaeb8", kill_on_drop: false }`
[INFO] [stdout] 859c647328347f6686c67cade28b4aab4fa74053ad0adc8298a23dced3ccaeb8
