[INFO] fetching crate solana-sysvar 5.0.0...
[INFO] testing solana-sysvar-5.0.0 against 1.100.0-beta.1 for beta-1.100-2
[INFO] extracting crate solana-sysvar 5.0.0 into /workspace/builds/worker-2-tc2/source
[INFO] started tweaking crates.io crate solana-sysvar 5.0.0
[INFO] finished tweaking crates.io crate solana-sysvar 5.0.0
[INFO] tweaked toml for crates.io crate solana-sysvar 5.0.0 written to /workspace/builds/worker-2-tc2/source/Cargo.toml
[INFO] validating manifest of crates.io crate solana-sysvar 5.0.0 on toolchain 1.100.0-beta.1
[INFO] running `Command { std: CARGO_HOME="/workspace/cargo-home" RUSTUP_HOME="/workspace/rustup-home" "/workspace/cargo-home/bin/cargo" "+1.100.0-beta.1" "metadata" "--manifest-path" "Cargo.toml" "--no-deps", kill_on_drop: false }`
[INFO] crate crates.io crate solana-sysvar 5.0.0 already has a lockfile, it will not be regenerated
[INFO] running `Command { std: CARGO_HOME="/workspace/cargo-home" RUSTUP_HOME="/workspace/rustup-home" "/workspace/cargo-home/bin/cargo" "+1.100.0-beta.1" "fetch" "--manifest-path" "Cargo.toml", kill_on_drop: false }`
[INFO] running `Command { std: "docker" "create" "-v" "/var/lib/crater-agent-workspace/builds/worker-2-tc2/source:/opt/rustwide/workdir:ro,Z" "-v" "/var/lib/crater-agent-workspace/builds/worker-2-tc2/target:/opt/rustwide/target:rw,Z" "-v" "/var/lib/crater-agent-workspace/cargo-home:/opt/rustwide/cargo-home:ro,Z" "-v" "/var/lib/crater-agent-workspace/rustup-home:/opt/rustwide/rustup-home:ro,Z" "-m" "1610612736" "--network" "none" "ghcr.io/rust-lang/crates-build-env/linux@sha256:3111399a4047eeb3a02b7a90e478d715f38a8c6669b5c4b49d30a17385265909" "sleep" "infinity", kill_on_drop: false }`
[INFO] [stdout] 53623c070f0b5b88da588bdbda1a7e637eccb75ee1d30d1b349df3bbf10b4b32
[INFO] running `Command { std: "docker" "start" "53623c070f0b5b88da588bdbda1a7e637eccb75ee1d30d1b349df3bbf10b4b32", kill_on_drop: false }`
[INFO] running `Command { std: "docker" "inspect" "53623c070f0b5b88da588bdbda1a7e637eccb75ee1d30d1b349df3bbf10b4b32", kill_on_drop: false }`
[INFO] running `Command { std: "docker" "exec" "-e" "SOURCE_DIR=/opt/rustwide/workdir" "-e" "CARGO_HOME=/opt/rustwide/cargo-home" "-e" "RUSTUP_HOME=/opt/rustwide/rustup-home" "-e" "CARGO_TARGET_DIR=/opt/rustwide/target" "-w" "/opt/rustwide/workdir" "--user" "0:0" "53623c070f0b5b88da588bdbda1a7e637eccb75ee1d30d1b349df3bbf10b4b32" "/opt/rustwide/cargo-home/bin/cargo" "+1.100.0-beta.1" "metadata" "--no-deps" "--format-version=1", kill_on_drop: false }`
[INFO] running `Command { std: "docker" "inspect" "53623c070f0b5b88da588bdbda1a7e637eccb75ee1d30d1b349df3bbf10b4b32", kill_on_drop: false }`
[INFO] running `Command { std: "docker" "exec" "-e" "SOURCE_DIR=/opt/rustwide/workdir" "-e" "CARGO_HOME=/opt/rustwide/cargo-home" "-e" "RUSTUP_HOME=/opt/rustwide/rustup-home" "-e" "CARGO_TARGET_DIR=/opt/rustwide/target" "-e" "CARGO_INCREMENTAL=0" "-e" "RUST_BACKTRACE=full" "-e" "RUSTFLAGS=--cap-lints=warn" "-e" "RUSTDOCFLAGS=--cap-lints=warn" "-w" "/opt/rustwide/workdir" "--user" "0:0" "53623c070f0b5b88da588bdbda1a7e637eccb75ee1d30d1b349df3bbf10b4b32" "/opt/rustwide/cargo-home/bin/cargo" "+1.100.0-beta.1" "build" "--frozen" "--message-format=json", kill_on_drop: false }`
[INFO] [stderr]    Compiling five8_core v1.0.0
[INFO] [stderr]    Compiling solana-program-error v3.0.1
[INFO] [stderr]    Compiling solana-sanitize v3.0.1
[INFO] [stderr]    Compiling bytemuck v1.25.2
[INFO] [stderr]    Compiling solana-program-memory v3.1.0
[INFO] [stderr]    Compiling solana-define-syscall v4.0.1
[INFO] [stderr]    Compiling bv v0.11.1
[INFO] [stderr]    Compiling solana-fee-calculator v3.3.0
[INFO] [stderr]    Compiling syn v2.0.119
[INFO] [stderr]    Compiling solana-instruction-error v3.0.0
[INFO] [stderr]    Compiling five8 v1.0.0
[INFO] [stderr]    Compiling five8_const v1.0.0
[INFO] [stderr]    Compiling solana-address v2.7.0
[INFO] [stderr]    Compiling solana-sdk-ids v3.1.0
[INFO] [stderr]    Compiling solana-get-sysvar v1.0.0
[INFO] [stderr]    Compiling solana-pubkey v4.3.0
[INFO] [stderr]    Compiling solana-account-info v3.1.1
[INFO] [stderr]    Compiling solana-instruction v4.0.0
[INFO] [stderr]    Compiling solana-program-entrypoint v3.1.1
[INFO] [stderr]    Compiling solana-sysvar-id v3.1.0
[INFO] [stderr]    Compiling solana-slot-history v3.2.0
[INFO] [stderr]    Compiling solana-sdk-macro v3.0.1
[INFO] [stderr]    Compiling bytemuck_derive v1.11.0
[INFO] [stderr]    Compiling solana-clock v4.0.0
[INFO] [stderr]    Compiling solana-epoch-schedule v3.3.0
[INFO] [stderr]    Compiling solana-rent v4.4.0
[INFO] [stderr]    Compiling solana-last-restart-slot v3.2.0
[INFO] [stderr]    Compiling solana-stake-history v2.0.0
[INFO] [stderr]    Compiling solana-hash v4.6.0
[INFO] [stderr]    Compiling solana-epoch-rewards v3.2.0
[INFO] [stderr]    Compiling solana-slot-hashes v4.0.0
[INFO] [stderr]    Compiling solana-sysvar v5.0.0 (/opt/rustwide/workdir)
[INFO] [stderr] warning: unused dependency `solana-program-entrypoint`
[INFO] [stderr]   --> Cargo.toml:61:15
[INFO] [stderr]    |
[INFO] [stderr] 61 | [dependencies.solana-program-entrypoint]
[INFO] [stderr]    |               ^^^^^^^^^^^^^^^^^^^^^^^^^^
[INFO] [stderr]    |
[INFO] [stderr]    = note: `cargo::unused_dependencies` is set to `warn` by default
[INFO] [stderr] help: consider removing the dependency on `solana-program-entrypoint`
[INFO] [stderr] warning: `solana-sysvar` (manifest) generated 1 warning
[INFO] [stderr]     Finished `dev` profile [unoptimized + debuginfo] target(s) in 6.94s
[INFO] running `Command { std: "docker" "inspect" "53623c070f0b5b88da588bdbda1a7e637eccb75ee1d30d1b349df3bbf10b4b32", kill_on_drop: false }`
[INFO] running `Command { std: "docker" "exec" "-e" "SOURCE_DIR=/opt/rustwide/workdir" "-e" "CARGO_HOME=/opt/rustwide/cargo-home" "-e" "RUSTUP_HOME=/opt/rustwide/rustup-home" "-e" "CARGO_TARGET_DIR=/opt/rustwide/target" "-e" "CARGO_INCREMENTAL=0" "-e" "RUST_BACKTRACE=full" "-e" "RUSTFLAGS=--cap-lints=warn" "-e" "RUSTDOCFLAGS=--cap-lints=warn" "-w" "/opt/rustwide/workdir" "--user" "0:0" "53623c070f0b5b88da588bdbda1a7e637eccb75ee1d30d1b349df3bbf10b4b32" "/opt/rustwide/cargo-home/bin/cargo" "+1.100.0-beta.1" "test" "--frozen" "--no-run" "--message-format=json", kill_on_drop: false }`
[INFO] [stderr]    Compiling typenum v1.20.1
[INFO] [stderr]    Compiling futures-sink v0.3.33
[INFO] [stderr]    Compiling solana-atomic-u64 v3.0.1
[INFO] [stderr]    Compiling futures-core v0.3.33
[INFO] [stderr]    Compiling futures-io v0.3.33
[INFO] [stderr]    Compiling generic-array v0.14.9
[INFO] [stderr]    Compiling futures-task v0.3.33
[INFO] [stderr]    Compiling solana-sdk-macro v3.0.1
[INFO] [stderr]    Compiling bytemuck_derive v1.11.0
[INFO] [stderr]    Compiling smallvec v1.15.2
[INFO] [stderr]    Compiling test-case-core v3.3.1
[INFO] [stderr]    Compiling serial_test_derive v2.0.0
[INFO] [stderr]    Compiling solana-msg v3.1.0
[INFO] [stderr]    Compiling futures-channel v0.3.33
[INFO] [stderr]    Compiling parking_lot_core v0.9.12
[INFO] [stderr]    Compiling solana-clock v4.0.0
[INFO] [stderr]    Compiling solana-rent v4.4.0
[INFO] [stderr]    Compiling solana-epoch-schedule v3.3.0
[INFO] [stderr]    Compiling solana-last-restart-slot v3.2.0
[INFO] [stderr]    Compiling futures-util v0.3.33
[INFO] [stderr]    Compiling dashmap v5.5.3
[INFO] [stderr]    Compiling parking_lot v0.12.5
[INFO] [stderr]    Compiling solana-stake-history v2.0.0
[INFO] [stderr]    Compiling test-case-macros v3.3.1
[INFO] [stderr]    Compiling solana-hash v4.6.0
[INFO] [stderr]    Compiling solana-epoch-rewards v3.2.0
[INFO] [stderr]    Compiling solana-slot-hashes v4.0.0
[INFO] [stderr]    Compiling solana-sysvar v5.0.0 (/opt/rustwide/workdir)
[INFO] [stderr]    Compiling test-case v3.3.1
[INFO] [stderr]    Compiling crypto-common v0.1.6
[INFO] [stderr]    Compiling block-buffer v0.10.4
[INFO] [stderr]    Compiling digest v0.10.7
[INFO] [stderr]    Compiling sha2 v0.10.9
[INFO] [stderr]    Compiling solana-sha256-hasher v3.1.0
[INFO] [stderr]    Compiling futures-executor v0.3.33
[INFO] [stderr]    Compiling futures v0.3.33
[INFO] [stderr]    Compiling serial_test v2.0.0
[INFO] [stdout] warning: unused import: `super::*`
[INFO] [stdout]    --> src/clock.rs:131:9
[INFO] [stdout]     |
[INFO] [stdout] 131 |     use super::*;
[INFO] [stdout]     |         ^^^^^^^^
[INFO] [stdout]     |
[INFO] [stdout]     = note: `#[warn(unused_imports)]` (part of `#[warn(unused)]`) on by default
[INFO] [stdout] 
[INFO] [stdout] 
[INFO] [stdout] warning: unused import: `super::*`
[INFO] [stdout]   --> src/last_restart_slot.rs:46:9
[INFO] [stdout]    |
[INFO] [stdout] 46 |     use super::*;
[INFO] [stdout]    |         ^^^^^^^^
[INFO] [stdout] 
[INFO] [stdout] 
[INFO] [stdout] error[E0433]: cannot find module or crate `wincode` in this scope
[INFO] [stdout]   --> src/fees.rs:92:13
[INFO] [stdout]    |
[INFO] [stdout] 92 |             wincode::serialized_size(&Fees::default()).unwrap() as usize,
[INFO] [stdout]    |             ^^^^^^^ use of unresolved module or unlinked crate `wincode`
[INFO] [stdout]    |
[INFO] [stdout]    = help: if you wanted to use a crate named `wincode`, use `cargo add wincode` to add it to your `Cargo.toml`
[INFO] [stdout] 
[INFO] [stdout] 
[INFO] [stdout] error[E0433]: cannot find type `PodSlotHashes` in this scope
[INFO] [stdout]    --> src/slot_hashes.rs:193:13
[INFO] [stdout]     |
[INFO] [stdout] 193 |             PodSlotHashes::from_bytes(wincode::serialize(&check_slot_hashes).unwrap()).unwrap();
[INFO] [stdout]     |             ^^^^^^^^^^^^^ use of undeclared type `PodSlotHashes`
[INFO] [stdout]     |
[INFO] [stdout] help: a struct with a similar name exists
[INFO] [stdout]     |
[INFO] [stdout] 193 -             PodSlotHashes::from_bytes(wincode::serialize(&check_slot_hashes).unwrap()).unwrap();
[INFO] [stdout] 193 +             PodSlotHash::from_bytes(wincode::serialize(&check_slot_hashes).unwrap()).unwrap();
[INFO] [stdout]     |
[INFO] [stdout] 
[INFO] [stdout] 
[INFO] [stdout] error[E0433]: cannot find module or crate `wincode` in this scope
[INFO] [stdout]    --> src/slot_hashes.rs:193:39
[INFO] [stdout]     |
[INFO] [stdout] 193 |             PodSlotHashes::from_bytes(wincode::serialize(&check_slot_hashes).unwrap()).unwrap();
[INFO] [stdout]     |                                       ^^^^^^^ use of unresolved module or unlinked crate `wincode`
[INFO] [stdout]     |
[INFO] [stdout]     = help: if you wanted to use a crate named `wincode`, use `cargo add wincode` to add it to your `Cargo.toml`
[INFO] [stdout] 
[INFO] [stdout] 
[INFO] [stdout] For more information about this error, try `rustc --explain E0433`.
[INFO] [stdout] 
[INFO] [stderr] error: could not compile `solana-sysvar` (lib test) due to 3 previous errors; 2 warnings emitted
[INFO] [stderr] warning: unused dependency `solana-program-entrypoint`
[INFO] [stderr]   --> Cargo.toml:61:15
[INFO] [stderr]    |
[INFO] [stderr] 61 | [dependencies.solana-program-entrypoint]
[INFO] [stderr]    |               ^^^^^^^^^^^^^^^^^^^^^^^^^^
[INFO] [stderr]    |
[INFO] [stderr]    = note: `cargo::unused_dependencies` is set to `warn` by default
[INFO] [stderr] help: consider removing the dependency on `solana-program-entrypoint`
[INFO] [stderr] warning: `solana-sysvar` (manifest) generated 1 warning
[INFO] running `Command { std: "docker" "inspect" "53623c070f0b5b88da588bdbda1a7e637eccb75ee1d30d1b349df3bbf10b4b32", kill_on_drop: false }`
[INFO] running `Command { std: "docker" "rm" "-f" "53623c070f0b5b88da588bdbda1a7e637eccb75ee1d30d1b349df3bbf10b4b32", kill_on_drop: false }`
[INFO] [stdout] 53623c070f0b5b88da588bdbda1a7e637eccb75ee1d30d1b349df3bbf10b4b32
