[INFO] fetching crate solana-feature-gate-program 0.0.1...
[INFO] testing solana-feature-gate-program-0.0.1 against 1.99.0-beta.8 for beta-1.100-2
[INFO] extracting crate solana-feature-gate-program 0.0.1 into /workspace/builds/worker-6-tc1/source
[INFO] started tweaking crates.io crate solana-feature-gate-program 0.0.1
[INFO] finished tweaking crates.io crate solana-feature-gate-program 0.0.1
[INFO] tweaked toml for crates.io crate solana-feature-gate-program 0.0.1 written to /workspace/builds/worker-6-tc1/source/Cargo.toml
[INFO] validating manifest of crates.io crate solana-feature-gate-program 0.0.1 on toolchain 1.99.0-beta.8
[INFO] running `Command { std: CARGO_HOME="/workspace/cargo-home" RUSTUP_HOME="/workspace/rustup-home" "/workspace/cargo-home/bin/cargo" "+1.99.0-beta.8" "metadata" "--manifest-path" "Cargo.toml" "--no-deps", kill_on_drop: false }`
[INFO] running `Command { std: CARGO_HOME="/workspace/cargo-home" RUSTUP_HOME="/workspace/rustup-home" "/workspace/cargo-home/bin/cargo" "+1.99.0-beta.8" "generate-lockfile" "--manifest-path" "Cargo.toml", kill_on_drop: false }`
[INFO] [stderr]     Updating crates.io index
[INFO] [stderr]      Locking 477 packages to highest compatible versions
[INFO] [stderr]       Adding curve25519-dalek v3.2.0 (available: v3.2.1)
[INFO] [stderr]       Adding generic-array v0.14.7 (available: v0.14.9)
[INFO] [stderr]       Adding mollusk-svm v0.0.5 (available: v0.16.0)
[INFO] [stderr]       Adding mollusk-svm-bencher v0.0.5 (available: v0.16.0)
[INFO] [stderr]       Adding solana-program v2.3.0 (available: v5.1.0)
[INFO] [stderr]       Adding solana-sbpf v0.11.1 (available: v0.11.2)
[INFO] [stderr]       Adding solana-sdk v2.3.1 (available: v5.0.0)
[INFO] [stderr]       Adding spl-program-error v0.5.0 (available: v0.8.0)
[INFO] running `Command { std: CARGO_HOME="/workspace/cargo-home" RUSTUP_HOME="/workspace/rustup-home" "/workspace/cargo-home/bin/cargo" "+1.99.0-beta.8" "fetch" "--manifest-path" "Cargo.toml", kill_on_drop: false }`
[INFO] [stderr]  Downloading crates ...
[INFO] [stderr]   Downloaded spl-program-error v0.5.0
[INFO] [stderr]   Downloaded shank_macro_impl v0.4.9
[INFO] [stderr]   Downloaded shank_render v0.4.9
[INFO] [stderr]   Downloaded shank_macro v0.4.9
[INFO] [stderr]   Downloaded shank v0.4.9
[INFO] [stderr]   Downloaded mollusk-svm-bencher v0.0.5
[INFO] [stderr]   Downloaded solana-type-overrides v2.3.13
[INFO] [stderr]   Downloaded solana-timings v2.3.13
[INFO] [stderr]   Downloaded solana-svm-callback v2.3.13
[INFO] [stderr]   Downloaded mollusk-svm v0.0.5
[INFO] [stderr]   Downloaded solana-system-program v2.3.13
[INFO] [stderr]   Downloaded solana-program-runtime v2.3.13
[INFO] [stderr]   Downloaded solana-sbpf v0.11.1
[INFO] [stderr]   Downloaded solana-log-collector v2.3.13
[INFO] [stderr]   Downloaded solana-compute-budget v2.3.13
[INFO] [stderr]   Downloaded solana-poseidon v2.3.13
[INFO] [stderr]   Downloaded mollusk-svm-fuzz-fixture v0.0.5
[INFO] [stderr]   Downloaded solana-bpf-loader-program v2.3.13
[INFO] [stderr]   Downloaded prost-types v0.10.1
[INFO] [stderr]   Downloaded prost v0.10.4
[INFO] [stderr]   Downloaded solana-curve25519 v2.3.13
[INFO] [stderr]   Downloaded prost-derive v0.10.1
[INFO] [stderr]   Downloaded prost-build v0.10.4
[INFO] running `Command { std: "docker" "create" "-v" "/var/lib/crater-agent-workspace/builds/worker-6-tc1/source:/opt/rustwide/workdir:ro,Z" "-v" "/var/lib/crater-agent-workspace/builds/worker-6-tc1/target:/opt/rustwide/target:rw,Z" "-v" "/var/lib/crater-agent-workspace/cargo-home:/opt/rustwide/cargo-home:ro,Z" "-v" "/var/lib/crater-agent-workspace/rustup-home:/opt/rustwide/rustup-home:ro,Z" "-m" "1610612736" "--network" "none" "ghcr.io/rust-lang/crates-build-env/linux@sha256:3111399a4047eeb3a02b7a90e478d715f38a8c6669b5c4b49d30a17385265909" "sleep" "infinity", kill_on_drop: false }`
[INFO] [stdout] 831ea6b4f7f38b803d7574e3a80f42061ab4de437c006fa050080cbc39999329
[INFO] running `Command { std: "docker" "start" "831ea6b4f7f38b803d7574e3a80f42061ab4de437c006fa050080cbc39999329", kill_on_drop: false }`
[INFO] running `Command { std: "docker" "inspect" "831ea6b4f7f38b803d7574e3a80f42061ab4de437c006fa050080cbc39999329", kill_on_drop: false }`
[INFO] running `Command { std: "docker" "exec" "-e" "SOURCE_DIR=/opt/rustwide/workdir" "-e" "CARGO_HOME=/opt/rustwide/cargo-home" "-e" "RUSTUP_HOME=/opt/rustwide/rustup-home" "-e" "CARGO_TARGET_DIR=/opt/rustwide/target" "-w" "/opt/rustwide/workdir" "--user" "0:0" "831ea6b4f7f38b803d7574e3a80f42061ab4de437c006fa050080cbc39999329" "/opt/rustwide/cargo-home/bin/cargo" "+1.99.0-beta.8" "metadata" "--no-deps" "--format-version=1", kill_on_drop: false }`
[INFO] running `Command { std: "docker" "inspect" "831ea6b4f7f38b803d7574e3a80f42061ab4de437c006fa050080cbc39999329", kill_on_drop: false }`
[INFO] running `Command { std: "docker" "exec" "-e" "SOURCE_DIR=/opt/rustwide/workdir" "-e" "CARGO_HOME=/opt/rustwide/cargo-home" "-e" "RUSTUP_HOME=/opt/rustwide/rustup-home" "-e" "CARGO_TARGET_DIR=/opt/rustwide/target" "-e" "CARGO_INCREMENTAL=0" "-e" "RUST_BACKTRACE=full" "-e" "RUSTFLAGS=--cap-lints=warn" "-e" "RUSTDOCFLAGS=--cap-lints=warn" "-w" "/opt/rustwide/workdir" "--user" "0:0" "831ea6b4f7f38b803d7574e3a80f42061ab4de437c006fa050080cbc39999329" "/opt/rustwide/cargo-home/bin/cargo" "+1.99.0-beta.8" "build" "--frozen" "--message-format=json", kill_on_drop: false }`
[INFO] [stderr]    Compiling libc v0.2.190
[INFO] [stderr]    Compiling equivalent v1.0.2
[INFO] [stderr]    Compiling hashbrown v0.17.1
[INFO] [stderr]    Compiling syn v3.0.6
[INFO] [stderr]    Compiling syn v2.0.119
[INFO] [stderr]    Compiling syn v1.0.109
[INFO] [stderr]    Compiling once_cell v1.21.4
[INFO] [stderr]    Compiling digest v0.10.7
[INFO] [stderr]    Compiling ahash v0.8.12
[INFO] [stderr]    Compiling semver v1.0.28
[INFO] [stderr]    Compiling bytemuck v1.25.2
[INFO] [stderr]    Compiling rustc_version v0.4.1
[INFO] [stderr]    Compiling sha2 v0.10.9
[INFO] [stderr]    Compiling hashbrown v0.13.2
[INFO] [stderr]    Compiling indexmap v2.14.2
[INFO] [stderr]    Compiling curve25519-dalek v4.1.3
[INFO] [stderr]    Compiling zeroize v1.9.1
[INFO] [stderr]    Compiling serde_json v1.0.151
[INFO] [stderr]    Compiling generic-array v0.14.7
[INFO] [stderr]    Compiling bs58 v0.5.1
[INFO] [stderr]    Compiling cc v1.6.0
[INFO] [stderr]    Compiling digest v0.9.0
[INFO] [stderr]    Compiling toml_edit v0.25.15+spec-1.1.0
[INFO] [stderr]    Compiling libsecp256k1-core v0.2.2
[INFO] [stderr]    Compiling getrandom v0.2.17
[INFO] [stderr]    Compiling rand_core v0.6.4
[INFO] [stderr]    Compiling getrandom v0.1.16
[INFO] [stderr]    Compiling rand_core v0.5.1
[INFO] [stderr]    Compiling anyhow v1.0.104
[INFO] [stderr]    Compiling proc-macro-crate v3.5.0
[INFO] [stderr]    Compiling libsecp256k1-gen-genmult v0.2.1
[INFO] [stderr]    Compiling libsecp256k1-gen-ecmult v0.2.1
[INFO] [stderr]    Compiling libsecp256k1 v0.6.0
[INFO] [stderr]    Compiling rand_chacha v0.2.2
[INFO] [stderr]    Compiling serde_bytes v0.11.19
[INFO] [stderr]    Compiling sha3 v0.10.9
[INFO] [stderr]    Compiling rand v0.7.3
[INFO] [stderr]    Compiling blake3 v1.8.7
[INFO] [stderr]    Compiling block-buffer v0.10.4
[INFO] [stderr]    Compiling crypto-common v0.1.7
[INFO] [stderr]    Compiling memoffset v0.9.1
[INFO] [stderr]    Compiling bitflags v2.13.2
[INFO] [stderr]    Compiling rand_chacha v0.3.1
[INFO] [stderr]    Compiling borsh-derive-internal v0.10.4
[INFO] [stderr]    Compiling borsh-schema-derive-internal v0.10.4
[INFO] [stderr]    Compiling rand v0.8.8
[INFO] [stderr]    Compiling solana-big-mod-exp v2.2.1
[INFO] [stderr]    Compiling solana-program-option v2.2.1
[INFO] [stderr]    Compiling solana-native-token v2.3.0
[INFO] [stderr]    Compiling serde_derive v1.0.229
[INFO] [stderr]    Compiling borsh-derive v1.8.1
[INFO] [stderr]    Compiling bytemuck_derive v1.12.1
[INFO] [stderr]    Compiling thiserror-impl v2.0.21
[INFO] [stderr]    Compiling curve25519-dalek-derive v0.1.1
[INFO] [stderr]    Compiling solana-sdk-macro v2.2.1
[INFO] [stderr]    Compiling num-derive v0.4.2
[INFO] [stderr]    Compiling thiserror-impl v1.0.69
[INFO] [stderr]    Compiling num_enum_derive v0.7.6
[INFO] [stderr]    Compiling thiserror v2.0.21
[INFO] [stderr]    Compiling spl-program-error-derive v0.4.1
[INFO] [stderr]    Compiling num_enum v0.7.6
[INFO] [stderr]    Compiling thiserror v1.0.69
[INFO] [stderr]    Compiling borsh v1.8.1
[INFO] [stderr]    Compiling serde v1.0.229
[INFO] [stderr]    Compiling toml v0.5.11
[INFO] [stderr]    Compiling solana-hash v2.3.0
[INFO] [stderr]    Compiling bincode v1.3.3
[INFO] [stderr]    Compiling solana-short-vec v2.2.1
[INFO] [stderr]    Compiling solana-fee-calculator v2.2.1
[INFO] [stderr]    Compiling bv v0.11.1
[INFO] [stderr]    Compiling shank_macro_impl v0.4.9
[INFO] [stderr]    Compiling solana-sha256-hasher v2.3.0
[INFO] [stderr]    Compiling solana-keccak-hasher v2.2.1
[INFO] [stderr]    Compiling solana-serde-varint v2.2.2
[INFO] [stderr]    Compiling solana-blake3-hasher v2.2.1
[INFO] [stderr]    Compiling shank_render v0.4.9
[INFO] [stderr]    Compiling proc-macro-crate v0.1.5
[INFO] [stderr]    Compiling borsh-derive v0.10.4
[INFO] [stderr]    Compiling borsh v0.10.4
[INFO] [stderr]    Compiling shank_macro v0.4.9
[INFO] [stderr]    Compiling shank v0.4.9
[INFO] [stderr]    Compiling solana-pubkey v2.4.0
[INFO] [stderr]    Compiling solana-borsh v2.2.1
[INFO] [stderr]    Compiling solana-instruction v2.3.3
[INFO] [stderr]    Compiling solana-sdk-ids v2.2.1
[INFO] [stderr]    Compiling solana-nonce v2.2.1
[INFO] [stderr]    Compiling solana-program-error v2.2.2
[INFO] [stderr]    Compiling solana-system-interface v1.0.0
[INFO] [stderr]    Compiling solana-serialize-utils v2.2.1
[INFO] [stderr]    Compiling solana-transaction-error v2.2.1
[INFO] [stderr]    Compiling solana-sysvar-id v2.2.1
[INFO] [stderr]    Compiling solana-bincode v2.2.1
[INFO] [stderr]    Compiling solana-loader-v2-interface v2.2.1
[INFO] [stderr]    Compiling solana-stable-layout v2.2.1
[INFO] [stderr]    Compiling solana-account-info v2.3.0
[INFO] [stderr]    Compiling solana-clock v2.2.3
[INFO] [stderr]    Compiling solana-slot-hashes v2.2.1
[INFO] [stderr]    Compiling solana-rent v2.2.1
[INFO] [stderr]    Compiling solana-message v2.4.0
[INFO] [stderr]    Compiling solana-cpi v2.2.1
[INFO] [stderr]    Compiling solana-account v2.2.1
[INFO] [stderr]    Compiling solana-instructions-sysvar v2.2.2
[INFO] [stderr]    Compiling solana-program-entrypoint v2.3.0
[INFO] [stderr]    Compiling solana-stake-interface v1.2.1
[INFO] [stderr]    Compiling solana-address-lookup-table-interface v2.2.2
[INFO] [stderr]    Compiling solana-slot-history v2.2.1
[INFO] [stderr]    Compiling solana-epoch-schedule v2.2.1
[INFO] [stderr]    Compiling solana-last-restart-slot v2.2.1
[INFO] [stderr]    Compiling solana-epoch-rewards v2.2.1
[INFO] [stderr]    Compiling solana-feature-gate-interface v2.2.2
[INFO] [stderr]    Compiling solana-vote-interface v2.2.6
[INFO] [stderr]    Compiling solana-loader-v4-interface v2.2.1
[INFO] [stderr]    Compiling solana-loader-v3-interface v5.0.0
[INFO] [stderr]    Compiling solana-program-pack v2.2.1
[INFO] [stderr]    Compiling solana-example-mocks v2.2.1
[INFO] [stderr]    Compiling solana-sysvar v2.3.0
[INFO] [stderr]    Compiling solana-secp256k1-recover v2.2.1
[INFO] [stderr]    Compiling solana-program v2.3.0
[INFO] [stderr]    Compiling spl-program-error v0.5.0
[INFO] [stderr]    Compiling solana-feature-gate-program v0.0.1 (/opt/rustwide/workdir)
[INFO] [stdout] warning: unexpected `cfg` condition value: `solana`
[INFO] [stdout]  --> src/lib.rs:6:11
[INFO] [stdout]   |
[INFO] [stdout] 6 | #[cfg(all(target_os = "solana", feature = "bpf-entrypoint"))]
[INFO] [stdout]   |           ^^^^^^^^^^^^^^^^^^^^
[INFO] [stdout]   |
[INFO] [stdout]   = note: expected values for `target_os` are: `aix`, `amdhsa`, `android`, `cuda`, `cygwin`, `dragonfly`, `emscripten`, `espidf`, `freebsd`, `fuchsia`, `haiku`, `helenos`, `hermit`, `horizon`, `hurd`, `illumos`, `ios`, `l4re`, `linux`, `lynxos178`, `macos`, `managarm`, `motor`, `netbsd`, `none`, `nto`, `nuttx`, `openbsd`, `psp`, `psx`, `qnx`, `qurt`, `redox`, `rtems`, and `solaris` and 15 more
[INFO] [stdout]   = note: see <https://doc.rust-lang.org/nightly/rustc/check-cfg/cargo-specifics.html> for more information about checking conditional configuration
[INFO] [stdout]   = note: requested on the command line with `-W unexpected-cfgs`
[INFO] [stdout] 
[INFO] [stdout] 
[INFO] [stdout] warning: use of deprecated trait `solana_program::decode_error::DecodeError`: Use `num_traits::FromPrimitive` instead
[INFO] [stdout]  --> src/error.rs:6:1
[INFO] [stdout]   |
[INFO] [stdout] 6 | #[spl_program_error]
[INFO] [stdout]   | ^^^^^^^^^^^^^^^^^^^^
[INFO] [stdout]   |
[INFO] [stdout]   = note: `#[warn(deprecated)]` on by default
[INFO] [stdout]   = note: this warning originates in the attribute macro `spl_program_error` (in Nightly builds, run with -Z macro-backtrace for more info)
[INFO] [stdout] 
[INFO] [stdout] 
[INFO] [stdout] warning: use of deprecated trait `solana_program::program_error::PrintProgramError`: Use `ToStr` instead with `solana_msg::msg!` or any other logging
[INFO] [stdout]  --> src/error.rs:6:1
[INFO] [stdout]   |
[INFO] [stdout] 6 | #[spl_program_error]
[INFO] [stdout]   | ^^^^^^^^^^^^^^^^^^^^
[INFO] [stdout]   |
[INFO] [stdout]   = note: this warning originates in the attribute macro `spl_program_error` (in Nightly builds, run with -Z macro-backtrace for more info)
[INFO] [stdout] 
[INFO] [stdout] 
[INFO] [stdout] warning: use of deprecated module `solana_program::system_program`: Use `solana_sdk_ids::system_program` instead
[INFO] [stdout]   --> src/instruction.rs:11:9
[INFO] [stdout]    |
[INFO] [stdout] 11 |         system_program,
[INFO] [stdout]    |         ^^^^^^^^^^^^^^
[INFO] [stdout] 
[INFO] [stdout] 
[INFO] [stdout] warning: use of deprecated module `solana_program::system_instruction`: Use `solana_system_interface` crate instead
[INFO] [stdout]   --> src/processor.rs:13:9
[INFO] [stdout]    |
[INFO] [stdout] 13 |         system_instruction, system_program,
[INFO] [stdout]    |         ^^^^^^^^^^^^^^^^^^
[INFO] [stdout] 
[INFO] [stdout] 
[INFO] [stdout] warning: use of deprecated module `solana_program::system_program`: Use `solana_sdk_ids::system_program` instead
[INFO] [stdout]   --> src/processor.rs:13:29
[INFO] [stdout]    |
[INFO] [stdout] 13 |         system_instruction, system_program,
[INFO] [stdout]    |                             ^^^^^^^^^^^^^^
[INFO] [stdout] 
[INFO] [stdout] 
[INFO] [stdout] warning: use of deprecated method `solana_program::solana_account_info::AccountInfo::<'a>::realloc`: Use AccountInfo::resize() instead
[INFO] [stdout]   --> src/processor.rs:42:18
[INFO] [stdout]    |
[INFO] [stdout] 42 |     feature_info.realloc(0, true)?;
[INFO] [stdout]    |                  ^^^^^^^
[INFO] [stdout] 
[INFO] [stdout] 
[INFO] [stderr]     Finished `dev` profile [unoptimized + debuginfo] target(s) in 1m 11s
[INFO] running `Command { std: "docker" "inspect" "831ea6b4f7f38b803d7574e3a80f42061ab4de437c006fa050080cbc39999329", kill_on_drop: false }`
[INFO] running `Command { std: "docker" "exec" "-e" "SOURCE_DIR=/opt/rustwide/workdir" "-e" "CARGO_HOME=/opt/rustwide/cargo-home" "-e" "RUSTUP_HOME=/opt/rustwide/rustup-home" "-e" "CARGO_TARGET_DIR=/opt/rustwide/target" "-e" "CARGO_INCREMENTAL=0" "-e" "RUST_BACKTRACE=full" "-e" "RUSTFLAGS=--cap-lints=warn" "-e" "RUSTDOCFLAGS=--cap-lints=warn" "-w" "/opt/rustwide/workdir" "--user" "0:0" "831ea6b4f7f38b803d7574e3a80f42061ab4de437c006fa050080cbc39999329" "/opt/rustwide/cargo-home/bin/cargo" "+1.99.0-beta.8" "test" "--frozen" "--no-run" "--message-format=json", kill_on_drop: false }`
[INFO] [stderr]    Compiling subtle v2.6.1
[INFO] [stderr]    Compiling syn v3.0.6
[INFO] [stderr]    Compiling syn v2.0.119
[INFO] [stderr]    Compiling rand v0.8.8
[INFO] [stderr]    Compiling getrandom v0.3.4
[INFO] [stderr]    Compiling memchr v2.8.3
[INFO] [stderr]    Compiling curve25519-dalek v4.1.3
[INFO] [stderr]    Compiling bitflags v2.13.2
[INFO] [stderr]    Compiling digest v0.10.7
[INFO] [stderr]    Compiling ahash v0.8.12
[INFO] [stderr]    Compiling getrandom v0.1.16
[INFO] [stderr]    Compiling arrayvec v0.7.8
[INFO] [stderr]    Compiling sha2 v0.10.9
[INFO] [stderr]    Compiling hashbrown v0.13.2
[INFO] [stderr]    Compiling rand_core v0.5.1
[INFO] [stderr]    Compiling serde_json v1.0.151
[INFO] [stderr]    Compiling rand_chacha v0.2.2
[INFO] [stderr]    Compiling blake3 v1.8.7
[INFO] [stderr]    Compiling rand v0.7.3
[INFO] [stderr]    Compiling libsecp256k1-core v0.2.2
[INFO] [stderr]    Compiling mio v1.2.4
[INFO] [stderr]    Compiling socket2 v0.6.5
[INFO] [stderr]    Compiling crypto-mac v0.8.0
[INFO] [stderr]    Compiling tokio v1.53.2
[INFO] [stderr]    Compiling libsecp256k1-gen-genmult v0.2.1
[INFO] [stderr]    Compiling libsecp256k1-gen-ecmult v0.2.1
[INFO] [stderr]    Compiling num-traits v0.2.19
[INFO] [stderr]    Compiling hmac v0.8.1
[INFO] [stderr]    Compiling ring v0.17.14
[INFO] [stderr]    Compiling sha3 v0.10.9
[INFO] [stderr]    Compiling libsecp256k1 v0.6.0
[INFO] [stderr]    Compiling hmac-drbg v0.3.0
[INFO] [stderr]    Compiling http v1.5.0
[INFO] [stderr]    Compiling either v1.19.0
[INFO] [stderr]    Compiling num-integer v0.1.47
[INFO] [stderr]    Compiling slab v0.4.12
[INFO] [stderr]    Compiling openssl-sys v0.9.117
[INFO] [stderr]    Compiling num-bigint v0.4.8
[INFO] [stderr]    Compiling http-body v1.1.0
[INFO] [stderr]    Compiling futures-util v0.3.34
[INFO] [stderr]    Compiling ark-std v0.4.0
[INFO] [stderr]    Compiling ark-serialize-derive v0.4.2
[INFO] [stderr]    Compiling itertools v0.10.5
[INFO] [stderr]    Compiling ark-serialize v0.4.2
[INFO] [stderr]    Compiling hmac v0.12.1
[INFO] [stderr]    Compiling ark-ff-asm v0.4.2
[INFO] [stderr]    Compiling synstructure v0.14.0
[INFO] [stderr]    Compiling rustls v0.23.45
[INFO] [stderr]    Compiling darling_core v0.24.1
[INFO] [stderr]    Compiling ark-ff-macros v0.4.2
[INFO] [stderr]    Compiling derivative v2.2.0
[INFO] [stderr]    Compiling zeroize_derive v1.5.0
[INFO] [stderr]    Compiling zeroize v1.9.1
[INFO] [stderr]    Compiling curve25519-dalek-derive v0.1.1
[INFO] [stderr]    Compiling solana-sdk-macro v2.2.1
[INFO] [stderr]    Compiling serde_derive v1.0.229
[INFO] [stderr]    Compiling borsh-derive v1.8.1
[INFO] [stderr]    Compiling bytemuck_derive v1.12.1
[INFO] [stderr]    Compiling zerofrom-derive v0.1.8
[INFO] [stderr]    Compiling yoke-derive v0.8.4
[INFO] [stderr]    Compiling zerovec-derive v0.11.6
[INFO] [stderr]    Compiling displaydoc v0.2.7
[INFO] [stderr]    Compiling bytemuck v1.25.2
[INFO] [stderr]    Compiling curve25519-dalek v3.2.0
[INFO] [stderr]    Compiling thiserror-impl v2.0.21
[INFO] [stderr]    Compiling rustls-pki-types v1.15.1
[INFO] [stderr]    Compiling zerofrom v0.1.8
[INFO] [stderr]    Compiling yoke v0.8.3
[INFO] [stderr]    Compiling zerotrie v0.2.5
[INFO] [stderr]    Compiling rustls-webpki v0.103.15
[INFO] [stderr]    Compiling borsh v1.8.1
[INFO] [stderr]    Compiling zerovec v0.11.8
[INFO] [stderr]    Compiling num-bigint v0.2.6
[INFO] [stderr]    Compiling compression-codecs v0.4.45
[INFO] [stderr]    Compiling hyper v1.12.0
[INFO] [stderr]    Compiling darling_macro v0.24.1
[INFO] [stderr]    Compiling thiserror v2.0.21
[INFO] [stderr]    Compiling tinystr v0.8.4
[INFO] [stderr]    Compiling potential_utf v0.1.6
[INFO] [stderr]    Compiling icu_locale_core v2.3.0
[INFO] [stderr]    Compiling icu_collections v2.3.0
[INFO] [stderr]    Compiling serde v1.0.229
[INFO] [stderr]    Compiling tracing v0.1.44
[INFO] [stderr]    Compiling ark-ff v0.4.2
[INFO] [stderr]    Compiling pbkdf2 v0.11.0
[INFO] [stderr]    Compiling solana-hash v2.3.0
[INFO] [stderr]    Compiling toml v0.5.11
[INFO] [stderr]    Compiling solana-sha256-hasher v2.3.0
[INFO] [stderr]    Compiling bincode v1.3.3
[INFO] [stderr]    Compiling solana-fee-calculator v2.2.1
[INFO] [stderr]    Compiling bv v0.11.1
[INFO] [stderr]    Compiling ed25519-dalek v1.0.1
[INFO] [stderr]    Compiling solana-short-vec v2.2.1
[INFO] [stderr]    Compiling serde-big-array v0.5.1
[INFO] [stderr]    Compiling solana-signature v2.3.0
[INFO] [stderr]    Compiling icu_provider v2.3.1
[INFO] [stderr]    Compiling proc-macro-crate v0.1.5
[INFO] [stderr]    Compiling icu_properties v2.3.0
[INFO] [stderr]    Compiling icu_normalizer v2.3.0
[INFO] [stderr]    Compiling solana-cluster-type v2.2.1
[INFO] [stderr]    Compiling num-rational v0.2.4
[INFO] [stderr]    Compiling borsh-derive v0.10.4
[INFO] [stderr]    Compiling num-complex v0.2.4
[INFO] [stderr]    Compiling solana-time-utils v2.2.1
[INFO] [stderr]    Compiling rustix v0.38.44
[INFO] [stderr]    Compiling hyper-util v0.1.21
[INFO] [stderr]    Compiling borsh v0.10.4
[INFO] [stderr]    Compiling openssl v0.10.81
[INFO] [stderr]    Compiling tower v0.5.3
[INFO] [stderr]    Compiling idna_adapter v1.2.2
[INFO] [stderr]    Compiling idna v1.1.0
[INFO] [stderr]    Compiling prost-derive v0.10.1
[INFO] [stderr]    Compiling solana-pubkey v2.4.0
[INFO] [stderr]    Compiling url v2.5.8
[INFO] [stderr]    Compiling solana-instruction v2.3.3
[INFO] [stderr]    Compiling solana-sdk-ids v2.2.1
[INFO] [stderr]    Compiling solana-system-interface v1.0.0
[INFO] [stderr]    Compiling solana-sysvar-id v2.2.1
[INFO] [stderr]    Compiling solana-epoch-schedule v2.2.1
[INFO] [stderr]    Compiling solana-program-error v2.2.2
[INFO] [stderr]    Compiling solana-transaction-error v2.2.1
[INFO] [stderr]    Compiling solana-account-info v2.3.0
[INFO] [stderr]    Compiling solana-clock v2.2.3
[INFO] [stderr]    Compiling solana-slot-hashes v2.2.1
[INFO] [stderr]    Compiling solana-serialize-utils v2.2.1
[INFO] [stderr]    Compiling solana-cpi v2.2.1
[INFO] [stderr]    Compiling solana-rent v2.2.1
[INFO] [stderr]    Compiling solana-instructions-sysvar v2.2.2
[INFO] [stderr]    Compiling solana-program-entrypoint v2.3.0
[INFO] [stderr]    Compiling solana-stake-interface v1.2.1
[INFO] [stderr]    Compiling solana-last-restart-slot v2.2.1
[INFO] [stderr]    Compiling solana-epoch-rewards v2.2.1
[INFO] [stderr]    Compiling solana-slot-history v2.2.1
[INFO] [stderr]    Compiling solana-bincode v2.2.1
[INFO] [stderr]    Compiling solana-signer v2.2.1
[INFO] [stderr]    Compiling solana-message v2.4.0
[INFO] [stderr]    Compiling solana-feature-set v2.2.5
[INFO] [stderr]    Compiling solana-stable-layout v2.2.1
[INFO] [stderr]    Compiling ark-poly v0.4.2
[INFO] [stderr]    Compiling tokio-rustls v0.26.6
[INFO] [stderr]    Compiling solana-nonce v2.2.1
[INFO] [stderr]    Compiling ed25519-dalek-bip32 v0.2.0
[INFO] [stderr]    Compiling solana-seed-phrase v2.2.1
[INFO] [stderr]    Compiling async-compression v0.4.50
[INFO] [stderr]    Compiling darling v0.24.1
[INFO] [stderr]    Compiling solana-sysvar v2.3.0
[INFO] [stderr]    Compiling webpki-roots v1.0.9
[INFO] [stderr]    Compiling solana-account v2.2.1
[INFO] [stderr]    Compiling openssl-macros v0.1.1
[INFO] [stderr]    Compiling tokio-util v0.7.19
[INFO] [stderr]    Compiling http-body-util v0.1.5
[INFO] [stderr]    Compiling aho-corasick v1.1.5
[INFO] [stderr]    Compiling void v1.0.2
[INFO] [stderr]    Compiling regex-syntax v0.8.11
[INFO] [stderr]    Compiling linux-raw-sys v0.4.15
[INFO] [stderr]    Compiling libc v0.2.190
[INFO] [stderr]    Compiling serde_urlencoded v0.7.1
[INFO] [stderr]    Compiling tower-http v0.6.11
[INFO] [stderr]    Compiling unreachable v1.0.0
[INFO] [stderr]    Compiling hyper-rustls v0.27.10
[INFO] [stderr]    Compiling ark-ec v0.4.2
[INFO] [stderr]    Compiling serde_with_macros v3.24.0
[INFO] [stderr]    Compiling solana-keypair v2.2.3
[INFO] [stderr]    Compiling regex-automata v0.4.18
[INFO] [stderr]    Compiling solana-keccak-hasher v2.2.1
[INFO] [stderr]    Compiling enum-iterator-derive v1.5.0
[INFO] [stderr]    Compiling num-iter v0.1.46
[INFO] [stderr]    Compiling errno v0.3.14
[INFO] [stderr]    Compiling home v0.5.12
[INFO] [stderr]    Compiling rustix v1.1.5
[INFO] [stderr]    Compiling ascii v0.9.3
[INFO] [stderr]    Compiling getrandom v0.4.3
[INFO] [stderr]    Compiling signal-hook-registry v1.4.8
[INFO] [stderr]    Compiling enum-iterator v1.5.0
[INFO] [stderr]    Compiling which v4.4.2
[INFO] [stderr]    Compiling ark-bn254 v0.4.0
[INFO] [stderr]    Compiling combine v3.8.1
[INFO] [stderr]    Compiling num v0.2.1
[INFO] [stderr]    Compiling serde_with v3.24.0
[INFO] [stderr]    Compiling crossbeam-channel v0.5.17
[INFO] [stderr]    Compiling reqwest v0.12.28
[INFO] [stderr]    Compiling solana-transaction-context v2.3.13
[INFO] [stderr]    Compiling solana-fee-structure v2.3.0
[INFO] [stderr]    Compiling solana-ed25519-program v2.2.3
[INFO] [stderr]    Compiling solana-secp256k1-program v2.2.3
[INFO] [stderr]    Compiling solana-secp256k1-recover v2.2.1
[INFO] [stderr]    Compiling solana-secp256r1-program v2.2.4
[INFO] [stderr]    Compiling regex v1.13.1
[INFO] [stderr]    Compiling solana-address-lookup-table-interface v2.2.2
[INFO] [stderr]    Compiling solana-loader-v4-interface v2.2.1
[INFO] [stderr]    Compiling solana-loader-v3-interface v5.0.0
[INFO] [stderr]    Compiling solana-blake3-hasher v2.2.1
[INFO] [stderr]    Compiling solana-serde-varint v2.2.2
[INFO] [stderr]    Compiling num-derive v0.4.2
[INFO] [stderr]    Compiling thiserror-impl v1.0.69
[INFO] [stderr]    Compiling cfg_eval v0.1.2
[INFO] [stderr]    Compiling hash32 v0.3.1
[INFO] [stderr]    Compiling cmake v0.1.58
[INFO] [stderr]    Compiling atty v0.2.14
[INFO] [stderr]    Compiling gethostname v0.2.3
[INFO] [stderr]    Compiling eager v0.1.0
[INFO] [stderr]    Compiling linux-raw-sys v0.12.1
[INFO] [stderr]    Compiling bytes v1.12.1
[INFO] [stderr]    Compiling humantime v2.4.0
[INFO] [stderr]    Compiling termcolor v1.4.1
[INFO] [stderr]    Compiling solana-vote-interface v2.2.6
[INFO] [stderr]    Compiling prost v0.10.4
[INFO] [stderr]    Compiling env_logger v0.9.3
[INFO] [stderr]    Compiling thiserror v1.0.69
[INFO] [stderr]    Compiling solana-timings v2.3.13
[INFO] [stderr]    Compiling prost-build v0.10.4
[INFO] [stderr]    Compiling solana-sbpf v0.11.1
[INFO] [stderr]    Compiling solana-metrics v2.3.13
[INFO] [stderr]    Compiling solana-packet v2.2.1
[INFO] [stderr]    Compiling solana-example-mocks v2.2.1
[INFO] [stderr]    Compiling solana-precompiles v2.2.2
[INFO] [stderr]    Compiling percentage v0.1.0
[INFO] [stderr]    Compiling signal-hook v0.3.18
[INFO] [stderr]    Compiling solana-svm-callback v2.3.13
[INFO] [stderr]    Compiling solana-feature-gate-interface v2.2.2
[INFO] [stderr]    Compiling solana-program-pack v2.2.1
[INFO] [stderr]    Compiling solana-loader-v2-interface v2.2.1
[INFO] [stderr]    Compiling solana-borsh v2.2.1
[INFO] [stderr]    Compiling solana-hard-forks v2.2.1
[INFO] [stderr]    Compiling num_enum_derive v0.7.6
[INFO] [stderr]    Compiling itertools v0.12.1
[INFO] [stderr]    Compiling solana-type-overrides v2.3.13
[INFO] [stderr]    Compiling solana-log-collector v2.3.13
[INFO] [stderr]    Compiling solana-measure v2.3.13
[INFO] [stderr]    Compiling bs58 v0.5.1
[INFO] [stderr]    Compiling solana-svm-feature-set v2.3.13
[INFO] [stderr]    Compiling fixedbitset v0.4.2
[INFO] [stderr]    Compiling fastrand v2.5.0
[INFO] [stderr]    Compiling petgraph v0.6.5
[INFO] [stderr]    Compiling solana-program v2.3.0
[INFO] [stderr]    Compiling tempfile v3.27.0
[INFO] [stderr]    Compiling num_enum v0.7.6
[INFO] [stderr]    Compiling chrono v0.4.45
[INFO] [stderr]    Compiling solana-shred-version v2.2.1
[INFO] [stderr]    Compiling solana-logger v2.3.1
[INFO] [stderr]    Compiling solana-transaction v2.2.3
[INFO] [stderr]    Compiling prost-types v0.10.1
[INFO] [stderr]    Compiling solana-poh-config v2.2.1
[INFO] [stderr]    Compiling solana-inflation v2.2.1
[INFO] [stderr]    Compiling memmap2 v0.5.10
[INFO] [stderr]    Compiling multimap v0.8.3
[INFO] [stderr]    Compiling solana-define-syscall v2.3.0
[INFO] [stderr]    Compiling log v0.4.34
[INFO] [stderr]    Compiling solana-bn254 v2.2.2
[INFO] [stderr]    Compiling solana-nonce-account v2.2.1
[INFO] [stderr]    Compiling solana-commitment-config v2.2.1
[INFO] [stderr]    Compiling solana-reward-info v2.2.1
[INFO] [stderr]    Compiling solana-epoch-info v2.2.1
[INFO] [stderr]    Compiling solana-epoch-rewards-hasher v2.2.1
[INFO] [stderr]    Compiling solana-program-runtime v2.3.13
[INFO] [stderr]    Compiling solana-client-traits v2.2.1
[INFO] [stderr]    Compiling solana-rent-debits v2.2.1
[INFO] [stderr]    Compiling solana-system-transaction v2.2.1
[INFO] [stderr]    Compiling solana-offchain-message v2.2.1
[INFO] [stderr]    Compiling light-poseidon v0.2.0
[INFO] [stderr]    Compiling solana-quic-definitions v2.3.1
[INFO] [stderr]    Compiling solana-genesis-config v2.3.0
[INFO] [stderr]    Compiling solana-reserved-account-keys v2.2.2
[INFO] [stderr]    Compiling solana-rent-collector v2.3.0
[INFO] [stderr]    Compiling solana-presigner v2.2.1
[INFO] [stderr]    Compiling solana-compute-budget-interface v2.2.2
[INFO] [stderr]    Compiling shank_macro_impl v0.4.9
[INFO] [stderr]    Compiling solana-serde v2.2.1
[INFO] [stderr]    Compiling solana-validator-exit v2.2.1
[INFO] [stderr]    Compiling solana-compute-budget v2.3.13
[INFO] [stderr]    Compiling mollusk-svm-fuzz-fixture v0.0.5
[INFO] [stderr]    Compiling solana-sdk v2.3.1
[INFO] [stderr]    Compiling solana-poseidon v2.3.13
[INFO] [stderr]    Compiling shank_render v0.4.9
[INFO] [stderr]    Compiling solana-curve25519 v2.3.13
[INFO] [stderr]    Compiling qualifier_attr v0.2.2
[INFO] [stderr]    Compiling scopeguard v1.2.0
[INFO] [stderr]    Compiling spl-program-error-derive v0.4.1
[INFO] [stderr]    Compiling solana-system-program v2.3.13
[INFO] [stderr]    Compiling solana-bpf-loader-program v2.3.13
[INFO] [stderr]    Compiling num-format v0.4.4
[INFO] [stderr]    Compiling shank_macro v0.4.9
[INFO] [stderr]    Compiling shank v0.4.9
[INFO] [stderr]    Compiling spl-program-error v0.5.0
[INFO] [stderr]    Compiling solana-feature-gate-program v0.0.1 (/opt/rustwide/workdir)
[INFO] [stdout] warning: unexpected `cfg` condition value: `solana`
[INFO] [stdout]  --> src/lib.rs:6:11
[INFO] [stdout]   |
[INFO] [stdout] 6 | #[cfg(all(target_os = "solana", feature = "bpf-entrypoint"))]
[INFO] [stdout]   |           ^^^^^^^^^^^^^^^^^^^^
[INFO] [stdout]   |
[INFO] [stdout]   = note: expected values for `target_os` are: `aix`, `amdhsa`, `android`, `cuda`, `cygwin`, `dragonfly`, `emscripten`, `espidf`, `freebsd`, `fuchsia`, `haiku`, `helenos`, `hermit`, `horizon`, `hurd`, `illumos`, `ios`, `l4re`, `linux`, `lynxos178`, `macos`, `managarm`, `motor`, `netbsd`, `none`, `nto`, `nuttx`, `openbsd`, `psp`, `psx`, `qnx`, `qurt`, `redox`, `rtems`, and `solaris` and 15 more
[INFO] [stdout]   = note: see <https://doc.rust-lang.org/nightly/rustc/check-cfg/cargo-specifics.html> for more information about checking conditional configuration
[INFO] [stdout]   = note: requested on the command line with `-W unexpected-cfgs`
[INFO] [stdout] 
[INFO] [stdout] 
[INFO] [stdout] warning: use of deprecated trait `solana_program::decode_error::DecodeError`: Use `num_traits::FromPrimitive` instead
[INFO] [stdout]  --> src/error.rs:6:1
[INFO] [stdout]   |
[INFO] [stdout] 6 | #[spl_program_error]
[INFO] [stdout]   | ^^^^^^^^^^^^^^^^^^^^
[INFO] [stdout]   |
[INFO] [stdout]   = note: `#[warn(deprecated)]` on by default
[INFO] [stdout]   = note: this warning originates in the attribute macro `spl_program_error` (in Nightly builds, run with -Z macro-backtrace for more info)
[INFO] [stdout] 
[INFO] [stdout] 
[INFO] [stdout] warning: use of deprecated trait `solana_program::program_error::PrintProgramError`: Use `ToStr` instead with `solana_msg::msg!` or any other logging
[INFO] [stdout]  --> src/error.rs:6:1
[INFO] [stdout]   |
[INFO] [stdout] 6 | #[spl_program_error]
[INFO] [stdout]   | ^^^^^^^^^^^^^^^^^^^^
[INFO] [stdout]   |
[INFO] [stdout]   = note: this warning originates in the attribute macro `spl_program_error` (in Nightly builds, run with -Z macro-backtrace for more info)
[INFO] [stdout] 
[INFO] [stdout] 
[INFO] [stdout] warning: use of deprecated module `solana_program::system_program`: Use `solana_sdk_ids::system_program` instead
[INFO] [stdout]   --> src/instruction.rs:11:9
[INFO] [stdout]    |
[INFO] [stdout] 11 |         system_program,
[INFO] [stdout]    |         ^^^^^^^^^^^^^^
[INFO] [stdout] 
[INFO] [stdout] 
[INFO] [stdout] warning: use of deprecated module `solana_program::system_instruction`: Use `solana_system_interface` crate instead
[INFO] [stdout]   --> src/processor.rs:13:9
[INFO] [stdout]    |
[INFO] [stdout] 13 |         system_instruction, system_program,
[INFO] [stdout]    |         ^^^^^^^^^^^^^^^^^^
[INFO] [stdout] 
[INFO] [stdout] 
[INFO] [stdout] warning: use of deprecated module `solana_program::system_program`: Use `solana_sdk_ids::system_program` instead
[INFO] [stdout]   --> src/processor.rs:13:29
[INFO] [stdout]    |
[INFO] [stdout] 13 |         system_instruction, system_program,
[INFO] [stdout]    |                             ^^^^^^^^^^^^^^
[INFO] [stdout] 
[INFO] [stdout] 
[INFO] [stdout] warning: use of deprecated method `solana_program::solana_account_info::AccountInfo::<'a>::realloc`: Use AccountInfo::resize() instead
[INFO] [stdout]   --> src/processor.rs:42:18
[INFO] [stdout]    |
[INFO] [stdout] 42 |     feature_info.realloc(0, true)?;
[INFO] [stdout]    |                  ^^^^^^^
[INFO] [stdout] 
[INFO] [stdout] 
[INFO] [stdout] error[E0560]: struct `solana_compute_budget::compute_budget::ComputeBudget` has no field named `big_modular_exponentiation_cost`
[INFO] [stdout]   --> /opt/rustwide/cargo-home/registry/src/index.crates.io-1949cf8c6b5b557f/mollusk-svm-fuzz-fixture-0.0.5/src/compute_budget.rs:94:13
[INFO] [stdout]    |
[INFO] [stdout] 94 |             big_modular_exponentiation_cost,
[INFO] [stdout]    |             ^^^^^^^^^^^^^^^^^^^^^^^^^^^^^^^ unknown field
[INFO] [stdout]    |
[INFO] [stdout] help: a field with a similar name exists
[INFO] [stdout]    |
[INFO] [stdout] 94 |             big_modular_exponentiation_base_cost,
[INFO] [stdout]    |                                        +++++
[INFO] [stdout] 
[INFO] [stdout] 
[INFO] [stdout] error[E0026]: struct `solana_compute_budget::compute_budget::ComputeBudget` does not have a field named `big_modular_exponentiation_cost`
[INFO] [stdout]    --> /opt/rustwide/cargo-home/registry/src/index.crates.io-1949cf8c6b5b557f/mollusk-svm-fuzz-fixture-0.0.5/src/compute_budget.rs:145:13
[INFO] [stdout]     |
[INFO] [stdout] 145 |             big_modular_exponentiation_cost,
[INFO] [stdout]     |             ^^^^^^^^^^^^^^^^^^^^^^^^^^^^^^^ struct `solana_compute_budget::compute_budget::ComputeBudget` does not have this field
[INFO] [stdout] 
[INFO] [stdout] 
[INFO] [stdout] error[E0027]: pattern does not mention fields `big_modular_exponentiation_base_cost`, `big_modular_exponentiation_cost_divisor`
[INFO] [stdout]    --> /opt/rustwide/cargo-home/registry/src/index.crates.io-1949cf8c6b5b557f/mollusk-svm-fuzz-fixture-0.0.5/src/compute_budget.rs:108:13
[INFO] [stdout]     |
[INFO] [stdout] 108 |           let ComputeBudget {
[INFO] [stdout]     |  _____________^
[INFO] [stdout] 109 | |             compute_unit_limit,
[INFO] [stdout] 110 | |             log_64_units,
[INFO] [stdout] 111 | |             create_program_address_units,
[INFO] [stdout] ...   |
[INFO] [stdout] 152 | |             alt_bn128_g2_decompress,
[INFO] [stdout] 153 | |         } = value;
[INFO] [stdout]     | |_________^ missing fields `big_modular_exponentiation_base_cost`, `big_modular_exponentiation_cost_divisor`
[INFO] [stdout]     |
[INFO] [stdout] help: include the missing fields in the pattern
[INFO] [stdout]     |
[INFO] [stdout] 152 -             alt_bn128_g2_decompress,
[INFO] [stdout] 153 -         } = value;
[INFO] [stdout] 152 +             alt_bn128_g2_decompress, big_modular_exponentiation_base_cost, big_modular_exponentiation_cost_divisor } = value;
[INFO] [stdout]     |
[INFO] [stdout] help: if you don't care about these missing fields, you can explicitly ignore them
[INFO] [stdout]     |
[INFO] [stdout] 152 -             alt_bn128_g2_decompress,
[INFO] [stdout] 153 -         } = value;
[INFO] [stdout] 152 +             alt_bn128_g2_decompress, big_modular_exponentiation_base_cost: _, big_modular_exponentiation_cost_divisor: _ } = value;
[INFO] [stdout]     |
[INFO] [stdout] help: or always ignore missing fields here
[INFO] [stdout]     |
[INFO] [stdout] 152 -             alt_bn128_g2_decompress,
[INFO] [stdout] 153 -         } = value;
[INFO] [stdout] 152 +             alt_bn128_g2_decompress, .. } = value;
[INFO] [stdout]     |
[INFO] [stdout] 
[INFO] [stdout] 
[INFO] [stdout] Some errors have detailed explanations: E0026, E0027, E0560.
[INFO] [stdout] 
[INFO] [stdout] For more information about an error, try `rustc --explain E0026`.
[INFO] [stdout] 
[INFO] [stderr] error: could not compile `mollusk-svm-fuzz-fixture` (lib) due to 3 previous errors
[INFO] [stderr] warning: build failed, waiting for other jobs to finish...
[INFO] running `Command { std: "docker" "inspect" "831ea6b4f7f38b803d7574e3a80f42061ab4de437c006fa050080cbc39999329", kill_on_drop: false }`
[INFO] running `Command { std: "docker" "rm" "-f" "831ea6b4f7f38b803d7574e3a80f42061ab4de437c006fa050080cbc39999329", kill_on_drop: false }`
[INFO] [stdout] 831ea6b4f7f38b803d7574e3a80f42061ab4de437c006fa050080cbc39999329
