[INFO] fetching crate snarkos-node-router 4.11.0...
[INFO] testing snarkos-node-router-4.11.0 against 1.100.0-beta.1 for beta-1.100-2
[INFO] extracting crate snarkos-node-router 4.11.0 into /workspace/builds/worker-5-tc2/source
[INFO] started tweaking crates.io crate snarkos-node-router 4.11.0
[INFO] removed 0 missing tests
[INFO] finished tweaking crates.io crate snarkos-node-router 4.11.0
[INFO] tweaked toml for crates.io crate snarkos-node-router 4.11.0 written to /workspace/builds/worker-5-tc2/source/Cargo.toml
[INFO] validating manifest of crates.io crate snarkos-node-router 4.11.0 on toolchain 1.100.0-beta.1
[INFO] running `Command { std: CARGO_HOME="/workspace/cargo-home" RUSTUP_HOME="/workspace/rustup-home" "/workspace/cargo-home/bin/cargo" "+1.100.0-beta.1" "metadata" "--manifest-path" "Cargo.toml" "--no-deps", kill_on_drop: false }`
[INFO] crate crates.io crate snarkos-node-router 4.11.0 already has a lockfile, it will not be regenerated
[INFO] running `Command { std: CARGO_HOME="/workspace/cargo-home" RUSTUP_HOME="/workspace/rustup-home" "/workspace/cargo-home/bin/cargo" "+1.100.0-beta.1" "fetch" "--manifest-path" "Cargo.toml", kill_on_drop: false }`
[INFO] [stderr]     Blocking waiting for file lock on package cache
[INFO] running `Command { std: "docker" "create" "-v" "/var/lib/crater-agent-workspace/builds/worker-5-tc2/source:/opt/rustwide/workdir:ro,Z" "-v" "/var/lib/crater-agent-workspace/builds/worker-5-tc2/target:/opt/rustwide/target:rw,Z" "-v" "/var/lib/crater-agent-workspace/cargo-home:/opt/rustwide/cargo-home:ro,Z" "-v" "/var/lib/crater-agent-workspace/rustup-home:/opt/rustwide/rustup-home:ro,Z" "-m" "1610612736" "--network" "none" "ghcr.io/rust-lang/crates-build-env/linux@sha256:3111399a4047eeb3a02b7a90e478d715f38a8c6669b5c4b49d30a17385265909" "sleep" "infinity", kill_on_drop: false }`
[INFO] [stdout] a2ef45f54a39fd40300dc14752a70eb45e935e09a75b5334e1136bc7b2a60374
[INFO] running `Command { std: "docker" "start" "a2ef45f54a39fd40300dc14752a70eb45e935e09a75b5334e1136bc7b2a60374", kill_on_drop: false }`
[INFO] running `Command { std: "docker" "inspect" "a2ef45f54a39fd40300dc14752a70eb45e935e09a75b5334e1136bc7b2a60374", kill_on_drop: false }`
[INFO] running `Command { std: "docker" "exec" "-e" "SOURCE_DIR=/opt/rustwide/workdir" "-e" "CARGO_HOME=/opt/rustwide/cargo-home" "-e" "RUSTUP_HOME=/opt/rustwide/rustup-home" "-e" "CARGO_TARGET_DIR=/opt/rustwide/target" "-w" "/opt/rustwide/workdir" "--user" "0:0" "a2ef45f54a39fd40300dc14752a70eb45e935e09a75b5334e1136bc7b2a60374" "/opt/rustwide/cargo-home/bin/cargo" "+1.100.0-beta.1" "metadata" "--no-deps" "--format-version=1", kill_on_drop: false }`
[INFO] running `Command { std: "docker" "inspect" "a2ef45f54a39fd40300dc14752a70eb45e935e09a75b5334e1136bc7b2a60374", kill_on_drop: false }`
[INFO] running `Command { std: "docker" "exec" "-e" "SOURCE_DIR=/opt/rustwide/workdir" "-e" "CARGO_HOME=/opt/rustwide/cargo-home" "-e" "RUSTUP_HOME=/opt/rustwide/rustup-home" "-e" "CARGO_TARGET_DIR=/opt/rustwide/target" "-e" "CARGO_INCREMENTAL=0" "-e" "RUST_BACKTRACE=full" "-e" "RUSTFLAGS=--cap-lints=warn" "-e" "RUSTDOCFLAGS=--cap-lints=warn" "-w" "/opt/rustwide/workdir" "--user" "0:0" "a2ef45f54a39fd40300dc14752a70eb45e935e09a75b5334e1136bc7b2a60374" "/opt/rustwide/cargo-home/bin/cargo" "+1.100.0-beta.1" "build" "--frozen" "--message-format=json", kill_on_drop: false }`
[INFO] [stderr]    Compiling subtle v2.6.1
[INFO] [stderr]    Compiling typenum v1.20.1
[INFO] [stderr]    Compiling find-msvc-tools v0.1.10
[INFO] [stderr]    Compiling num-traits v0.2.19
[INFO] [stderr]    Compiling pkg-config v0.3.34
[INFO] [stderr]    Compiling crossbeam-epoch v0.9.20
[INFO] [stderr]    Compiling crossbeam-deque v0.8.7
[INFO] [stderr]    Compiling serde_core v1.0.229
[INFO] [stderr]    Compiling either v1.17.0
[INFO] [stderr]    Compiling syn v3.0.3
[INFO] [stderr]    Compiling jobserver v0.1.35
[INFO] [stderr]    Compiling bitflags v2.13.1
[INFO] [stderr]    Compiling once_cell v1.21.4
[INFO] [stderr]    Compiling generic-array v0.14.7
[INFO] [stderr]    Compiling hashbrown v0.17.1
[INFO] [stderr]    Compiling rustix v1.1.4
[INFO] [stderr]    Compiling syn v1.0.109
[INFO] [stderr]    Compiling serde v1.0.229
[INFO] [stderr]    Compiling getrandom v0.3.4
[INFO] [stderr]    Compiling serde_json v1.0.151
[INFO] [stderr]    Compiling tracing-core v0.1.36
[INFO] [stderr]    Compiling linux-raw-sys v0.12.1
[INFO] [stderr]    Compiling bytes v1.12.1
[INFO] [stderr]    Compiling cc v1.4.2
[INFO] [stderr]    Compiling same-file v1.0.6
[INFO] [stderr]    Compiling anyhow v1.0.104
[INFO] [stderr]    Compiling walkdir v2.5.0
[INFO] [stderr]    Compiling dirs-sys v0.3.7
[INFO] [stderr]    Compiling thiserror v2.0.20
[INFO] [stderr]    Compiling rayon-core v1.13.0
[INFO] [stderr]    Compiling fastrand v2.5.0
[INFO] [stderr]    Compiling aleo-std v1.0.3
[INFO] [stderr]    Compiling tracing v0.1.44
[INFO] [stderr]    Compiling dirs v4.0.0
[INFO] [stderr]    Compiling cmov v0.5.4
[INFO] [stderr]    Compiling aleo-std-cpu v1.0.3
[INFO] [stderr]    Compiling aleo-std-profiler v1.0.3
[INFO] [stderr]    Compiling aleo-std-timer v1.0.3
[INFO] [stderr]    Compiling num-integer v0.1.47
[INFO] [stderr]    Compiling snarkvm-utilities-derives v4.11.0
[INFO] [stderr]    Compiling rand_xorshift v0.5.0
[INFO] [stderr]    Compiling smol_str v0.2.2
[INFO] [stderr]    Compiling colored v3.1.1
[INFO] [stderr]    Compiling itertools v0.14.0
[INFO] [stderr]    Compiling ctutils v0.4.2
[INFO] [stderr]    Compiling dunce v1.0.5
[INFO] [stderr]    Compiling const-oid v0.10.2
[INFO] [stderr]    Compiling num-bigint v0.4.8
[INFO] [stderr]    Compiling fs_extra v1.3.0
[INFO] [stderr]    Compiling aws-lc-rs v1.18.0
[INFO] [stderr]    Compiling http v1.3.1
[INFO] [stderr]    Compiling rustls-pki-types v1.15.1
[INFO] [stderr]    Compiling rayon v1.12.0
[INFO] [stderr]    Compiling hybrid-array v0.4.14
[INFO] [stderr]    Compiling getrandom v0.2.17
[INFO] [stderr]    Compiling bech32 v0.11.1
[INFO] [stderr]    Compiling cmake v0.1.58
[INFO] [stderr]    Compiling crypto-common v0.2.2
[INFO] [stderr]    Compiling block-buffer v0.12.1
[INFO] [stderr]    Compiling cpubits v0.1.1
[INFO] [stderr]    Compiling crypto-bigint v0.7.5
[INFO] [stderr]    Compiling ff v0.14.0
[INFO] [stderr]    Compiling rustls v0.23.45
[INFO] [stderr]    Compiling group v0.14.0
[INFO] [stderr]    Compiling der v0.8.1
[INFO] [stderr]    Compiling base16ct v1.0.0
[INFO] [stderr]    Compiling simd-adler32 v0.3.10
[INFO] [stderr]    Compiling crunchy v0.2.4
[INFO] [stderr]    Compiling paste v1.0.15
[INFO] [stderr]    Compiling base64 v0.23.1
[INFO] [stderr]    Compiling miniz_oxide v0.8.9
[INFO] [stderr]    Compiling tiny-keccak v2.0.2
[INFO] [stderr]    Compiling crypto-common v0.1.7
[INFO] [stderr]    Compiling block-buffer v0.10.4
[INFO] [stderr]    Compiling digest v0.11.3
[INFO] [stderr]    Compiling digest v0.10.7
[INFO] [stderr]    Compiling ring v0.17.14
[INFO] [stderr]    Compiling aws-lc-sys v0.44.0
[INFO] [stderr]    Compiling hmac v0.13.0
[INFO] [stderr]    Compiling sha2 v0.11.0
[INFO] [stderr]    Compiling signature v3.0.0
[INFO] [stderr]    Compiling lazy_static v1.5.0
[INFO] [stderr]    Compiling sec1 v0.8.1
[INFO] [stderr]    Compiling ureq-proto v0.6.1
[INFO] [stderr]    Compiling flate2 v1.1.9
[INFO] [stderr]    Compiling tempfile v3.27.0
[INFO] [stderr]    Compiling webpki-roots v1.0.9
[INFO] [stderr]    Compiling arrayref v0.3.9
[INFO] [stderr]    Compiling arrayvec v0.7.8
[INFO] [stderr]    Compiling constant_time_eq v0.4.2
[INFO] [stderr]    Compiling aleo-std-storage v1.0.3
[INFO] [stderr]    Compiling blake2s_simd v1.0.4
[INFO] [stderr]    Compiling blake2 v0.10.6
[INFO] [stderr]    Compiling foldhash v0.1.5
[INFO] [stderr]    Compiling fxhash v0.2.1
[INFO] [stderr]    Compiling enum-iterator-derive v1.5.0
[INFO] [stderr]    Compiling snarkvm-circuit-environment-witness v4.11.0
[INFO] [stderr]    Compiling hashbrown v0.15.5
[INFO] [stderr]    Compiling unicode-xid v0.0.4
[INFO] [stderr]    Compiling bs58 v0.5.1
[INFO] [stderr]    Compiling quote v0.3.15
[INFO] [stderr]    Compiling synom v0.11.3
[INFO] [stderr]    Compiling num-derive v0.4.2
[INFO] [stderr]    Compiling enum_index v0.2.0
[INFO] [stderr]    Compiling seq-macro v0.3.6
[INFO] [stderr]    Compiling syn v0.11.11
[INFO] [stderr]    Compiling zerocopy v0.8.56
[INFO] [stderr]    Compiling futures-core v0.3.34
[INFO] [stderr]    Compiling futures-sink v0.3.34
[INFO] [stderr]    Compiling lru v0.18.2
[INFO] [stderr]    Compiling futures-task v0.3.34
[INFO] [stderr]    Compiling enum-iterator v2.3.0
[INFO] [stderr]    Compiling futures-channel v0.3.34
[INFO] [stderr]    Compiling slab v0.4.12
[INFO] [stderr]    Compiling futures-io v0.3.34
[INFO] [stderr]    Compiling litemap v0.8.3
[INFO] [stderr]    Compiling writeable v0.6.4
[INFO] [stderr]    Compiling icu_normalizer_data v2.3.0
[INFO] [stderr]    Compiling indexmap v2.14.0
[INFO] [stderr]    Compiling icu_properties_data v2.3.0
[INFO] [stderr]    Compiling http-body v1.1.0
[INFO] [stderr]    Compiling sync_wrapper v1.0.2
[INFO] [stderr]    Compiling form_urlencoded v1.2.2
[INFO] [stderr]    Compiling ipnet v2.12.1
[INFO] [stderr]    Compiling rustls-native-certs v0.8.4
[INFO] [stderr]    Compiling http-body-util v0.1.5
[INFO] [stderr]    Compiling libz-sys v1.1.29
[INFO] [stderr]    Compiling overload v0.1.1
[INFO] [stderr]    Compiling nu-ansi-term v0.46.0
[INFO] [stderr]    Compiling sharded-slab v0.1.7
[INFO] [stderr]    Compiling primefield v0.14.0
[INFO] [stderr]    Compiling elliptic-curve v0.14.1
[INFO] [stderr]    Compiling rfc6979 v0.6.0
[INFO] [stderr]    Compiling inout v0.1.4
[INFO] [stderr]    Compiling wnaf v0.14.1
[INFO] [stderr]    Compiling tracing-log v0.2.0
[INFO] [stderr]    Compiling cipher v0.4.4
[INFO] [stderr]    Compiling libgit2-sys v0.18.7+1.9.6
[INFO] [stderr]    Compiling universal-hash v0.5.1
[INFO] [stderr]    Compiling time v0.3.55
[INFO] [stderr]    Compiling enum_index_derive v0.2.0
[INFO] [stderr]    Compiling tracing-subscriber v0.3.19
[INFO] [stderr]    Compiling polyval v0.6.2
[INFO] [stderr]    Compiling curve25519-dalek v4.1.3
[INFO] [stderr]    Compiling aead v0.5.2
[INFO] [stderr]    Compiling aes v0.8.4
[INFO] [stderr]    Compiling ctr v0.9.2
[INFO] [stderr]    Compiling ecdsa v0.17.0
[INFO] [stderr]    Compiling primeorder v0.14.0
[INFO] [stderr]    Compiling chacha20 v0.9.1
[INFO] [stderr]    Compiling ghash v0.5.1
[INFO] [stderr]    Compiling poly1305 v0.8.0
[INFO] [stderr]    Compiling snow v0.10.0
[INFO] [stderr]    Compiling sha2 v0.10.9
[INFO] [stderr]    Compiling smol_str v0.3.2
[INFO] [stderr]    Compiling aes-gcm v0.10.3
[INFO] [stderr]    Compiling chacha20poly1305 v0.10.1
[INFO] [stderr]    Compiling k256 v0.14.0
[INFO] [stderr]    Compiling linked-hash-map v0.5.6
[INFO] [stderr]    Compiling serde_derive v1.0.229
[INFO] [stderr]    Compiling thiserror-impl v2.0.20
[INFO] [stderr]    Compiling tokio-macros v2.7.2
[INFO] [stderr]    Compiling zerovec-derive v0.11.4
[INFO] [stderr]    Compiling displaydoc v0.2.7
[INFO] [stderr]    Compiling futures-macro v0.3.34
[INFO] [stderr]    Compiling async-trait v0.1.92
[INFO] [stderr]    Compiling aleo-std-timed v1.0.3
[INFO] [stderr]    Compiling aleo-std-time v1.0.3
[INFO] [stderr]    Compiling tokio v1.53.1
[INFO] [stderr]    Compiling zerotrie v0.2.5
[INFO] [stderr]    Compiling futures-util v0.3.34
[INFO] [stderr]    Compiling zerovec v0.11.7
[INFO] [stderr]    Compiling tinystr v0.8.4
[INFO] [stderr]    Compiling potential_utf v0.1.6
[INFO] [stderr]    Compiling icu_locale_core v2.3.0
[INFO] [stderr]    Compiling icu_collections v2.3.0
[INFO] [stderr]    Compiling icu_provider v2.3.0
[INFO] [stderr]    Compiling icu_properties v2.3.0
[INFO] [stderr]    Compiling ppv-lite86 v0.2.21
[INFO] [stderr]    Compiling icu_normalizer v2.3.0
[INFO] [stderr]    Compiling rand_chacha v0.10.0
[INFO] [stderr]    Compiling bincode v1.3.3
[INFO] [stderr]    Compiling snarkvm-utilities v4.11.0
[INFO] [stderr]    Compiling futures-executor v0.3.34
[INFO] [stderr]    Compiling futures v0.3.34
[INFO] [stderr]    Compiling snarkvm-fields v4.11.0
[INFO] [stderr]    Compiling idna_adapter v1.2.2
[INFO] [stderr]    Compiling idna v1.1.0
[INFO] [stderr]    Compiling hyper v1.11.0
[INFO] [stderr]    Compiling url v2.5.8
[INFO] [stderr]    Compiling tower v0.5.3
[INFO] [stderr]    Compiling tokio-util v0.7.19
[INFO] [stderr]    Compiling snarkos-utilities v4.11.0
[INFO] [stderr]    Compiling tokio-stream v0.1.19
[INFO] [stderr]    Compiling snarkos-node-sync-communication-service v4.11.0
[INFO] [stderr]    Compiling snarkvm-curves v4.11.0
[INFO] [stderr]    Compiling tower-http v0.6.11
[INFO] [stderr]    Compiling snarkos-node-tcp v4.11.0
[INFO] [stderr]    Compiling hyper-util v0.1.20
[INFO] [stderr]    Compiling snarkvm-console-network-environment v4.11.0
[INFO] [stderr]    Compiling snarkvm-console-types-boolean v4.11.0
[INFO] [stderr]    Compiling snarkvm-console-types-field v4.11.0
[INFO] [stderr]    Compiling snarkvm-console-types-scalar v4.11.0
[INFO] [stderr]    Compiling snarkvm-console-types-group v4.11.0
[INFO] [stderr]    Compiling snarkvm-console-types-integers v4.11.0
[INFO] [stderr]    Compiling snarkvm-console-types-address v4.11.0
[INFO] [stderr]    Compiling snarkvm-console-types-string v4.11.0
[INFO] [stderr]    Compiling snarkvm-console-types v4.11.0
[INFO] [stderr]    Compiling snarkvm-console-algorithms v4.11.0
[INFO] [stderr]    Compiling git2 v0.21.0
[INFO] [stderr]    Compiling snarkvm-console-collections v4.11.0
[INFO] [stderr]    Compiling built v0.8.1
[INFO] [stderr]    Compiling snarkos-node-network v4.11.0
[INFO] [stderr]    Compiling rustls-webpki v0.103.14
[INFO] [stderr]    Compiling ureq v3.4.0
[INFO] [stderr]    Compiling tokio-rustls v0.26.4
[INFO] [stderr]    Compiling rustls-platform-verifier v0.7.0
[INFO] [stderr]    Compiling hyper-rustls v0.27.9
[INFO] [stderr]    Compiling reqwest v0.13.4
[INFO] [stderr]    Compiling snarkvm-parameters v4.11.0
[INFO] [stderr]    Compiling snarkvm-algorithms v4.11.0
[INFO] [stderr]    Compiling snarkvm-console-network v4.11.0
[INFO] [stderr]    Compiling snarkvm-circuit-environment v4.11.0
[INFO] [stderr]    Compiling snarkvm-console-account v4.11.0
[INFO] [stderr]    Compiling snarkvm-console-program v4.11.0
[INFO] [stderr]    Compiling snarkvm-circuit-types-boolean v4.11.0
[INFO] [stderr]    Compiling snarkvm-circuit-types-field v4.11.0
[INFO] [stderr]    Compiling snarkvm-circuit-types-scalar v4.11.0
[INFO] [stderr]    Compiling snarkvm-circuit-types-group v4.11.0
[INFO] [stderr]    Compiling snarkvm-circuit-types-integers v4.11.0
[INFO] [stderr]    Compiling snarkvm-circuit-types-address v4.11.0
[INFO] [stderr]    Compiling snarkvm-circuit-types-string v4.11.0
[INFO] [stderr]    Compiling snarkvm-circuit-types v4.11.0
[INFO] [stderr]    Compiling snarkvm-circuit-algorithms v4.11.0
[INFO] [stderr]    Compiling snarkvm-circuit-collections v4.11.0
[INFO] [stderr]    Compiling snarkvm-circuit-network v4.11.0
[INFO] [stderr]    Compiling snarkvm-console v4.11.0
[INFO] [stderr]    Compiling snarkvm-synthesizer-error v4.11.0
[INFO] [stderr]    Compiling snarkvm-ledger-puzzle v4.11.0
[INFO] [stderr]    Compiling snarkvm-ledger-narwhal-data v4.11.0
[INFO] [stderr]    Compiling snarkvm-circuit-account v4.11.0
[INFO] [stderr]    Compiling snarkvm-ledger-narwhal-transmission-id v4.11.0
[INFO] [stderr]    Compiling snarkvm-ledger-narwhal-batch-header v4.11.0
[INFO] [stderr]    Compiling snarkvm-circuit-program v4.11.0
[INFO] [stderr]    Compiling snarkvm-ledger-committee v4.11.0
[INFO] [stderr]    Compiling snarkvm-ledger-narwhal-batch-certificate v4.11.0
[INFO] [stderr]    Compiling snarkvm-ledger-narwhal-subdag v4.11.0
[INFO] [stderr]    Compiling snarkvm-ledger-authority v4.11.0
[INFO] [stderr]    Compiling snarkvm-circuit v4.11.0
[INFO] [stderr]    Compiling snarkvm-synthesizer-snark v4.11.0
[INFO] [stderr]    Compiling snarkvm-synthesizer-program v4.11.0
[INFO] [stderr]    Compiling snarkvm-ledger-block v4.11.0
[INFO] [stderr]    Compiling snarkvm-ledger-store v4.11.0
[INFO] [stderr]    Compiling snarkvm-ledger-narwhal-transmission v4.11.0
[INFO] [stderr]    Compiling snarkvm-ledger-narwhal v4.11.0
[INFO] [stderr]    Compiling snarkvm-ledger-query v4.11.0
[INFO] [stderr]    Compiling snarkvm-synthesizer-process v4.11.0
[INFO] [stderr]    Compiling snarkvm-ledger-puzzle-epoch v4.11.0
[INFO] [stderr]    Compiling snarkvm-synthesizer v4.11.0
[INFO] [stderr]    Compiling snarkvm-ledger v4.11.0
[INFO] [stderr]    Compiling snarkvm v4.11.0
[INFO] [stderr]    Compiling snarkos-node-sync-locators v4.11.0
[INFO] [stderr]    Compiling snarkos-account v4.11.0
[INFO] [stderr]    Compiling snarkos-node-bft-ledger-service v4.11.0
[INFO] [stderr]    Compiling snarkos-node-bft-events v4.11.0
[INFO] [stderr]    Compiling snarkos-node-router-messages v4.11.0
[INFO] [stderr]    Compiling snarkos-node-router v4.11.0 (/opt/rustwide/workdir)
[INFO] [stderr]     Finished `dev` profile [unoptimized + debuginfo] target(s) in 2m 51s
[INFO] [stderr] warning: the following packages contain code that will be rejected by a future version of Rust: syn v0.11.11
[INFO] [stderr] note: to see what the problems were, use the option `--future-incompat-report`, or run `cargo report future-incompatibilities --id 4`
[INFO] running `Command { std: "docker" "inspect" "a2ef45f54a39fd40300dc14752a70eb45e935e09a75b5334e1136bc7b2a60374", kill_on_drop: false }`
[INFO] running `Command { std: "docker" "exec" "-e" "SOURCE_DIR=/opt/rustwide/workdir" "-e" "CARGO_HOME=/opt/rustwide/cargo-home" "-e" "RUSTUP_HOME=/opt/rustwide/rustup-home" "-e" "CARGO_TARGET_DIR=/opt/rustwide/target" "-e" "CARGO_INCREMENTAL=0" "-e" "RUST_BACKTRACE=full" "-e" "RUSTFLAGS=--cap-lints=warn" "-e" "RUSTDOCFLAGS=--cap-lints=warn" "-w" "/opt/rustwide/workdir" "--user" "0:0" "a2ef45f54a39fd40300dc14752a70eb45e935e09a75b5334e1136bc7b2a60374" "/opt/rustwide/cargo-home/bin/cargo" "+1.100.0-beta.1" "test" "--frozen" "--no-run" "--message-format=json", kill_on_drop: false }`
[INFO] [stderr]    Compiling num-integer v0.1.47
[INFO] [stderr]    Compiling crypto-bigint v0.7.5
[INFO] [stderr]    Compiling ring v0.17.14
[INFO] [stderr]    Compiling structmeta-derive v0.2.0
[INFO] [stderr]    Compiling wait-timeout v0.2.1
[INFO] [stderr]    Compiling rand_xorshift v0.3.0
[INFO] [stderr]    Compiling regex-syntax v0.8.11
[INFO] [stderr]    Compiling rand_distr v0.6.0
[INFO] [stderr]    Compiling rand_chacha v0.3.1
[INFO] [stderr]    Compiling deadline v0.2.0
[INFO] [stderr]    Compiling peak_alloc v0.2.1
[INFO] [stderr]    Compiling rusty-fork v0.3.1
[INFO] [stderr]    Compiling rand v0.8.7
[INFO] [stderr]    Compiling num-bigint v0.4.8
[INFO] [stderr]    Compiling structmeta v0.2.0
[INFO] [stderr]    Compiling test-strategy v0.3.1
[INFO] [stderr]    Compiling snarkvm-utilities v4.11.0
[INFO] [stderr]    Compiling snarkvm-fields v4.11.0
[INFO] [stderr]    Compiling rustls-webpki v0.103.14
[INFO] [stderr]    Compiling snow v0.10.0
[INFO] [stderr]    Compiling primefield v0.14.0
[INFO] [stderr]    Compiling elliptic-curve v0.14.1
[INFO] [stderr]    Compiling rfc6979 v0.6.0
[INFO] [stderr]    Compiling wnaf v0.14.1
[INFO] [stderr]    Compiling proptest v1.6.0
[INFO] [stderr]    Compiling ecdsa v0.17.0
[INFO] [stderr]    Compiling rustls v0.23.45
[INFO] [stderr]    Compiling primeorder v0.14.0
[INFO] [stderr]    Compiling k256 v0.14.0
[INFO] [stderr]    Compiling snarkvm-curves v4.11.0
[INFO] [stderr]    Compiling snarkvm-console-network-environment v4.11.0
[INFO] [stderr]    Compiling snarkvm-console-types-boolean v4.11.0
[INFO] [stderr]    Compiling snarkvm-console-types-field v4.11.0
[INFO] [stderr]    Compiling snarkvm-console-types-scalar v4.11.0
[INFO] [stderr]    Compiling snarkvm-console-types-group v4.11.0
[INFO] [stderr]    Compiling snarkvm-console-types-integers v4.11.0
[INFO] [stderr]    Compiling snarkvm-console-types-address v4.11.0
[INFO] [stderr]    Compiling snarkvm-console-types-string v4.11.0
[INFO] [stderr]    Compiling snarkvm-console-types v4.11.0
[INFO] [stderr]    Compiling snarkvm-console-algorithms v4.11.0
[INFO] [stderr]    Compiling snarkvm-console-collections v4.11.0
[INFO] [stderr]    Compiling ureq v3.4.0
[INFO] [stderr]    Compiling tokio-rustls v0.26.4
[INFO] [stderr]    Compiling rustls-platform-verifier v0.7.0
[INFO] [stderr]    Compiling hyper-rustls v0.27.9
[INFO] [stderr]    Compiling reqwest v0.13.4
[INFO] [stderr]    Compiling snarkvm-parameters v4.11.0
[INFO] [stderr]    Compiling snarkvm-algorithms v4.11.0
[INFO] [stderr]    Compiling snarkvm-console-network v4.11.0
[INFO] [stderr]    Compiling snarkvm-circuit-environment v4.11.0
[INFO] [stderr]    Compiling snarkvm-console-account v4.11.0
[INFO] [stderr]    Compiling snarkvm-console-program v4.11.0
[INFO] [stderr]    Compiling snarkvm-circuit-types-boolean v4.11.0
[INFO] [stderr]    Compiling snarkvm-circuit-types-field v4.11.0
[INFO] [stderr]    Compiling snarkvm-circuit-types-scalar v4.11.0
[INFO] [stderr]    Compiling snarkvm-circuit-types-group v4.11.0
[INFO] [stderr]    Compiling snarkvm-circuit-types-integers v4.11.0
[INFO] [stderr]    Compiling snarkvm-circuit-types-address v4.11.0
[INFO] [stderr]    Compiling snarkvm-circuit-types-string v4.11.0
[INFO] [stderr]    Compiling snarkvm-circuit-types v4.11.0
[INFO] [stderr]    Compiling snarkvm-circuit-algorithms v4.11.0
[INFO] [stderr]    Compiling snarkvm-circuit-collections v4.11.0
[INFO] [stderr]    Compiling snarkvm-circuit-network v4.11.0
[INFO] [stderr]    Compiling snarkvm-circuit-account v4.11.0
[INFO] [stderr]    Compiling snarkvm-console v4.11.0
[INFO] [stderr]    Compiling snarkvm-synthesizer-error v4.11.0
[INFO] [stderr]    Compiling snarkvm-ledger-puzzle v4.11.0
[INFO] [stderr]    Compiling snarkvm-ledger-narwhal-data v4.11.0
[INFO] [stderr]    Compiling snarkvm-circuit-program v4.11.0
[INFO] [stderr]    Compiling snarkvm-ledger-narwhal-transmission-id v4.11.0
[INFO] [stderr]    Compiling snarkvm-ledger-narwhal-batch-header v4.11.0
[INFO] [stderr]    Compiling snarkvm-ledger-committee v4.11.0
[INFO] [stderr]    Compiling snarkvm-ledger-narwhal-batch-certificate v4.11.0
[INFO] [stderr]    Compiling snarkvm-ledger-narwhal-subdag v4.11.0
[INFO] [stderr]    Compiling snarkvm-ledger-authority v4.11.0
[INFO] [stderr]    Compiling snarkvm-circuit v4.11.0
[INFO] [stderr]    Compiling snarkvm-synthesizer-snark v4.11.0
[INFO] [stderr]    Compiling snarkvm-synthesizer-program v4.11.0
[INFO] [stderr]    Compiling snarkvm-ledger-block v4.11.0
[INFO] [stderr]    Compiling snarkvm-ledger-store v4.11.0
[INFO] [stderr]    Compiling snarkvm-ledger-narwhal-transmission v4.11.0
[INFO] [stderr]    Compiling snarkvm-ledger-narwhal v4.11.0
[INFO] [stderr]    Compiling snarkvm-ledger-query v4.11.0
[INFO] [stderr]    Compiling snarkvm-synthesizer-process v4.11.0
[INFO] [stderr]    Compiling snarkvm-ledger-puzzle-epoch v4.11.0
[INFO] [stderr]    Compiling snarkvm-ledger-test-helpers v4.11.0
[INFO] [stderr]    Compiling snarkvm-synthesizer v4.11.0
[INFO] [stderr]    Compiling snarkvm-ledger v4.11.0
[INFO] [stderr]    Compiling snarkvm v4.11.0
[INFO] [stderr]    Compiling snarkos-node-network v4.11.0
[INFO] [stderr]    Compiling snarkos-node-sync-locators v4.11.0
[INFO] [stderr]    Compiling snarkos-node-bft-ledger-service v4.11.0
[INFO] [stderr]    Compiling snarkos-account v4.11.0
[INFO] [stderr]    Compiling snarkos-node-bft-events v4.11.0
[INFO] [stderr]    Compiling snarkos-node-router-messages v4.11.0
[INFO] [stderr]    Compiling snarkos-node-router v4.11.0 (/opt/rustwide/workdir)
[INFO] [stdout] error[E0432]: unresolved import `snarkos_node_router::test_helpers`
[INFO] [stdout]   --> tests/common/mod.rs:21:30
[INFO] [stdout]    |
[INFO] [stdout] 21 | pub use snarkos_node_router::test_helpers::*;
[INFO] [stdout]    |                              ^^^^^^^^^^^^ could not find `test_helpers` in `snarkos_node_router`
[INFO] [stdout] 
[INFO] [stdout] 
[INFO] [stdout] error[E0432]: unresolved import `snarkos_node_router::test_helpers`
[INFO] [stdout]   --> tests/common/mod.rs:21:30
[INFO] [stdout]    |
[INFO] [stdout] 21 | pub use snarkos_node_router::test_helpers::*;
[INFO] [stdout]    |                              ^^^^^^^^^^^^ could not find `test_helpers` in `snarkos_node_router`
[INFO] [stdout] 
[INFO] [stdout] 
[INFO] [stdout] error[E0432]: unresolved import `snarkos_node_router::test_helpers`
[INFO] [stdout]   --> tests/common/mod.rs:21:30
[INFO] [stdout]    |
[INFO] [stdout] 21 | pub use snarkos_node_router::test_helpers::*;
[INFO] [stdout]    |                              ^^^^^^^^^^^^ could not find `test_helpers` in `snarkos_node_router`
[INFO] [stdout] 
[INFO] [stdout] 
[INFO] [stdout] warning: unused import: `common::*`
[INFO] [stdout]   --> tests/cleanups.rs:17:5
[INFO] [stdout]    |
[INFO] [stdout] 17 | use common::*;
[INFO] [stdout]    |     ^^^^^^^^^
[INFO] [stdout]    |
[INFO] [stdout]    = note: `#[warn(unused_imports)]` (part of `#[warn(unused)]`) on by default
[INFO] [stdout] 
[INFO] [stdout] 
[INFO] [stdout] warning: unused import: `common::*`
[INFO] [stdout]   --> tests/disconnect.rs:17:5
[INFO] [stdout]    |
[INFO] [stdout] 17 | use common::*;
[INFO] [stdout]    |     ^^^^^^^^^
[INFO] [stdout]    |
[INFO] [stdout]    = note: `#[warn(unused_imports)]` (part of `#[warn(unused)]`) on by default
[INFO] [stdout] 
[INFO] [stdout] 
[INFO] [stdout] warning: unused import: `common::*`
[INFO] [stdout]   --> tests/heartbeat.rs:17:5
[INFO] [stdout]    |
[INFO] [stdout] 17 | use common::*;
[INFO] [stdout]    |     ^^^^^^^^^
[INFO] [stdout]    |
[INFO] [stdout]    = note: `#[warn(unused_imports)]` (part of `#[warn(unused)]`) on by default
[INFO] [stdout] 
[INFO] [stdout] 
[INFO] [stdout] error[E0432]: unresolved import `snarkos_node_router::test_helpers`
[INFO] [stdout]   --> tests/common/mod.rs:21:30
[INFO] [stdout]    |
[INFO] [stdout] 21 | pub use snarkos_node_router::test_helpers::*;
[INFO] [stdout]    |                              ^^^^^^^^^^^^ could not find `test_helpers` in `snarkos_node_router`
[INFO] [stdout] 
[INFO] [stdout] 
[INFO] [stdout] warning: unused import: `common::*`
[INFO] [stdout]   --> tests/connect.rs:17:5
[INFO] [stdout]    |
[INFO] [stdout] 17 | use common::*;
[INFO] [stdout]    |     ^^^^^^^^^
[INFO] [stdout]    |
[INFO] [stdout]    = note: `#[warn(unused_imports)]` (part of `#[warn(unused)]`) on by default
[INFO] [stdout] 
[INFO] [stdout] 
[INFO] [stdout] warning: method call on a diverging inference variable
[INFO] [stdout]   --> tests/cleanups.rs:54:14
[INFO] [stdout]    |
[INFO] [stdout] 54 |     nodes[0].enable_handshake().await;
[INFO] [stdout]    |              ^^^^^^^^^^^^^^^^
[INFO] [stdout]    |
[INFO] [stdout]    = help: consider providing a type annotation
[INFO] [stdout]    = warning: this was previously accepted by the compiler but is being phased out; it will become a hard error in a future release!
[INFO] [stdout]    = note: for more information, see issue #156047 <https://github.com/rust-lang/rust/issues/156047>
[INFO] [stdout]    = note: `#[warn(method_call_on_diverging_infer_var)]` (part of `#[warn(future_incompatible)]`) on by default
[INFO] [stdout] 
[INFO] [stdout] 
[INFO] [stdout] error[E0308]: mismatched types
[INFO] [stdout]   --> tests/cleanups.rs:50:20
[INFO] [stdout]    |
[INFO] [stdout] 50 |         nodes.push(node);
[INFO] [stdout]    |                    ^^^^ expected `&_`, found `!`
[INFO] [stdout]    |
[INFO] [stdout]    = note: expected reference `&_`
[INFO] [stdout]                    found type `!`
[INFO] [stdout] 
[INFO] [stdout] 
[INFO] [stdout] For more information about this error, try `rustc --explain E0432`.
[INFO] [stdout] 
[INFO] [stderr] error: could not compile `snarkos-node-router` (test "disconnect") due to 1 previous error; 1 warning emitted
[INFO] [stderr] warning: build failed, waiting for other jobs to finish...
[INFO] [stdout] For more information about this error, try `rustc --explain E0432`.
[INFO] [stdout] 
[INFO] [stderr] error: could not compile `snarkos-node-router` (test "connect") due to 1 previous error; 1 warning emitted
[INFO] [stdout] For more information about this error, try `rustc --explain E0432`.
[INFO] [stdout] 
[INFO] [stderr] error: could not compile `snarkos-node-router` (test "heartbeat") due to 1 previous error; 1 warning emitted
[INFO] [stdout] Some errors have detailed explanations: E0308, E0432.
[INFO] [stdout] 
[INFO] [stdout] For more information about an error, try `rustc --explain E0308`.
[INFO] [stdout] 
[INFO] [stderr] error: could not compile `snarkos-node-router` (test "cleanups") due to 2 previous errors; 3 warnings emitted
[INFO] running `Command { std: "docker" "inspect" "a2ef45f54a39fd40300dc14752a70eb45e935e09a75b5334e1136bc7b2a60374", kill_on_drop: false }`
[INFO] running `Command { std: "docker" "rm" "-f" "a2ef45f54a39fd40300dc14752a70eb45e935e09a75b5334e1136bc7b2a60374", kill_on_drop: false }`
[INFO] [stdout] a2ef45f54a39fd40300dc14752a70eb45e935e09a75b5334e1136bc7b2a60374
