[INFO] fetching crate sm_3d_camera_control 68.0.10...
[INFO] testing sm_3d_camera_control-68.0.10 against 1.100.0-beta.1 for beta-1.100-2
[INFO] extracting crate sm_3d_camera_control 68.0.10 into /workspace/builds/worker-5-tc2/source
[INFO] started tweaking crates.io crate sm_3d_camera_control 68.0.10
[INFO] removed 0 missing examples
[INFO] finished tweaking crates.io crate sm_3d_camera_control 68.0.10
[INFO] tweaked toml for crates.io crate sm_3d_camera_control 68.0.10 written to /workspace/builds/worker-5-tc2/source/Cargo.toml
[INFO] validating manifest of crates.io crate sm_3d_camera_control 68.0.10 on toolchain 1.100.0-beta.1
[INFO] running `Command { std: CARGO_HOME="/workspace/cargo-home" RUSTUP_HOME="/workspace/rustup-home" "/workspace/cargo-home/bin/cargo" "+1.100.0-beta.1" "metadata" "--manifest-path" "Cargo.toml" "--no-deps", kill_on_drop: false }`
[INFO] crate crates.io crate sm_3d_camera_control 68.0.10 already has a lockfile, it will not be regenerated
[INFO] running `Command { std: CARGO_HOME="/workspace/cargo-home" RUSTUP_HOME="/workspace/rustup-home" "/workspace/cargo-home/bin/cargo" "+1.100.0-beta.1" "fetch" "--manifest-path" "Cargo.toml", kill_on_drop: false }`
[INFO] running `Command { std: "docker" "create" "-v" "/var/lib/crater-agent-workspace/builds/worker-5-tc2/source:/opt/rustwide/workdir:ro,Z" "-v" "/var/lib/crater-agent-workspace/builds/worker-5-tc2/target:/opt/rustwide/target:rw,Z" "-v" "/var/lib/crater-agent-workspace/cargo-home:/opt/rustwide/cargo-home:ro,Z" "-v" "/var/lib/crater-agent-workspace/rustup-home:/opt/rustwide/rustup-home:ro,Z" "-m" "1610612736" "--network" "none" "ghcr.io/rust-lang/crates-build-env/linux@sha256:3111399a4047eeb3a02b7a90e478d715f38a8c6669b5c4b49d30a17385265909" "sleep" "infinity", kill_on_drop: false }`
[INFO] [stdout] d6b2f5910854b07cae810637323d013d40811898b140c20d0271bb147a7e377a
[INFO] running `Command { std: "docker" "start" "d6b2f5910854b07cae810637323d013d40811898b140c20d0271bb147a7e377a", kill_on_drop: false }`
[INFO] running `Command { std: "docker" "inspect" "d6b2f5910854b07cae810637323d013d40811898b140c20d0271bb147a7e377a", kill_on_drop: false }`
[INFO] running `Command { std: "docker" "exec" "-e" "SOURCE_DIR=/opt/rustwide/workdir" "-e" "CARGO_HOME=/opt/rustwide/cargo-home" "-e" "RUSTUP_HOME=/opt/rustwide/rustup-home" "-e" "CARGO_TARGET_DIR=/opt/rustwide/target" "-w" "/opt/rustwide/workdir" "--user" "0:0" "d6b2f5910854b07cae810637323d013d40811898b140c20d0271bb147a7e377a" "/opt/rustwide/cargo-home/bin/cargo" "+1.100.0-beta.1" "metadata" "--no-deps" "--format-version=1", kill_on_drop: false }`
[INFO] running `Command { std: "docker" "inspect" "d6b2f5910854b07cae810637323d013d40811898b140c20d0271bb147a7e377a", kill_on_drop: false }`
[INFO] running `Command { std: "docker" "exec" "-e" "SOURCE_DIR=/opt/rustwide/workdir" "-e" "CARGO_HOME=/opt/rustwide/cargo-home" "-e" "RUSTUP_HOME=/opt/rustwide/rustup-home" "-e" "CARGO_TARGET_DIR=/opt/rustwide/target" "-e" "CARGO_INCREMENTAL=0" "-e" "RUST_BACKTRACE=full" "-e" "RUSTFLAGS=--cap-lints=warn" "-e" "RUSTDOCFLAGS=--cap-lints=warn" "-w" "/opt/rustwide/workdir" "--user" "0:0" "d6b2f5910854b07cae810637323d013d40811898b140c20d0271bb147a7e377a" "/opt/rustwide/cargo-home/bin/cargo" "+1.100.0-beta.1" "build" "--frozen" "--message-format=json", kill_on_drop: false }`
[INFO] [stderr]    Compiling sm_3d_camera_control v68.0.10 (/opt/rustwide/workdir)
[INFO] [stderr]     Finished `dev` profile [unoptimized + debuginfo] target(s) in 0.08s
[INFO] running `Command { std: "docker" "inspect" "d6b2f5910854b07cae810637323d013d40811898b140c20d0271bb147a7e377a", kill_on_drop: false }`
[INFO] running `Command { std: "docker" "exec" "-e" "SOURCE_DIR=/opt/rustwide/workdir" "-e" "CARGO_HOME=/opt/rustwide/cargo-home" "-e" "RUSTUP_HOME=/opt/rustwide/rustup-home" "-e" "CARGO_TARGET_DIR=/opt/rustwide/target" "-e" "CARGO_INCREMENTAL=0" "-e" "RUST_BACKTRACE=full" "-e" "RUSTFLAGS=--cap-lints=warn" "-e" "RUSTDOCFLAGS=--cap-lints=warn" "-w" "/opt/rustwide/workdir" "--user" "0:0" "d6b2f5910854b07cae810637323d013d40811898b140c20d0271bb147a7e377a" "/opt/rustwide/cargo-home/bin/cargo" "+1.100.0-beta.1" "test" "--frozen" "--no-run" "--message-format=json", kill_on_drop: false }`
[INFO] [stderr]    Compiling sm_3d_camera_control v68.0.10 (/opt/rustwide/workdir)
[INFO] [stdout] error[E0432]: unresolved imports `sm_3d_camera_control::CameraControl`, `sm_3d_camera_control::CameraConfig`, `sm_3d_camera_control::LookAtConfig`
[INFO] [stdout]  --> examples/basic.rs:3:36
[INFO] [stdout]   |
[INFO] [stdout] 3 | use sm_3d_camera_control::{Camera, CameraControl, CameraConfig, LookAtConfig};
[INFO] [stdout]   |                                    ^^^^^^^^^^^^^  ^^^^^^^^^^^^  ^^^^^^^^^^^^ no `LookAtConfig` in the root
[INFO] [stdout]   |                                    |              |
[INFO] [stdout]   |                                    |              no `CameraConfig` in the root
[INFO] [stdout]   |                                    no `CameraControl` in the root
[INFO] [stdout] 
[INFO] [stdout] 
[INFO] [stdout] error[E0061]: this function takes 3 arguments but 1 argument was supplied
[INFO] [stdout]   --> examples/basic.rs:8:22
[INFO] [stdout]    |
[INFO] [stdout]  8 |     let mut camera = Camera::new(CameraConfig::default());
[INFO] [stdout]    |                      ^^^^^^^^^^^------------------------- two arguments of type `EulerAngles` and `f64` are missing
[INFO] [stdout]    |
[INFO] [stdout] note: associated function defined here
[INFO] [stdout]   --> src/lib.rs:38:12
[INFO] [stdout]    |
[INFO] [stdout] 38 |     pub fn new(position: Point3D, orientation: EulerAngles, focal_length: f64) -> Self {
[INFO] [stdout]    |            ^^^
[INFO] [stdout] help: provide the arguments
[INFO] [stdout]    |
[INFO] [stdout]  8 |     let mut camera = Camera::new(CameraConfig::default(), /* EulerAngles */, /* f64 */);
[INFO] [stdout]    |                                                         ++++++++++++++++++++++++++++++
[INFO] [stdout] 
[INFO] [stdout] 
[INFO] [stdout] error[E0599]: no method named `position` found for struct `Camera` in the current scope
[INFO] [stdout]  --> examples/basic.rs:9:54
[INFO] [stdout]   |
[INFO] [stdout] 9 |     println!("Initial camera position: {:?}", camera.position());
[INFO] [stdout]   |                                                      ^^^^^^^^-- help: remove the arguments
[INFO] [stdout]   |                                                      |
[INFO] [stdout]   |                                                      field, not a method
[INFO] [stdout] 
[INFO] [stdout] 
[INFO] [stdout] error[E0599]: no method named `move_forward` found for struct `Camera` in the current scope
[INFO] [stdout]   --> examples/basic.rs:11:12
[INFO] [stdout]    |
[INFO] [stdout] 11 |     camera.move_forward(1.0);
[INFO] [stdout]    |            ^^^^^^^^^^^^
[INFO] [stdout]    |
[INFO] [stdout] help: there is a method `move_to` with a similar name
[INFO] [stdout]    |
[INFO] [stdout] 11 -     camera.move_forward(1.0);
[INFO] [stdout] 11 +     camera.move_to(1.0);
[INFO] [stdout]    |
[INFO] [stdout] 
[INFO] [stdout] 
[INFO] [stdout] error[E0599]: no method named `position` found for struct `Camera` in the current scope
[INFO] [stdout]   --> examples/basic.rs:12:67
[INFO] [stdout]    |
[INFO] [stdout] 12 |     println!("Camera position after moving forward: {:?}", camera.position());
[INFO] [stdout]    |                                                                   ^^^^^^^^-- help: remove the arguments
[INFO] [stdout]    |                                                                   |
[INFO] [stdout]    |                                                                   field, not a method
[INFO] [stdout] 
[INFO] [stdout] 
[INFO] [stdout] error[E0599]: no method named `move_right` found for struct `Camera` in the current scope
[INFO] [stdout]   --> examples/basic.rs:14:12
[INFO] [stdout]    |
[INFO] [stdout] 14 |     camera.move_right(0.5);
[INFO] [stdout]    |            ^^^^^^^^^^ method not found in `Camera`
[INFO] [stdout] 
[INFO] [stdout] 
[INFO] [stdout] error[E0599]: no method named `position` found for struct `Camera` in the current scope
[INFO] [stdout]   --> examples/basic.rs:15:65
[INFO] [stdout]    |
[INFO] [stdout] 15 |     println!("Camera position after moving right: {:?}", camera.position());
[INFO] [stdout]    |                                                                 ^^^^^^^^-- help: remove the arguments
[INFO] [stdout]    |                                                                 |
[INFO] [stdout]    |                                                                 field, not a method
[INFO] [stdout] 
[INFO] [stdout] 
[INFO] [stdout] error[E0061]: this function takes 3 arguments but 1 argument was supplied
[INFO] [stdout]   --> examples/basic.rs:19:23
[INFO] [stdout]    |
[INFO] [stdout] 19 |     let mut camera2 = Camera::new(CameraConfig::default());
[INFO] [stdout]    |                       ^^^^^^^^^^^------------------------- two arguments of type `EulerAngles` and `f64` are missing
[INFO] [stdout]    |
[INFO] [stdout] note: associated function defined here
[INFO] [stdout]   --> src/lib.rs:38:12
[INFO] [stdout]    |
[INFO] [stdout] 38 |     pub fn new(position: Point3D, orientation: EulerAngles, focal_length: f64) -> Self {
[INFO] [stdout]    |            ^^^
[INFO] [stdout] help: provide the arguments
[INFO] [stdout]    |
[INFO] [stdout] 19 |     let mut camera2 = Camera::new(CameraConfig::default(), /* EulerAngles */, /* f64 */);
[INFO] [stdout]    |                                                          ++++++++++++++++++++++++++++++
[INFO] [stdout] 
[INFO] [stdout] 
[INFO] [stdout] error[E0599]: no method named `direction` found for struct `Camera` in the current scope
[INFO] [stdout]   --> examples/basic.rs:20:56
[INFO] [stdout]    |
[INFO] [stdout] 20 |     println!("Initial camera direction: {:?}", camera2.direction());
[INFO] [stdout]    |                                                        ^^^^^^^^^ method not found in `Camera`
[INFO] [stdout] 
[INFO] [stdout] 
[INFO] [stdout] error[E0599]: no method named `rotate_yaw` found for struct `Camera` in the current scope
[INFO] [stdout]   --> examples/basic.rs:22:13
[INFO] [stdout]    |
[INFO] [stdout] 22 |     camera2.rotate_yaw(45.0); // Rotate 45 degrees around the Y-axis
[INFO] [stdout]    |             ^^^^^^^^^^
[INFO] [stdout]    |
[INFO] [stdout] help: there is a method `rotate` with a similar name
[INFO] [stdout]    |
[INFO] [stdout] 22 -     camera2.rotate_yaw(45.0); // Rotate 45 degrees around the Y-axis
[INFO] [stdout] 22 +     camera2.rotate(45.0); // Rotate 45 degrees around the Y-axis
[INFO] [stdout]    |
[INFO] [stdout] 
[INFO] [stdout] 
[INFO] [stdout] error[E0599]: no method named `rotate_pitch` found for struct `Camera` in the current scope
[INFO] [stdout]   --> examples/basic.rs:23:13
[INFO] [stdout]    |
[INFO] [stdout] 23 |     camera2.rotate_pitch(15.0); // Rotate 15 degrees around the X-axis
[INFO] [stdout]    |             ^^^^^^^^^^^^
[INFO] [stdout]    |
[INFO] [stdout] help: there is a method `rotate` with a similar name
[INFO] [stdout]    |
[INFO] [stdout] 23 -     camera2.rotate_pitch(15.0); // Rotate 15 degrees around the X-axis
[INFO] [stdout] 23 +     camera2.rotate(15.0); // Rotate 15 degrees around the X-axis
[INFO] [stdout]    |
[INFO] [stdout] 
[INFO] [stdout] 
[INFO] [stdout] error[E0599]: no method named `direction` found for struct `Camera` in the current scope
[INFO] [stdout]   --> examples/basic.rs:24:63
[INFO] [stdout]    |
[INFO] [stdout] 24 |     println!("Camera direction after rotation: {:?}", camera2.direction());
[INFO] [stdout]    |                                                               ^^^^^^^^^ method not found in `Camera`
[INFO] [stdout] 
[INFO] [stdout] 
[INFO] [stdout] error[E0599]: no method named `look_at` found for struct `Camera` in the current scope
[INFO] [stdout]   --> examples/basic.rs:27:13
[INFO] [stdout]    |
[INFO] [stdout] 27 |     camera2.look_at(look_at_point, LookAtConfig::default());
[INFO] [stdout]    |             ^^^^^^^ method not found in `Camera`
[INFO] [stdout] 
[INFO] [stdout] 
[INFO] [stdout] error[E0599]: no method named `direction` found for struct `Camera` in the current scope
[INFO] [stdout]   --> examples/basic.rs:28:62
[INFO] [stdout]    |
[INFO] [stdout] 28 |     println!("Camera direction after look_at: {:?}", camera2.direction());
[INFO] [stdout]    |                                                              ^^^^^^^^^ method not found in `Camera`
[INFO] [stdout] 
[INFO] [stdout] 
[INFO] [stdout] error[E0061]: this function takes 3 arguments but 1 argument was supplied
[INFO] [stdout]   --> examples/basic.rs:32:23
[INFO] [stdout]    |
[INFO] [stdout] 32 |     let mut camera3 = Camera::new(CameraConfig::default());
[INFO] [stdout]    |                       ^^^^^^^^^^^------------------------- two arguments of type `EulerAngles` and `f64` are missing
[INFO] [stdout]    |
[INFO] [stdout] note: associated function defined here
[INFO] [stdout]   --> src/lib.rs:38:12
[INFO] [stdout]    |
[INFO] [stdout] 38 |     pub fn new(position: Point3D, orientation: EulerAngles, focal_length: f64) -> Self {
[INFO] [stdout]    |            ^^^
[INFO] [stdout] help: provide the arguments
[INFO] [stdout]    |
[INFO] [stdout] 32 |     let mut camera3 = Camera::new(CameraConfig::default(), /* EulerAngles */, /* f64 */);
[INFO] [stdout]    |                                                          ++++++++++++++++++++++++++++++
[INFO] [stdout] 
[INFO] [stdout] 
[INFO] [stdout] error[E0599]: no method named `fov` found for struct `Camera` in the current scope
[INFO] [stdout]   --> examples/basic.rs:33:48
[INFO] [stdout]    |
[INFO] [stdout] 33 |     println!("Initial camera FOV: {}", camera3.fov());
[INFO] [stdout]    |                                                ^^^ method not found in `Camera`
[INFO] [stdout] 
[INFO] [stdout] 
[INFO] [stdout] error[E0599]: no method named `update_config` found for struct `Camera` in the current scope
[INFO] [stdout]   --> examples/basic.rs:41:13
[INFO] [stdout]    |
[INFO] [stdout] 41 |     camera3.update_config(new_config);
[INFO] [stdout]    |             ^^^^^^^^^^^^^ method not found in `Camera`
[INFO] [stdout] 
[INFO] [stdout] 
[INFO] [stdout] error[E0599]: no method named `fov` found for struct `Camera` in the current scope
[INFO] [stdout]   --> examples/basic.rs:42:60
[INFO] [stdout]    |
[INFO] [stdout] 42 |     println!("Camera FOV after config update: {}", camera3.fov());
[INFO] [stdout]    |                                                            ^^^ method not found in `Camera`
[INFO] [stdout] 
[INFO] [stdout] 
[INFO] [stdout] error[E0599]: no method named `aspect_ratio` found for struct `Camera` in the current scope
[INFO] [stdout]   --> examples/basic.rs:43:69
[INFO] [stdout]    |
[INFO] [stdout] 43 |     println!("Camera aspect ratio after config update: {}", camera3.aspect_ratio());
[INFO] [stdout]    |                                                                     ^^^^^^^^^^^^ method not found in `Camera`
[INFO] [stdout] 
[INFO] [stdout] 
[INFO] [stdout] error[E0061]: this function takes 3 arguments but 1 argument was supplied
[INFO] [stdout]   --> examples/basic.rs:47:23
[INFO] [stdout]    |
[INFO] [stdout] 47 |     let mut camera4 = Camera::new(CameraConfig::default());
[INFO] [stdout]    |                       ^^^^^^^^^^^------------------------- two arguments of type `EulerAngles` and `f64` are missing
[INFO] [stdout]    |
[INFO] [stdout] note: associated function defined here
[INFO] [stdout]   --> src/lib.rs:38:12
[INFO] [stdout]    |
[INFO] [stdout] 38 |     pub fn new(position: Point3D, orientation: EulerAngles, focal_length: f64) -> Self {
[INFO] [stdout]    |            ^^^
[INFO] [stdout] help: provide the arguments
[INFO] [stdout]    |
[INFO] [stdout] 47 |     let mut camera4 = Camera::new(CameraConfig::default(), /* EulerAngles */, /* f64 */);
[INFO] [stdout]    |                                                          ++++++++++++++++++++++++++++++
[INFO] [stdout] 
[INFO] [stdout] 
[INFO] [stdout] error[E0599]: no method named `position` found for struct `Camera` in the current scope
[INFO] [stdout]   --> examples/basic.rs:48:55
[INFO] [stdout]    |
[INFO] [stdout] 48 |     println!("Initial camera position: {:?}", camera4.position());
[INFO] [stdout]    |                                                       ^^^^^^^^-- help: remove the arguments
[INFO] [stdout]    |                                                       |
[INFO] [stdout]    |                                                       field, not a method
[INFO] [stdout] 
[INFO] [stdout] 
[INFO] [stdout] error[E0599]: no method named `zoom` found for struct `Camera` in the current scope
[INFO] [stdout]   --> examples/basic.rs:50:13
[INFO] [stdout]    |
[INFO] [stdout] 50 |     camera4.zoom(0.5); // Zoom in
[INFO] [stdout]    |             ^^^^ method not found in `Camera`
[INFO] [stdout] 
[INFO] [stdout] 
[INFO] [stdout] error[E0599]: no method named `position` found for struct `Camera` in the current scope
[INFO] [stdout]   --> examples/basic.rs:51:64
[INFO] [stdout]    |
[INFO] [stdout] 51 |     println!("Camera position after zooming in: {:?}", camera4.position());
[INFO] [stdout]    |                                                                ^^^^^^^^-- help: remove the arguments
[INFO] [stdout]    |                                                                |
[INFO] [stdout]    |                                                                field, not a method
[INFO] [stdout] 
[INFO] [stdout] 
[INFO] [stdout] error[E0599]: no method named `zoom` found for struct `Camera` in the current scope
[INFO] [stdout]   --> examples/basic.rs:53:13
[INFO] [stdout]    |
[INFO] [stdout] 53 |     camera4.zoom(-0.2); // Zoom out a bit
[INFO] [stdout]    |             ^^^^ method not found in `Camera`
[INFO] [stdout] 
[INFO] [stdout] 
[INFO] [stdout] error[E0599]: no method named `position` found for struct `Camera` in the current scope
[INFO] [stdout]   --> examples/basic.rs:54:65
[INFO] [stdout]    |
[INFO] [stdout] 54 |     println!("Camera position after zooming out: {:?}", camera4.position());
[INFO] [stdout]    |                                                                 ^^^^^^^^-- help: remove the arguments
[INFO] [stdout]    |                                                                 |
[INFO] [stdout]    |                                                                 field, not a method
[INFO] [stdout] 
[INFO] [stdout] 
[INFO] [stdout] error[E0061]: this function takes 3 arguments but 1 argument was supplied
[INFO] [stdout]   --> examples/basic.rs:58:23
[INFO] [stdout]    |
[INFO] [stdout] 58 |     let mut camera5 = Camera::new(CameraConfig::default());
[INFO] [stdout]    |                       ^^^^^^^^^^^------------------------- two arguments of type `EulerAngles` and `f64` are missing
[INFO] [stdout]    |
[INFO] [stdout] note: associated function defined here
[INFO] [stdout]   --> src/lib.rs:38:12
[INFO] [stdout]    |
[INFO] [stdout] 38 |     pub fn new(position: Point3D, orientation: EulerAngles, focal_length: f64) -> Self {
[INFO] [stdout]    |            ^^^
[INFO] [stdout] help: provide the arguments
[INFO] [stdout]    |
[INFO] [stdout] 58 |     let mut camera5 = Camera::new(CameraConfig::default(), /* EulerAngles */, /* f64 */);
[INFO] [stdout]    |                                                          ++++++++++++++++++++++++++++++
[INFO] [stdout] 
[INFO] [stdout] 
[INFO] [stdout] error[E0599]: no method named `position` found for struct `Camera` in the current scope
[INFO] [stdout]   --> examples/basic.rs:59:55
[INFO] [stdout]    |
[INFO] [stdout] 59 |     println!("Initial camera position: {:?}", camera5.position());
[INFO] [stdout]    |                                                       ^^^^^^^^-- help: remove the arguments
[INFO] [stdout]    |                                                       |
[INFO] [stdout]    |                                                       field, not a method
[INFO] [stdout] 
[INFO] [stdout] 
[INFO] [stdout] error[E0599]: no method named `strafe_left` found for struct `Camera` in the current scope
[INFO] [stdout]   --> examples/basic.rs:61:13
[INFO] [stdout]    |
[INFO] [stdout] 61 |     camera5.strafe_left(0.3);
[INFO] [stdout]    |             ^^^^^^^^^^^ method not found in `Camera`
[INFO] [stdout] 
[INFO] [stdout] 
[INFO] [stdout] error[E0599]: no method named `position` found for struct `Camera` in the current scope
[INFO] [stdout]   --> examples/basic.rs:62:67
[INFO] [stdout]    |
[INFO] [stdout] 62 |     println!("Camera position after strafing left: {:?}", camera5.position());
[INFO] [stdout]    |                                                                   ^^^^^^^^-- help: remove the arguments
[INFO] [stdout]    |                                                                   |
[INFO] [stdout]    |                                                                   field, not a method
[INFO] [stdout] 
[INFO] [stdout] 
[INFO] [stdout] error[E0599]: no method named `strafe_right` found for struct `Camera` in the current scope
[INFO] [stdout]   --> examples/basic.rs:64:13
[INFO] [stdout]    |
[INFO] [stdout] 64 |     camera5.strafe_right(0.1);
[INFO] [stdout]    |             ^^^^^^^^^^^^ method not found in `Camera`
[INFO] [stdout] 
[INFO] [stdout] 
[INFO] [stdout] error[E0599]: no method named `position` found for struct `Camera` in the current scope
[INFO] [stdout]   --> examples/basic.rs:65:68
[INFO] [stdout]    |
[INFO] [stdout] 65 |     println!("Camera position after strafing right: {:?}", camera5.position());
[INFO] [stdout]    |                                                                    ^^^^^^^^-- help: remove the arguments
[INFO] [stdout]    |                                                                    |
[INFO] [stdout]    |                                                                    field, not a method
[INFO] [stdout] 
[INFO] [stdout] 
[INFO] [stdout] Some errors have detailed explanations: E0061, E0432, E0599.
[INFO] [stdout] 
[INFO] [stdout] For more information about an error, try `rustc --explain E0061`.
[INFO] [stdout] 
[INFO] [stderr] error: could not compile `sm_3d_camera_control` (example "basic") due to 31 previous errors
[INFO] running `Command { std: "docker" "inspect" "d6b2f5910854b07cae810637323d013d40811898b140c20d0271bb147a7e377a", kill_on_drop: false }`
[INFO] running `Command { std: "docker" "rm" "-f" "d6b2f5910854b07cae810637323d013d40811898b140c20d0271bb147a7e377a", kill_on_drop: false }`
[INFO] [stdout] d6b2f5910854b07cae810637323d013d40811898b140c20d0271bb147a7e377a
