[INFO] fetching crate slas 0.3.1...
[INFO] testing slas-0.3.1 against 1.100.0-beta.1 for beta-1.100-2
[INFO] extracting crate slas 0.3.1 into /workspace/builds/worker-3-tc2/source
[INFO] started tweaking crates.io crate slas 0.3.1
[INFO] finished tweaking crates.io crate slas 0.3.1
[INFO] tweaked toml for crates.io crate slas 0.3.1 written to /workspace/builds/worker-3-tc2/source/Cargo.toml
[INFO] validating manifest of crates.io crate slas 0.3.1 on toolchain 1.100.0-beta.1
[INFO] running `Command { std: CARGO_HOME="/workspace/cargo-home" RUSTUP_HOME="/workspace/rustup-home" "/workspace/cargo-home/bin/cargo" "+1.100.0-beta.1" "metadata" "--manifest-path" "Cargo.toml" "--no-deps", kill_on_drop: false }`
[INFO] running `Command { std: CARGO_HOME="/workspace/cargo-home" RUSTUP_HOME="/workspace/rustup-home" "/workspace/cargo-home/bin/cargo" "+1.100.0-beta.1" "generate-lockfile" "--manifest-path" "Cargo.toml", kill_on_drop: false }`
[INFO] [stderr]     Updating crates.io index
[INFO] [stderr]      Locking 8 packages to highest compatible versions
[INFO] [stderr]       Adding cblas-sys v0.1.4 (available: v0.3.0)
[INFO] running `Command { std: CARGO_HOME="/workspace/cargo-home" RUSTUP_HOME="/workspace/rustup-home" "/workspace/cargo-home/bin/cargo" "+1.100.0-beta.1" "fetch" "--manifest-path" "Cargo.toml", kill_on_drop: false }`
[INFO] running `Command { std: "docker" "create" "-v" "/var/lib/crater-agent-workspace/builds/worker-3-tc2/source:/opt/rustwide/workdir:ro,Z" "-v" "/var/lib/crater-agent-workspace/builds/worker-3-tc2/target:/opt/rustwide/target:rw,Z" "-v" "/var/lib/crater-agent-workspace/cargo-home:/opt/rustwide/cargo-home:ro,Z" "-v" "/var/lib/crater-agent-workspace/rustup-home:/opt/rustwide/rustup-home:ro,Z" "-m" "1610612736" "--network" "none" "ghcr.io/rust-lang/crates-build-env/linux@sha256:3111399a4047eeb3a02b7a90e478d715f38a8c6669b5c4b49d30a17385265909" "sleep" "infinity", kill_on_drop: false }`
[INFO] [stdout] 9ef76e3ba4d6e592f705105e07c4c06c701239da8efd9bded382b0a0d0fc42b9
[INFO] running `Command { std: "docker" "start" "9ef76e3ba4d6e592f705105e07c4c06c701239da8efd9bded382b0a0d0fc42b9", kill_on_drop: false }`
[INFO] running `Command { std: "docker" "inspect" "9ef76e3ba4d6e592f705105e07c4c06c701239da8efd9bded382b0a0d0fc42b9", kill_on_drop: false }`
[INFO] running `Command { std: "docker" "exec" "-e" "SOURCE_DIR=/opt/rustwide/workdir" "-e" "CARGO_HOME=/opt/rustwide/cargo-home" "-e" "RUSTUP_HOME=/opt/rustwide/rustup-home" "-e" "CARGO_TARGET_DIR=/opt/rustwide/target" "-w" "/opt/rustwide/workdir" "--user" "0:0" "9ef76e3ba4d6e592f705105e07c4c06c701239da8efd9bded382b0a0d0fc42b9" "/opt/rustwide/cargo-home/bin/cargo" "+1.100.0-beta.1" "metadata" "--no-deps" "--format-version=1", kill_on_drop: false }`
[INFO] running `Command { std: "docker" "inspect" "9ef76e3ba4d6e592f705105e07c4c06c701239da8efd9bded382b0a0d0fc42b9", kill_on_drop: false }`
[INFO] running `Command { std: "docker" "exec" "-e" "SOURCE_DIR=/opt/rustwide/workdir" "-e" "CARGO_HOME=/opt/rustwide/cargo-home" "-e" "RUSTUP_HOME=/opt/rustwide/rustup-home" "-e" "CARGO_TARGET_DIR=/opt/rustwide/target" "-e" "CARGO_INCREMENTAL=0" "-e" "RUST_BACKTRACE=full" "-e" "RUSTFLAGS=--cap-lints=warn" "-e" "RUSTDOCFLAGS=--cap-lints=warn" "-w" "/opt/rustwide/workdir" "--user" "0:0" "9ef76e3ba4d6e592f705105e07c4c06c701239da8efd9bded382b0a0d0fc42b9" "/opt/rustwide/cargo-home/bin/cargo" "+1.100.0-beta.1" "build" "--frozen" "--message-format=json", kill_on_drop: false }`
[INFO] [stderr]    Compiling blis-src v0.2.2
[INFO] [stderr]    Compiling slas v0.3.1 (/opt/rustwide/workdir)
[INFO] [stderr]    Compiling levitate v0.1.2
[INFO] [stderr]    Compiling cblas-sys v0.1.4
[INFO] [stdout] error: expected a trait, found type
[INFO] [stdout]   --> /opt/rustwide/cargo-home/registry/src/index.crates.io-1949cf8c6b5b557f/levitate-0.1.2/src/fast_floats.rs:40:9
[INFO] [stdout]    |
[INFO] [stdout] 40 | impl<F> const Deref for Fast<F> {
[INFO] [stdout]    |         ^^^^^^^^^^^
[INFO] [stdout] 
[INFO] [stdout] 
[INFO] [stdout] error: expected a trait, found type
[INFO] [stdout]    --> /opt/rustwide/cargo-home/registry/src/index.crates.io-1949cf8c6b5b557f/levitate-0.1.2/src/lib.rs:106:14
[INFO] [stdout]     |
[INFO] [stdout] 104 | macro_rules! def_primitive {
[INFO] [stdout] 105 |     ($t: ty) => {
[INFO] [stdout] 106 |         impl const FloatWrapper for $t {
[INFO] [stdout]     |              ^^^^^^^^^^^^^^^^^^
[INFO] [stdout] ...
[INFO] [stdout] 146 | def_primitive!(f32);
[INFO] [stdout]     | ------------------- in this macro invocation
[INFO] [stdout] 
[INFO] [stdout] 
[INFO] [stdout] error: expected a trait, found type
[INFO] [stdout]    --> /opt/rustwide/cargo-home/registry/src/index.crates.io-1949cf8c6b5b557f/levitate-0.1.2/src/lib.rs:106:14
[INFO] [stdout]     |
[INFO] [stdout] 104 | macro_rules! def_primitive {
[INFO] [stdout] 105 |     ($t: ty) => {
[INFO] [stdout] 106 |         impl const FloatWrapper for $t {
[INFO] [stdout]     |              ^^^^^^^^^^^^^^^^^^
[INFO] [stdout] ...
[INFO] [stdout] 147 | def_primitive!(f64);
[INFO] [stdout]     | ------------------- in this macro invocation
[INFO] [stdout] 
[INFO] [stdout] 
[INFO] [stdout] error: expected a trait, found type
[INFO] [stdout]    --> /opt/rustwide/cargo-home/registry/src/index.crates.io-1949cf8c6b5b557f/levitate-0.1.2/src/lib.rs:158:18
[INFO] [stdout]     |
[INFO] [stdout] 156 |     macro_rules! def_fast_primitive {
[INFO] [stdout] 157 |         ($t: ty) => {
[INFO] [stdout] 158 |             impl const FloatWrapper for Fast<$t> {
[INFO] [stdout]     |                  ^^^^^^^^^^^^^^^^^^
[INFO] [stdout] ...
[INFO] [stdout] 196 |     def_fast_primitive!(f32);
[INFO] [stdout]     |     ------------------------ in this macro invocation
[INFO] [stdout] 
[INFO] [stdout] 
[INFO] [stdout] error: expected a trait, found type
[INFO] [stdout]    --> /opt/rustwide/cargo-home/registry/src/index.crates.io-1949cf8c6b5b557f/levitate-0.1.2/src/lib.rs:158:18
[INFO] [stdout]     |
[INFO] [stdout] 156 |     macro_rules! def_fast_primitive {
[INFO] [stdout] 157 |         ($t: ty) => {
[INFO] [stdout] 158 |             impl const FloatWrapper for Fast<$t> {
[INFO] [stdout]     |                  ^^^^^^^^^^^^^^^^^^
[INFO] [stdout] ...
[INFO] [stdout] 197 |     def_fast_primitive!(f64);
[INFO] [stdout]     |     ------------------------ in this macro invocation
[INFO] [stdout] 
[INFO] [stdout] 
[INFO] [stdout] error: cannot find attribute `const_trait` in this scope
[INFO] [stdout]   --> /opt/rustwide/cargo-home/registry/src/index.crates.io-1949cf8c6b5b557f/levitate-0.1.2/src/lib.rs:53:3
[INFO] [stdout]    |
[INFO] [stdout] 53 | #[const_trait]
[INFO] [stdout]    |   ^^^^^^^^^^^
[INFO] [stdout] 
[INFO] [stdout] 
[INFO] [stdout] error: cannot find attribute `const_trait` in this scope
[INFO] [stdout]   --> /opt/rustwide/cargo-home/registry/src/index.crates.io-1949cf8c6b5b557f/levitate-0.1.2/src/lib.rs:56:3
[INFO] [stdout]    |
[INFO] [stdout] 56 | #[const_trait]
[INFO] [stdout]    |   ^^^^^^^^^^^
[INFO] [stdout] 
[INFO] [stdout] 
[INFO] [stdout] error[E0554]: `#![feature]` may not be used on the beta release channel
[INFO] [stdout]   --> /opt/rustwide/cargo-home/registry/src/index.crates.io-1949cf8c6b5b557f/levitate-0.1.2/src/lib.rs:24:1
[INFO] [stdout]    |
[INFO] [stdout] 24 | #![feature(const_trait_impl, core_intrinsics)]
[INFO] [stdout]    | ^^^^^^^^^^^^^^^^^^^^^^^^^^^^^^^^^^^^^^^^^^^^^^
[INFO] [stdout] 
[INFO] [stdout] 
[INFO] [stdout] error[E0599]: no method named `into_primitive` found for reference `&f32` in the current scope
[INFO] [stdout]   --> /opt/rustwide/cargo-home/registry/src/index.crates.io-1949cf8c6b5b557f/levitate-0.1.2/src/complex.rs:61:19
[INFO] [stdout]    |
[INFO] [stdout] 53 | macro_rules! impl_complex_debug {
[INFO] [stdout] ...
[INFO] [stdout] 61 |             if im.into_primitive().is_sign_positive() {
[INFO] [stdout]    |                   ^^^^^^^^^^^^^^ method not found in `&f32`
[INFO] [stdout] ...
[INFO] [stdout] 88 | impl_complex_debug!(impl Debug Display);
[INFO] [stdout]    | --------------------------------------- in this macro invocation
[INFO] [stdout]    |
[INFO] [stdout]    = help: items from traits can only be used if the trait is implemented and in scope
[INFO] [stdout] note: `FloatWrapper` defines an item `into_primitive`, perhaps you need to implement it
[INFO] [stdout]   --> /opt/rustwide/cargo-home/registry/src/index.crates.io-1949cf8c6b5b557f/levitate-0.1.2/src/lib.rs:57:1
[INFO] [stdout]    |
[INFO] [stdout] 57 | pub trait FloatWrapper {
[INFO] [stdout]    | ^^^^^^^^^^^^^^^^^^^^^^
[INFO] [stdout] 
[INFO] [stdout] 
[INFO] [stdout] error[E0599]: no method named `into_primitive` found for reference `&f32` in the current scope
[INFO] [stdout]   --> /opt/rustwide/cargo-home/registry/src/index.crates.io-1949cf8c6b5b557f/levitate-0.1.2/src/complex.rs:66:16
[INFO] [stdout]    |
[INFO] [stdout] 53 | macro_rules! impl_complex_debug {
[INFO] [stdout] ...
[INFO] [stdout] 66 |             im.into_primitive().abs()
[INFO] [stdout]    |                ^^^^^^^^^^^^^^ method not found in `&f32`
[INFO] [stdout] ...
[INFO] [stdout] 88 | impl_complex_debug!(impl Debug Display);
[INFO] [stdout]    | --------------------------------------- in this macro invocation
[INFO] [stdout]    |
[INFO] [stdout]    = help: items from traits can only be used if the trait is implemented and in scope
[INFO] [stdout] note: `FloatWrapper` defines an item `into_primitive`, perhaps you need to implement it
[INFO] [stdout]   --> /opt/rustwide/cargo-home/registry/src/index.crates.io-1949cf8c6b5b557f/levitate-0.1.2/src/lib.rs:57:1
[INFO] [stdout]    |
[INFO] [stdout] 57 | pub trait FloatWrapper {
[INFO] [stdout]    | ^^^^^^^^^^^^^^^^^^^^^^
[INFO] [stdout] 
[INFO] [stdout] 
[INFO] [stdout] error[E0599]: no method named `into_primitive` found for reference `&f64` in the current scope
[INFO] [stdout]   --> /opt/rustwide/cargo-home/registry/src/index.crates.io-1949cf8c6b5b557f/levitate-0.1.2/src/complex.rs:61:19
[INFO] [stdout]    |
[INFO] [stdout] 53 | macro_rules! impl_complex_debug {
[INFO] [stdout] ...
[INFO] [stdout] 61 |             if im.into_primitive().is_sign_positive() {
[INFO] [stdout]    |                   ^^^^^^^^^^^^^^ method not found in `&f64`
[INFO] [stdout] ...
[INFO] [stdout] 88 | impl_complex_debug!(impl Debug Display);
[INFO] [stdout]    | --------------------------------------- in this macro invocation
[INFO] [stdout]    |
[INFO] [stdout]    = help: items from traits can only be used if the trait is implemented and in scope
[INFO] [stdout] note: `FloatWrapper` defines an item `into_primitive`, perhaps you need to implement it
[INFO] [stdout]   --> /opt/rustwide/cargo-home/registry/src/index.crates.io-1949cf8c6b5b557f/levitate-0.1.2/src/lib.rs:57:1
[INFO] [stdout]    |
[INFO] [stdout] 57 | pub trait FloatWrapper {
[INFO] [stdout]    | ^^^^^^^^^^^^^^^^^^^^^^
[INFO] [stdout] 
[INFO] [stdout] 
[INFO] [stdout] error[E0599]: no method named `into_primitive` found for reference `&f64` in the current scope
[INFO] [stdout]   --> /opt/rustwide/cargo-home/registry/src/index.crates.io-1949cf8c6b5b557f/levitate-0.1.2/src/complex.rs:66:16
[INFO] [stdout]    |
[INFO] [stdout] 53 | macro_rules! impl_complex_debug {
[INFO] [stdout] ...
[INFO] [stdout] 66 |             im.into_primitive().abs()
[INFO] [stdout]    |                ^^^^^^^^^^^^^^ method not found in `&f64`
[INFO] [stdout] ...
[INFO] [stdout] 88 | impl_complex_debug!(impl Debug Display);
[INFO] [stdout]    | --------------------------------------- in this macro invocation
[INFO] [stdout]    |
[INFO] [stdout]    = help: items from traits can only be used if the trait is implemented and in scope
[INFO] [stdout] note: `FloatWrapper` defines an item `into_primitive`, perhaps you need to implement it
[INFO] [stdout]   --> /opt/rustwide/cargo-home/registry/src/index.crates.io-1949cf8c6b5b557f/levitate-0.1.2/src/lib.rs:57:1
[INFO] [stdout]    |
[INFO] [stdout] 57 | pub trait FloatWrapper {
[INFO] [stdout]    | ^^^^^^^^^^^^^^^^^^^^^^
[INFO] [stdout] 
[INFO] [stdout] 
[INFO] [stdout] error[E0599]: no method named `into_primitive` found for reference `&f32` in the current scope
[INFO] [stdout]   --> /opt/rustwide/cargo-home/registry/src/index.crates.io-1949cf8c6b5b557f/levitate-0.1.2/src/complex.rs:61:19
[INFO] [stdout]    |
[INFO] [stdout] 53 | macro_rules! impl_complex_debug {
[INFO] [stdout] ...
[INFO] [stdout] 61 |             if im.into_primitive().is_sign_positive() {
[INFO] [stdout]    |                   ^^^^^^^^^^^^^^ method not found in `&f32`
[INFO] [stdout] ...
[INFO] [stdout] 88 | impl_complex_debug!(impl Debug Display);
[INFO] [stdout]    | --------------------------------------- in this macro invocation
[INFO] [stdout]    |
[INFO] [stdout]    = help: items from traits can only be used if the trait is implemented and in scope
[INFO] [stdout] note: `FloatWrapper` defines an item `into_primitive`, perhaps you need to implement it
[INFO] [stdout]   --> /opt/rustwide/cargo-home/registry/src/index.crates.io-1949cf8c6b5b557f/levitate-0.1.2/src/lib.rs:57:1
[INFO] [stdout]    |
[INFO] [stdout] 57 | pub trait FloatWrapper {
[INFO] [stdout]    | ^^^^^^^^^^^^^^^^^^^^^^
[INFO] [stdout] 
[INFO] [stdout] 
[INFO] [stdout] error[E0599]: no method named `into_primitive` found for reference `&f32` in the current scope
[INFO] [stdout]   --> /opt/rustwide/cargo-home/registry/src/index.crates.io-1949cf8c6b5b557f/levitate-0.1.2/src/complex.rs:66:16
[INFO] [stdout]    |
[INFO] [stdout] 53 | macro_rules! impl_complex_debug {
[INFO] [stdout] ...
[INFO] [stdout] 66 |             im.into_primitive().abs()
[INFO] [stdout]    |                ^^^^^^^^^^^^^^ method not found in `&f32`
[INFO] [stdout] ...
[INFO] [stdout] 88 | impl_complex_debug!(impl Debug Display);
[INFO] [stdout]    | --------------------------------------- in this macro invocation
[INFO] [stdout]    |
[INFO] [stdout]    = help: items from traits can only be used if the trait is implemented and in scope
[INFO] [stdout] note: `FloatWrapper` defines an item `into_primitive`, perhaps you need to implement it
[INFO] [stdout]   --> /opt/rustwide/cargo-home/registry/src/index.crates.io-1949cf8c6b5b557f/levitate-0.1.2/src/lib.rs:57:1
[INFO] [stdout]    |
[INFO] [stdout] 57 | pub trait FloatWrapper {
[INFO] [stdout]    | ^^^^^^^^^^^^^^^^^^^^^^
[INFO] [stdout] 
[INFO] [stdout] 
[INFO] [stdout] error[E0599]: no method named `into_primitive` found for reference `&f64` in the current scope
[INFO] [stdout]   --> /opt/rustwide/cargo-home/registry/src/index.crates.io-1949cf8c6b5b557f/levitate-0.1.2/src/complex.rs:61:19
[INFO] [stdout]    |
[INFO] [stdout] 53 | macro_rules! impl_complex_debug {
[INFO] [stdout] ...
[INFO] [stdout] 61 |             if im.into_primitive().is_sign_positive() {
[INFO] [stdout]    |                   ^^^^^^^^^^^^^^ method not found in `&f64`
[INFO] [stdout] ...
[INFO] [stdout] 88 | impl_complex_debug!(impl Debug Display);
[INFO] [stdout]    | --------------------------------------- in this macro invocation
[INFO] [stdout]    |
[INFO] [stdout]    = help: items from traits can only be used if the trait is implemented and in scope
[INFO] [stdout] note: `FloatWrapper` defines an item `into_primitive`, perhaps you need to implement it
[INFO] [stdout]   --> /opt/rustwide/cargo-home/registry/src/index.crates.io-1949cf8c6b5b557f/levitate-0.1.2/src/lib.rs:57:1
[INFO] [stdout]    |
[INFO] [stdout] 57 | pub trait FloatWrapper {
[INFO] [stdout]    | ^^^^^^^^^^^^^^^^^^^^^^
[INFO] [stdout] 
[INFO] [stdout] 
[INFO] [stdout] error[E0599]: no method named `into_primitive` found for reference `&f64` in the current scope
[INFO] [stdout]   --> /opt/rustwide/cargo-home/registry/src/index.crates.io-1949cf8c6b5b557f/levitate-0.1.2/src/complex.rs:66:16
[INFO] [stdout]    |
[INFO] [stdout] 53 | macro_rules! impl_complex_debug {
[INFO] [stdout] ...
[INFO] [stdout] 66 |             im.into_primitive().abs()
[INFO] [stdout]    |                ^^^^^^^^^^^^^^ method not found in `&f64`
[INFO] [stdout] ...
[INFO] [stdout] 88 | impl_complex_debug!(impl Debug Display);
[INFO] [stdout]    | --------------------------------------- in this macro invocation
[INFO] [stdout]    |
[INFO] [stdout]    = help: items from traits can only be used if the trait is implemented and in scope
[INFO] [stdout] note: `FloatWrapper` defines an item `into_primitive`, perhaps you need to implement it
[INFO] [stdout]   --> /opt/rustwide/cargo-home/registry/src/index.crates.io-1949cf8c6b5b557f/levitate-0.1.2/src/lib.rs:57:1
[INFO] [stdout]    |
[INFO] [stdout] 57 | pub trait FloatWrapper {
[INFO] [stdout]    | ^^^^^^^^^^^^^^^^^^^^^^
[INFO] [stdout] 
[INFO] [stdout] 
[INFO] [stdout] Some errors have detailed explanations: E0554, E0599.
[INFO] [stdout] 
[INFO] [stdout] For more information about an error, try `rustc --explain E0554`.
[INFO] [stdout] 
[INFO] [stderr] error: could not compile `levitate` (lib) due to 16 previous errors
[INFO] [stderr] warning: build failed, waiting for other jobs to finish...
[INFO] running `Command { std: "docker" "inspect" "9ef76e3ba4d6e592f705105e07c4c06c701239da8efd9bded382b0a0d0fc42b9", kill_on_drop: false }`
[INFO] running `Command { std: "docker" "rm" "-f" "9ef76e3ba4d6e592f705105e07c4c06c701239da8efd9bded382b0a0d0fc42b9", kill_on_drop: false }`
[INFO] [stdout] 9ef76e3ba4d6e592f705105e07c4c06c701239da8efd9bded382b0a0d0fc42b9
