[INFO] fetching crate slancha-wire 0.17.0...
[INFO] testing slancha-wire-0.17.0 against 1.99.0-beta.8 for beta-1.100-2
[INFO] extracting crate slancha-wire 0.17.0 into /workspace/builds/worker-0-tc1/source
[INFO] started tweaking crates.io crate slancha-wire 0.17.0
[INFO] removed 0 missing examples
[INFO] removed 0 missing tests
[INFO] finished tweaking crates.io crate slancha-wire 0.17.0
[INFO] tweaked toml for crates.io crate slancha-wire 0.17.0 written to /workspace/builds/worker-0-tc1/source/Cargo.toml
[INFO] validating manifest of crates.io crate slancha-wire 0.17.0 on toolchain 1.99.0-beta.8
[INFO] running `Command { std: CARGO_HOME="/workspace/cargo-home" RUSTUP_HOME="/workspace/rustup-home" "/workspace/cargo-home/bin/cargo" "+1.99.0-beta.8" "metadata" "--manifest-path" "Cargo.toml" "--no-deps", kill_on_drop: false }`
[INFO] crate crates.io crate slancha-wire 0.17.0 already has a lockfile, it will not be regenerated
[INFO] running `Command { std: CARGO_HOME="/workspace/cargo-home" RUSTUP_HOME="/workspace/rustup-home" "/workspace/cargo-home/bin/cargo" "+1.99.0-beta.8" "fetch" "--manifest-path" "Cargo.toml", kill_on_drop: false }`
[INFO] [stderr]     Updating crates.io index
[INFO] [stderr]  Downloading crates ...
[INFO] [stderr]   Downloaded pin-project-internal v1.1.12
[INFO] [stderr]   Downloaded pin-project v1.1.12
[INFO] [stderr]   Downloaded tower_governor v0.4.3
[INFO] [stderr]   Downloaded forwarded-header-value v0.1.1
[INFO] [stderr]   Downloaded nonempty v0.7.0
[INFO] [stderr]   Downloaded num-conv v0.2.1
[INFO] [stderr]   Downloaded bitcoin_hashes v0.14.100
[INFO] [stderr]   Downloaded spake2 v0.4.0
[INFO] [stderr]   Downloaded secp256k1 v0.31.1
[INFO] [stderr]   Downloaded bitcoin-io v0.1.100
[INFO] [stderr]   Downloaded clap_complete v4.6.5
[INFO] [stderr]   Downloaded secp256k1-sys v0.11.0
[INFO] running `Command { std: "docker" "create" "-v" "/var/lib/crater-agent-workspace/builds/worker-0-tc1/source:/opt/rustwide/workdir:ro,Z" "-v" "/var/lib/crater-agent-workspace/builds/worker-0-tc1/target:/opt/rustwide/target:rw,Z" "-v" "/var/lib/crater-agent-workspace/cargo-home:/opt/rustwide/cargo-home:ro,Z" "-v" "/var/lib/crater-agent-workspace/rustup-home:/opt/rustwide/rustup-home:ro,Z" "-m" "1610612736" "--network" "none" "ghcr.io/rust-lang/crates-build-env/linux@sha256:3111399a4047eeb3a02b7a90e478d715f38a8c6669b5c4b49d30a17385265909" "sleep" "infinity", kill_on_drop: false }`
[INFO] [stdout] 2d6d961a9ece26dc257bb20e3a7f6bd3ae5b2b8b96ee3d1bf8c33bda75c4e5e8
[INFO] running `Command { std: "docker" "start" "2d6d961a9ece26dc257bb20e3a7f6bd3ae5b2b8b96ee3d1bf8c33bda75c4e5e8", kill_on_drop: false }`
[INFO] running `Command { std: "docker" "inspect" "2d6d961a9ece26dc257bb20e3a7f6bd3ae5b2b8b96ee3d1bf8c33bda75c4e5e8", kill_on_drop: false }`
[INFO] running `Command { std: "docker" "exec" "-e" "SOURCE_DIR=/opt/rustwide/workdir" "-e" "CARGO_HOME=/opt/rustwide/cargo-home" "-e" "RUSTUP_HOME=/opt/rustwide/rustup-home" "-e" "CARGO_TARGET_DIR=/opt/rustwide/target" "-w" "/opt/rustwide/workdir" "--user" "0:0" "2d6d961a9ece26dc257bb20e3a7f6bd3ae5b2b8b96ee3d1bf8c33bda75c4e5e8" "/opt/rustwide/cargo-home/bin/cargo" "+1.99.0-beta.8" "metadata" "--no-deps" "--format-version=1", kill_on_drop: false }`
[INFO] running `Command { std: "docker" "inspect" "2d6d961a9ece26dc257bb20e3a7f6bd3ae5b2b8b96ee3d1bf8c33bda75c4e5e8", kill_on_drop: false }`
[INFO] running `Command { std: "docker" "exec" "-e" "SOURCE_DIR=/opt/rustwide/workdir" "-e" "CARGO_HOME=/opt/rustwide/cargo-home" "-e" "RUSTUP_HOME=/opt/rustwide/rustup-home" "-e" "CARGO_TARGET_DIR=/opt/rustwide/target" "-e" "CARGO_INCREMENTAL=0" "-e" "RUST_BACKTRACE=full" "-e" "RUSTFLAGS=--cap-lints=warn" "-e" "RUSTDOCFLAGS=--cap-lints=warn" "-w" "/opt/rustwide/workdir" "--user" "0:0" "2d6d961a9ece26dc257bb20e3a7f6bd3ae5b2b8b96ee3d1bf8c33bda75c4e5e8" "/opt/rustwide/cargo-home/bin/cargo" "+1.99.0-beta.8" "build" "--frozen" "--message-format=json", kill_on_drop: false }`
[INFO] [stderr]    Compiling quote v1.0.45
[INFO] [stderr]    Compiling libc v0.2.186
[INFO] [stderr]    Compiling typenum v1.20.0
[INFO] [stderr]    Compiling futures-core v0.3.32
[INFO] [stderr]    Compiling futures-sink v0.3.32
[INFO] [stderr]    Compiling find-msvc-tools v0.1.9
[INFO] [stderr]    Compiling smallvec v1.15.1
[INFO] [stderr]    Compiling memchr v2.8.0
[INFO] [stderr]    Compiling http v1.4.0
[INFO] [stderr]    Compiling futures-io v0.3.32
[INFO] [stderr]    Compiling futures-task v0.3.32
[INFO] [stderr]    Compiling zerocopy v0.8.48
[INFO] [stderr]    Compiling tracing-core v0.1.36
[INFO] [stderr]    Compiling serde_core v1.0.228
[INFO] [stderr]    Compiling litemap v0.8.2
[INFO] [stderr]    Compiling writeable v0.6.3
[INFO] [stderr]    Compiling futures-channel v0.3.32
[INFO] [stderr]    Compiling icu_normalizer_data v2.1.1
[INFO] [stderr]    Compiling icu_properties_data v2.1.2
[INFO] [stderr]    Compiling indexmap v2.14.0
[INFO] [stderr]    Compiling rustls v0.23.40
[INFO] [stderr]    Compiling cc v1.2.62
[INFO] [stderr]    Compiling sync_wrapper v1.0.2
[INFO] [stderr]    Compiling serde v1.0.228
[INFO] [stderr]    Compiling bitflags v2.11.1
[INFO] [stderr]    Compiling zmij v1.0.21
[INFO] [stderr]    Compiling curve25519-dalek v4.1.3
[INFO] [stderr]    Compiling ipnet v2.12.0
[INFO] [stderr]    Compiling serde_json v1.0.149
[INFO] [stderr]    Compiling syn v2.0.117
[INFO] [stderr]    Compiling thiserror v2.0.18
[INFO] [stderr]    Compiling portable-atomic v1.13.1
[INFO] [stderr]    Compiling raw-cpuid v11.6.0
[INFO] [stderr]    Compiling clap_lex v1.1.0
[INFO] [stderr]    Compiling spinning_top v0.3.0
[INFO] [stderr]    Compiling nonempty v0.7.0
[INFO] [stderr]    Compiling nonzero_ext v0.3.0
[INFO] [stderr]    Compiling clap_builder v4.6.0
[INFO] [stderr]    Compiling no-std-compat v0.4.1
[INFO] [stderr]    Compiling anyhow v1.0.103
[INFO] [stderr]    Compiling data-encoding v2.11.0
[INFO] [stderr]    Compiling matchit v0.7.3
[INFO] [stderr]    Compiling time-core v0.1.8
[INFO] [stderr]    Compiling signature v2.2.0
[INFO] [stderr]    Compiling futures-timer v3.0.3
[INFO] [stderr]    Compiling num-conv v0.2.1
[INFO] [stderr]    Compiling ed25519 v2.2.3
[INFO] [stderr]    Compiling time-macros v0.2.27
[INFO] [stderr]    Compiling generic-array v0.14.7
[INFO] [stderr]    Compiling http-body v1.0.1
[INFO] [stderr]    Compiling http-body-util v0.1.3
[INFO] [stderr]    Compiling ring v0.17.14
[INFO] [stderr]    Compiling secp256k1-sys v0.11.0
[INFO] [stderr]    Compiling block-buffer v0.10.4
[INFO] [stderr]    Compiling inout v0.1.4
[INFO] [stderr]    Compiling getrandom v0.2.17
[INFO] [stderr]    Compiling errno v0.3.14
[INFO] [stderr]    Compiling mio v1.2.0
[INFO] [stderr]    Compiling socket2 v0.6.3
[INFO] [stderr]    Compiling getrandom v0.3.4
[INFO] [stderr]    Compiling signal-hook-registry v1.4.8
[INFO] [stderr]    Compiling parking_lot_core v0.9.12
[INFO] [stderr]    Compiling dirs-sys v0.4.1
[INFO] [stderr]    Compiling rand_core v0.9.5
[INFO] [stderr]    Compiling rand_core v0.6.4
[INFO] [stderr]    Compiling parking_lot v0.12.5
[INFO] [stderr]    Compiling dashmap v5.5.3
[INFO] [stderr]    Compiling crypto-common v0.1.7
[INFO] [stderr]    Compiling dirs v5.0.1
[INFO] [stderr]    Compiling fs2 v0.4.3
[INFO] [stderr]    Compiling hostname v0.4.2
[INFO] [stderr]    Compiling digest v0.10.7
[INFO] [stderr]    Compiling universal-hash v0.5.1
[INFO] [stderr]    Compiling poly1305 v0.8.0
[INFO] [stderr]    Compiling aead v0.5.2
[INFO] [stderr]    Compiling sha2 v0.10.9
[INFO] [stderr]    Compiling sha1 v0.10.6
[INFO] [stderr]    Compiling hmac v0.12.1
[INFO] [stderr]    Compiling hkdf v0.12.4
[INFO] [stderr]    Compiling quanta v0.12.6
[INFO] [stderr]    Compiling serde_path_to_error v0.1.20
[INFO] [stderr]    Compiling deranged v0.5.8
[INFO] [stderr]    Compiling time v0.3.47
[INFO] [stderr]    Compiling synstructure v0.13.2
[INFO] [stderr]    Compiling zeroize_derive v1.4.3
[INFO] [stderr]    Compiling zerofrom-derive v0.1.7
[INFO] [stderr]    Compiling yoke-derive v0.8.2
[INFO] [stderr]    Compiling tokio-macros v2.7.0
[INFO] [stderr]    Compiling futures-macro v0.3.32
[INFO] [stderr]    Compiling zerovec-derive v0.11.3
[INFO] [stderr]    Compiling displaydoc v0.2.5
[INFO] [stderr]    Compiling tracing-attributes v0.1.31
[INFO] [stderr]    Compiling serde_derive v1.0.228
[INFO] [stderr]    Compiling curve25519-dalek-derive v0.1.1
[INFO] [stderr]    Compiling async-trait v0.1.89
[INFO] [stderr]    Compiling thiserror-impl v1.0.69
[INFO] [stderr]    Compiling thiserror-impl v2.0.18
[INFO] [stderr]    Compiling zeroize v1.8.2
[INFO] [stderr]    Compiling ppv-lite86 v0.2.21
[INFO] [stderr]    Compiling futures-util v0.3.32
[INFO] [stderr]    Compiling rustls-pki-types v1.14.1
[INFO] [stderr]    Compiling cipher v0.4.4
[INFO] [stderr]    Compiling tokio v1.52.3
[INFO] [stderr]    Compiling clap_derive v4.6.1
[INFO] [stderr]    Compiling rustls-webpki v0.103.13
[INFO] [stderr]    Compiling rand_chacha v0.9.0
[INFO] [stderr]    Compiling webpki-roots v1.0.7
[INFO] [stderr]    Compiling rand_chacha v0.3.1
[INFO] [stderr]    Compiling pin-project-internal v1.1.12
[INFO] [stderr]    Compiling tracing v0.1.44
[INFO] [stderr]    Compiling rand v0.9.4
[INFO] [stderr]    Compiling rand v0.8.6
[INFO] [stderr]    Compiling webpki-roots v0.26.11
[INFO] [stderr]    Compiling thiserror v1.0.69
[INFO] [stderr]    Compiling chacha20 v0.9.1
[INFO] [stderr]    Compiling forwarded-header-value v0.1.1
[INFO] [stderr]    Compiling rustls-native-certs v0.8.4
[INFO] [stderr]    Compiling zerofrom v0.1.7
[INFO] [stderr]    Compiling yoke v0.8.2
[INFO] [stderr]    Compiling chacha20poly1305 v0.10.1
[INFO] [stderr]    Compiling zerovec v0.11.6
[INFO] [stderr]    Compiling zerotrie v0.2.4
[INFO] [stderr]    Compiling secp256k1 v0.31.1
[INFO] [stderr]    Compiling x25519-dalek v2.0.1
[INFO] [stderr]    Compiling spake2 v0.4.0
[INFO] [stderr]    Compiling ed25519-dalek v2.2.0
[INFO] [stderr]    Compiling pin-project v1.1.12
[INFO] [stderr]    Compiling clap v4.6.1
[INFO] [stderr]    Compiling clap_complete v4.6.5
[INFO] [stderr]    Compiling tinystr v0.8.3
[INFO] [stderr]    Compiling potential_utf v0.1.5
[INFO] [stderr]    Compiling icu_collections v2.1.1
[INFO] [stderr]    Compiling icu_locale_core v2.1.1
[INFO] [stderr]    Compiling icu_provider v2.1.1
[INFO] [stderr]    Compiling serde_urlencoded v0.7.1
[INFO] [stderr]    Compiling icu_normalizer v2.1.1
[INFO] [stderr]    Compiling icu_properties v2.1.2
[INFO] [stderr]    Compiling futures-executor v0.3.32
[INFO] [stderr]    Compiling axum-core v0.4.5
[INFO] [stderr]    Compiling futures v0.3.32
[INFO] [stderr]    Compiling governor v0.6.3
[INFO] [stderr]    Compiling idna_adapter v1.2.1
[INFO] [stderr]    Compiling idna v1.1.0
[INFO] [stderr]    Compiling url v2.5.8
[INFO] [stderr]    Compiling tungstenite v0.29.0
[INFO] [stderr]    Compiling tokio-util v0.7.18
[INFO] [stderr]    Compiling tower v0.5.3
[INFO] [stderr]    Compiling tokio-rustls v0.26.4
[INFO] [stderr]    Compiling tokio-stream v0.1.18
[INFO] [stderr]    Compiling tokio-tungstenite v0.29.0
[INFO] [stderr]    Compiling tower-http v0.6.10
[INFO] [stderr]    Compiling h2 v0.4.14
[INFO] [stderr]    Compiling hyper v1.9.0
[INFO] [stderr]    Compiling hyper-util v0.1.20
[INFO] [stderr]    Compiling axum v0.7.9
[INFO] [stderr]    Compiling hyper-rustls v0.27.9
[INFO] [stderr]    Compiling reqwest v0.12.28
[INFO] [stderr]    Compiling tower_governor v0.4.3
[INFO] [stderr]    Compiling slancha-wire v0.17.0 (/opt/rustwide/workdir)
[INFO] [stderr]     Finished `dev` profile [unoptimized + debuginfo] target(s) in 1m 50s
[INFO] running `Command { std: "docker" "inspect" "2d6d961a9ece26dc257bb20e3a7f6bd3ae5b2b8b96ee3d1bf8c33bda75c4e5e8", kill_on_drop: false }`
[INFO] running `Command { std: "docker" "exec" "-e" "SOURCE_DIR=/opt/rustwide/workdir" "-e" "CARGO_HOME=/opt/rustwide/cargo-home" "-e" "RUSTUP_HOME=/opt/rustwide/rustup-home" "-e" "CARGO_TARGET_DIR=/opt/rustwide/target" "-e" "CARGO_INCREMENTAL=0" "-e" "RUST_BACKTRACE=full" "-e" "RUSTFLAGS=--cap-lints=warn" "-e" "RUSTDOCFLAGS=--cap-lints=warn" "-w" "/opt/rustwide/workdir" "--user" "0:0" "2d6d961a9ece26dc257bb20e3a7f6bd3ae5b2b8b96ee3d1bf8c33bda75c4e5e8" "/opt/rustwide/cargo-home/bin/cargo" "+1.99.0-beta.8" "test" "--frozen" "--no-run" "--message-format=json", kill_on_drop: false }`
[INFO] [stderr]    Compiling bitflags v2.11.1
[INFO] [stderr]    Compiling rustix v1.1.4
[INFO] [stderr]    Compiling getrandom v0.4.2
[INFO] [stderr]    Compiling linux-raw-sys v0.12.1
[INFO] [stderr]    Compiling num-traits v0.2.19
[INFO] [stderr]    Compiling fastrand v2.4.1
[INFO] [stderr]    Compiling wait-timeout v0.2.1
[INFO] [stderr]    Compiling quick-error v1.2.3
[INFO] [stderr]    Compiling bit-vec v0.8.0
[INFO] [stderr]    Compiling rand_xorshift v0.4.0
[INFO] [stderr]    Compiling unarray v0.1.4
[INFO] [stderr]    Compiling regex-syntax v0.8.10
[INFO] [stderr]    Compiling raw-cpuid v11.6.0
[INFO] [stderr]    Compiling tower-http v0.6.10
[INFO] [stderr]    Compiling bit-set v0.8.0
[INFO] [stderr]    Compiling reqwest v0.12.28
[INFO] [stderr]    Compiling tempfile v3.27.0
[INFO] [stderr]    Compiling quanta v0.12.6
[INFO] [stderr]    Compiling governor v0.6.3
[INFO] [stderr]    Compiling rusty-fork v0.3.1
[INFO] [stderr]    Compiling tower_governor v0.4.3
[INFO] [stderr]    Compiling proptest v1.11.0
[INFO] [stderr]    Compiling slancha-wire v0.17.0 (/opt/rustwide/workdir)
[INFO] [stderr] error: could not compile `slancha-wire` (lib test)
[INFO] [stderr] 
[INFO] [stderr] Caused by:
[INFO] [stderr]   process didn't exit successfully: `/opt/rustwide/rustup-home/toolchains/1.99.0-beta.8-x86_64-unknown-linux-gnu/bin/rustc --crate-name wire --edition=2024 src/lib.rs --error-format=json --json=diagnostic-rendered-ansi,artifacts,future-incompat --emit=dep-info,link -C embed-bitcode=no -C debuginfo=2 --test --check-cfg 'cfg(docsrs,test)' --check-cfg 'cfg(feature, values())' -C metadata=8951dcc4e4deb082 -C extra-filename=-fa14766be65acbbf --out-dir /opt/rustwide/target/debug/deps -L dependency=/opt/rustwide/target/debug/deps --extern anyhow=/opt/rustwide/target/debug/deps/libanyhow-c9b06d8caf422803.rlib --extern axum=/opt/rustwide/target/debug/deps/libaxum-73eda808eef76e99.rlib --extern base64=/opt/rustwide/target/debug/deps/libbase64-32787b0325ea6df8.rlib --extern chacha20=/opt/rustwide/target/debug/deps/libchacha20-5e110e132682524a.rlib --extern chacha20poly1305=/opt/rustwide/target/debug/deps/libchacha20poly1305-649409caf5e1f542.rlib --extern clap=/opt/rustwide/target/debug/deps/libclap-f4ba878a4f26d60a.rlib --extern clap_complete=/opt/rustwide/target/debug/deps/libclap_complete-50e2607e7f0aa50b.rlib --extern dirs=/opt/rustwide/target/debug/deps/libdirs-ced9ecdfe96c4de3.rlib --extern ed25519_dalek=/opt/rustwide/target/debug/deps/libed25519_dalek-897c6078a322e61f.rlib --extern fs2=/opt/rustwide/target/debug/deps/libfs2-40aa2c9e543a889a.rlib --extern futures=/opt/rustwide/target/debug/deps/libfutures-5c9e75323a8ab307.rlib --extern hex=/opt/rustwide/target/debug/deps/libhex-13e08b3b00984ab7.rlib --extern hkdf=/opt/rustwide/target/debug/deps/libhkdf-2004ff29a75b271c.rlib --extern hmac=/opt/rustwide/target/debug/deps/libhmac-1cebbe9ecd6cbd8b.rlib --extern hostname=/opt/rustwide/target/debug/deps/libhostname-f4c73448d6e81900.rlib --extern hyper=/opt/rustwide/target/debug/deps/libhyper-36aba554bb64d732.rlib --extern hyper_util=/opt/rustwide/target/debug/deps/libhyper_util-34fc939b64ca7697.rlib --extern proptest=/opt/rustwide/target/debug/deps/libproptest-022e029dc71897d6.rlib --extern rand=/opt/rustwide/target/debug/deps/librand-2b755080c27cd5c5.rlib --extern rand_chacha=/opt/rustwide/target/debug/deps/librand_chacha-0a2d43e41b0903fc.rlib --extern reqwest=/opt/rustwide/target/debug/deps/libreqwest-3712026a5b030c59.rlib --extern rustls=/opt/rustwide/target/debug/deps/librustls-5fd13b1c25ac1444.rlib --extern rustls_native_certs=/opt/rustwide/target/debug/deps/librustls_native_certs-d5b9a27a79e1d733.rlib --extern secp256k1=/opt/rustwide/target/debug/deps/libsecp256k1-ef6a4cc11a2aca3c.rlib --extern serde=/opt/rustwide/target/debug/deps/libserde-0e6778ac27690a20.rlib --extern serde_json=/opt/rustwide/target/debug/deps/libserde_json-cea559ad06bfb4f4.rlib --extern sha2=/opt/rustwide/target/debug/deps/libsha2-1f8a6f01887f2136.rlib --extern spake2=/opt/rustwide/target/debug/deps/libspake2-57a2a08f9fcb282a.rlib --extern tempfile=/opt/rustwide/target/debug/deps/libtempfile-50ad8fd3a6f486c7.rlib --extern thiserror=/opt/rustwide/target/debug/deps/libthiserror-305297abc8a52265.rlib --extern time=/opt/rustwide/target/debug/deps/libtime-e1245a12c1249790.rlib --extern tokio=/opt/rustwide/target/debug/deps/libtokio-1118873dd6005ed0.rlib --extern tokio_stream=/opt/rustwide/target/debug/deps/libtokio_stream-5b3bcb082ba4ebdc.rlib --extern tokio_tungstenite=/opt/rustwide/target/debug/deps/libtokio_tungstenite-4907dc3511fb9893.rlib --extern tower_service=/opt/rustwide/target/debug/deps/libtower_service-3fb88d28c2218805.rlib --extern tower_governor=/opt/rustwide/target/debug/deps/libtower_governor-d4ade61a77aefbac.rlib --extern webpki_roots=/opt/rustwide/target/debug/deps/libwebpki_roots-c384fd6ab65c5e30.rlib --extern x25519_dalek=/opt/rustwide/target/debug/deps/libx25519_dalek-1c9e679c23e708fc.rlib --extern zeroize=/opt/rustwide/target/debug/deps/libzeroize-8791936fa9a99a6f.rlib --cap-lints=warn -L native=/opt/rustwide/target/debug/build/ring-dde6d2ed2307ef2a/out -L native=/opt/rustwide/target/debug/build/secp256k1-sys-85f21f2f0eb8d765/out` (signal: 9, SIGKILL: kill)
[INFO] [stderr] warning: build failed, waiting for other jobs to finish...
[INFO] [stderr] error: could not compile `slancha-wire` (test "e2e_mesh")
[INFO] [stderr] 
[INFO] [stderr] Caused by:
[INFO] [stderr]   process didn't exit successfully: `/opt/rustwide/rustup-home/toolchains/1.99.0-beta.8-x86_64-unknown-linux-gnu/bin/rustc --crate-name e2e_mesh --edition=2024 tests/e2e_mesh.rs --error-format=json --json=diagnostic-rendered-ansi,artifacts,future-incompat --emit=dep-info,link -C embed-bitcode=no -C debuginfo=2 --test --check-cfg 'cfg(docsrs,test)' --check-cfg 'cfg(feature, values())' -C metadata=f6e137ff40e4f3db -C extra-filename=-85f68ebff1e57d72 --out-dir /opt/rustwide/target/debug/deps -L dependency=/opt/rustwide/target/debug/deps --extern anyhow=/opt/rustwide/target/debug/deps/libanyhow-c9b06d8caf422803.rlib --extern axum=/opt/rustwide/target/debug/deps/libaxum-73eda808eef76e99.rlib --extern base64=/opt/rustwide/target/debug/deps/libbase64-32787b0325ea6df8.rlib --extern chacha20=/opt/rustwide/target/debug/deps/libchacha20-5e110e132682524a.rlib --extern chacha20poly1305=/opt/rustwide/target/debug/deps/libchacha20poly1305-649409caf5e1f542.rlib --extern clap=/opt/rustwide/target/debug/deps/libclap-f4ba878a4f26d60a.rlib --extern clap_complete=/opt/rustwide/target/debug/deps/libclap_complete-50e2607e7f0aa50b.rlib --extern dirs=/opt/rustwide/target/debug/deps/libdirs-ced9ecdfe96c4de3.rlib --extern ed25519_dalek=/opt/rustwide/target/debug/deps/libed25519_dalek-897c6078a322e61f.rlib --extern fs2=/opt/rustwide/target/debug/deps/libfs2-40aa2c9e543a889a.rlib --extern futures=/opt/rustwide/target/debug/deps/libfutures-5c9e75323a8ab307.rlib --extern hex=/opt/rustwide/target/debug/deps/libhex-13e08b3b00984ab7.rlib --extern hkdf=/opt/rustwide/target/debug/deps/libhkdf-2004ff29a75b271c.rlib --extern hmac=/opt/rustwide/target/debug/deps/libhmac-1cebbe9ecd6cbd8b.rlib --extern hostname=/opt/rustwide/target/debug/deps/libhostname-f4c73448d6e81900.rlib --extern hyper=/opt/rustwide/target/debug/deps/libhyper-36aba554bb64d732.rlib --extern hyper_util=/opt/rustwide/target/debug/deps/libhyper_util-34fc939b64ca7697.rlib --extern proptest=/opt/rustwide/target/debug/deps/libproptest-022e029dc71897d6.rlib --extern rand=/opt/rustwide/target/debug/deps/librand-2b755080c27cd5c5.rlib --extern rand_chacha=/opt/rustwide/target/debug/deps/librand_chacha-0a2d43e41b0903fc.rlib --extern reqwest=/opt/rustwide/target/debug/deps/libreqwest-3712026a5b030c59.rlib --extern rustls=/opt/rustwide/target/debug/deps/librustls-5fd13b1c25ac1444.rlib --extern rustls_native_certs=/opt/rustwide/target/debug/deps/librustls_native_certs-d5b9a27a79e1d733.rlib --extern secp256k1=/opt/rustwide/target/debug/deps/libsecp256k1-ef6a4cc11a2aca3c.rlib --extern serde=/opt/rustwide/target/debug/deps/libserde-0e6778ac27690a20.rlib --extern serde_json=/opt/rustwide/target/debug/deps/libserde_json-cea559ad06bfb4f4.rlib --extern sha2=/opt/rustwide/target/debug/deps/libsha2-1f8a6f01887f2136.rlib --extern wire=/opt/rustwide/target/debug/deps/libwire-4265180a66cec4f1.rlib --extern spake2=/opt/rustwide/target/debug/deps/libspake2-57a2a08f9fcb282a.rlib --extern tempfile=/opt/rustwide/target/debug/deps/libtempfile-50ad8fd3a6f486c7.rlib --extern thiserror=/opt/rustwide/target/debug/deps/libthiserror-305297abc8a52265.rlib --extern time=/opt/rustwide/target/debug/deps/libtime-e1245a12c1249790.rlib --extern tokio=/opt/rustwide/target/debug/deps/libtokio-1118873dd6005ed0.rlib --extern tokio_stream=/opt/rustwide/target/debug/deps/libtokio_stream-5b3bcb082ba4ebdc.rlib --extern tokio_tungstenite=/opt/rustwide/target/debug/deps/libtokio_tungstenite-4907dc3511fb9893.rlib --extern tower_service=/opt/rustwide/target/debug/deps/libtower_service-3fb88d28c2218805.rlib --extern tower_governor=/opt/rustwide/target/debug/deps/libtower_governor-d4ade61a77aefbac.rlib --extern webpki_roots=/opt/rustwide/target/debug/deps/libwebpki_roots-c384fd6ab65c5e30.rlib --extern x25519_dalek=/opt/rustwide/target/debug/deps/libx25519_dalek-1c9e679c23e708fc.rlib --extern zeroize=/opt/rustwide/target/debug/deps/libzeroize-8791936fa9a99a6f.rlib --cap-lints=warn -L native=/opt/rustwide/target/debug/build/ring-dde6d2ed2307ef2a/out -L native=/opt/rustwide/target/debug/build/secp256k1-sys-85f21f2f0eb8d765/out` (signal: 9, SIGKILL: kill)
[INFO] [stderr] error: could not compile `slancha-wire` (test "e2e_org_bind")
[INFO] [stderr] 
[INFO] [stderr] Caused by:
[INFO] [stderr]   process didn't exit successfully: `/opt/rustwide/rustup-home/toolchains/1.99.0-beta.8-x86_64-unknown-linux-gnu/bin/rustc --crate-name e2e_org_bind --edition=2024 tests/e2e_org_bind.rs --error-format=json --json=diagnostic-rendered-ansi,artifacts,future-incompat --emit=dep-info,link -C embed-bitcode=no -C debuginfo=2 --test --check-cfg 'cfg(docsrs,test)' --check-cfg 'cfg(feature, values())' -C metadata=ba8035c47e5e8f00 -C extra-filename=-52569a15f354ba44 --out-dir /opt/rustwide/target/debug/deps -L dependency=/opt/rustwide/target/debug/deps --extern anyhow=/opt/rustwide/target/debug/deps/libanyhow-c9b06d8caf422803.rlib --extern axum=/opt/rustwide/target/debug/deps/libaxum-73eda808eef76e99.rlib --extern base64=/opt/rustwide/target/debug/deps/libbase64-32787b0325ea6df8.rlib --extern chacha20=/opt/rustwide/target/debug/deps/libchacha20-5e110e132682524a.rlib --extern chacha20poly1305=/opt/rustwide/target/debug/deps/libchacha20poly1305-649409caf5e1f542.rlib --extern clap=/opt/rustwide/target/debug/deps/libclap-f4ba878a4f26d60a.rlib --extern clap_complete=/opt/rustwide/target/debug/deps/libclap_complete-50e2607e7f0aa50b.rlib --extern dirs=/opt/rustwide/target/debug/deps/libdirs-ced9ecdfe96c4de3.rlib --extern ed25519_dalek=/opt/rustwide/target/debug/deps/libed25519_dalek-897c6078a322e61f.rlib --extern fs2=/opt/rustwide/target/debug/deps/libfs2-40aa2c9e543a889a.rlib --extern futures=/opt/rustwide/target/debug/deps/libfutures-5c9e75323a8ab307.rlib --extern hex=/opt/rustwide/target/debug/deps/libhex-13e08b3b00984ab7.rlib --extern hkdf=/opt/rustwide/target/debug/deps/libhkdf-2004ff29a75b271c.rlib --extern hmac=/opt/rustwide/target/debug/deps/libhmac-1cebbe9ecd6cbd8b.rlib --extern hostname=/opt/rustwide/target/debug/deps/libhostname-f4c73448d6e81900.rlib --extern hyper=/opt/rustwide/target/debug/deps/libhyper-36aba554bb64d732.rlib --extern hyper_util=/opt/rustwide/target/debug/deps/libhyper_util-34fc939b64ca7697.rlib --extern proptest=/opt/rustwide/target/debug/deps/libproptest-022e029dc71897d6.rlib --extern rand=/opt/rustwide/target/debug/deps/librand-2b755080c27cd5c5.rlib --extern rand_chacha=/opt/rustwide/target/debug/deps/librand_chacha-0a2d43e41b0903fc.rlib --extern reqwest=/opt/rustwide/target/debug/deps/libreqwest-3712026a5b030c59.rlib --extern rustls=/opt/rustwide/target/debug/deps/librustls-5fd13b1c25ac1444.rlib --extern rustls_native_certs=/opt/rustwide/target/debug/deps/librustls_native_certs-d5b9a27a79e1d733.rlib --extern secp256k1=/opt/rustwide/target/debug/deps/libsecp256k1-ef6a4cc11a2aca3c.rlib --extern serde=/opt/rustwide/target/debug/deps/libserde-0e6778ac27690a20.rlib --extern serde_json=/opt/rustwide/target/debug/deps/libserde_json-cea559ad06bfb4f4.rlib --extern sha2=/opt/rustwide/target/debug/deps/libsha2-1f8a6f01887f2136.rlib --extern wire=/opt/rustwide/target/debug/deps/libwire-4265180a66cec4f1.rlib --extern spake2=/opt/rustwide/target/debug/deps/libspake2-57a2a08f9fcb282a.rlib --extern tempfile=/opt/rustwide/target/debug/deps/libtempfile-50ad8fd3a6f486c7.rlib --extern thiserror=/opt/rustwide/target/debug/deps/libthiserror-305297abc8a52265.rlib --extern time=/opt/rustwide/target/debug/deps/libtime-e1245a12c1249790.rlib --extern tokio=/opt/rustwide/target/debug/deps/libtokio-1118873dd6005ed0.rlib --extern tokio_stream=/opt/rustwide/target/debug/deps/libtokio_stream-5b3bcb082ba4ebdc.rlib --extern tokio_tungstenite=/opt/rustwide/target/debug/deps/libtokio_tungstenite-4907dc3511fb9893.rlib --extern tower_service=/opt/rustwide/target/debug/deps/libtower_service-3fb88d28c2218805.rlib --extern tower_governor=/opt/rustwide/target/debug/deps/libtower_governor-d4ade61a77aefbac.rlib --extern webpki_roots=/opt/rustwide/target/debug/deps/libwebpki_roots-c384fd6ab65c5e30.rlib --extern x25519_dalek=/opt/rustwide/target/debug/deps/libx25519_dalek-1c9e679c23e708fc.rlib --extern zeroize=/opt/rustwide/target/debug/deps/libzeroize-8791936fa9a99a6f.rlib --cap-lints=warn -L native=/opt/rustwide/target/debug/build/ring-dde6d2ed2307ef2a/out -L native=/opt/rustwide/target/debug/build/secp256k1-sys-85f21f2f0eb8d765/out` (signal: 9, SIGKILL: kill)
[INFO] [stdout] error: linking with `cc` failed: exit status: 1
[INFO] [stdout]   |
[INFO] [stdout]   = note:  "cc" "-m64" "/opt/rustwide/target/debug/deps/rustcWZc3sT/symbols.o" "<2 object files omitted>" "-Wl,--as-needed" "-Wl,-Bstatic" "<sysroot>/lib/rustlib/x86_64-unknown-linux-gnu/lib/{libtest-*,libgetopts-*,librustc_std_workspace_std-*}.rlib" "/opt/rustwide/target/debug/deps/{libwire-4265180a66cec4f1,librustls_native_certs-d5b9a27a79e1d733,libopenssl_probe-6b1b371432012237,libtokio_stream-5b3bcb082ba4ebdc,libhostname-f4c73448d6e81900,libclap_complete-50e2607e7f0aa50b,libreqwest-3712026a5b030c59,libhyper_rustls-32dddbda38c040d2,libtower_http-24e04d879b6d89c1,liburl-0d71543b80313b81,libidna-2adb8d63f34931e7,libutf8_iter-51566bbad89f3a68,libidna_adapter-bf5d9b2cee9dd871,libicu_properties-6b984c15f8935e7d,libicu_properties_data-b217809bf575558a,libicu_normalizer-0c202404957afb95,libicu_normalizer_data-ab8997d7cbbb3306,libicu_collections-8db57ace674c011b,libpotential_utf-dfc67b58ecdfe49f,libicu_provider-95cafc92154bafab,libicu_locale_core-5247b3b90f2eff3c,libtinystr-4cce420f599efd20,liblitemap-dc288f07f8f61193,libwriteable-48b3e52227924bb5,libzerovec-ca67d97079b95e44,libzerotrie-0c901af276a1f5ce,libyoke-a73bb16c30c8666f,libstable_deref_trait-63cbf3f3d3f94e56,libzerofrom-3c4bc0c4c9717ce1,libhex-13e08b3b00984ab7,libdirs-ced9ecdfe96c4de3,libdirs_sys-35571c8e0e8ec812,liboption_ext-61303ef911796993,libtower_governor-d4ade61a77aefbac,libpin_project-1ac163633d7793ed,libforwarded_header_value-afd21376da509378,libnonempty-f1c371b9f8fa64a5,libgovernor-fc28a1eb19fec0da,libparking_lot-080783593a730975,libquanta-a2532e39c3da8a86,libraw_cpuid-9ca3a4c849b5968e,libbitflags-db7b9c0337a7ee76,libcrossbeam_utils-f696a08ab1e94e7a,libdashmap-9bd6a204e7499cfa,liblock_api-16d46fed645f7bff,libscopeguard-7ec2214574194454,libparking_lot_core-bccd0786fb787739,libhashbrown-d952ad0946629507,libfutures_timer-17baedd4276dc448,libnonzero_ext-203430fae6cd36ff,libportable_atomic-a2913edf01b5bd0d,libno_std_compat-493d4a0343c995b5,libaxum-73eda808eef76e99,libserde_path_to_error-ceb929358e62d172,libserde_urlencoded-8b496b8bcd77153e,libryu-1f4f40e4352371e5,libform_urlencoded-58b0f0edb59b40d2,libhyper_util-34fc939b64ca7697,libpercent_encoding-fa055ecaa1e57cfa,libipnet-61ca7a5e1c2863d4,libhyper-36aba554bb64d732,libwant-7a6260b9c50f1479,libtry_lock-8fa2f6971035be84,libsmallvec-bc3128fdd57228fc,libh2-ea5f887ae3573ae2,libindexmap-b92bb9c25241b995,libequivalent-6a754676e6af62ae,libhashbrown-d7214d631586fd51,libfnv-79e2cbfbe03dcd16,libtokio_util-eb9855e19ed65819,libatomic_waker-06950c8c08d2b8fa,libhttpdate-331798cefc82cc7e,libmatchit-616cb01453b9e7d4,libaxum_core-0ecb9eeb00a26123,libmime-0188e0814ca7ddbf,libhttp_body_util-ed5fbd1db1f6d6fc,libhttp_body-8d8f9f8398f09fa7,libtracing-02779275e9ae46ef,libtracing_core-89b602bc4a7d7f8a,libonce_cell-b5bdc597ed9676b3,libtower-ecc9a3303f9166c5,libsync_wrapper-6bdfbc29c4269203,libtower_layer-d908dd771b239ecd,libtower_service-3fb88d28c2218805,libtokio_tungstenite-4907dc3511fb9893,libwebpki_roots-c384fd6ab65c5e30,libwebpki_roots-1d34f01c05d6fe6b,libtokio_rustls-73764df2dc9355e2,libtokio-1118873dd6005ed0,libsignal_hook_registry-97fb91977beb15cc,liberrno-40a43d7c8a9b8122,libsocket2-2367bcf2eb96355a,libmio-3f5f6fa89ecad527,libtungstenite-73cbbed3f14c29c7,libdata_encoding-b17abe9da7ed756a,librustls-5fd13b1c25ac1444,libwebpki-1bbbbfc4a7a74c83,libring-fafa37576a22d673,libuntrusted-b2f816886faf2178,librustls_pki_types-dae6145799511d1e,libsha1-8c9eeb3cb6f572eb,libhttparse-8c9b827b8f345444,libthiserror-5e90adc18491a337,liblog-f16ce4b64309590f,libhttp-563f2cb150350555,libbytes-2ed9460101f17bbf,libfutures-5c9e75323a8ab307,libfutures_executor-a40538543ae89eee,libfutures_util-11045934aa1f092f,libfutures_io-a8805bd12b2ab705,libslab-0582d648e59ab406,libfutures_channel-04b287164a72dbf0,libpin_project_lite-0a15d51c77964692,libfutures_sink-3971bde37bb30e19,libfutures_task-36f327cfab86eddc,libfutures_core-1121ff913ed87f93,libsecp256k1-ef6a4cc11a2aca3c,librand-2ac3027652de4077,librand_chacha-d1da16184ebf3983,librand_core-b115fb9b5d781658,libgetrandom-a73f2f085e83d825,libsecp256k1_sys-d71568ed0911102a,libbase64-32787b0325ea6df8,libx25519_dalek-1c9e679c23e708fc,libhkdf-2004ff29a75b271c,libhmac-1cebbe9ecd6cbd8b,libchacha20-5e110e132682524a,libcipher-8b0a6f271f5391db,libinout-8d84090710490805,libfs2-40aa2c9e543a889a,librand-2b755080c27cd5c5,librand_chacha-0a2d43e41b0903fc,libppv_lite86-7f5ba35fc3b17562,libzerocopy-ad92ccf16844b543,libclap-f4ba878a4f26d60a,libclap_builder-33897930e618d2bd,libstrsim-4d1ed08a123238dc,libanstream-14b271bd294f0187,libanstyle_query-635080b1d6343734,libis_terminal_polyfill-3ca4268cb2568267,libcolorchoice-33c0bd1745dd5ace,libanstyle_parse-88399b635fc44f8e,libutf8parse-92d0158219063202,libclap_lex-2acbcd0288e51058,libanstyle-9beaeb754742faae,libserde-0e6778ac27690a20,libtime-e1245a12c1249790,libtime_core-031b6ab885a7634b,libnum_conv-4e1233169d5eeba7,libderanged-cdae7a3649226cfc,libpowerfmt-f6019a2766e431f7,libthiserror-305297abc8a52265,libed25519_dalek-897c6078a322e61f,libsha2-1f8a6f01887f2136,libcurve25519_dalek-51479575561fbdd7,libcpufeatures-e04321643d03190d,libzeroize-8791936fa9a99a6f,libdigest-57926731aba26cc1,libsubtle-2ae6a7038b9a0630,libblock_buffer-bba24321e7b40706,libcrypto_common-c4aa645dd0f500be,libgeneric_array-c2fdd0cc081e51ad,libtypenum-ec75592541d0a339,librand_core-86e43b95b9d88fa9,libgetrandom-f25a51f78d9871ba,liblibc-612664c2206eec43,libcfg_if-83060ec5685761ae,libed25519-44e6328192700ad9,libsignature-3b38413e1bea4ec2,libserde_json-cea559ad06bfb4f4,libmemchr-5cfa70d22cb32987,libitoa-5de11b3b23bfe572,libzmij-ef63f1da73704b4c,libserde_core-21f22ac7b803fb0e,libanyhow-c9b06d8caf422803}.rlib" "<sysroot>/lib/rustlib/x86_64-unknown-linux-gnu/lib/{libstd-*,libpanic_unwind-*,libobject-*,libmemchr-*,libaddr2line-*,libgimli-*,libcfg_if-*,librustc_demangle-*,libstd_detect-*,libhashbrown-*,librustc_std_workspace_alloc-*,libminiz_oxide-*,libadler2-*,libunwind-*,liblibc-*,librustc_std_workspace_core-*,liballoc-*,libcore-*,libcompiler_builtins-*}.rlib" "-Wl,-Bdynamic" "-lgcc_s" "-lutil" "-lrt" "-lpthread" "-lm" "-ldl" "-lc" "-L" "/opt/rustwide/target/debug/deps/rustcWZc3sT/raw-dylibs" "-B<sysroot>/lib/rustlib/x86_64-unknown-linux-gnu/bin/gcc-ld" "-fuse-ld=lld" "-Wl,--eh-frame-hdr" "-Wl,-z,noexecstack" "-L" "/opt/rustwide/target/debug/build/ring-dde6d2ed2307ef2a/out" "-L" "/opt/rustwide/target/debug/build/secp256k1-sys-85f21f2f0eb8d765/out" "-L" "<sysroot>/lib/rustlib/x86_64-unknown-linux-gnu/lib" "-o" "/opt/rustwide/target/debug/deps/e2e_identity-3e46cec4e02dcf1b" "-Wl,--gc-sections" "-pie" "-Wl,-z,relro,-z,now" "-nodefaultlibs"
[INFO] [stdout]   = note: some arguments are omitted. use `--verbose` to show all linker arguments
[INFO] [stdout]   = note: collect2: fatal error: ld terminated with signal 9 [Killed]
[INFO] [stdout]           compilation terminated.
[INFO] [stdout]           
[INFO] [stdout] 
[INFO] [stdout] 
[INFO] [stdout] error: linking with `cc` failed: exit status: 1
[INFO] [stdout]   |
[INFO] [stdout]   = note:  "cc" "-m64" "/opt/rustwide/target/debug/deps/rustcKl16Dm/symbols.o" "<5 object files omitted>" "-Wl,--as-needed" "-Wl,-Bstatic" "<sysroot>/lib/rustlib/x86_64-unknown-linux-gnu/lib/{libtest-*,libgetopts-*,librustc_std_workspace_std-*}.rlib" "/opt/rustwide/target/debug/deps/{libwire-4265180a66cec4f1,librustls_native_certs-d5b9a27a79e1d733,libopenssl_probe-6b1b371432012237,libtokio_stream-5b3bcb082ba4ebdc,libhostname-f4c73448d6e81900,libclap_complete-50e2607e7f0aa50b,libreqwest-3712026a5b030c59,libhyper_rustls-32dddbda38c040d2,libtower_http-24e04d879b6d89c1,liburl-0d71543b80313b81,libidna-2adb8d63f34931e7,libutf8_iter-51566bbad89f3a68,libidna_adapter-bf5d9b2cee9dd871,libicu_properties-6b984c15f8935e7d,libicu_properties_data-b217809bf575558a,libicu_normalizer-0c202404957afb95,libicu_normalizer_data-ab8997d7cbbb3306,libicu_collections-8db57ace674c011b,libpotential_utf-dfc67b58ecdfe49f,libicu_provider-95cafc92154bafab,libicu_locale_core-5247b3b90f2eff3c,libtinystr-4cce420f599efd20,liblitemap-dc288f07f8f61193,libwriteable-48b3e52227924bb5,libzerovec-ca67d97079b95e44,libzerotrie-0c901af276a1f5ce,libyoke-a73bb16c30c8666f,libstable_deref_trait-63cbf3f3d3f94e56,libzerofrom-3c4bc0c4c9717ce1,libhex-13e08b3b00984ab7,libdirs-ced9ecdfe96c4de3,libdirs_sys-35571c8e0e8ec812,liboption_ext-61303ef911796993,libtower_governor-d4ade61a77aefbac,libpin_project-1ac163633d7793ed,libforwarded_header_value-afd21376da509378,libnonempty-f1c371b9f8fa64a5,libgovernor-fc28a1eb19fec0da,libparking_lot-080783593a730975,libquanta-a2532e39c3da8a86,libraw_cpuid-9ca3a4c849b5968e,libcrossbeam_utils-f696a08ab1e94e7a,libdashmap-9bd6a204e7499cfa,liblock_api-16d46fed645f7bff,libscopeguard-7ec2214574194454,libparking_lot_core-bccd0786fb787739,libhashbrown-d952ad0946629507,libfutures_timer-17baedd4276dc448,libnonzero_ext-203430fae6cd36ff,libportable_atomic-a2913edf01b5bd0d,libno_std_compat-493d4a0343c995b5,libaxum-73eda808eef76e99,libserde_path_to_error-ceb929358e62d172,libserde_urlencoded-8b496b8bcd77153e,libryu-1f4f40e4352371e5,libform_urlencoded-58b0f0edb59b40d2,libhyper_util-34fc939b64ca7697,libpercent_encoding-fa055ecaa1e57cfa,libipnet-61ca7a5e1c2863d4,libhyper-36aba554bb64d732,libwant-7a6260b9c50f1479,libtry_lock-8fa2f6971035be84,libsmallvec-bc3128fdd57228fc,libh2-ea5f887ae3573ae2,libindexmap-b92bb9c25241b995,libequivalent-6a754676e6af62ae,libhashbrown-d7214d631586fd51,libtokio_util-eb9855e19ed65819,libatomic_waker-06950c8c08d2b8fa,libhttpdate-331798cefc82cc7e,libmatchit-616cb01453b9e7d4,libaxum_core-0ecb9eeb00a26123,libmime-0188e0814ca7ddbf,libhttp_body_util-ed5fbd1db1f6d6fc,libhttp_body-8d8f9f8398f09fa7,libtracing-02779275e9ae46ef,libtracing_core-89b602bc4a7d7f8a,libtower-ecc9a3303f9166c5,libsync_wrapper-6bdfbc29c4269203,libtower_layer-d908dd771b239ecd,libtower_service-3fb88d28c2218805,libtokio_tungstenite-4907dc3511fb9893,libwebpki_roots-c384fd6ab65c5e30,libwebpki_roots-1d34f01c05d6fe6b,libtokio_rustls-73764df2dc9355e2,libtokio-1118873dd6005ed0,libsignal_hook_registry-97fb91977beb15cc,liberrno-40a43d7c8a9b8122,libsocket2-2367bcf2eb96355a,libmio-3f5f6fa89ecad527,libtungstenite-73cbbed3f14c29c7,libdata_encoding-b17abe9da7ed756a,librustls-5fd13b1c25ac1444,libwebpki-1bbbbfc4a7a74c83,libring-fafa37576a22d673,libuntrusted-b2f816886faf2178,librustls_pki_types-dae6145799511d1e,libsha1-8c9eeb3cb6f572eb,libhttparse-8c9b827b8f345444,libthiserror-5e90adc18491a337,liblog-f16ce4b64309590f,libhttp-563f2cb150350555,libbytes-2ed9460101f17bbf,libfutures-5c9e75323a8ab307,libfutures_executor-a40538543ae89eee,libfutures_util-11045934aa1f092f,libfutures_io-a8805bd12b2ab705,libslab-0582d648e59ab406,libfutures_channel-04b287164a72dbf0,libpin_project_lite-0a15d51c77964692,libfutures_sink-3971bde37bb30e19,libfutures_task-36f327cfab86eddc,libfutures_core-1121ff913ed87f93,libsecp256k1-ef6a4cc11a2aca3c,libsecp256k1_sys-d71568ed0911102a,libbase64-32787b0325ea6df8,libx25519_dalek-1c9e679c23e708fc,libhkdf-2004ff29a75b271c,libhmac-1cebbe9ecd6cbd8b,libchacha20-5e110e132682524a,libcipher-8b0a6f271f5391db,libinout-8d84090710490805,libfs2-40aa2c9e543a889a,librand-2b755080c27cd5c5,librand_chacha-0a2d43e41b0903fc,libclap-f4ba878a4f26d60a,libclap_builder-33897930e618d2bd,libstrsim-4d1ed08a123238dc,libanstream-14b271bd294f0187,libanstyle_query-635080b1d6343734,libis_terminal_polyfill-3ca4268cb2568267,libcolorchoice-33c0bd1745dd5ace,libanstyle_parse-88399b635fc44f8e,libutf8parse-92d0158219063202,libclap_lex-2acbcd0288e51058,libanstyle-9beaeb754742faae,libserde-0e6778ac27690a20,libtime-e1245a12c1249790,libtime_core-031b6ab885a7634b,libnum_conv-4e1233169d5eeba7,libderanged-cdae7a3649226cfc,libpowerfmt-f6019a2766e431f7,libthiserror-305297abc8a52265,libed25519_dalek-897c6078a322e61f,libsha2-1f8a6f01887f2136,libcurve25519_dalek-51479575561fbdd7,libcpufeatures-e04321643d03190d,libzeroize-8791936fa9a99a6f,libdigest-57926731aba26cc1,libsubtle-2ae6a7038b9a0630,libblock_buffer-bba24321e7b40706,libcrypto_common-c4aa645dd0f500be,libgeneric_array-c2fdd0cc081e51ad,libtypenum-ec75592541d0a339,librand_core-86e43b95b9d88fa9,libgetrandom-f25a51f78d9871ba,libed25519-44e6328192700ad9,libsignature-3b38413e1bea4ec2,libanyhow-c9b06d8caf422803,libserde_json-cea559ad06bfb4f4,libmemchr-5cfa70d22cb32987,libitoa-5de11b3b23bfe572,libzmij-ef63f1da73704b4c,libserde_core-21f22ac7b803fb0e,libproptest-022e029dc71897d6,libunarray-2b0ca735f001c2fa,libregex_syntax-6d6ee545e2ffad72,librand_xorshift-24a4ff570882abd9,librand-2ac3027652de4077,librand_chacha-d1da16184ebf3983,libppv_lite86-7f5ba35fc3b17562,libzerocopy-ad92ccf16844b543,librand_core-b115fb9b5d781658,libgetrandom-a73f2f085e83d825,librusty_fork-1eb7bf02c21c02e1,libwait_timeout-fe020098b4d720a6,libtempfile-50ad8fd3a6f486c7,libgetrandom-fb4c32fda73a41c0,liblibc-612664c2206eec43,libcfg_if-83060ec5685761ae,libfastrand-8c711c36072d5b5b,libonce_cell-b5bdc597ed9676b3,librustix-66eac2e94111ec6f,liblinux_raw_sys-0b6cde911e9a3109,libfnv-79e2cbfbe03dcd16,libquick_error-9f96d0cb10ca2956,libbit_set-1fa6ab292f9512d1,libbit_vec-46bedad1cbb6f5b7,libbitflags-db7b9c0337a7ee76}.rlib" "<sysroot>/lib/rustlib/x86_64-unknown-linux-gnu/lib/{libstd-*,libpanic_unwind-*,libobject-*,libmemchr-*,libaddr2line-*,libgimli-*,libcfg_if-*,librustc_demangle-*,libstd_detect-*,libhashbrown-*,librustc_std_workspace_alloc-*,libminiz_oxide-*,libadler2-*,libunwind-*,liblibc-*,librustc_std_workspace_core-*,liballoc-*,libcore-*,libcompiler_builtins-*}.rlib" "-Wl,-Bdynamic" "-lgcc_s" "-lutil" "-lrt" "-lpthread" "-lm" "-ldl" "-lc" "-L" "/opt/rustwide/target/debug/deps/rustcKl16Dm/raw-dylibs" "-B<sysroot>/lib/rustlib/x86_64-unknown-linux-gnu/bin/gcc-ld" "-fuse-ld=lld" "-Wl,--eh-frame-hdr" "-Wl,-z,noexecstack" "-L" "/opt/rustwide/target/debug/build/ring-dde6d2ed2307ef2a/out" "-L" "/opt/rustwide/target/debug/build/secp256k1-sys-85f21f2f0eb8d765/out" "-L" "<sysroot>/lib/rustlib/x86_64-unknown-linux-gnu/lib" "-o" "/opt/rustwide/target/debug/deps/heartbeat_body_roundtrip-5b994d978ac11b55" "-Wl,--gc-sections" "-pie" "-Wl,-z,relro,-z,now" "-nodefaultlibs"
[INFO] [stdout]   = note: some arguments are omitted. use `--verbose` to show all linker arguments
[INFO] [stdout]   = note: collect2: fatal error: ld terminated with signal 9 [Killed]
[INFO] [stdout]           compilation terminated.
[INFO] [stdout]           
[INFO] [stdout] 
[INFO] [stdout] 
[INFO] [stderr] error: could not compile `slancha-wire` (test "e2e_identity") due to 1 previous error
[INFO] [stderr] error: could not compile `slancha-wire` (test "heartbeat_body_roundtrip") due to 1 previous error
[INFO] [stdout] error: linking with `cc` failed: exit status: 1
[INFO] [stdout]   |
[INFO] [stdout]   = note:  "cc" "-m64" "/opt/rustwide/target/debug/deps/rustcZcOGqM/symbols.o" "<2 object files omitted>" "-Wl,--as-needed" "-Wl,-Bstatic" "/opt/rustwide/target/debug/deps/{libwire-4265180a66cec4f1,librustls_native_certs-d5b9a27a79e1d733,libopenssl_probe-6b1b371432012237,libtokio_stream-5b3bcb082ba4ebdc,libhostname-f4c73448d6e81900,libclap_complete-50e2607e7f0aa50b,libreqwest-3712026a5b030c59,libhyper_rustls-32dddbda38c040d2,libtower_http-24e04d879b6d89c1,liburl-0d71543b80313b81,libidna-2adb8d63f34931e7,libutf8_iter-51566bbad89f3a68,libidna_adapter-bf5d9b2cee9dd871,libicu_properties-6b984c15f8935e7d,libicu_properties_data-b217809bf575558a,libicu_normalizer-0c202404957afb95,libicu_normalizer_data-ab8997d7cbbb3306,libicu_collections-8db57ace674c011b,libpotential_utf-dfc67b58ecdfe49f,libicu_provider-95cafc92154bafab,libicu_locale_core-5247b3b90f2eff3c,libtinystr-4cce420f599efd20,liblitemap-dc288f07f8f61193,libwriteable-48b3e52227924bb5,libzerovec-ca67d97079b95e44,libzerotrie-0c901af276a1f5ce,libyoke-a73bb16c30c8666f,libstable_deref_trait-63cbf3f3d3f94e56,libzerofrom-3c4bc0c4c9717ce1,libhex-13e08b3b00984ab7,libdirs-ced9ecdfe96c4de3,libdirs_sys-35571c8e0e8ec812,liboption_ext-61303ef911796993,libtower_governor-d4ade61a77aefbac,libpin_project-1ac163633d7793ed,libforwarded_header_value-afd21376da509378,libnonempty-f1c371b9f8fa64a5,libgovernor-fc28a1eb19fec0da,libparking_lot-080783593a730975,libquanta-a2532e39c3da8a86,libraw_cpuid-9ca3a4c849b5968e,libbitflags-db7b9c0337a7ee76,libcrossbeam_utils-f696a08ab1e94e7a,libdashmap-9bd6a204e7499cfa,liblock_api-16d46fed645f7bff,libscopeguard-7ec2214574194454,libparking_lot_core-bccd0786fb787739,libhashbrown-d952ad0946629507,libfutures_timer-17baedd4276dc448,libnonzero_ext-203430fae6cd36ff,libportable_atomic-a2913edf01b5bd0d,libno_std_compat-493d4a0343c995b5,libaxum-73eda808eef76e99,libserde_path_to_error-ceb929358e62d172,libserde_urlencoded-8b496b8bcd77153e,libryu-1f4f40e4352371e5,libform_urlencoded-58b0f0edb59b40d2,libhyper_util-34fc939b64ca7697,libpercent_encoding-fa055ecaa1e57cfa,libipnet-61ca7a5e1c2863d4,libhyper-36aba554bb64d732,libwant-7a6260b9c50f1479,libtry_lock-8fa2f6971035be84,libsmallvec-bc3128fdd57228fc,libh2-ea5f887ae3573ae2,libindexmap-b92bb9c25241b995,libequivalent-6a754676e6af62ae,libhashbrown-d7214d631586fd51,libfnv-79e2cbfbe03dcd16,libtokio_util-eb9855e19ed65819,libatomic_waker-06950c8c08d2b8fa,libhttpdate-331798cefc82cc7e,libmatchit-616cb01453b9e7d4,libaxum_core-0ecb9eeb00a26123,libmime-0188e0814ca7ddbf,libhttp_body_util-ed5fbd1db1f6d6fc,libhttp_body-8d8f9f8398f09fa7,libtracing-02779275e9ae46ef,libtracing_core-89b602bc4a7d7f8a,libonce_cell-b5bdc597ed9676b3,libtower-ecc9a3303f9166c5,libsync_wrapper-6bdfbc29c4269203,libtower_layer-d908dd771b239ecd,libtower_service-3fb88d28c2218805,libtokio_tungstenite-4907dc3511fb9893,libwebpki_roots-c384fd6ab65c5e30,libwebpki_roots-1d34f01c05d6fe6b,libtokio_rustls-73764df2dc9355e2,libtokio-1118873dd6005ed0,libsignal_hook_registry-97fb91977beb15cc,liberrno-40a43d7c8a9b8122,libsocket2-2367bcf2eb96355a,libmio-3f5f6fa89ecad527,libtungstenite-73cbbed3f14c29c7,libdata_encoding-b17abe9da7ed756a,librustls-5fd13b1c25ac1444,libwebpki-1bbbbfc4a7a74c83,libring-fafa37576a22d673,libuntrusted-b2f816886faf2178,librustls_pki_types-dae6145799511d1e,libsha1-8c9eeb3cb6f572eb,libhttparse-8c9b827b8f345444,libthiserror-5e90adc18491a337,liblog-f16ce4b64309590f,libhttp-563f2cb150350555,libbytes-2ed9460101f17bbf,libfutures-5c9e75323a8ab307,libfutures_executor-a40538543ae89eee,libfutures_util-11045934aa1f092f,libfutures_io-a8805bd12b2ab705,libslab-0582d648e59ab406,libfutures_channel-04b287164a72dbf0,libpin_project_lite-0a15d51c77964692,libfutures_sink-3971bde37bb30e19,libfutures_task-36f327cfab86eddc,libfutures_core-1121ff913ed87f93,libsecp256k1-ef6a4cc11a2aca3c,librand-2ac3027652de4077,librand_chacha-d1da16184ebf3983,librand_core-b115fb9b5d781658,libgetrandom-a73f2f085e83d825,libsecp256k1_sys-d71568ed0911102a,libbase64-32787b0325ea6df8,libx25519_dalek-1c9e679c23e708fc,libhkdf-2004ff29a75b271c,libhmac-1cebbe9ecd6cbd8b,libchacha20-5e110e132682524a,libcipher-8b0a6f271f5391db,libinout-8d84090710490805,libfs2-40aa2c9e543a889a,librand-2b755080c27cd5c5,librand_chacha-0a2d43e41b0903fc,libppv_lite86-7f5ba35fc3b17562,libzerocopy-ad92ccf16844b543,libclap-f4ba878a4f26d60a,libclap_builder-33897930e618d2bd,libstrsim-4d1ed08a123238dc,libanstream-14b271bd294f0187,libanstyle_query-635080b1d6343734,libis_terminal_polyfill-3ca4268cb2568267,libcolorchoice-33c0bd1745dd5ace,libanstyle_parse-88399b635fc44f8e,libutf8parse-92d0158219063202,libclap_lex-2acbcd0288e51058,libanstyle-9beaeb754742faae,libserde-0e6778ac27690a20,libtime-e1245a12c1249790,libtime_core-031b6ab885a7634b,libnum_conv-4e1233169d5eeba7,libderanged-cdae7a3649226cfc,libpowerfmt-f6019a2766e431f7,libthiserror-305297abc8a52265,libed25519_dalek-897c6078a322e61f,libsha2-1f8a6f01887f2136,libcurve25519_dalek-51479575561fbdd7,libcpufeatures-e04321643d03190d,libzeroize-8791936fa9a99a6f,libdigest-57926731aba26cc1,libsubtle-2ae6a7038b9a0630,libblock_buffer-bba24321e7b40706,libcrypto_common-c4aa645dd0f500be,libgeneric_array-c2fdd0cc081e51ad,libtypenum-ec75592541d0a339,librand_core-86e43b95b9d88fa9,libgetrandom-f25a51f78d9871ba,liblibc-612664c2206eec43,libcfg_if-83060ec5685761ae,libed25519-44e6328192700ad9,libsignature-3b38413e1bea4ec2,libserde_json-cea559ad06bfb4f4,libmemchr-5cfa70d22cb32987,libitoa-5de11b3b23bfe572,libzmij-ef63f1da73704b4c,libserde_core-21f22ac7b803fb0e,libanyhow-c9b06d8caf422803}.rlib" "<sysroot>/lib/rustlib/x86_64-unknown-linux-gnu/lib/{libstd-*,libpanic_unwind-*,libobject-*,libmemchr-*,libaddr2line-*,libgimli-*,libcfg_if-*,librustc_demangle-*,libstd_detect-*,libhashbrown-*,librustc_std_workspace_alloc-*,libminiz_oxide-*,libadler2-*,libunwind-*,liblibc-*,librustc_std_workspace_core-*,liballoc-*,libcore-*,libcompiler_builtins-*}.rlib" "-Wl,-Bdynamic" "-lgcc_s" "-lutil" "-lrt" "-lpthread" "-lm" "-ldl" "-lc" "-L" "/opt/rustwide/target/debug/deps/rustcZcOGqM/raw-dylibs" "-B<sysroot>/lib/rustlib/x86_64-unknown-linux-gnu/bin/gcc-ld" "-fuse-ld=lld" "-Wl,--eh-frame-hdr" "-Wl,-z,noexecstack" "-L" "/opt/rustwide/target/debug/build/ring-dde6d2ed2307ef2a/out" "-L" "/opt/rustwide/target/debug/build/secp256k1-sys-85f21f2f0eb8d765/out" "-L" "<sysroot>/lib/rustlib/x86_64-unknown-linux-gnu/lib" "-o" "/opt/rustwide/target/debug/deps/wire-a578e61aee702fe5" "-Wl,--gc-sections" "-pie" "-Wl,-z,relro,-z,now" "-nodefaultlibs"
[INFO] [stdout]   = note: some arguments are omitted. use `--verbose` to show all linker arguments
[INFO] [stdout]   = note: collect2: fatal error: ld terminated with signal 9 [Killed]
[INFO] [stdout]           compilation terminated.
[INFO] [stdout]           
[INFO] [stdout] 
[INFO] [stdout] 
[INFO] [stderr] error: could not compile `slancha-wire` (bin "wire") due to 1 previous error
[INFO] [stdout] error: linking with `cc` failed: exit status: 1
[INFO] [stdout]   |
[INFO] [stdout]   = note:  "cc" "-m64" "/opt/rustwide/target/debug/deps/rustcJQHY4u/symbols.o" "<4 object files omitted>" "-Wl,--as-needed" "-Wl,-Bstatic" "/opt/rustwide/target/debug/deps/{libtempfile-50ad8fd3a6f486c7,libgetrandom-fb4c32fda73a41c0,libfastrand-8c711c36072d5b5b,librustix-66eac2e94111ec6f,liblinux_raw_sys-0b6cde911e9a3109,libwire-4265180a66cec4f1,librustls_native_certs-d5b9a27a79e1d733,libopenssl_probe-6b1b371432012237,libtokio_stream-5b3bcb082ba4ebdc,libhostname-f4c73448d6e81900,libclap_complete-50e2607e7f0aa50b,libreqwest-3712026a5b030c59,libhyper_rustls-32dddbda38c040d2,libtower_http-24e04d879b6d89c1,liburl-0d71543b80313b81,libidna-2adb8d63f34931e7,libutf8_iter-51566bbad89f3a68,libidna_adapter-bf5d9b2cee9dd871,libicu_properties-6b984c15f8935e7d,libicu_properties_data-b217809bf575558a,libicu_normalizer-0c202404957afb95,libicu_normalizer_data-ab8997d7cbbb3306,libicu_collections-8db57ace674c011b,libpotential_utf-dfc67b58ecdfe49f,libicu_provider-95cafc92154bafab,libicu_locale_core-5247b3b90f2eff3c,libtinystr-4cce420f599efd20,liblitemap-dc288f07f8f61193,libwriteable-48b3e52227924bb5,libzerovec-ca67d97079b95e44,libzerotrie-0c901af276a1f5ce,libyoke-a73bb16c30c8666f,libstable_deref_trait-63cbf3f3d3f94e56,libzerofrom-3c4bc0c4c9717ce1,libhex-13e08b3b00984ab7,libdirs-ced9ecdfe96c4de3,libdirs_sys-35571c8e0e8ec812,liboption_ext-61303ef911796993,libtower_governor-d4ade61a77aefbac,libpin_project-1ac163633d7793ed,libforwarded_header_value-afd21376da509378,libnonempty-f1c371b9f8fa64a5,libgovernor-fc28a1eb19fec0da,libparking_lot-080783593a730975,libquanta-a2532e39c3da8a86,libraw_cpuid-9ca3a4c849b5968e,libbitflags-db7b9c0337a7ee76,libcrossbeam_utils-f696a08ab1e94e7a,libdashmap-9bd6a204e7499cfa,liblock_api-16d46fed645f7bff,libscopeguard-7ec2214574194454,libparking_lot_core-bccd0786fb787739,libhashbrown-d952ad0946629507,libfutures_timer-17baedd4276dc448,libnonzero_ext-203430fae6cd36ff,libportable_atomic-a2913edf01b5bd0d,libno_std_compat-493d4a0343c995b5,libaxum-73eda808eef76e99,libserde_path_to_error-ceb929358e62d172,libserde_urlencoded-8b496b8bcd77153e,libryu-1f4f40e4352371e5,libform_urlencoded-58b0f0edb59b40d2,libhyper_util-34fc939b64ca7697,libpercent_encoding-fa055ecaa1e57cfa,libipnet-61ca7a5e1c2863d4,libhyper-36aba554bb64d732,libwant-7a6260b9c50f1479,libtry_lock-8fa2f6971035be84,libsmallvec-bc3128fdd57228fc,libh2-ea5f887ae3573ae2,libindexmap-b92bb9c25241b995,libequivalent-6a754676e6af62ae,libhashbrown-d7214d631586fd51,libfnv-79e2cbfbe03dcd16,libtokio_util-eb9855e19ed65819,libatomic_waker-06950c8c08d2b8fa,libhttpdate-331798cefc82cc7e,libmatchit-616cb01453b9e7d4,libaxum_core-0ecb9eeb00a26123,libmime-0188e0814ca7ddbf,libhttp_body_util-ed5fbd1db1f6d6fc,libhttp_body-8d8f9f8398f09fa7,libtracing-02779275e9ae46ef,libtracing_core-89b602bc4a7d7f8a,libonce_cell-b5bdc597ed9676b3,libtower-ecc9a3303f9166c5,libsync_wrapper-6bdfbc29c4269203,libtower_layer-d908dd771b239ecd,libtower_service-3fb88d28c2218805,libtokio_tungstenite-4907dc3511fb9893,libwebpki_roots-c384fd6ab65c5e30,libwebpki_roots-1d34f01c05d6fe6b,libtokio_rustls-73764df2dc9355e2,libtokio-1118873dd6005ed0,libsignal_hook_registry-97fb91977beb15cc,liberrno-40a43d7c8a9b8122,libsocket2-2367bcf2eb96355a,libmio-3f5f6fa89ecad527,libtungstenite-73cbbed3f14c29c7,libdata_encoding-b17abe9da7ed756a,librustls-5fd13b1c25ac1444,libwebpki-1bbbbfc4a7a74c83,libring-fafa37576a22d673,libuntrusted-b2f816886faf2178,librustls_pki_types-dae6145799511d1e,libsha1-8c9eeb3cb6f572eb,libhttparse-8c9b827b8f345444,libthiserror-5e90adc18491a337,liblog-f16ce4b64309590f,libhttp-563f2cb150350555,libbytes-2ed9460101f17bbf,libfutures-5c9e75323a8ab307,libfutures_executor-a40538543ae89eee,libfutures_util-11045934aa1f092f,libfutures_io-a8805bd12b2ab705,libslab-0582d648e59ab406,libfutures_channel-04b287164a72dbf0,libpin_project_lite-0a15d51c77964692,libfutures_sink-3971bde37bb30e19,libfutures_task-36f327cfab86eddc,libfutures_core-1121ff913ed87f93,libsecp256k1-ef6a4cc11a2aca3c,librand-2ac3027652de4077,librand_chacha-d1da16184ebf3983,librand_core-b115fb9b5d781658,libgetrandom-a73f2f085e83d825,libsecp256k1_sys-d71568ed0911102a,libbase64-32787b0325ea6df8,libx25519_dalek-1c9e679c23e708fc,libhkdf-2004ff29a75b271c,libhmac-1cebbe9ecd6cbd8b,libchacha20-5e110e132682524a,libcipher-8b0a6f271f5391db,libinout-8d84090710490805,libfs2-40aa2c9e543a889a,librand-2b755080c27cd5c5,librand_chacha-0a2d43e41b0903fc,libppv_lite86-7f5ba35fc3b17562,libzerocopy-ad92ccf16844b543,libclap-f4ba878a4f26d60a,libclap_builder-33897930e618d2bd,libstrsim-4d1ed08a123238dc,libanstream-14b271bd294f0187,libanstyle_query-635080b1d6343734,libis_terminal_polyfill-3ca4268cb2568267,libcolorchoice-33c0bd1745dd5ace,libanstyle_parse-88399b635fc44f8e,libutf8parse-92d0158219063202,libclap_lex-2acbcd0288e51058,libanstyle-9beaeb754742faae,libserde-0e6778ac27690a20,libtime-e1245a12c1249790,libtime_core-031b6ab885a7634b,libnum_conv-4e1233169d5eeba7,libderanged-cdae7a3649226cfc,libpowerfmt-f6019a2766e431f7,libthiserror-305297abc8a52265,libed25519_dalek-897c6078a322e61f,libsha2-1f8a6f01887f2136,libcurve25519_dalek-51479575561fbdd7,libcpufeatures-e04321643d03190d,libzeroize-8791936fa9a99a6f,libdigest-57926731aba26cc1,libsubtle-2ae6a7038b9a0630,libblock_buffer-bba24321e7b40706,libcrypto_common-c4aa645dd0f500be,libgeneric_array-c2fdd0cc081e51ad,libtypenum-ec75592541d0a339,librand_core-86e43b95b9d88fa9,libgetrandom-f25a51f78d9871ba,liblibc-612664c2206eec43,libcfg_if-83060ec5685761ae,libed25519-44e6328192700ad9,libsignature-3b38413e1bea4ec2,libanyhow-c9b06d8caf422803,libserde_json-cea559ad06bfb4f4,libmemchr-5cfa70d22cb32987,libitoa-5de11b3b23bfe572,libzmij-ef63f1da73704b4c,libserde_core-21f22ac7b803fb0e}.rlib" "<sysroot>/lib/rustlib/x86_64-unknown-linux-gnu/lib/{libtest-*,libgetopts-*,librustc_std_workspace_std-*,libstd-*,libpanic_unwind-*,libobject-*,libmemchr-*,libaddr2line-*,libgimli-*,libcfg_if-*,librustc_demangle-*,libstd_detect-*,libhashbrown-*,librustc_std_workspace_alloc-*,libminiz_oxide-*,libadler2-*,libunwind-*,liblibc-*,librustc_std_workspace_core-*,liballoc-*,libcore-*,libcompiler_builtins-*}.rlib" "-Wl,-Bdynamic" "-lgcc_s" "-lutil" "-lrt" "-lpthread" "-lm" "-ldl" "-lc" "-L" "/opt/rustwide/target/debug/deps/rustcJQHY4u/raw-dylibs" "-B<sysroot>/lib/rustlib/x86_64-unknown-linux-gnu/bin/gcc-ld" "-fuse-ld=lld" "-Wl,--eh-frame-hdr" "-Wl,-z,noexecstack" "-L" "/opt/rustwide/target/debug/build/ring-dde6d2ed2307ef2a/out" "-L" "/opt/rustwide/target/debug/build/secp256k1-sys-85f21f2f0eb8d765/out" "-L" "<sysroot>/lib/rustlib/x86_64-unknown-linux-gnu/lib" "-o" "/opt/rustwide/target/debug/deps/cli-87f86ae639a915c8" "-Wl,--gc-sections" "-pie" "-Wl,-z,relro,-z,now" "-nodefaultlibs"
[INFO] [stdout]   = note: some arguments are omitted. use `--verbose` to show all linker arguments
[INFO] [stdout]   = note: collect2: fatal error: ld terminated with signal 9 [Killed]
[INFO] [stdout]           compilation terminated.
[INFO] [stdout]           
[INFO] [stdout] 
[INFO] [stdout] 
[INFO] [stderr] error: could not compile `slancha-wire` (test "cli") due to 1 previous error
[ERROR] error running command: no output for 300 seconds
[INFO] running `Command { std: "docker" "inspect" "2d6d961a9ece26dc257bb20e3a7f6bd3ae5b2b8b96ee3d1bf8c33bda75c4e5e8", kill_on_drop: false }`
[INFO] running `Command { std: "docker" "rm" "-f" "2d6d961a9ece26dc257bb20e3a7f6bd3ae5b2b8b96ee3d1bf8c33bda75c4e5e8", kill_on_drop: false }`
[INFO] [stdout] 2d6d961a9ece26dc257bb20e3a7f6bd3ae5b2b8b96ee3d1bf8c33bda75c4e5e8
