[INFO] fetching crate skilj-core 0.0.9...
[INFO] testing skilj-core-0.0.9 against 1.100.0-beta.1 for beta-1.100-2
[INFO] extracting crate skilj-core 0.0.9 into /workspace/builds/worker-6-tc2/source
[INFO] started tweaking crates.io crate skilj-core 0.0.9
[INFO] removed 0 missing tests
[INFO] finished tweaking crates.io crate skilj-core 0.0.9
[INFO] tweaked toml for crates.io crate skilj-core 0.0.9 written to /workspace/builds/worker-6-tc2/source/Cargo.toml
[INFO] validating manifest of crates.io crate skilj-core 0.0.9 on toolchain 1.100.0-beta.1
[INFO] running `Command { std: CARGO_HOME="/workspace/cargo-home" RUSTUP_HOME="/workspace/rustup-home" "/workspace/cargo-home/bin/cargo" "+1.100.0-beta.1" "metadata" "--manifest-path" "Cargo.toml" "--no-deps", kill_on_drop: false }`
[INFO] crate crates.io crate skilj-core 0.0.9 already has a lockfile, it will not be regenerated
[INFO] running `Command { std: CARGO_HOME="/workspace/cargo-home" RUSTUP_HOME="/workspace/rustup-home" "/workspace/cargo-home/bin/cargo" "+1.100.0-beta.1" "fetch" "--manifest-path" "Cargo.toml", kill_on_drop: false }`
[INFO] running `Command { std: "docker" "create" "-v" "/var/lib/crater-agent-workspace/builds/worker-6-tc2/source:/opt/rustwide/workdir:ro,Z" "-v" "/var/lib/crater-agent-workspace/builds/worker-6-tc2/target:/opt/rustwide/target:rw,Z" "-v" "/var/lib/crater-agent-workspace/cargo-home:/opt/rustwide/cargo-home:ro,Z" "-v" "/var/lib/crater-agent-workspace/rustup-home:/opt/rustwide/rustup-home:ro,Z" "-m" "1610612736" "--network" "none" "ghcr.io/rust-lang/crates-build-env/linux@sha256:3111399a4047eeb3a02b7a90e478d715f38a8c6669b5c4b49d30a17385265909" "sleep" "infinity", kill_on_drop: false }`
[INFO] [stdout] 37303e6bc1575d52e9ae026382551da9c6680ccb688d26693eff8ef3bbeadc36
[INFO] running `Command { std: "docker" "start" "37303e6bc1575d52e9ae026382551da9c6680ccb688d26693eff8ef3bbeadc36", kill_on_drop: false }`
[INFO] running `Command { std: "docker" "inspect" "37303e6bc1575d52e9ae026382551da9c6680ccb688d26693eff8ef3bbeadc36", kill_on_drop: false }`
[INFO] running `Command { std: "docker" "exec" "-e" "SOURCE_DIR=/opt/rustwide/workdir" "-e" "CARGO_HOME=/opt/rustwide/cargo-home" "-e" "RUSTUP_HOME=/opt/rustwide/rustup-home" "-e" "CARGO_TARGET_DIR=/opt/rustwide/target" "-w" "/opt/rustwide/workdir" "--user" "0:0" "37303e6bc1575d52e9ae026382551da9c6680ccb688d26693eff8ef3bbeadc36" "/opt/rustwide/cargo-home/bin/cargo" "+1.100.0-beta.1" "metadata" "--no-deps" "--format-version=1", kill_on_drop: false }`
[INFO] running `Command { std: "docker" "inspect" "37303e6bc1575d52e9ae026382551da9c6680ccb688d26693eff8ef3bbeadc36", kill_on_drop: false }`
[INFO] running `Command { std: "docker" "exec" "-e" "SOURCE_DIR=/opt/rustwide/workdir" "-e" "CARGO_HOME=/opt/rustwide/cargo-home" "-e" "RUSTUP_HOME=/opt/rustwide/rustup-home" "-e" "CARGO_TARGET_DIR=/opt/rustwide/target" "-e" "CARGO_INCREMENTAL=0" "-e" "RUST_BACKTRACE=full" "-e" "RUSTFLAGS=--cap-lints=warn" "-e" "RUSTDOCFLAGS=--cap-lints=warn" "-w" "/opt/rustwide/workdir" "--user" "0:0" "37303e6bc1575d52e9ae026382551da9c6680ccb688d26693eff8ef3bbeadc36" "/opt/rustwide/cargo-home/bin/cargo" "+1.100.0-beta.1" "build" "--frozen" "--message-format=json", kill_on_drop: false }`
[INFO] [stderr]    Compiling rustls v0.23.45
[INFO] [stderr]    Compiling syn v2.0.119
[INFO] [stderr]    Compiling serde_derive v1.0.229
[INFO] [stderr]    Compiling cc v1.5.1
[INFO] [stderr]    Compiling aws-lc-rs v1.18.1
[INFO] [stderr]    Compiling thiserror-impl v2.0.21
[INFO] [stderr]    Compiling serde_json v1.0.151
[INFO] [stderr]    Compiling untrusted v0.7.1
[INFO] [stderr]    Compiling zeroize v1.9.0
[INFO] [stderr]    Compiling digest v0.11.3
[INFO] [stderr]    Compiling futures-macro v0.3.34
[INFO] [stderr]    Compiling num-traits v0.2.19
[INFO] [stderr]    Compiling crossbeam-queue v0.3.14
[INFO] [stderr]    Compiling num-bigint v0.4.8
[INFO] [stderr]    Compiling crypto-common v0.1.7
[INFO] [stderr]    Compiling tinyvec v1.13.3
[INFO] [stderr]    Compiling thiserror v2.0.21
[INFO] [stderr]    Compiling futures-sink v0.3.34
[INFO] [stderr]    Compiling rustls-pki-types v1.15.1
[INFO] [stderr]    Compiling digest v0.10.7
[INFO] [stderr]    Compiling hashbrown v0.17.1
[INFO] [stderr]    Compiling tokio v1.53.1
[INFO] [stderr]    Compiling hmac v0.13.0
[INFO] [stderr]    Compiling siphasher v1.0.4
[INFO] [stderr]    Compiling zerocopy v0.8.59
[INFO] [stderr]    Compiling unicode-properties v0.1.4
[INFO] [stderr]    Compiling unicode-bidi v0.3.18
[INFO] [stderr]    Compiling sha2 v0.10.9
[INFO] [stderr]    Compiling unicode-normalization v0.1.25
[INFO] [stderr]    Compiling hkdf v0.13.0
[INFO] [stderr]    Compiling webpki-roots v1.0.9
[INFO] [stderr]    Compiling indexmap v2.14.2
[INFO] [stderr]    Compiling futures-util v0.3.34
[INFO] [stderr]    Compiling md-5 v0.11.0
[INFO] [stderr]    Compiling sha2 v0.11.0
[INFO] [stderr]    Compiling rand v0.10.3
[INFO] [stderr]    Compiling chrono v0.4.45
[INFO] [stderr]    Compiling stringprep v0.1.5
[INFO] [stderr]    Compiling cmake v0.1.58
[INFO] [stderr]    Compiling ref-cast-impl v1.0.27
[INFO] [stderr]    Compiling base64 v0.22.1
[INFO] [stderr]    Compiling rand_core v0.6.4
[INFO] [stderr]    Compiling whoami v2.1.3
[INFO] [stderr]    Compiling dotenvy v0.15.7
[INFO] [stderr]    Compiling byteorder v1.5.0
[INFO] [stderr]    Compiling rand v0.8.8
[INFO] [stderr]    Compiling ref-cast v1.0.27
[INFO] [stderr]    Compiling num-rational v0.4.2
[INFO] [stderr]    Compiling atoi v2.0.0
[INFO] [stderr]    Compiling getrandom v0.3.4
[INFO] [stderr]    Compiling phf_shared v0.11.3
[INFO] [stderr]    Compiling futures-channel v0.3.34
[INFO] [stderr]    Compiling num-complex v0.4.6
[INFO] [stderr]    Compiling time-macros v0.2.32
[INFO] [stderr]    Compiling regex-automata v0.4.18
[INFO] [stderr]    Compiling aws-lc-sys v0.45.0
[INFO] [stderr]    Compiling phf_generator v0.11.3
[INFO] [stderr]    Compiling sync_wrapper v1.0.2
[INFO] [stderr]    Compiling num v0.4.3
[INFO] [stderr]    Compiling borrow-or-share v0.2.4
[INFO] [stderr]    Compiling unicode-general-category v1.1.0
[INFO] [stderr]    Compiling bit-vec v0.8.0
[INFO] [stderr]    Compiling base64 v0.23.1
[INFO] [stderr]    Compiling jsonschema-value v0.58.1
[INFO] [stderr]    Compiling fraction v0.17.0
[INFO] [stderr]    Compiling bit-set v0.8.0
[INFO] [stderr]    Compiling ring v0.17.14
[INFO] [stderr]    Compiling serde_derive_internals v0.30.0
[INFO] [stderr]    Compiling micromap v0.3.0
[INFO] [stderr]    Compiling outref v0.5.2
[INFO] [stderr]    Compiling vsimd v0.8.0
[INFO] [stderr]    Compiling jsonschema-regex v0.58.1
[INFO] [stderr]    Compiling http-body-util v0.1.5
[INFO] [stderr]    Compiling time v0.3.55
[INFO] [stderr]    Compiling uuid v1.26.1
[INFO] [stderr]    Compiling getrandom v0.2.17
[INFO] [stderr]    Compiling skilj-macros v0.0.9
[INFO] [stderr]    Compiling uuid-simd v0.8.0
[INFO] [stderr]    Compiling schemars_derive v1.2.2
[INFO] [stderr]    Compiling serde v1.0.229
[INFO] [stderr]    Compiling smallvec v1.16.2
[INFO] [stderr]    Compiling either v1.18.0
[INFO] [stderr]    Compiling fluent-uri v0.4.1
[INFO] [stderr]    Compiling email_address v0.2.9
[INFO] [stderr]    Compiling parking_lot_core v0.9.12
[INFO] [stderr]    Compiling icu_normalizer v2.3.0
[INFO] [stderr]    Compiling parking_lot v0.12.5
[INFO] [stderr]    Compiling futures-intrusive v0.5.0
[INFO] [stderr]    Compiling idna_adapter v1.2.2
[INFO] [stderr]    Compiling idna v1.1.0
[INFO] [stderr]    Compiling tokio-stream v0.1.19
[INFO] [stderr]    Compiling zeroize_derive v1.5.0
[INFO] [stderr]    Compiling tracing-attributes v0.1.31
[INFO] [stderr]    Compiling url v2.5.8
[INFO] [stderr]    Compiling strum_macros v0.28.0
[INFO] [stderr]    Compiling phf_macros v0.11.3
[INFO] [stderr]    Compiling simple_asn1 v0.6.4
[INFO] [stderr]    Compiling fancy-regex v0.19.2
[INFO] [stderr]    Compiling rustls-native-certs v0.8.4
[INFO] [stderr]    Compiling phf v0.11.3
[INFO] [stderr]    Compiling regex v1.13.1
[INFO] [stderr]    Compiling ahash v0.8.12
[INFO] [stderr]    Compiling schemars v1.2.2
[INFO] [stderr]    Compiling skilj-retry v0.0.9
[INFO] [stderr]    Compiling cron v0.17.0
[INFO] [stderr]    Compiling referencing v0.58.1
[INFO] [stderr]    Compiling tracing v0.1.44
[INFO] [stderr]    Compiling opentelemetry v0.33.0
[INFO] [stderr]    Compiling strum v0.28.0
[INFO] [stderr]    Compiling jsonschema v0.58.1
[INFO] [stderr]    Compiling hyper v1.11.1
[INFO] [stderr]    Compiling tower v0.5.3
[INFO] [stderr]    Compiling tower-http v0.6.11
[INFO] [stderr]    Compiling hyper-util v0.1.21
[INFO] [stderr]    Compiling rustls-webpki v0.103.15
[INFO] [stderr]    Compiling jsonwebtoken v11.1.0
[INFO] [stderr]    Compiling sqlx-core v0.9.0
[INFO] [stderr]    Compiling tokio-rustls v0.26.5
[INFO] [stderr]    Compiling rustls-platform-verifier v0.7.1
[INFO] [stderr]    Compiling hyper-rustls v0.27.10
[INFO] [stderr]    Compiling reqwest v0.13.5
[INFO] [stderr]    Compiling sqlx-postgres v0.9.0
[INFO] [stderr]    Compiling sqlx-macros-core v0.9.0
[INFO] [stderr]    Compiling sqlx-macros v0.9.0
[INFO] [stderr]    Compiling sqlx v0.9.0
[INFO] [stderr]    Compiling skilj-core v0.0.9 (/opt/rustwide/workdir)
[INFO] [stderr]     Finished `dev` profile [unoptimized + debuginfo] target(s) in 2m 21s
[INFO] running `Command { std: "docker" "inspect" "37303e6bc1575d52e9ae026382551da9c6680ccb688d26693eff8ef3bbeadc36", kill_on_drop: false }`
[INFO] running `Command { std: "docker" "exec" "-e" "SOURCE_DIR=/opt/rustwide/workdir" "-e" "CARGO_HOME=/opt/rustwide/cargo-home" "-e" "RUSTUP_HOME=/opt/rustwide/rustup-home" "-e" "CARGO_TARGET_DIR=/opt/rustwide/target" "-e" "CARGO_INCREMENTAL=0" "-e" "RUST_BACKTRACE=full" "-e" "RUSTFLAGS=--cap-lints=warn" "-e" "RUSTDOCFLAGS=--cap-lints=warn" "-w" "/opt/rustwide/workdir" "--user" "0:0" "37303e6bc1575d52e9ae026382551da9c6680ccb688d26693eff8ef3bbeadc36" "/opt/rustwide/cargo-home/bin/cargo" "+1.100.0-beta.1" "test" "--frozen" "--no-run" "--message-format=json", kill_on_drop: false }`
[INFO] [stderr]    Compiling serde_core v1.0.229
[INFO] [stderr]    Compiling tracing v0.1.44
[INFO] [stderr]    Compiling getrandom v0.3.4
[INFO] [stderr]    Compiling form_urlencoded v1.2.2
[INFO] [stderr]    Compiling regex-automata v0.4.18
[INFO] [stderr]    Compiling bit-vec v0.8.0
[INFO] [stderr]    Compiling bitflags v2.13.2
[INFO] [stderr]    Compiling ppv-lite86 v0.2.21
[INFO] [stderr]    Compiling tempfile v3.27.0
[INFO] [stderr]    Compiling rustls-platform-verifier v0.7.1
[INFO] [stderr]    Compiling wait-timeout v0.2.1
[INFO] [stderr]    Compiling quick-error v1.2.3
[INFO] [stderr]    Compiling futures-executor v0.3.34
[INFO] [stderr]    Compiling unarray v0.1.4
[INFO] [stderr]    Compiling rand_core v0.9.5
[INFO] [stderr]    Compiling bit-set v0.8.0
[INFO] [stderr]    Compiling opentelemetry v0.33.0
[INFO] [stderr]    Compiling axum-core v0.5.6
[INFO] [stderr]    Compiling rand_xorshift v0.4.0
[INFO] [stderr]    Compiling rusty-fork v0.3.1
[INFO] [stderr]    Compiling rand_chacha v0.9.0
[INFO] [stderr]    Compiling rand v0.9.5
[INFO] [stderr]    Compiling proptest v1.11.0
[INFO] [stderr]    Compiling serde v1.0.229
[INFO] [stderr]    Compiling serde_json v1.0.151
[INFO] [stderr]    Compiling serde_path_to_error v0.1.20
[INFO] [stderr]    Compiling regex v1.13.1
[INFO] [stderr]    Compiling fancy-regex v0.19.2
[INFO] [stderr]    Compiling matchers v0.2.0
[INFO] [stderr]    Compiling smallvec v1.16.2
[INFO] [stderr]    Compiling either v1.18.0
[INFO] [stderr]    Compiling chrono v0.4.45
[INFO] [stderr]    Compiling ahash v0.8.12
[INFO] [stderr]    Compiling fluent-uri v0.4.1
[INFO] [stderr]    Compiling email_address v0.2.9
[INFO] [stderr]    Compiling serde_urlencoded v0.7.1
[INFO] [stderr]    Compiling icu_normalizer v2.3.0
[INFO] [stderr]    Compiling parking_lot_core v0.9.12
[INFO] [stderr]    Compiling tracing-subscriber v0.3.23
[INFO] [stderr]    Compiling parking_lot v0.12.5
[INFO] [stderr]    Compiling tokio v1.53.1
[INFO] [stderr]    Compiling futures-intrusive v0.5.0
[INFO] [stderr]    Compiling jsonschema-value v0.58.1
[INFO] [stderr]    Compiling jsonwebtoken v11.1.0
[INFO] [stderr]    Compiling idna_adapter v1.2.2
[INFO] [stderr]    Compiling referencing v0.58.1
[INFO] [stderr]    Compiling idna v1.1.0
[INFO] [stderr]    Compiling url v2.5.8
[INFO] [stderr]    Compiling jsonschema v0.58.1
[INFO] [stderr]    Compiling schemars v1.2.2
[INFO] [stderr]    Compiling cron v0.17.0
[INFO] [stderr]    Compiling skilj-retry v0.0.9
[INFO] [stderr]    Compiling sqlx-core v0.9.0
[INFO] [stderr]    Compiling sqlx-postgres v0.9.0
[INFO] [stderr]    Compiling hyper v1.11.1
[INFO] [stderr]    Compiling tower v0.5.3
[INFO] [stderr]    Compiling tokio-stream v0.1.19
[INFO] [stderr]    Compiling tokio-rustls v0.26.5
[INFO] [stderr]    Compiling opentelemetry_sdk v0.33.0
[INFO] [stderr]    Compiling tower-http v0.6.11
[INFO] [stderr]    Compiling hyper-util v0.1.21
[INFO] [stderr]    Compiling sqlx-macros-core v0.9.0
[INFO] [stderr]    Compiling hyper-rustls v0.27.10
[INFO] [stderr]    Compiling axum v0.8.9
[INFO] [stderr]    Compiling reqwest v0.13.5
[INFO] [stderr]    Compiling sqlx-macros v0.9.0
[INFO] [stderr]    Compiling sqlx v0.9.0
[INFO] [stderr]    Compiling skilj-core v0.0.9 (/opt/rustwide/workdir)
[INFO] [stdout] error[E0433]: cannot find module or crate `skilj_test_support` in this scope
[INFO] [stdout]   --> tests/startup_warm_up_concurrency.rs:61:15
[INFO] [stdout]    |
[INFO] [stdout] 61 |     let url = skilj_test_support::database_url("skilj_startup_warm_up_concurrency_test").await?;
[INFO] [stdout]    |               ^^^^^^^^^^^^^^^^^^ use of unresolved module or unlinked crate `skilj_test_support`
[INFO] [stdout]    |
[INFO] [stdout]    = help: if you wanted to use a crate named `skilj_test_support`, use `cargo add skilj_test_support` to add it to your `Cargo.toml`
[INFO] [stdout] 
[INFO] [stdout] 
[INFO] [stdout] error[E0433]: cannot find module or crate `skilj_test_support` in this scope
[INFO] [stdout]   --> tests/deadline_cancel_ordering.rs:37:21
[INFO] [stdout]    |
[INFO] [stdout] 37 |                     skilj_test_support::database_url("skilj_deadline_cancel_ordering_test").await?
[INFO] [stdout]    |                     ^^^^^^^^^^^^^^^^^^ use of unresolved module or unlinked crate `skilj_test_support`
[INFO] [stdout]    |
[INFO] [stdout]    = help: if you wanted to use a crate named `skilj_test_support`, use `cargo add skilj_test_support` to add it to your `Cargo.toml`
[INFO] [stdout] 
[INFO] [stdout] 
[INFO] [stdout] error[E0277]: the size for values of type `str` cannot be known at compilation time
[INFO] [stdout]   --> tests/startup_warm_up_concurrency.rs:61:9
[INFO] [stdout]    |
[INFO] [stdout] 61 |     let url = skilj_test_support::database_url("skilj_startup_warm_up_concurrency_test").await?;
[INFO] [stdout]    |         ^^^ doesn't have a size known at compile-time
[INFO] [stdout]    |
[INFO] [stdout]    = help: the trait `Sized` is not implemented for `str`
[INFO] [stdout]    = note: all local variables must have a statically known size
[INFO] [stdout] 
[INFO] [stdout] 
[INFO] [stdout] error[E0277]: the size for values of type `str` cannot be known at compilation time
[INFO] [stdout]   --> tests/startup_warm_up_concurrency.rs:61:15
[INFO] [stdout]    |
[INFO] [stdout] 61 |     let url = skilj_test_support::database_url("skilj_startup_warm_up_concurrency_test").await?;
[INFO] [stdout]    |               ^^^^^^^^^^^^^^^^^^^^^^^^^^^^^^^^^^^^^^^^^^^^^^^^^^^^^^^^^^^^^^^^^^^^^^^^^^^^^^^^^ doesn't have a size known at compile-time
[INFO] [stdout]    |
[INFO] [stdout]    = help: the trait `Sized` is not implemented for `str`
[INFO] [stdout]    = note: all local variables must have a statically known size
[INFO] [stdout] 
[INFO] [stdout] 
[INFO] [stdout] error[E0277]: the size for values of type `str` cannot be known at compilation time
[INFO] [stdout]   --> tests/startup_warm_up_concurrency.rs:61:95
[INFO] [stdout]    |
[INFO] [stdout] 61 |     let url = skilj_test_support::database_url("skilj_startup_warm_up_concurrency_test").await?;
[INFO] [stdout]    |                                                                                               ^ doesn't have a size known at compile-time
[INFO] [stdout]    |
[INFO] [stdout]    = help: the trait `Sized` is not implemented for `str`
[INFO] [stdout] note: required by an implicit `Sized` bound in `ControlFlow`
[INFO] [stdout]   --> /rustc/e3feeb59cd1bdd011a2bfcc0747b55125d9b8527/library/core/src/ops/control_flow.rs:89:0
[INFO] [stdout] 
[INFO] [stdout] 
[INFO] [stdout] error[E0433]: cannot find module or crate `skilj_test_support` in this scope
[INFO] [stdout]    --> tests/sync_projections.rs:184:15
[INFO] [stdout]     |
[INFO] [stdout] 184 |     let url = skilj_test_support::database_url("skilj_sync_projections_test").await?;
[INFO] [stdout]     |               ^^^^^^^^^^^^^^^^^^ use of unresolved module or unlinked crate `skilj_test_support`
[INFO] [stdout]     |
[INFO] [stdout]     = help: if you wanted to use a crate named `skilj_test_support`, use `cargo add skilj_test_support` to add it to your `Cargo.toml`
[INFO] [stdout] 
[INFO] [stdout] 
[INFO] [stdout] error[E0433]: cannot find module or crate `skilj_test_support` in this scope
[INFO] [stdout]   --> tests/event_cache.rs:62:15
[INFO] [stdout]    |
[INFO] [stdout] 62 |     let url = skilj_test_support::database_url("skilj_event_cache_test").await?;
[INFO] [stdout]    |               ^^^^^^^^^^^^^^^^^^ use of unresolved module or unlinked crate `skilj_test_support`
[INFO] [stdout]    |
[INFO] [stdout]    = help: if you wanted to use a crate named `skilj_test_support`, use `cargo add skilj_test_support` to add it to your `Cargo.toml`
[INFO] [stdout] 
[INFO] [stdout] 
[INFO] [stdout] error[E0277]: the size for values of type `str` cannot be known at compilation time
[INFO] [stdout]    --> tests/sync_projections.rs:184:9
[INFO] [stdout]     |
[INFO] [stdout] 184 |     let url = skilj_test_support::database_url("skilj_sync_projections_test").await?;
[INFO] [stdout]     |         ^^^ doesn't have a size known at compile-time
[INFO] [stdout]     |
[INFO] [stdout]     = help: the trait `Sized` is not implemented for `str`
[INFO] [stdout]     = note: all local variables must have a statically known size
[INFO] [stdout] 
[INFO] [stdout] 
[INFO] [stdout] error[E0277]: the size for values of type `str` cannot be known at compilation time
[INFO] [stdout]    --> tests/sync_projections.rs:184:15
[INFO] [stdout]     |
[INFO] [stdout] 184 |     let url = skilj_test_support::database_url("skilj_sync_projections_test").await?;
[INFO] [stdout]     |               ^^^^^^^^^^^^^^^^^^^^^^^^^^^^^^^^^^^^^^^^^^^^^^^^^^^^^^^^^^^^^^^^^^^^^^ doesn't have a size known at compile-time
[INFO] [stdout]     |
[INFO] [stdout]     = help: the trait `Sized` is not implemented for `str`
[INFO] [stdout]     = note: all local variables must have a statically known size
[INFO] [stdout] 
[INFO] [stdout] 
[INFO] [stdout] error[E0277]: the size for values of type `str` cannot be known at compilation time
[INFO] [stdout]    --> tests/sync_projections.rs:184:84
[INFO] [stdout]     |
[INFO] [stdout] 184 |     let url = skilj_test_support::database_url("skilj_sync_projections_test").await?;
[INFO] [stdout]     |                                                                                    ^ doesn't have a size known at compile-time
[INFO] [stdout]     |
[INFO] [stdout]     = help: the trait `Sized` is not implemented for `str`
[INFO] [stdout] note: required by an implicit `Sized` bound in `ControlFlow`
[INFO] [stdout]    --> /rustc/e3feeb59cd1bdd011a2bfcc0747b55125d9b8527/library/core/src/ops/control_flow.rs:89:0
[INFO] [stdout] 
[INFO] [stdout] 
[INFO] [stdout] error[E0433]: cannot find module or crate `skilj_test_support` in this scope
[INFO] [stdout]   --> tests/metrics_instrumentation.rs:63:15
[INFO] [stdout]    |
[INFO] [stdout] 63 |     let url = skilj_test_support::database_url("skilj_metrics_instrumentation_test").await?;
[INFO] [stdout]    |               ^^^^^^^^^^^^^^^^^^ use of unresolved module or unlinked crate `skilj_test_support`
[INFO] [stdout]    |
[INFO] [stdout]    = help: if you wanted to use a crate named `skilj_test_support`, use `cargo add skilj_test_support` to add it to your `Cargo.toml`
[INFO] [stdout] 
[INFO] [stdout] 
[INFO] [stdout] error[E0277]: the size for values of type `str` cannot be known at compilation time
[INFO] [stdout]   --> tests/event_cache.rs:62:9
[INFO] [stdout]    |
[INFO] [stdout] 62 |     let url = skilj_test_support::database_url("skilj_event_cache_test").await?;
[INFO] [stdout]    |         ^^^ doesn't have a size known at compile-time
[INFO] [stdout]    |
[INFO] [stdout]    = help: the trait `Sized` is not implemented for `str`
[INFO] [stdout]    = note: all local variables must have a statically known size
[INFO] [stdout] 
[INFO] [stdout] 
[INFO] [stdout] error[E0277]: the size for values of type `str` cannot be known at compilation time
[INFO] [stdout]   --> tests/event_cache.rs:62:15
[INFO] [stdout]    |
[INFO] [stdout] 62 |     let url = skilj_test_support::database_url("skilj_event_cache_test").await?;
[INFO] [stdout]    |               ^^^^^^^^^^^^^^^^^^^^^^^^^^^^^^^^^^^^^^^^^^^^^^^^^^^^^^^^^^^^^^^^^ doesn't have a size known at compile-time
[INFO] [stdout]    |
[INFO] [stdout]    = help: the trait `Sized` is not implemented for `str`
[INFO] [stdout]    = note: all local variables must have a statically known size
[INFO] [stdout] 
[INFO] [stdout] 
[INFO] [stdout] error[E0433]: cannot find module or crate `skilj_test_support` in this scope
[INFO] [stdout]    --> tests/projection_owner_scoping.rs:157:15
[INFO] [stdout]     |
[INFO] [stdout] 157 |     let url = skilj_test_support::database_url("skilj_projection_owner_scoping_test").await?;
[INFO] [stdout]     |               ^^^^^^^^^^^^^^^^^^ use of unresolved module or unlinked crate `skilj_test_support`
[INFO] [stdout]     |
[INFO] [stdout]     = help: if you wanted to use a crate named `skilj_test_support`, use `cargo add skilj_test_support` to add it to your `Cargo.toml`
[INFO] [stdout] 
[INFO] [stdout] 
[INFO] [stdout] error[E0277]: the size for values of type `str` cannot be known at compilation time
[INFO] [stdout]   --> tests/event_cache.rs:62:79
[INFO] [stdout]    |
[INFO] [stdout] 62 |     let url = skilj_test_support::database_url("skilj_event_cache_test").await?;
[INFO] [stdout]    |                                                                               ^ doesn't have a size known at compile-time
[INFO] [stdout]    |
[INFO] [stdout]    = help: the trait `Sized` is not implemented for `str`
[INFO] [stdout] note: required by an implicit `Sized` bound in `ControlFlow`
[INFO] [stdout]   --> /rustc/e3feeb59cd1bdd011a2bfcc0747b55125d9b8527/library/core/src/ops/control_flow.rs:89:0
[INFO] [stdout] 
[INFO] [stdout] 
[INFO] [stdout] error[E0277]: the size for values of type `str` cannot be known at compilation time
[INFO] [stdout]   --> tests/metrics_instrumentation.rs:63:9
[INFO] [stdout]    |
[INFO] [stdout] 63 |     let url = skilj_test_support::database_url("skilj_metrics_instrumentation_test").await?;
[INFO] [stdout]    |         ^^^ doesn't have a size known at compile-time
[INFO] [stdout]    |
[INFO] [stdout]    = help: the trait `Sized` is not implemented for `str`
[INFO] [stdout]    = note: all local variables must have a statically known size
[INFO] [stdout] 
[INFO] [stdout] 
[INFO] [stdout] error[E0277]: the size for values of type `str` cannot be known at compilation time
[INFO] [stdout]   --> tests/metrics_instrumentation.rs:63:15
[INFO] [stdout]    |
[INFO] [stdout] 63 |     let url = skilj_test_support::database_url("skilj_metrics_instrumentation_test").await?;
[INFO] [stdout]    |               ^^^^^^^^^^^^^^^^^^^^^^^^^^^^^^^^^^^^^^^^^^^^^^^^^^^^^^^^^^^^^^^^^^^^^^^^^^^^^ doesn't have a size known at compile-time
[INFO] [stdout]    |
[INFO] [stdout]    = help: the trait `Sized` is not implemented for `str`
[INFO] [stdout]    = note: all local variables must have a statically known size
[INFO] [stdout] 
[INFO] [stdout] 
[INFO] [stdout] error[E0277]: the size for values of type `str` cannot be known at compilation time
[INFO] [stdout]   --> tests/metrics_instrumentation.rs:63:91
[INFO] [stdout]    |
[INFO] [stdout] 63 |     let url = skilj_test_support::database_url("skilj_metrics_instrumentation_test").await?;
[INFO] [stdout]    |                                                                                           ^ doesn't have a size known at compile-time
[INFO] [stdout]    |
[INFO] [stdout]    = help: the trait `Sized` is not implemented for `str`
[INFO] [stdout] note: required by an implicit `Sized` bound in `ControlFlow`
[INFO] [stdout]   --> /rustc/e3feeb59cd1bdd011a2bfcc0747b55125d9b8527/library/core/src/ops/control_flow.rs:89:0
[INFO] [stdout] 
[INFO] [stdout] 
[INFO] [stdout] error[E0433]: cannot find module or crate `skilj_test_support` in this scope
[INFO] [stdout]    --> tests/command_batcher.rs:160:15
[INFO] [stdout]     |
[INFO] [stdout] 160 |     let url = skilj_test_support::database_url("skilj_command_batcher_test").await?;
[INFO] [stdout]     |               ^^^^^^^^^^^^^^^^^^ use of unresolved module or unlinked crate `skilj_test_support`
[INFO] [stdout]     |
[INFO] [stdout]     = help: if you wanted to use a crate named `skilj_test_support`, use `cargo add skilj_test_support` to add it to your `Cargo.toml`
[INFO] [stdout] 
[INFO] [stdout] 
[INFO] [stdout] error[E0277]: the size for values of type `str` cannot be known at compilation time
[INFO] [stdout]    --> tests/projection_owner_scoping.rs:157:9
[INFO] [stdout]     |
[INFO] [stdout] 157 |     let url = skilj_test_support::database_url("skilj_projection_owner_scoping_test").await?;
[INFO] [stdout]     |         ^^^ doesn't have a size known at compile-time
[INFO] [stdout]     |
[INFO] [stdout]     = help: the trait `Sized` is not implemented for `str`
[INFO] [stdout]     = note: all local variables must have a statically known size
[INFO] [stdout] 
[INFO] [stdout] 
[INFO] [stdout] error[E0277]: the size for values of type `str` cannot be known at compilation time
[INFO] [stdout]    --> tests/projection_owner_scoping.rs:157:15
[INFO] [stdout]     |
[INFO] [stdout] 157 |     let url = skilj_test_support::database_url("skilj_projection_owner_scoping_test").await?;
[INFO] [stdout]     |               ^^^^^^^^^^^^^^^^^^^^^^^^^^^^^^^^^^^^^^^^^^^^^^^^^^^^^^^^^^^^^^^^^^^^^^^^^^^^^^ doesn't have a size known at compile-time
[INFO] [stdout]     |
[INFO] [stdout]     = help: the trait `Sized` is not implemented for `str`
[INFO] [stdout]     = note: all local variables must have a statically known size
[INFO] [stdout] 
[INFO] [stdout] 
[INFO] [stdout] error[E0277]: the size for values of type `str` cannot be known at compilation time
[INFO] [stdout]    --> tests/projection_owner_scoping.rs:157:92
[INFO] [stdout]     |
[INFO] [stdout] 157 |     let url = skilj_test_support::database_url("skilj_projection_owner_scoping_test").await?;
[INFO] [stdout]     |                                                                                            ^ doesn't have a size known at compile-time
[INFO] [stdout]     |
[INFO] [stdout]     = help: the trait `Sized` is not implemented for `str`
[INFO] [stdout] note: required by an implicit `Sized` bound in `ControlFlow`
[INFO] [stdout]    --> /rustc/e3feeb59cd1bdd011a2bfcc0747b55125d9b8527/library/core/src/ops/control_flow.rs:89:0
[INFO] [stdout] 
[INFO] [stdout] 
[INFO] [stdout] error[E0277]: the size for values of type `str` cannot be known at compilation time
[INFO] [stdout]    --> tests/command_batcher.rs:160:9
[INFO] [stdout]     |
[INFO] [stdout] 160 |     let url = skilj_test_support::database_url("skilj_command_batcher_test").await?;
[INFO] [stdout]     |         ^^^ doesn't have a size known at compile-time
[INFO] [stdout]     |
[INFO] [stdout]     = help: the trait `Sized` is not implemented for `str`
[INFO] [stdout]     = note: all local variables must have a statically known size
[INFO] [stdout] 
[INFO] [stdout] 
[INFO] [stdout] error[E0277]: the size for values of type `str` cannot be known at compilation time
[INFO] [stdout]    --> tests/command_batcher.rs:160:15
[INFO] [stdout]     |
[INFO] [stdout] 160 |     let url = skilj_test_support::database_url("skilj_command_batcher_test").await?;
[INFO] [stdout]     |               ^^^^^^^^^^^^^^^^^^^^^^^^^^^^^^^^^^^^^^^^^^^^^^^^^^^^^^^^^^^^^^^^^^^^^ doesn't have a size known at compile-time
[INFO] [stdout]     |
[INFO] [stdout]     = help: the trait `Sized` is not implemented for `str`
[INFO] [stdout]     = note: all local variables must have a statically known size
[INFO] [stdout] 
[INFO] [stdout] 
[INFO] [stdout] error[E0277]: the size for values of type `str` cannot be known at compilation time
[INFO] [stdout]    --> tests/command_batcher.rs:160:83
[INFO] [stdout]     |
[INFO] [stdout] 160 |     let url = skilj_test_support::database_url("skilj_command_batcher_test").await?;
[INFO] [stdout]     |                                                                                   ^ doesn't have a size known at compile-time
[INFO] [stdout]     |
[INFO] [stdout]     = help: the trait `Sized` is not implemented for `str`
[INFO] [stdout] note: required by an implicit `Sized` bound in `ControlFlow`
[INFO] [stdout]    --> /rustc/e3feeb59cd1bdd011a2bfcc0747b55125d9b8527/library/core/src/ops/control_flow.rs:89:0
[INFO] [stdout] 
[INFO] [stdout] 
[INFO] [stdout] Some errors have detailed explanations: E0277, E0433.
[INFO] [stdout] 
[INFO] [stdout] For more information about an error, try `rustc --explain E0277`.
[INFO] [stdout] 
[INFO] [stdout] Some errors have detailed explanations: E0277, E0433.
[INFO] [stdout] 
[INFO] [stdout] For more information about an error, try `rustc --explain E0277`.
[INFO] [stdout] 
[INFO] [stderr] error: could not compile `skilj-core` (test "startup_warm_up_concurrency") due to 4 previous errors
[INFO] [stderr] warning: build failed, waiting for other jobs to finish...
[INFO] [stderr] error: could not compile `skilj-core` (test "metrics_instrumentation") due to 4 previous errors
[INFO] [stdout] For more information about this error, try `rustc --explain E0433`.
[INFO] [stdout] 
[INFO] [stdout] Some errors have detailed explanations: E0277, E0433.
[INFO] [stdout] 
[INFO] [stderr] error: could not compile `skilj-core` (test "deadline_cancel_ordering") due to 1 previous error
[INFO] [stdout] For more information about an error, try `rustc --explain E0277`.
[INFO] [stdout] 
[INFO] [stderr] error: could not compile `skilj-core` (test "sync_projections") due to 4 previous errors
[INFO] [stdout] Some errors have detailed explanations: E0277, E0433.
[INFO] [stdout] 
[INFO] [stdout] For more information about an error, try `rustc --explain E0277`.
[INFO] [stdout] 
[INFO] [stderr] error: could not compile `skilj-core` (test "projection_owner_scoping") due to 4 previous errors
[INFO] [stdout] Some errors have detailed explanations: E0277, E0433.
[INFO] [stdout] 
[INFO] [stdout] For more information about an error, try `rustc --explain E0277`.
[INFO] [stdout] 
[INFO] [stderr] error: could not compile `skilj-core` (test "event_cache") due to 4 previous errors
[INFO] [stdout] Some errors have detailed explanations: E0277, E0433.
[INFO] [stdout] 
[INFO] [stdout] For more information about an error, try `rustc --explain E0277`.
[INFO] [stdout] 
[INFO] [stderr] error: could not compile `skilj-core` (test "command_batcher") due to 4 previous errors
[INFO] [stderr] error: could not compile `skilj-core` (lib test)
[INFO] [stderr] 
[INFO] [stderr] Caused by:
[INFO] [stderr]   process didn't exit successfully: `/opt/rustwide/rustup-home/toolchains/1.100.0-beta.1-x86_64-unknown-linux-gnu/bin/rustc --crate-name skilj_core --edition=2021 src/lib.rs --error-format=json --json=diagnostic-rendered-ansi,artifacts,future-incompat,unused-externs-silent --emit=dep-info,link -C embed-bitcode=no -C debuginfo=2 --test --check-cfg 'cfg(docsrs,test)' --check-cfg 'cfg(feature, values())' -C metadata=fbb8522c9e62a14a -C extra-filename=-899ba497b811c103 --out-dir /opt/rustwide/target/debug/build/skilj-core/899ba497b811c103/out -L dependency=/opt/rustwide/target/debug/build/ahash/35dfdf9831c0531a/out -L dependency=/opt/rustwide/target/debug/build/aho-corasick/d1ae79b76a6f7869/out -L dependency=/opt/rustwide/target/debug/build/allocator-api2/8d9c1e895dea53bd/out -L dependency=/opt/rustwide/target/debug/build/atoi/6f0e805e0b5c1e40/out -L dependency=/opt/rustwide/target/debug/build/atomic-waker/06950c8c08d2b8fa/out -L dependency=/opt/rustwide/target/debug/build/aws-lc-rs/44e8201731aa6e23/out -L dependency=/opt/rustwide/target/debug/build/aws-lc-sys/724a9f2d745305ec/out -L dependency=/opt/rustwide/target/debug/build/axum-core/7ed637ae207bd0e2/out -L dependency=/opt/rustwide/target/debug/build/base64/32787b0325ea6df8/out -L dependency=/opt/rustwide/target/debug/build/base64/cd0e3010b971e43f/out -L dependency=/opt/rustwide/target/debug/build/bit-set/1fa6ab292f9512d1/out -L dependency=/opt/rustwide/target/debug/build/bit-vec/46bedad1cbb6f5b7/out -L dependency=/opt/rustwide/target/debug/build/bitflags/d493ea957e921aab/out -L dependency=/opt/rustwide/target/debug/build/block-buffer/2a52351ae749aaa6/out -L dependency=/opt/rustwide/target/debug/build/block-buffer/c51ef3ba17219c40/out -L dependency=/opt/rustwide/target/debug/build/borrow-or-share/0fa8a3ec06072945/out -L dependency=/opt/rustwide/target/debug/build/bytecount/4690dc5a500fb13e/out -L dependency=/opt/rustwide/target/debug/build/byteorder/7fb216e967c6a54f/out -L dependency=/opt/rustwide/target/debug/build/bytes/5f66263ae3d5daa8/out -L dependency=/opt/rustwide/target/debug/build/cfg-if/5addb699396bfe5f/out -L dependency=/opt/rustwide/target/debug/build/chacha20/79781d8b723a97f9/out -L dependency=/opt/rustwide/target/debug/build/chrono/1bdd8210c7fdf653/out -L dependency=/opt/rustwide/target/debug/build/cmov/427cb834a409c78d/out -L dependency=/opt/rustwide/target/debug/build/cpufeatures/2e8dd38066a76518/out -L dependency=/opt/rustwide/target/debug/build/cpufeatures/e04321643d03190d/out -L dependency=/opt/rustwide/target/debug/build/crc-catalog/229f3d571887ef81/out -L dependency=/opt/rustwide/target/debug/build/crc/c7d92037d8a82253/out -L dependency=/opt/rustwide/target/debug/build/crossbeam-queue/668499c87799505c/out -L dependency=/opt/rustwide/target/debug/build/crossbeam-utils/f5b083664d8d47e8/out -L dependency=/opt/rustwide/target/debug/build/crypto-common/0700e0c7e42473ad/out -L dependency=/opt/rustwide/target/debug/build/crypto-common/5ae6c2d9f313774f/out -L dependency=/opt/rustwide/target/debug/build/ctutils/cb5e4f8f31b44d49/out -L dependency=/opt/rustwide/target/debug/build/data-encoding/24a90aeeed599569/out -L dependency=/opt/rustwide/target/debug/build/deranged/131d43187e2329b6/out -L dependency=/opt/rustwide/target/debug/build/digest/0d7623c5e9e1e238/out -L dependency=/opt/rustwide/target/debug/build/digest/ac3dd89bf6c01a5b/out -L dependency=/opt/rustwide/target/debug/build/displaydoc/ad20b24dcf7db5a4/out -L dependency=/opt/rustwide/target/debug/build/dotenvy/6d8015f91495fe74/out -L dependency=/opt/rustwide/target/debug/build/dyn-clone/319e7691ef78165b/out -L dependency=/opt/rustwide/target/debug/build/either/33380974e5dbffb8/out -L dependency=/opt/rustwide/target/debug/build/email_address/7e31c65b91a0325e/out -L dependency=/opt/rustwide/target/debug/build/equivalent/6a754676e6af62ae/out -L dependency=/opt/rustwide/target/debug/build/errno/8e3700cb740322be/out -L dependency=/opt/rustwide/target/debug/build/event-listener/4566b876954d8552/out -L dependency=/opt/rustwide/target/debug/build/fancy-regex/9a35838d603836c1/out -L dependency=/opt/rustwide/target/debug/build/fastrand/bab015aa83fcde07/out -L dependency=/opt/rustwide/target/debug/build/fluent-uri/eedfeb35d7dafc20/out -L dependency=/opt/rustwide/target/debug/build/fnv/79e2cbfbe03dcd16/out -L dependency=/opt/rustwide/target/debug/build/foldhash/3b780c428974a407/out -L dependency=/opt/rustwide/target/debug/build/form_urlencoded/58b0f0edb59b40d2/out -L dependency=/opt/rustwide/target/debug/build/fraction/80f596c3e5144725/out -L dependency=/opt/rustwide/target/debug/build/futures-channel/e55265846f1ca713/out -L dependency=/opt/rustwide/target/debug/build/futures-core/97d9bb84a61d4536/out -L dependency=/opt/rustwide/target/debug/build/futures-executor/ab7fd5e94ba7c795/out -L dependency=/opt/rustwide/target/debug/build/futures-intrusive/821f8b8619740a88/out -L dependency=/opt/rustwide/target/debug/build/futures-io/b3563908762f27f5/out -L dependency=/opt/rustwide/target/debug/build/futures-macro/a09c44fe6a11245c/out -L dependency=/opt/rustwide/target/debug/build/futures-sink/690a515e9c61c93a/out -L dependency=/opt/rustwide/target/debug/build/futures-task/06c0578367ad4cff/out -L dependency=/opt/rustwide/target/debug/build/futures-util/6054516ead4c67ad/out -L dependency=/opt/rustwide/target/debug/build/generic-array/db891871e5606a95/out -L dependency=/opt/rustwide/target/debug/build/getrandom/4c46aa15e8d4acd9/out -L dependency=/opt/rustwide/target/debug/build/getrandom/587f24dfc08b7c8b/out -L dependency=/opt/rustwide/target/debug/build/getrandom/e54720ffb1a13286/out -L dependency=/opt/rustwide/target/debug/build/hashbrown/63a892cc2d36a2f0/out -L dependency=/opt/rustwide/target/debug/build/hashbrown/8b077e4232f7df3f/out -L dependency=/opt/rustwide/target/debug/build/hashlink/bd0844410b8b4c80/out -L dependency=/opt/rustwide/target/debug/build/hex/13e08b3b00984ab7/out -L dependency=/opt/rustwide/target/debug/build/hkdf/6ee342b13f7c0a9f/out -L dependency=/opt/rustwide/target/debug/build/hmac/251982c85cdc3053/out -L dependency=/opt/rustwide/target/debug/build/http-body-util/27952fde1894fa19/out -L dependency=/opt/rustwide/target/debug/build/http-body/b57535e6079c1f42/out -L dependency=/opt/rustwide/target/debug/build/http/0cd9be9a4e5a2536/out -L dependency=/opt/rustwide/target/debug/build/httparse/8c9b827b8f345444/out -L dependency=/opt/rustwide/target/debug/build/httpdate/331798cefc82cc7e/out -L dependency=/opt/rustwide/target/debug/build/hybrid-array/36235c981c84acf3/out -L dependency=/opt/rustwide/target/debug/build/hyper-rustls/558d25c2329fcdf4/out -L dependency=/opt/rustwide/target/debug/build/hyper-util/1ac4f072f8fd817e/out -L dependency=/opt/rustwide/target/debug/build/hyper/966cbd4bfc3fd18e/out -L dependency=/opt/rustwide/target/debug/build/iana-time-zone/bcd81aefedc374a6/out -L dependency=/opt/rustwide/target/debug/build/icu_collections/9abec569a1f85e72/out -L dependency=/opt/rustwide/target/debug/build/icu_locale_core/98d354f03cfad94e/out -L dependency=/opt/rustwide/target/debug/build/icu_normalizer/76275c5f9ba1b9da/out -L dependency=/opt/rustwide/target/debug/build/icu_normalizer_data/8b25f9eb7a72d68e/out -L dependency=/opt/rustwide/target/debug/build/icu_properties/ad8a2fdfe62cf360/out -L dependency=/opt/rustwide/target/debug/build/icu_properties_data/3f856f5bc2063921/out -L dependency=/opt/rustwide/target/debug/build/icu_provider/31afd91f57653977/out -L dependency=/opt/rustwide/target/debug/build/idna/a3f86bcecc95aafd/out -L dependency=/opt/rustwide/target/debug/build/idna_adapter/54ffa01d8b2a1971/out -L dependency=/opt/rustwide/target/debug/build/indexmap/adb9ccb7a1a9285a/out -L dependency=/opt/rustwide/target/debug/build/ipnet/9dfae905f44e7daa/out -L dependency=/opt/rustwide/target/debug/build/itoa/5de11b3b23bfe572/out -L dependency=/opt/rustwide/target/debug/build/jsonschema-regex/d1d16c8fa5cd6b8b/out -L dependency=/opt/rustwide/target/debug/build/jsonschema-value/a026abe911901191/out -L dependency=/opt/rustwide/target/debug/build/lazy_static/3674be3f4245d19b/out -L dependency=/opt/rustwide/target/debug/build/libc/32464e1b8391e223/out -L dependency=/opt/rustwide/target/debug/build/linux-raw-sys/0b6cde911e9a3109/out -L dependency=/opt/rustwide/target/debug/build/litemap/abaddab7afb37065/out -L dependency=/opt/rustwide/target/debug/build/lock_api/16d46fed645f7bff/out -L dependency=/opt/rustwide/target/debug/build/log/431c2e66b4ed7b91/out -L dependency=/opt/rustwide/target/debug/build/matchers/144a66747798e8de/out -L dependency=/opt/rustwide/target/debug/build/matchit/9aa922efa503b546/out -L dependency=/opt/rustwide/target/debug/build/md-5/5caf1a0806b0c0ae/out -L dependency=/opt/rustwide/target/debug/build/memchr/a932478bde794617/out -L dependency=/opt/rustwide/target/debug/build/micromap/c9f93abbb9266040/out -L dependency=/opt/rustwide/target/debug/build/mime/0188e0814ca7ddbf/out -L dependency=/opt/rustwide/target/debug/build/mio/f3f5c0f25170586f/out -L dependency=/opt/rustwide/target/debug/build/nu-ansi-term/745c727bb3e87c52/out -L dependency=/opt/rustwide/target/debug/build/num-bigint/432715556ff33b54/out -L dependency=/opt/rustwide/target/debug/build/num-cmp/ef5cddd5e953f8cc/out -L dependency=/opt/rustwide/target/debug/build/num-complex/460ac1e4abdab7ed/out -L dependency=/opt/rustwide/target/debug/build/num-conv/8bd7073c84ef42cd/out -L dependency=/opt/rustwide/target/debug/build/num-integer/fb49b90c439314f4/out -L dependency=/opt/rustwide/target/debug/build/num-iter/33edcaa71326f937/out -L dependency=/opt/rustwide/target/debug/build/num-rational/e9e9bab3a687cbd6/out -L dependency=/opt/rustwide/target/debug/build/num-traits/888f07a85755f3c0/out -L dependency=/opt/rustwide/target/debug/build/num/dac7ab9c93697f47/out -L dependency=/opt/rustwide/target/debug/build/once_cell/b5bdc597ed9676b3/out -L dependency=/opt/rustwide/target/debug/build/openssl-probe/6b1b371432012237/out -L dependency=/opt/rustwide/target/debug/build/opentelemetry/b264e4ae6b85d0bd/out -L dependency=/opt/rustwide/target/debug/build/outref/a8d151a70d892957/out -L dependency=/opt/rustwide/target/debug/build/parking/a9ae72c6c16ee980/out -L dependency=/opt/rustwide/target/debug/build/parking_lot/2227570ad0e109b3/out -L dependency=/opt/rustwide/target/debug/build/parking_lot_core/00f5b80e8e137503/out -L dependency=/opt/rustwide/target/debug/build/pem/c65b0b75163a9934/out -L dependency=/opt/rustwide/target/debug/build/percent-encoding/fa055ecaa1e57cfa/out -L dependency=/opt/rustwide/target/debug/build/phf/f22bfb9b59a42490/out -L dependency=/opt/rustwide/target/debug/build/phf_macros/318bc93f9c0f7bc5/out -L dependency=/opt/rustwide/target/debug/build/phf_shared/44db0769f1e94d89/out -L dependency=/opt/rustwide/target/debug/build/pin-project-lite/0a15d51c77964692/out -L dependency=/opt/rustwide/target/debug/build/potential_utf/f9f486cd11486a60/out -L dependency=/opt/rustwide/target/debug/build/powerfmt/f6019a2766e431f7/out -L dependency=/opt/rustwide/target/debug/build/ppv-lite86/f66e9e171f6f7489/out -L dependency=/opt/rustwide/target/debug/build/quick-error/9f96d0cb10ca2956/out -L dependency=/opt/rustwide/target/debug/build/rand/700a15c8e15a58ec/out -L dependency=/opt/rustwide/target/debug/build/rand/748150ad81424f5d/out -L dependency=/opt/rustwide/target/debug/build/rand_chacha/01b43a94590d7fb3/out -L dependency=/opt/rustwide/target/debug/build/rand_core/81892de8c7a4d0f4/out -L dependency=/opt/rustwide/target/debug/build/rand_core/8437d288e8d1265c/out -L dependency=/opt/rustwide/target/debug/build/rand_xorshift/f707dd7892c02c77/out -L dependency=/opt/rustwide/target/debug/build/ref-cast-impl/fede0622942760ee/out -L dependency=/opt/rustwide/target/debug/build/ref-cast/dfcc10729a6aaa4c/out -L dependency=/opt/rustwide/target/debug/build/referencing/f8bc8a9825be055c/out -L dependency=/opt/rustwide/target/debug/build/regex-automata/50b2f6b61a74bfbd/out -L dependency=/opt/rustwide/target/debug/build/regex-syntax/801391c65a42f645/out -L dependency=/opt/rustwide/target/debug/build/regex/cde36634aebe32c6/out -L dependency=/opt/rustwide/target/debug/build/rustix/1221baed404de2e3/out -L dependency=/opt/rustwide/target/debug/build/rustls-native-certs/fbdedf755990ee0e/out -L dependency=/opt/rustwide/target/debug/build/rustls-pki-types/be4bd4ab5887b3eb/out -L dependency=/opt/rustwide/target/debug/build/rustls-platform-verifier/bf5f9067d533c3a6/out -L dependency=/opt/rustwide/target/debug/build/rustls-webpki/e67ecc695390ceb7/out -L dependency=/opt/rustwide/target/debug/build/rustls/b5a66ea0d1f18792/out -L dependency=/opt/rustwide/target/debug/build/rustversion/adcfbaebc5a7ac4c/out -L dependency=/opt/rustwide/target/debug/build/rusty-fork/6d780fc60b96de00/out -L dependency=/opt/rustwide/target/debug/build/ryu/1f4f40e4352371e5/out -L dependency=/opt/rustwide/target/debug/build/schemars_derive/58f60befe83996aa/out -L dependency=/opt/rustwide/target/debug/build/scopeguard/7ec2214574194454/out -L dependency=/opt/rustwide/target/debug/build/serde/0533a40596c4b70b/out -L dependency=/opt/rustwide/target/debug/build/serde_core/bdb9e4838d3479fd/out -L dependency=/opt/rustwide/target/debug/build/serde_derive/f6e2f3b6bc78f432/out -L dependency=/opt/rustwide/target/debug/build/serde_json/4544e629a89a7c70/out -L dependency=/opt/rustwide/target/debug/build/serde_path_to_error/1687e1e6bb3b3272/out -L dependency=/opt/rustwide/target/debug/build/serde_urlencoded/890adc694aa8d9f6/out -L dependency=/opt/rustwide/target/debug/build/sha2/00d78e9fe183811f/out -L dependency=/opt/rustwide/target/debug/build/sha2/ca6fb0423e632b16/out -L dependency=/opt/rustwide/target/debug/build/sharded-slab/bd3e89e1e50b7c87/out -L dependency=/opt/rustwide/target/debug/build/signal-hook-registry/f069228503febc45/out -L dependency=/opt/rustwide/target/debug/build/signature/3b38413e1bea4ec2/out -L dependency=/opt/rustwide/target/debug/build/simple_asn1/5fd672192cefc98e/out -L dependency=/opt/rustwide/target/debug/build/siphasher/557a34344a848ed5/out -L dependency=/opt/rustwide/target/debug/build/slab/ed301aba3460fb05/out -L dependency=/opt/rustwide/target/debug/build/smallvec/bcce58dc03c12ac2/out -L dependency=/opt/rustwide/target/debug/build/socket2/380ed4e5002278b4/out -L dependency=/opt/rustwide/target/debug/build/sqlx-core/3b6b5f8bd2293451/out -L dependency=/opt/rustwide/target/debug/build/sqlx-macros/32f7114e9f1f0958/out -L dependency=/opt/rustwide/target/debug/build/sqlx-postgres/e3b8064d4b509c06/out -L dependency=/opt/rustwide/target/debug/build/stable_deref_trait/63cbf3f3d3f94e56/out -L dependency=/opt/rustwide/target/debug/build/stringprep/c1b6089222618665/out -L dependency=/opt/rustwide/target/debug/build/strum/e5b9111e2d74e4f1/out -L dependency=/opt/rustwide/target/debug/build/strum_macros/f539622dfb94fb18/out -L dependency=/opt/rustwide/target/debug/build/subtle/2ae6a7038b9a0630/out -L dependency=/opt/rustwide/target/debug/build/sync_wrapper/194362e0d6e4de4b/out -L dependency=/opt/rustwide/target/debug/build/tempfile/e78ce9f467eb18a3/out -L dependency=/opt/rustwide/target/debug/build/thiserror-impl/956fccd77e4d8af2/out -L dependency=/opt/rustwide/target/debug/build/thiserror/f3cdfe0b2e3fbb63/out -L dependency=/opt/rustwide/target/debug/build/thread_local/22f8c551a4ab044f/out -L dependency=/opt/rustwide/target/debug/build/time-core/87cddcae4f761596/out -L dependency=/opt/rustwide/target/debug/build/time-macros/7b9e3f9ebf5429d3/out -L dependency=/opt/rustwide/target/debug/build/time/2f60bf2b8b3e0afd/out -L dependency=/opt/rustwide/target/debug/build/tinystr/ba85e5bbda8e3770/out -L dependency=/opt/rustwide/target/debug/build/tinyvec/ce6b5f241d3025ed/out -L dependency=/opt/rustwide/target/debug/build/tokio-macros/535ef235b3a04706/out -L dependency=/opt/rustwide/target/debug/build/tokio-rustls/e39d47dc6ffcb487/out -L dependency=/opt/rustwide/target/debug/build/tokio-stream/953b239b4c306e46/out -L dependency=/opt/rustwide/target/debug/build/tokio/5c04a99dfafb546b/out -L dependency=/opt/rustwide/target/debug/build/tower-http/a14757e302d7c51e/out -L dependency=/opt/rustwide/target/debug/build/tower-layer/d908dd771b239ecd/out -L dependency=/opt/rustwide/target/debug/build/tower-service/3fb88d28c2218805/out -L dependency=/opt/rustwide/target/debug/build/tower/50935f36df3a644a/out -L dependency=/opt/rustwide/target/debug/build/tracing-attributes/53a5a53183f4052f/out -L dependency=/opt/rustwide/target/debug/build/tracing-core/d26029c784af5925/out -L dependency=/opt/rustwide/target/debug/build/tracing-log/76507554a4447ed1/out -L dependency=/opt/rustwide/target/debug/build/tracing/6a70e10db3dbec60/out -L dependency=/opt/rustwide/target/debug/build/try-lock/8fa2f6971035be84/out -L dependency=/opt/rustwide/target/debug/build/typenum/8cba24ab4904c632/out -L dependency=/opt/rustwide/target/debug/build/unarray/2b0ca735f001c2fa/out -L dependency=/opt/rustwide/target/debug/build/unicode-bidi/a9d2c96e849c6f3c/out -L dependency=/opt/rustwide/target/debug/build/unicode-general-category/bc3aae0f40ed0963/out -L dependency=/opt/rustwide/target/debug/build/unicode-normalization/1387b9184c49b0f8/out -L dependency=/opt/rustwide/target/debug/build/unicode-properties/d98df78cf9438258/out -L dependency=/opt/rustwide/target/debug/build/untrusted/a7f0f384c8611dea/out -L dependency=/opt/rustwide/target/debug/build/untrusted/b2f816886faf2178/out -L dependency=/opt/rustwide/target/debug/build/url/08d209ea9ea136ed/out -L dependency=/opt/rustwide/target/debug/build/utf8_iter/51566bbad89f3a68/out -L dependency=/opt/rustwide/target/debug/build/uuid-simd/d3e1f6e0583a7b9b/out -L dependency=/opt/rustwide/target/debug/build/uuid/2cb5d713c687e71c/out -L dependency=/opt/rustwide/target/debug/build/vsimd/df18ed82e402df6e/out -L dependency=/opt/rustwide/target/debug/build/wait-timeout/fa307d80b7379696/out -L dependency=/opt/rustwide/target/debug/build/want/7a6260b9c50f1479/out -L dependency=/opt/rustwide/target/debug/build/webpki-roots/2556342dea3b9463/out -L dependency=/opt/rustwide/target/debug/build/whoami/4354fcf0f59094ac/out -L dependency=/opt/rustwide/target/debug/build/winnow/88e6acd6e2987984/out -L dependency=/opt/rustwide/target/debug/build/writeable/36514dcf36d12676/out -L dependency=/opt/rustwide/target/debug/build/yoke-derive/4e252c36149253df/out -L dependency=/opt/rustwide/target/debug/build/yoke/bdbeaa79bfdaed64/out -L dependency=/opt/rustwide/target/debug/build/zerocopy/a9cdbd75168f44bb/out -L dependency=/opt/rustwide/target/debug/build/zerofrom-derive/b286538efa5d3f4a/out -L dependency=/opt/rustwide/target/debug/build/zerofrom/1934f4168cdd39fb/out -L dependency=/opt/rustwide/target/debug/build/zeroize/8412601a86b290b1/out -L dependency=/opt/rustwide/target/debug/build/zeroize_derive/5c88456350771232/out -L dependency=/opt/rustwide/target/debug/build/zerotrie/0eeb168992132bb8/out -L dependency=/opt/rustwide/target/debug/build/zerovec-derive/5996b5f59822150c/out -L dependency=/opt/rustwide/target/debug/build/zerovec/0d5c6bc6073f6635/out -L dependency=/opt/rustwide/target/debug/build/zmij/2ca2f302097868c6/out --extern arc_swap=/opt/rustwide/target/debug/build/arc-swap/85dcc9ccd548584d/out/libarc_swap-85dcc9ccd548584d.rlib --extern axum=/opt/rustwide/target/debug/build/axum/e718a816fd8d390b/out/libaxum-e718a816fd8d390b.rlib --extern base64=/opt/rustwide/target/debug/build/base64/cd0e3010b971e43f/out/libbase64-cd0e3010b971e43f.rlib --extern chrono=/opt/rustwide/target/debug/build/chrono/1bdd8210c7fdf653/out/libchrono-1bdd8210c7fdf653.rlib --extern cron=/opt/rustwide/target/debug/build/cron/59d93bdfdb649ff9/out/libcron-59d93bdfdb649ff9.rlib --extern futures_util=/opt/rustwide/target/debug/build/futures-util/6054516ead4c67ad/out/libfutures_util-6054516ead4c67ad.rlib --extern ipnet=/opt/rustwide/target/debug/build/ipnet/9dfae905f44e7daa/out/libipnet-9dfae905f44e7daa.rlib --extern jsonschema=/opt/rustwide/target/debug/build/jsonschema/a8b38abaaaace81a/out/libjsonschema-a8b38abaaaace81a.rlib --extern jsonwebtoken=/opt/rustwide/target/debug/build/jsonwebtoken/d68ff7a103132842/out/libjsonwebtoken-d68ff7a103132842.rlib --extern opentelemetry=/opt/rustwide/target/debug/build/opentelemetry/b264e4ae6b85d0bd/out/libopentelemetry-b264e4ae6b85d0bd.rlib --extern opentelemetry_sdk=/opt/rustwide/target/debug/build/opentelemetry_sdk/f2e598588ef6c390/out/libopentelemetry_sdk-f2e598588ef6c390.rlib --extern proptest=/opt/rustwide/target/debug/build/proptest/0064264dc7ae8d2f/out/libproptest-0064264dc7ae8d2f.rlib --extern reqwest=/opt/rustwide/target/debug/build/reqwest/ec2b60875529df31/out/libreqwest-ec2b60875529df31.rlib --extern ring=/opt/rustwide/target/debug/build/ring/53125c5c0c484c26/out/libring-53125c5c0c484c26.rlib --extern schemars=/opt/rustwide/target/debug/build/schemars/6f6e0f4b5675129b/out/libschemars-6f6e0f4b5675129b.rlib --extern serde=/opt/rustwide/target/debug/build/serde/0533a40596c4b70b/out/libserde-0533a40596c4b70b.rlib --extern serde_json=/opt/rustwide/target/debug/build/serde_json/4544e629a89a7c70/out/libserde_json-4544e629a89a7c70.rlib --extern skilj_macros=/opt/rustwide/target/debug/build/skilj-macros/6f26f0d48844b0aa/out/libskilj_macros-6f26f0d48844b0aa.so --extern skilj_retry=/opt/rustwide/target/debug/build/skilj-retry/532647b7bdfa8bd2/out/libskilj_retry-532647b7bdfa8bd2.rlib --extern sqlx=/opt/rustwide/target/debug/build/sqlx/c657eee15cfc249d/out/libsqlx-c657eee15cfc249d.rlib --extern thiserror=/opt/rustwide/target/debug/build/thiserror/f3cdfe0b2e3fbb63/out/libthiserror-f3cdfe0b2e3fbb63.rlib --extern tokio=/opt/rustwide/target/debug/build/tokio/5c04a99dfafb546b/out/libtokio-5c04a99dfafb546b.rlib --extern tracing=/opt/rustwide/target/debug/build/tracing/6a70e10db3dbec60/out/libtracing-6a70e10db3dbec60.rlib --extern tracing_subscriber=/opt/rustwide/target/debug/build/tracing-subscriber/8467e6674d325b0d/out/libtracing_subscriber-8467e6674d325b0d.rlib --extern uuid=/opt/rustwide/target/debug/build/uuid/2cb5d713c687e71c/out/libuuid-2cb5d713c687e71c.rlib --cap-lints=warn --force-warn=unused_crate_dependencies -L native=/opt/rustwide/target/debug/build/aws-lc-sys/57ed6e0d9c0d0f80/out -L native=/opt/rustwide/target/debug/build/ring/aa06cc4c2e49de1e/out` (signal: 9, SIGKILL: kill)
[INFO] running `Command { std: "docker" "inspect" "37303e6bc1575d52e9ae026382551da9c6680ccb688d26693eff8ef3bbeadc36", kill_on_drop: false }`
[INFO] running `Command { std: "docker" "rm" "-f" "37303e6bc1575d52e9ae026382551da9c6680ccb688d26693eff8ef3bbeadc36", kill_on_drop: false }`
[INFO] [stdout] 37303e6bc1575d52e9ae026382551da9c6680ccb688d26693eff8ef3bbeadc36
