[INFO] fetching crate skeg-core 0.3.4...
[INFO] testing skeg-core-0.3.4 against 1.100.0-beta.1 for beta-1.100-2
[INFO] extracting crate skeg-core 0.3.4 into /workspace/builds/worker-1-tc2/source
[INFO] started tweaking crates.io crate skeg-core 0.3.4
[INFO] finished tweaking crates.io crate skeg-core 0.3.4
[INFO] tweaked toml for crates.io crate skeg-core 0.3.4 written to /workspace/builds/worker-1-tc2/source/Cargo.toml
[INFO] validating manifest of crates.io crate skeg-core 0.3.4 on toolchain 1.100.0-beta.1
[INFO] running `Command { std: CARGO_HOME="/workspace/cargo-home" RUSTUP_HOME="/workspace/rustup-home" "/workspace/cargo-home/bin/cargo" "+1.100.0-beta.1" "metadata" "--manifest-path" "Cargo.toml" "--no-deps", kill_on_drop: false }`
[INFO] crate crates.io crate skeg-core 0.3.4 already has a lockfile, it will not be regenerated
[INFO] running `Command { std: CARGO_HOME="/workspace/cargo-home" RUSTUP_HOME="/workspace/rustup-home" "/workspace/cargo-home/bin/cargo" "+1.100.0-beta.1" "fetch" "--manifest-path" "Cargo.toml", kill_on_drop: false }`
[INFO] [stderr] warning: `package.homepage` is redundant with `package.repository`
[INFO] [stderr]    --> Cargo.toml:110:12
[INFO] [stderr]     |
[INFO] [stderr] 110 | homepage = "https://github.com/skegdb/skeg"
[INFO] [stderr]     |            ^^^^^^^^^^^^^^^^^^^^^^^^^^^^^^^^
[INFO] [stderr] ...
[INFO] [stderr] 115 | repository = "https://github.com/skegdb/skeg"
[INFO] [stderr]     |              --------------------------------
[INFO] [stderr]     |
[INFO] [stderr]     = note: `cargo::redundant_homepage` is set to `warn` by default
[INFO] [stderr] help: consider removing `package.homepage`
[INFO] [stderr] warning: `skeg-core` (manifest) generated 1 warning
[INFO] running `Command { std: "docker" "create" "-v" "/var/lib/crater-agent-workspace/builds/worker-1-tc2/source:/opt/rustwide/workdir:ro,Z" "-v" "/var/lib/crater-agent-workspace/builds/worker-1-tc2/target:/opt/rustwide/target:rw,Z" "-v" "/var/lib/crater-agent-workspace/cargo-home:/opt/rustwide/cargo-home:ro,Z" "-v" "/var/lib/crater-agent-workspace/rustup-home:/opt/rustwide/rustup-home:ro,Z" "-m" "1610612736" "--network" "none" "ghcr.io/rust-lang/crates-build-env/linux@sha256:3111399a4047eeb3a02b7a90e478d715f38a8c6669b5c4b49d30a17385265909" "sleep" "infinity", kill_on_drop: false }`
[INFO] [stdout] fcdfc7211b29707516859fa6bd686bc62c096b6c8a753fd01b7485d8ba61b900
[INFO] running `Command { std: "docker" "start" "fcdfc7211b29707516859fa6bd686bc62c096b6c8a753fd01b7485d8ba61b900", kill_on_drop: false }`
[INFO] running `Command { std: "docker" "inspect" "fcdfc7211b29707516859fa6bd686bc62c096b6c8a753fd01b7485d8ba61b900", kill_on_drop: false }`
[INFO] running `Command { std: "docker" "exec" "-e" "SOURCE_DIR=/opt/rustwide/workdir" "-e" "CARGO_HOME=/opt/rustwide/cargo-home" "-e" "RUSTUP_HOME=/opt/rustwide/rustup-home" "-e" "CARGO_TARGET_DIR=/opt/rustwide/target" "-w" "/opt/rustwide/workdir" "--user" "0:0" "fcdfc7211b29707516859fa6bd686bc62c096b6c8a753fd01b7485d8ba61b900" "/opt/rustwide/cargo-home/bin/cargo" "+1.100.0-beta.1" "metadata" "--no-deps" "--format-version=1", kill_on_drop: false }`
[INFO] running `Command { std: "docker" "inspect" "fcdfc7211b29707516859fa6bd686bc62c096b6c8a753fd01b7485d8ba61b900", kill_on_drop: false }`
[INFO] running `Command { std: "docker" "exec" "-e" "SOURCE_DIR=/opt/rustwide/workdir" "-e" "CARGO_HOME=/opt/rustwide/cargo-home" "-e" "RUSTUP_HOME=/opt/rustwide/rustup-home" "-e" "CARGO_TARGET_DIR=/opt/rustwide/target" "-e" "CARGO_INCREMENTAL=0" "-e" "RUST_BACKTRACE=full" "-e" "RUSTFLAGS=--cap-lints=warn" "-e" "RUSTDOCFLAGS=--cap-lints=warn" "-w" "/opt/rustwide/workdir" "--user" "0:0" "fcdfc7211b29707516859fa6bd686bc62c096b6c8a753fd01b7485d8ba61b900" "/opt/rustwide/cargo-home/bin/cargo" "+1.100.0-beta.1" "build" "--frozen" "--message-format=json", kill_on_drop: false }`
[INFO] [stderr] warning: `package.homepage` is redundant with `package.repository`
[INFO] [stderr]    --> Cargo.toml:110:12
[INFO] [stderr]     |
[INFO] [stderr] 110 | homepage = "https://github.com/skegdb/skeg"
[INFO] [stderr]     |            ^^^^^^^^^^^^^^^^^^^^^^^^^^^^^^^^
[INFO] [stderr] ...
[INFO] [stderr] 115 | repository = "https://github.com/skegdb/skeg"
[INFO] [stderr]     |              --------------------------------
[INFO] [stderr]     |
[INFO] [stderr]     = note: `cargo::redundant_homepage` is set to `warn` by default
[INFO] [stderr] help: consider removing `package.homepage`
[INFO] [stderr] warning: `skeg-core` (manifest) generated 1 warning
[INFO] [stderr]    Compiling zerocopy v0.8.50
[INFO] [stderr]    Compiling futures-core v0.3.32
[INFO] [stderr]    Compiling slab v0.4.12
[INFO] [stderr]    Compiling skeg-telemetry v0.2.2
[INFO] [stderr]    Compiling parking_lot_core v0.9.12
[INFO] [stderr]    Compiling crc32c v0.6.8
[INFO] [stderr]    Compiling memmap2 v0.9.10
[INFO] [stderr]    Compiling getrandom v0.3.4
[INFO] [stderr]    Compiling xxhash-rust v0.8.15
[INFO] [stderr]    Compiling syn v2.0.117
[INFO] [stderr]    Compiling parking_lot v0.12.5
[INFO] [stderr]    Compiling futures-util v0.3.32
[INFO] [stderr]    Compiling thiserror-impl v2.0.18
[INFO] [stderr]    Compiling tracing-attributes v0.1.31
[INFO] [stderr]    Compiling tokio-macros v2.7.0
[INFO] [stderr]    Compiling tokio v1.52.3
[INFO] [stderr]    Compiling ahash v0.8.12
[INFO] [stderr]    Compiling tracing v0.1.44
[INFO] [stderr]    Compiling thiserror v2.0.18
[INFO] [stderr]    Compiling skeg-proto v0.2.0
[INFO] [stderr]    Compiling skeg-platform v0.1.5
[INFO] [stderr]    Compiling skeg-core v0.3.4 (/opt/rustwide/workdir)
[INFO] [stderr] warning: unused dependency `skeg-proto`
[INFO] [stderr]   --> Cargo.toml:56:15
[INFO] [stderr]    |
[INFO] [stderr] 56 | [dependencies.skeg-proto]
[INFO] [stderr]    |               ^^^^^^^^^^^
[INFO] [stderr]    |
[INFO] [stderr]    = note: `cargo::unused_dependencies` is set to `warn` by default
[INFO] [stderr] help: consider removing the dependency on `skeg-proto`
[INFO] [stderr] warning: `skeg-core` (manifest) generated 1 warning
[INFO] [stderr]     Finished `dev` profile [unoptimized + debuginfo] target(s) in 19.81s
[INFO] running `Command { std: "docker" "inspect" "fcdfc7211b29707516859fa6bd686bc62c096b6c8a753fd01b7485d8ba61b900", kill_on_drop: false }`
[INFO] running `Command { std: "docker" "exec" "-e" "SOURCE_DIR=/opt/rustwide/workdir" "-e" "CARGO_HOME=/opt/rustwide/cargo-home" "-e" "RUSTUP_HOME=/opt/rustwide/rustup-home" "-e" "CARGO_TARGET_DIR=/opt/rustwide/target" "-e" "CARGO_INCREMENTAL=0" "-e" "RUST_BACKTRACE=full" "-e" "RUSTFLAGS=--cap-lints=warn" "-e" "RUSTDOCFLAGS=--cap-lints=warn" "-w" "/opt/rustwide/workdir" "--user" "0:0" "fcdfc7211b29707516859fa6bd686bc62c096b6c8a753fd01b7485d8ba61b900" "/opt/rustwide/cargo-home/bin/cargo" "+1.100.0-beta.1" "test" "--frozen" "--no-run" "--message-format=json", kill_on_drop: false }`
[INFO] [stderr] warning: `package.homepage` is redundant with `package.repository`
[INFO] [stderr]    --> Cargo.toml:110:12
[INFO] [stderr]     |
[INFO] [stderr] 110 | homepage = "https://github.com/skegdb/skeg"
[INFO] [stderr]     |            ^^^^^^^^^^^^^^^^^^^^^^^^^^^^^^^^
[INFO] [stderr] ...
[INFO] [stderr] 115 | repository = "https://github.com/skegdb/skeg"
[INFO] [stderr]     |              --------------------------------
[INFO] [stderr]     |
[INFO] [stderr]     = note: `cargo::redundant_homepage` is set to `warn` by default
[INFO] [stderr] help: consider removing `package.homepage`
[INFO] [stderr] warning: `skeg-core` (manifest) generated 1 warning
[INFO] [stderr]    Compiling bitflags v2.13.0
[INFO] [stderr]    Compiling getrandom v0.4.2
[INFO] [stderr]    Compiling getrandom v0.3.4
[INFO] [stderr]    Compiling num-traits v0.2.19
[INFO] [stderr]    Compiling fastrand v2.4.1
[INFO] [stderr]    Compiling wait-timeout v0.2.1
[INFO] [stderr]    Compiling ppv-lite86 v0.2.21
[INFO] [stderr]    Compiling quick-error v1.2.3
[INFO] [stderr]    Compiling bit-vec v0.8.0
[INFO] [stderr]    Compiling regex-syntax v0.8.10
[INFO] [stderr]    Compiling unarray v0.1.4
[INFO] [stderr]    Compiling rand_core v0.9.5
[INFO] [stderr]    Compiling ahash v0.8.12
[INFO] [stderr]    Compiling rustix v1.1.4
[INFO] [stderr]    Compiling skeg-proto v0.2.0
[INFO] [stderr]    Compiling rand v0.9.4
[INFO] [stderr]    Compiling rand_xorshift v0.4.0
[INFO] [stderr]    Compiling bit-set v0.8.0
[INFO] [stderr]    Compiling skeg-core v0.3.4 (/opt/rustwide/workdir)
[INFO] [stderr]    Compiling rand_chacha v0.9.0
[INFO] [stderr]    Compiling tempfile v3.27.0
[INFO] [stderr]    Compiling rusty-fork v0.3.1
[INFO] [stderr]    Compiling proptest v1.11.0
[INFO] [stdout] error[E0425]: cannot find function `set_durability_model_for_tests` in module `skeg_platform::durability`
[INFO] [stdout]    --> src/group_commit.rs:352:36
[INFO] [stdout]     |
[INFO] [stdout] 352 |         skeg_platform::durability::set_durability_model_for_tests(
[INFO] [stdout]     |                                    ^^^^^^^^^^^^^^^^^^^^^^^^^^^^^^ not found in `skeg_platform::durability`
[INFO] [stdout]     |
[INFO] [stdout] note: found an item that was configured out
[INFO] [stdout]    --> /opt/rustwide/cargo-home/registry/src/index.crates.io-1949cf8c6b5b557f/skeg-platform-0.1.5/src/durability.rs:119:8
[INFO] [stdout]     |
[INFO] [stdout] 118 | #[cfg(any(test, feature = "testing"))]
[INFO] [stdout]     |          --------------------------- the item is gated here
[INFO] [stdout] 119 | pub fn set_durability_model_for_tests(model: DurabilityModel) {
[INFO] [stdout]     |        ^^^^^^^^^^^^^^^^^^^^^^^^^^^^^^
[INFO] [stdout] 
[INFO] [stdout] 
[INFO] [stdout] error[E0425]: cannot find function `set_durability_model_for_tests` in module `durability`
[INFO] [stdout]    --> src/group_commit.rs:562:25
[INFO] [stdout]     |
[INFO] [stdout] 562 |             durability::set_durability_model_for_tests(model);
[INFO] [stdout]     |                         ^^^^^^^^^^^^^^^^^^^^^^^^^^^^^^ not found in `durability`
[INFO] [stdout]     |
[INFO] [stdout] note: found an item that was configured out
[INFO] [stdout]    --> /opt/rustwide/cargo-home/registry/src/index.crates.io-1949cf8c6b5b557f/skeg-platform-0.1.5/src/durability.rs:119:8
[INFO] [stdout]     |
[INFO] [stdout] 118 | #[cfg(any(test, feature = "testing"))]
[INFO] [stdout]     |          --------------------------- the item is gated here
[INFO] [stdout] 119 | pub fn set_durability_model_for_tests(model: DurabilityModel) {
[INFO] [stdout]     |        ^^^^^^^^^^^^^^^^^^^^^^^^^^^^^^
[INFO] [stdout] 
[INFO] [stdout] 
[INFO] [stdout] error[E0425]: cannot find function `reset_durability_model_cache_for_tests` in module `durability`
[INFO] [stdout]    --> src/group_commit.rs:576:21
[INFO] [stdout]     |
[INFO] [stdout] 576 |         durability::reset_durability_model_cache_for_tests();
[INFO] [stdout]     |                     ^^^^^^^^^^^^^^^^^^^^^^^^^^^^^^^^^^^^^^ not found in `durability`
[INFO] [stdout]     |
[INFO] [stdout] note: found an item that was configured out
[INFO] [stdout]    --> /opt/rustwide/cargo-home/registry/src/index.crates.io-1949cf8c6b5b557f/skeg-platform-0.1.5/src/durability.rs:126:8
[INFO] [stdout]     |
[INFO] [stdout] 125 | #[cfg(any(test, feature = "testing"))]
[INFO] [stdout]     |          --------------------------- the item is gated here
[INFO] [stdout] 126 | pub fn reset_durability_model_cache_for_tests() {
[INFO] [stdout]     |        ^^^^^^^^^^^^^^^^^^^^^^^^^^^^^^^^^^^^^^
[INFO] [stdout] 
[INFO] [stdout] 
[INFO] [stdout] For more information about this error, try `rustc --explain E0425`.
[INFO] [stdout] 
[INFO] [stderr] error: could not compile `skeg-core` (lib test) due to 3 previous errors
[INFO] [stderr] warning: unused dependency `skeg-proto`
[INFO] [stderr]   --> Cargo.toml:56:15
[INFO] [stderr]    |
[INFO] [stderr] 56 | [dependencies.skeg-proto]
[INFO] [stderr]    |               ^^^^^^^^^^^
[INFO] [stderr]    |
[INFO] [stderr]    = note: `cargo::unused_dependencies` is set to `warn` by default
[INFO] [stderr] help: consider removing the dependency on `skeg-proto`
[INFO] [stderr] warning: `skeg-core` (manifest) generated 1 warning
[INFO] running `Command { std: "docker" "inspect" "fcdfc7211b29707516859fa6bd686bc62c096b6c8a753fd01b7485d8ba61b900", kill_on_drop: false }`
[INFO] running `Command { std: "docker" "rm" "-f" "fcdfc7211b29707516859fa6bd686bc62c096b6c8a753fd01b7485d8ba61b900", kill_on_drop: false }`
[INFO] [stdout] fcdfc7211b29707516859fa6bd686bc62c096b6c8a753fd01b7485d8ba61b900
