[INFO] fetching crate singe-nvml 0.1.0-alpha.9...
[INFO] testing singe-nvml-0.1.0-alpha.9 against 1.100.0-beta.1 for beta-1.100-2
[INFO] extracting crate singe-nvml 0.1.0-alpha.9 into /workspace/builds/worker-5-tc2/source
[INFO] started tweaking crates.io crate singe-nvml 0.1.0-alpha.9
[INFO] removed 0 missing examples
[INFO] finished tweaking crates.io crate singe-nvml 0.1.0-alpha.9
[INFO] tweaked toml for crates.io crate singe-nvml 0.1.0-alpha.9 written to /workspace/builds/worker-5-tc2/source/Cargo.toml
[INFO] validating manifest of crates.io crate singe-nvml 0.1.0-alpha.9 on toolchain 1.100.0-beta.1
[INFO] running `Command { std: CARGO_HOME="/workspace/cargo-home" RUSTUP_HOME="/workspace/rustup-home" "/workspace/cargo-home/bin/cargo" "+1.100.0-beta.1" "metadata" "--manifest-path" "Cargo.toml" "--no-deps", kill_on_drop: false }`
[INFO] crate crates.io crate singe-nvml 0.1.0-alpha.9 already has a lockfile, it will not be regenerated
[INFO] running `Command { std: CARGO_HOME="/workspace/cargo-home" RUSTUP_HOME="/workspace/rustup-home" "/workspace/cargo-home/bin/cargo" "+1.100.0-beta.1" "fetch" "--manifest-path" "Cargo.toml", kill_on_drop: false }`
[INFO] running `Command { std: "docker" "create" "-v" "/var/lib/crater-agent-workspace/builds/worker-5-tc2/source:/opt/rustwide/workdir:ro,Z" "-v" "/var/lib/crater-agent-workspace/builds/worker-5-tc2/target:/opt/rustwide/target:rw,Z" "-v" "/var/lib/crater-agent-workspace/cargo-home:/opt/rustwide/cargo-home:ro,Z" "-v" "/var/lib/crater-agent-workspace/rustup-home:/opt/rustwide/rustup-home:ro,Z" "-m" "1610612736" "--network" "none" "ghcr.io/rust-lang/crates-build-env/linux@sha256:3111399a4047eeb3a02b7a90e478d715f38a8c6669b5c4b49d30a17385265909" "sleep" "infinity", kill_on_drop: false }`
[INFO] [stdout] 9298ce1b06bdf0390fde669ef138a7ceceafbffe27a630a5836293f6a3881e2c
[INFO] running `Command { std: "docker" "start" "9298ce1b06bdf0390fde669ef138a7ceceafbffe27a630a5836293f6a3881e2c", kill_on_drop: false }`
[INFO] running `Command { std: "docker" "inspect" "9298ce1b06bdf0390fde669ef138a7ceceafbffe27a630a5836293f6a3881e2c", kill_on_drop: false }`
[INFO] running `Command { std: "docker" "exec" "-e" "SOURCE_DIR=/opt/rustwide/workdir" "-e" "CARGO_HOME=/opt/rustwide/cargo-home" "-e" "RUSTUP_HOME=/opt/rustwide/rustup-home" "-e" "CARGO_TARGET_DIR=/opt/rustwide/target" "-w" "/opt/rustwide/workdir" "--user" "0:0" "9298ce1b06bdf0390fde669ef138a7ceceafbffe27a630a5836293f6a3881e2c" "/opt/rustwide/cargo-home/bin/cargo" "+1.100.0-beta.1" "metadata" "--no-deps" "--format-version=1", kill_on_drop: false }`
[INFO] running `Command { std: "docker" "inspect" "9298ce1b06bdf0390fde669ef138a7ceceafbffe27a630a5836293f6a3881e2c", kill_on_drop: false }`
[INFO] running `Command { std: "docker" "exec" "-e" "SOURCE_DIR=/opt/rustwide/workdir" "-e" "CARGO_HOME=/opt/rustwide/cargo-home" "-e" "RUSTUP_HOME=/opt/rustwide/rustup-home" "-e" "CARGO_TARGET_DIR=/opt/rustwide/target" "-e" "CARGO_INCREMENTAL=0" "-e" "RUST_BACKTRACE=full" "-e" "RUSTFLAGS=--cap-lints=warn" "-e" "RUSTDOCFLAGS=--cap-lints=warn" "-w" "/opt/rustwide/workdir" "--user" "0:0" "9298ce1b06bdf0390fde669ef138a7ceceafbffe27a630a5836293f6a3881e2c" "/opt/rustwide/cargo-home/bin/cargo" "+1.100.0-beta.1" "build" "--frozen" "--message-format=json", kill_on_drop: false }`
[INFO] [stderr]    Compiling memchr v2.8.2
[INFO] [stderr]    Compiling anyhow v1.0.102
[INFO] [stderr]    Compiling regex-syntax v0.8.11
[INFO] [stderr]    Compiling winnow v1.0.3
[INFO] [stderr]    Compiling glob v0.3.3
[INFO] [stderr]    Compiling rustversion v1.0.22
[INFO] [stderr]    Compiling bitflags v2.13.0
[INFO] [stderr]    Compiling indexmap v2.14.0
[INFO] [stderr]    Compiling syn v2.0.118
[INFO] [stderr]    Compiling aho-corasick v1.1.4
[INFO] [stderr]    Compiling toml_parser v1.1.2+spec-1.1.0
[INFO] [stderr]    Compiling regex-automata v0.4.14
[INFO] [stderr]    Compiling toml_edit v0.25.12+spec-1.1.0
[INFO] [stderr]    Compiling serde_derive v1.0.228
[INFO] [stderr]    Compiling thiserror-impl v2.0.18
[INFO] [stderr]    Compiling proc-macro-crate v3.5.0
[INFO] [stderr]    Compiling num_enum_derive v0.7.6
[INFO] [stderr]    Compiling thiserror v2.0.18
[INFO] [stderr]    Compiling num_enum v0.7.6
[INFO] [stderr]    Compiling serde v1.0.228
[INFO] [stderr]    Compiling regex v1.12.4
[INFO] [stderr]    Compiling singe-cuda-find v0.1.0-alpha.8
[INFO] [stderr]    Compiling singe-core v0.1.0-alpha.7
[INFO] [stderr]    Compiling singe-nvml-sys v0.1.0-alpha.7
[INFO] [stderr]    Compiling singe-nvml v0.1.0-alpha.9 (/opt/rustwide/workdir)
[INFO] [stderr]     Finished `dev` profile [unoptimized + debuginfo] target(s) in 13.15s
[INFO] running `Command { std: "docker" "inspect" "9298ce1b06bdf0390fde669ef138a7ceceafbffe27a630a5836293f6a3881e2c", kill_on_drop: false }`
[INFO] running `Command { std: "docker" "exec" "-e" "SOURCE_DIR=/opt/rustwide/workdir" "-e" "CARGO_HOME=/opt/rustwide/cargo-home" "-e" "RUSTUP_HOME=/opt/rustwide/rustup-home" "-e" "CARGO_TARGET_DIR=/opt/rustwide/target" "-e" "CARGO_INCREMENTAL=0" "-e" "RUST_BACKTRACE=full" "-e" "RUSTFLAGS=--cap-lints=warn" "-e" "RUSTDOCFLAGS=--cap-lints=warn" "-w" "/opt/rustwide/workdir" "--user" "0:0" "9298ce1b06bdf0390fde669ef138a7ceceafbffe27a630a5836293f6a3881e2c" "/opt/rustwide/cargo-home/bin/cargo" "+1.100.0-beta.1" "test" "--frozen" "--no-run" "--message-format=json", kill_on_drop: false }`
[INFO] [stderr]    Compiling singe-nvml v0.1.0-alpha.9 (/opt/rustwide/workdir)
[INFO] [stdout] error: linking with `cc` failed: exit status: 1
[INFO] [stdout]   |
[INFO] [stdout]   = note:  "cc" "-m64" "/opt/rustwide/target/debug/build/singe-nvml/829d789121669ea4/out/rustc5LpesW/symbols.o" "<2 object files omitted>" "-Wl,--as-needed" "-Wl,-Bstatic" "/opt/rustwide/target/debug/build/singe-nvml/e5c45f011cdabfc4/out/libsinge_nvml-e5c45f011cdabfc4.rlib" "/opt/rustwide/target/debug/build/bitflags/c11c4f5488569199/out/libbitflags-c11c4f5488569199.rlib" "/opt/rustwide/target/debug/build/thiserror/9674e42b95f38438/out/libthiserror-9674e42b95f38438.rlib" "/opt/rustwide/target/debug/build/singe-core/d2c0dfb35c632ee3/out/libsinge_core-d2c0dfb35c632ee3.rlib" "/opt/rustwide/target/debug/build/serde/cd7b636024529fc6/out/libserde-cd7b636024529fc6.rlib" "/opt/rustwide/target/debug/build/serde_core/2c928ee17a7447a4/out/libserde_core-2c928ee17a7447a4.rlib" "/opt/rustwide/target/debug/build/singe-nvml-sys/b0709a21c521a864/out/libsinge_nvml_sys-b0709a21c521a864.rlib" "/opt/rustwide/target/debug/build/num_enum/f8f3355dbac649e5/out/libnum_enum-f8f3355dbac649e5.rlib" "<sysroot>/lib/rustlib/x86_64-unknown-linux-gnu/lib/{libstd-*,libpanic_unwind-*,libobject-*,libmemchr-*,libaddr2line-*,libgimli-*,libcfg_if-*,librustc_demangle-*,libstd_detect-*,libhashbrown-*,librustc_std_workspace_alloc-*,libminiz_oxide-*,libadler2-*,libunwind-*,liblibc-*,librustc_std_workspace_core-*,liballoc-*,libcore-*,libcompiler_builtins-*}.rlib" "-Wl,-Bdynamic" "-lgcc_s" "-lutil" "-lrt" "-lpthread" "-lm" "-ldl" "-lc" "-L" "/opt/rustwide/target/debug/build/singe-nvml/829d789121669ea4/out/rustc5LpesW/raw-dylibs" "-B<sysroot>/lib/rustlib/x86_64-unknown-linux-gnu/bin/gcc-ld" "-fuse-ld=lld" "-Wl,--eh-frame-hdr" "-Wl,-z,noexecstack" "-L" "<sysroot>/lib/rustlib/x86_64-unknown-linux-gnu/lib" "-o" "/opt/rustwide/target/debug/build/singe-nvml/829d789121669ea4/out/fan_curve" "-Wl,--gc-sections" "-pie" "-Wl,-z,relro,-z,now" "-nodefaultlibs"
[INFO] [stdout]   = note: some arguments are omitted. use `--verbose` to show all linker arguments
[INFO] [stdout]   = note: rust-lld: error: undefined symbol: nvmlDeviceGetTemperatureV
[INFO] [stdout]           >>> referenced by device.rs:2963 (src/device.rs:2963)
[INFO] [stdout]           >>>               singe_nvml-e5c45f011cdabfc4.singe_nvml.1bf17d20cbc953b3-cgu.00.rcgu.o:(<singe_nvml::device::Device>::temperature) in archive /opt/rustwide/target/debug/build/singe-nvml/e5c45f011cdabfc4/out/libsinge_nvml-e5c45f011cdabfc4.rlib
[INFO] [stdout]           
[INFO] [stdout]           rust-lld: error: undefined symbol: nvmlDeviceGetMinMaxFanSpeed
[INFO] [stdout]           >>> referenced by device.rs:2904 (src/device.rs:2904)
[INFO] [stdout]           >>>               singe_nvml-e5c45f011cdabfc4.singe_nvml.1bf17d20cbc953b3-cgu.00.rcgu.o:(<singe_nvml::device::Device>::min_max_fan_speed) in archive /opt/rustwide/target/debug/build/singe-nvml/e5c45f011cdabfc4/out/libsinge_nvml-e5c45f011cdabfc4.rlib
[INFO] [stdout]           
[INFO] [stdout]           rust-lld: error: undefined symbol: nvmlDeviceGetName
[INFO] [stdout]           >>> referenced by device.rs:121 (src/device.rs:121)
[INFO] [stdout]           >>>               singe_nvml-e5c45f011cdabfc4.singe_nvml.1bf17d20cbc953b3-cgu.00.rcgu.o:(<singe_nvml::device::Device>::name) in archive /opt/rustwide/target/debug/build/singe-nvml/e5c45f011cdabfc4/out/libsinge_nvml-e5c45f011cdabfc4.rlib
[INFO] [stdout]           
[INFO] [stdout]           rust-lld: error: undefined symbol: nvmlDeviceGetNumFans
[INFO] [stdout]           >>> referenced by device.rs:2693 (src/device.rs:2693)
[INFO] [stdout]           >>>               singe_nvml-e5c45f011cdabfc4.singe_nvml.1bf17d20cbc953b3-cgu.00.rcgu.o:(<singe_nvml::device::Device>::num_fans) in archive /opt/rustwide/target/debug/build/singe-nvml/e5c45f011cdabfc4/out/libsinge_nvml-e5c45f011cdabfc4.rlib
[INFO] [stdout]           
[INFO] [stdout]           rust-lld: error: undefined symbol: nvmlDeviceGetFanSpeed_v2
[INFO] [stdout]           >>> referenced by device.rs:2742 (src/device.rs:2742)
[INFO] [stdout]           >>>               singe_nvml-e5c45f011cdabfc4.singe_nvml.1bf17d20cbc953b3-cgu.00.rcgu.o:(<singe_nvml::device::Device>::fan_speed) in archive /opt/rustwide/target/debug/build/singe-nvml/e5c45f011cdabfc4/out/libsinge_nvml-e5c45f011cdabfc4.rlib
[INFO] [stdout]           
[INFO] [stdout]           rust-lld: error: undefined symbol: nvmlInit_v2
[INFO] [stdout]           >>> referenced by library.rs:64 (src/library.rs:64)
[INFO] [stdout]           >>>               singe_nvml-e5c45f011cdabfc4.singe_nvml.1bf17d20cbc953b3-cgu.05.rcgu.o:(<singe_nvml::library::Library>::create) in archive /opt/rustwide/target/debug/build/singe-nvml/e5c45f011cdabfc4/out/libsinge_nvml-e5c45f011cdabfc4.rlib
[INFO] [stdout]           
[INFO] [stdout]           rust-lld: error: undefined symbol: nvmlDeviceGetHandleByIndex_v2
[INFO] [stdout]           >>> referenced by library.rs:504 (src/library.rs:504)
[INFO] [stdout]           >>>               singe_nvml-e5c45f011cdabfc4.singe_nvml.1bf17d20cbc953b3-cgu.05.rcgu.o:(<singe_nvml::library::Library>::device) in archive /opt/rustwide/target/debug/build/singe-nvml/e5c45f011cdabfc4/out/libsinge_nvml-e5c45f011cdabfc4.rlib
[INFO] [stdout]           
[INFO] [stdout]           rust-lld: error: undefined symbol: nvmlShutdown
[INFO] [stdout]           >>> referenced by library.rs:830 (src/library.rs:830)
[INFO] [stdout]           >>>               singe_nvml-e5c45f011cdabfc4.singe_nvml.1bf17d20cbc953b3-cgu.05.rcgu.o:(<singe_nvml::library::Library as core::ops::drop::Drop>::drop) in archive /opt/rustwide/target/debug/build/singe-nvml/e5c45f011cdabfc4/out/libsinge_nvml-e5c45f011cdabfc4.rlib
[INFO] [stdout]           
[INFO] [stdout]           rust-lld: error: undefined symbol: nvmlErrorString
[INFO] [stdout]           >>> referenced by error.rs:103 (src/error.rs:103)
[INFO] [stdout]           >>>               singe_nvml-e5c45f011cdabfc4.singe_nvml.1bf17d20cbc953b3-cgu.09.rcgu.o:(<singe_nvml::error::Status>::description) in archive /opt/rustwide/target/debug/build/singe-nvml/e5c45f011cdabfc4/out/libsinge_nvml-e5c45f011cdabfc4.rlib
[INFO] [stdout]           collect2: error: ld returned 1 exit status
[INFO] [stdout]           
[INFO] [stdout] 
[INFO] [stdout] 
[INFO] [stderr] error: could not compile `singe-nvml` (example "fan_curve") due to 1 previous error
[INFO] [stderr] warning: build failed, waiting for other jobs to finish...
[INFO] [stdout] error: linking with `cc` failed: exit status: 1
[INFO] [stdout]   |
[INFO] [stdout]   = note:  "cc" "-m64" "/opt/rustwide/target/debug/build/singe-nvml/1ee8301646a4ace3/out/rustcNjryfJ/symbols.o" "<2 object files omitted>" "-Wl,--as-needed" "-Wl,-Bstatic" "<sysroot>/lib/rustlib/x86_64-unknown-linux-gnu/lib/{libtest-*,libgetopts-*,librustc_std_workspace_std-*}.rlib" "/opt/rustwide/target/debug/build/bitflags/c11c4f5488569199/out/libbitflags-c11c4f5488569199.rlib" "/opt/rustwide/target/debug/build/thiserror/9674e42b95f38438/out/libthiserror-9674e42b95f38438.rlib" "/opt/rustwide/target/debug/build/singe-core/d2c0dfb35c632ee3/out/libsinge_core-d2c0dfb35c632ee3.rlib" "/opt/rustwide/target/debug/build/serde/cd7b636024529fc6/out/libserde-cd7b636024529fc6.rlib" "/opt/rustwide/target/debug/build/serde_core/2c928ee17a7447a4/out/libserde_core-2c928ee17a7447a4.rlib" "/opt/rustwide/target/debug/build/singe-nvml-sys/b0709a21c521a864/out/libsinge_nvml_sys-b0709a21c521a864.rlib" "/opt/rustwide/target/debug/build/num_enum/f8f3355dbac649e5/out/libnum_enum-f8f3355dbac649e5.rlib" "<sysroot>/lib/rustlib/x86_64-unknown-linux-gnu/lib/{libstd-*,libpanic_unwind-*,libobject-*,libmemchr-*,libaddr2line-*,libgimli-*,libcfg_if-*,librustc_demangle-*,libstd_detect-*,libhashbrown-*,librustc_std_workspace_alloc-*,libminiz_oxide-*,libadler2-*,libunwind-*,liblibc-*,librustc_std_workspace_core-*,liballoc-*,libcore-*,libcompiler_builtins-*}.rlib" "-Wl,-Bdynamic" "-lgcc_s" "-lutil" "-lrt" "-lpthread" "-lm" "-ldl" "-lc" "-L" "/opt/rustwide/target/debug/build/singe-nvml/1ee8301646a4ace3/out/rustcNjryfJ/raw-dylibs" "-B<sysroot>/lib/rustlib/x86_64-unknown-linux-gnu/bin/gcc-ld" "-fuse-ld=lld" "-Wl,--eh-frame-hdr" "-Wl,-z,noexecstack" "-L" "<sysroot>/lib/rustlib/x86_64-unknown-linux-gnu/lib" "-o" "/opt/rustwide/target/debug/build/singe-nvml/1ee8301646a4ace3/out/singe_nvml-1ee8301646a4ace3" "-Wl,--gc-sections" "-pie" "-Wl,-z,relro,-z,now" "-nodefaultlibs"
[INFO] [stdout]   = note: some arguments are omitted. use `--verbose` to show all linker arguments
[INFO] [stdout]   = note: rust-lld: error: undefined symbol: nvmlSystemGetNVMLVersion
[INFO] [stdout]           >>> referenced by lib.rs:62 (src/lib.rs:62)
[INFO] [stdout]           >>>               /opt/rustwide/target/debug/build/singe-nvml/1ee8301646a4ace3/out/singe_nvml-1ee8301646a4ace3.singe_nvml.4eebd0d9bc234318-cgu.0.rcgu.o:(singe_nvml::version)
[INFO] [stdout]           
[INFO] [stdout]           rust-lld: error: undefined symbol: nvmlErrorString
[INFO] [stdout]           >>> referenced by error.rs:103 (src/error.rs:103)
[INFO] [stdout]           >>>               /opt/rustwide/target/debug/build/singe-nvml/1ee8301646a4ace3/out/singe_nvml-1ee8301646a4ace3.singe_nvml.4eebd0d9bc234318-cgu.0.rcgu.o:(<singe_nvml::error::Status>::description)
[INFO] [stdout]           
[INFO] [stdout]           rust-lld: error: undefined symbol: nvmlGetVgpuVersion
[INFO] [stdout]           >>> referenced by library.rs:254 (src/library.rs:254)
[INFO] [stdout]           >>>               /opt/rustwide/target/debug/build/singe-nvml/1ee8301646a4ace3/out/singe_nvml-1ee8301646a4ace3.singe_nvml.4eebd0d9bc234318-cgu.0.rcgu.o:(<singe_nvml::library::Library>::vgpu_version)
[INFO] [stdout]           
[INFO] [stdout]           rust-lld: error: undefined symbol: nvmlSystemGetDriverVersion
[INFO] [stdout]           >>> referenced by library.rs:101 (src/library.rs:101)
[INFO] [stdout]           >>>               /opt/rustwide/target/debug/build/singe-nvml/1ee8301646a4ace3/out/singe_nvml-1ee8301646a4ace3.singe_nvml.4eebd0d9bc234318-cgu.0.rcgu.o:(<singe_nvml::library::Library>::driver_version)
[INFO] [stdout]           
[INFO] [stdout]           rust-lld: error: undefined symbol: nvmlGetExcludedDeviceInfoByIndex
[INFO] [stdout]           >>> referenced by library.rs:393 (src/library.rs:393)
[INFO] [stdout]           >>>               /opt/rustwide/target/debug/build/singe-nvml/1ee8301646a4ace3/out/singe_nvml-1ee8301646a4ace3.singe_nvml.4eebd0d9bc234318-cgu.0.rcgu.o:(<singe_nvml::library::Library>::excluded_device)
[INFO] [stdout]           
[INFO] [stdout]           rust-lld: error: undefined symbol: nvmlSystemEventSetCreate
[INFO] [stdout]           >>> referenced by library.rs:614 (src/library.rs:614)
[INFO] [stdout]           >>>               /opt/rustwide/target/debug/build/singe-nvml/1ee8301646a4ace3/out/singe_nvml-1ee8301646a4ace3.singe_nvml.4eebd0d9bc234318-cgu.0.rcgu.o:(<singe_nvml::library::Library>::system_event_set)
[INFO] [stdout]           
[INFO] [stdout]           rust-lld: error: undefined symbol: nvmlInitWithFlags
[INFO] [stdout]           >>> referenced by library.rs:81 (src/library.rs:81)
[INFO] [stdout]           >>>               /opt/rustwide/target/debug/build/singe-nvml/1ee8301646a4ace3/out/singe_nvml-1ee8301646a4ace3.singe_nvml.4eebd0d9bc234318-cgu.0.rcgu.o:(<singe_nvml::library::Library>::create_with_flags)
[INFO] [stdout]           
[INFO] [stdout]           rust-lld: error: undefined symbol: nvmlSystemGetCudaDriverVersion_v2
[INFO] [stdout]           >>> referenced by library.rs:138 (src/library.rs:138)
[INFO] [stdout]           >>>               /opt/rustwide/target/debug/build/singe-nvml/1ee8301646a4ace3/out/singe_nvml-1ee8301646a4ace3.singe_nvml.4eebd0d9bc234318-cgu.0.rcgu.o:(<singe_nvml::library::Library>::cuda_driver_version)
[INFO] [stdout]           
[INFO] [stdout]           rust-lld: error: undefined symbol: nvmlGetExcludedDeviceCount
[INFO] [stdout]           >>> referenced by library.rs:374 (src/library.rs:374)
[INFO] [stdout]           >>>               /opt/rustwide/target/debug/build/singe-nvml/1ee8301646a4ace3/out/singe_nvml-1ee8301646a4ace3.singe_nvml.4eebd0d9bc234318-cgu.0.rcgu.o:(<singe_nvml::library::Library>::excluded_device_count)
[INFO] [stdout]           
[INFO] [stdout]           rust-lld: error: undefined symbol: nvmlSystemGetCudaDriverVersion
[INFO] [stdout]           >>> referenced by library.rs:156 (src/library.rs:156)
[INFO] [stdout]           >>>               /opt/rustwide/target/debug/build/singe-nvml/1ee8301646a4ace3/out/singe_nvml-1ee8301646a4ace3.singe_nvml.4eebd0d9bc234318-cgu.0.rcgu.o:(<singe_nvml::library::Library>::cuda_driver_version_fallback)
[INFO] [stdout]           
[INFO] [stdout]           rust-lld: error: undefined symbol: nvmlSystemRegisterEvents
[INFO] [stdout]           >>> referenced by library.rs:1028 (src/library.rs:1028)
[INFO] [stdout]           >>>               /opt/rustwide/target/debug/build/singe-nvml/1ee8301646a4ace3/out/singe_nvml-1ee8301646a4ace3.singe_nvml.4eebd0d9bc234318-cgu.0.rcgu.o:(<singe_nvml::library::SystemEventSet>::register_events)
[INFO] [stdout]           
[INFO] [stdout]           rust-lld: error: undefined symbol: nvmlSystemEventSetWait
[INFO] [stdout]           >>> referenced by library.rs:1059 (src/library.rs:1059)
[INFO] [stdout]           >>>               /opt/rustwide/target/debug/build/singe-nvml/1ee8301646a4ace3/out/singe_nvml-1ee8301646a4ace3.singe_nvml.4eebd0d9bc234318-cgu.0.rcgu.o:(<singe_nvml::library::SystemEventSet>::wait)
[INFO] [stdout]           
[INFO] [stdout]           rust-lld: error: undefined symbol: nvmlSystemEventSetFree
[INFO] [stdout]           >>> referenced by library.rs:1073 (src/library.rs:1073)
[INFO] [stdout]           >>>               /opt/rustwide/target/debug/build/singe-nvml/1ee8301646a4ace3/out/singe_nvml-1ee8301646a4ace3.singe_nvml.4eebd0d9bc234318-cgu.0.rcgu.o:(<singe_nvml::library::SystemEventSet as core::ops::drop::Drop>::drop)
[INFO] [stdout]           
[INFO] [stdout]           rust-lld: error: undefined symbol: nvmlShutdown
[INFO] [stdout]           >>> referenced by library.rs:830 (src/library.rs:830)
[INFO] [stdout]           >>>               /opt/rustwide/target/debug/build/singe-nvml/1ee8301646a4ace3/out/singe_nvml-1ee8301646a4ace3.singe_nvml.4eebd0d9bc234318-cgu.0.rcgu.o:(<singe_nvml::library::Library as core::ops::drop::Drop>::drop)
[INFO] [stdout]           collect2: error: ld returned 1 exit status
[INFO] [stdout]           
[INFO] [stdout] 
[INFO] [stdout] 
[INFO] [stderr] error: could not compile `singe-nvml` (lib test) due to 1 previous error
[INFO] running `Command { std: "docker" "inspect" "9298ce1b06bdf0390fde669ef138a7ceceafbffe27a630a5836293f6a3881e2c", kill_on_drop: false }`
[INFO] running `Command { std: "docker" "rm" "-f" "9298ce1b06bdf0390fde669ef138a7ceceafbffe27a630a5836293f6a3881e2c", kill_on_drop: false }`
[INFO] [stdout] 9298ce1b06bdf0390fde669ef138a7ceceafbffe27a630a5836293f6a3881e2c
