[INFO] fetching crate singe-cudnn 0.1.0-alpha.7...
[INFO] testing singe-cudnn-0.1.0-alpha.7 against 1.99.0-beta.8 for beta-1.100-2
[INFO] extracting crate singe-cudnn 0.1.0-alpha.7 into /workspace/builds/worker-0-tc1/source
[INFO] started tweaking crates.io crate singe-cudnn 0.1.0-alpha.7
[INFO] removed 0 missing examples
[INFO] finished tweaking crates.io crate singe-cudnn 0.1.0-alpha.7
[INFO] tweaked toml for crates.io crate singe-cudnn 0.1.0-alpha.7 written to /workspace/builds/worker-0-tc1/source/Cargo.toml
[INFO] validating manifest of crates.io crate singe-cudnn 0.1.0-alpha.7 on toolchain 1.99.0-beta.8
[INFO] running `Command { std: CARGO_HOME="/workspace/cargo-home" RUSTUP_HOME="/workspace/rustup-home" "/workspace/cargo-home/bin/cargo" "+1.99.0-beta.8" "metadata" "--manifest-path" "Cargo.toml" "--no-deps", kill_on_drop: false }`
[INFO] crate crates.io crate singe-cudnn 0.1.0-alpha.7 already has a lockfile, it will not be regenerated
[INFO] running `Command { std: CARGO_HOME="/workspace/cargo-home" RUSTUP_HOME="/workspace/rustup-home" "/workspace/cargo-home/bin/cargo" "+1.99.0-beta.8" "fetch" "--manifest-path" "Cargo.toml", kill_on_drop: false }`
[INFO] [stderr]     Updating crates.io index
[INFO] [stderr]  Downloading crates ...
[INFO] [stderr]   Downloaded singe-cuda-find v0.1.0-alpha.8
[INFO] [stderr]   Downloaded singe-cuda-macros v0.1.0-alpha.9
[INFO] [stderr]   Downloaded singe-core v0.1.0-alpha.7
[INFO] [stderr]   Downloaded bomboni_serde v0.4.0
[INFO] [stderr]   Downloaded singe-cudnn-sys v0.1.0-alpha.7
[INFO] [stderr]   Downloaded singe-cuda v0.1.0-alpha.9
[INFO] [stderr]   Downloaded cc v1.2.64
[INFO] [stderr]   Downloaded tree-sitter v0.26.9
[INFO] [stderr]   Downloaded tree-sitter-c v0.24.2
[INFO] [stderr]   Downloaded singe-cuda-sys v0.1.0-alpha.8
[INFO] running `Command { std: "docker" "create" "-v" "/var/lib/crater-agent-workspace/builds/worker-0-tc1/source:/opt/rustwide/workdir:ro,Z" "-v" "/var/lib/crater-agent-workspace/builds/worker-0-tc1/target:/opt/rustwide/target:rw,Z" "-v" "/var/lib/crater-agent-workspace/cargo-home:/opt/rustwide/cargo-home:ro,Z" "-v" "/var/lib/crater-agent-workspace/rustup-home:/opt/rustwide/rustup-home:ro,Z" "-m" "1610612736" "--network" "none" "ghcr.io/rust-lang/crates-build-env/linux@sha256:3111399a4047eeb3a02b7a90e478d715f38a8c6669b5c4b49d30a17385265909" "sleep" "infinity", kill_on_drop: false }`
[INFO] [stdout] 9429c42ad13084de783eaf96b5fdc6240d2e43aa7ad2779ee807427ca94e9224
[INFO] running `Command { std: "docker" "start" "9429c42ad13084de783eaf96b5fdc6240d2e43aa7ad2779ee807427ca94e9224", kill_on_drop: false }`
[INFO] running `Command { std: "docker" "inspect" "9429c42ad13084de783eaf96b5fdc6240d2e43aa7ad2779ee807427ca94e9224", kill_on_drop: false }`
[INFO] running `Command { std: "docker" "exec" "-e" "SOURCE_DIR=/opt/rustwide/workdir" "-e" "CARGO_HOME=/opt/rustwide/cargo-home" "-e" "RUSTUP_HOME=/opt/rustwide/rustup-home" "-e" "CARGO_TARGET_DIR=/opt/rustwide/target" "-w" "/opt/rustwide/workdir" "--user" "0:0" "9429c42ad13084de783eaf96b5fdc6240d2e43aa7ad2779ee807427ca94e9224" "/opt/rustwide/cargo-home/bin/cargo" "+1.99.0-beta.8" "metadata" "--no-deps" "--format-version=1", kill_on_drop: false }`
[INFO] running `Command { std: "docker" "inspect" "9429c42ad13084de783eaf96b5fdc6240d2e43aa7ad2779ee807427ca94e9224", kill_on_drop: false }`
[INFO] running `Command { std: "docker" "exec" "-e" "SOURCE_DIR=/opt/rustwide/workdir" "-e" "CARGO_HOME=/opt/rustwide/cargo-home" "-e" "RUSTUP_HOME=/opt/rustwide/rustup-home" "-e" "CARGO_TARGET_DIR=/opt/rustwide/target" "-e" "CARGO_INCREMENTAL=0" "-e" "RUST_BACKTRACE=full" "-e" "RUSTFLAGS=--cap-lints=warn" "-e" "RUSTDOCFLAGS=--cap-lints=warn" "-w" "/opt/rustwide/workdir" "--user" "0:0" "9429c42ad13084de783eaf96b5fdc6240d2e43aa7ad2779ee807427ca94e9224" "/opt/rustwide/cargo-home/bin/cargo" "+1.99.0-beta.8" "build" "--frozen" "--message-format=json", kill_on_drop: false }`
[INFO] [stderr]    Compiling quote v1.0.46
[INFO] [stderr]    Compiling memchr v2.8.2
[INFO] [stderr]    Compiling hashbrown v0.17.1
[INFO] [stderr]    Compiling anyhow v1.0.102
[INFO] [stderr]    Compiling tree-sitter-language v0.1.7
[INFO] [stderr]    Compiling glob v0.3.3
[INFO] [stderr]    Compiling winnow v1.0.3
[INFO] [stderr]    Compiling serde_core v1.0.228
[INFO] [stderr]    Compiling cc v1.2.64
[INFO] [stderr]    Compiling serde_json v1.0.150
[INFO] [stderr]    Compiling hybrid-array v0.4.12
[INFO] [stderr]    Compiling num-traits v0.2.19
[INFO] [stderr]    Compiling const-oid v0.10.2
[INFO] [stderr]    Compiling zerocopy v0.8.52
[INFO] [stderr]    Compiling cpufeatures v0.3.0
[INFO] [stderr]    Compiling streaming-iterator v0.1.9
[INFO] [stderr]    Compiling bitflags v2.13.0
[INFO] [stderr]    Compiling syn v2.0.118
[INFO] [stderr]    Compiling aho-corasick v1.1.4
[INFO] [stderr]    Compiling crypto-common v0.2.2
[INFO] [stderr]    Compiling block-buffer v0.12.1
[INFO] [stderr]    Compiling indexmap v2.14.0
[INFO] [stderr]    Compiling toml_parser v1.1.2+spec-1.1.0
[INFO] [stderr]    Compiling num-complex v0.4.6
[INFO] [stderr]    Compiling digest v0.11.3
[INFO] [stderr]    Compiling sha2 v0.11.0
[INFO] [stderr]    Compiling tree-sitter-c v0.24.2
[INFO] [stderr]    Compiling toml_edit v0.25.12+spec-1.1.0
[INFO] [stderr]    Compiling regex-automata v0.4.14
[INFO] [stderr]    Compiling proc-macro-crate v3.5.0
[INFO] [stderr]    Compiling regex v1.12.4
[INFO] [stderr]    Compiling singe-cuda-find v0.1.0-alpha.8
[INFO] [stderr]    Compiling singe-cuda-sys v0.1.0-alpha.8
[INFO] [stderr]    Compiling singe-cudnn-sys v0.1.0-alpha.7
[INFO] [stderr]    Compiling tree-sitter v0.26.9
[INFO] [stderr]    Compiling num_enum_derive v0.7.6
[INFO] [stderr]    Compiling serde_derive v1.0.228
[INFO] [stderr]    Compiling thiserror-impl v2.0.18
[INFO] [stderr]    Compiling zerocopy-derive v0.8.52
[INFO] [stderr]    Compiling num_enum v0.7.6
[INFO] [stderr]    Compiling thiserror v2.0.18
[INFO] [stderr]    Compiling singe-cuda-macros v0.1.0-alpha.9
[INFO] [stderr]    Compiling serde v1.0.228
[INFO] [stderr]    Compiling singe-core v0.1.0-alpha.7
[INFO] [stderr]    Compiling bomboni_serde v0.4.0
[INFO] [stderr]    Compiling half v2.7.1
[INFO] [stderr]    Compiling singe-cuda v0.1.0-alpha.9
[INFO] [stderr]    Compiling singe-cudnn v0.1.0-alpha.7 (/opt/rustwide/workdir)
[INFO] [stderr]     Finished `dev` profile [unoptimized + debuginfo] target(s) in 47.45s
[INFO] running `Command { std: "docker" "inspect" "9429c42ad13084de783eaf96b5fdc6240d2e43aa7ad2779ee807427ca94e9224", kill_on_drop: false }`
[INFO] running `Command { std: "docker" "exec" "-e" "SOURCE_DIR=/opt/rustwide/workdir" "-e" "CARGO_HOME=/opt/rustwide/cargo-home" "-e" "RUSTUP_HOME=/opt/rustwide/rustup-home" "-e" "CARGO_TARGET_DIR=/opt/rustwide/target" "-e" "CARGO_INCREMENTAL=0" "-e" "RUST_BACKTRACE=full" "-e" "RUSTFLAGS=--cap-lints=warn" "-e" "RUSTDOCFLAGS=--cap-lints=warn" "-w" "/opt/rustwide/workdir" "--user" "0:0" "9429c42ad13084de783eaf96b5fdc6240d2e43aa7ad2779ee807427ca94e9224" "/opt/rustwide/cargo-home/bin/cargo" "+1.99.0-beta.8" "test" "--frozen" "--no-run" "--message-format=json", kill_on_drop: false }`
[INFO] [stderr]    Compiling singe-cudnn v0.1.0-alpha.7 (/opt/rustwide/workdir)
[INFO] [stdout] error: linking with `cc` failed: exit status: 1
[INFO] [stdout]   |
[INFO] [stdout]   = note:  "cc" "-m64" "/opt/rustwide/target/debug/examples/rustcvfNs2V/symbols.o" "<3 object files omitted>" "-Wl,--as-needed" "-Wl,-Bstatic" "/opt/rustwide/target/debug/deps/{libsinge_cudnn-f0a9199f7b6fd737,libhex-13e08b3b00984ab7,libsha2-8f22cd85fe34ebf2,libcpufeatures-6c1f78f4142e3013,libdigest-eae7b3c46639f7f3,libconst_oid-58507ca40e062d76,libcrypto_common-32224ab3acf77d4c,libblock_buffer-e220b56d2ce316ec,libhybrid_array-745b8e9269c93837,libtypenum-8cba24ab4904c632,libbomboni_serde-b88d748af53df261,libserde_json-0b78fc7f648ee3bc,libmemchr-25f2248dc1705570,libitoa-5de11b3b23bfe572,libzmij-ef63f1da73704b4c,libsinge_cudnn_sys-5f0227d6bd4e3565,libsinge_cuda-ed90e7b3118c65ce,libbitflags-c11c4f5488569199,libhalf-5fcd82a8c29d4ae8,libcfg_if-83060ec5685761ae,libzerocopy-eb35aedb38cbd4b6,libnum_complex-7fde6cee17bf2151,libnum_traits-c2765a255388353b,libthiserror-a77deb6f2da9bbd9,libsinge_core-561bf59c6e23a8db,libserde-e9c634bbe919bade,libserde_core-2c928ee17a7447a4,libsinge_cuda_sys-0c9c8aa395d1912f,libnum_enum-64a98df1e659a46b}.rlib" "<sysroot>/lib/rustlib/x86_64-unknown-linux-gnu/lib/{libstd-*,libpanic_unwind-*,libobject-*,libmemchr-*,libaddr2line-*,libgimli-*,libcfg_if-*,librustc_demangle-*,libstd_detect-*,libhashbrown-*,librustc_std_workspace_alloc-*,libminiz_oxide-*,libadler2-*,libunwind-*,liblibc-*,librustc_std_workspace_core-*,liballoc-*,libcore-*,libcompiler_builtins-*}.rlib" "-Wl,-Bdynamic" "-lgcc_s" "-lutil" "-lrt" "-lpthread" "-lm" "-ldl" "-lc" "-L" "/opt/rustwide/target/debug/examples/rustcvfNs2V/raw-dylibs" "-B<sysroot>/lib/rustlib/x86_64-unknown-linux-gnu/bin/gcc-ld" "-fuse-ld=lld" "-Wl,--eh-frame-hdr" "-Wl,-z,noexecstack" "-L" "<sysroot>/lib/rustlib/x86_64-unknown-linux-gnu/lib" "-o" "/opt/rustwide/target/debug/examples/frontend_fp16_sdpa_cudagraphs-68767f7b8bc2c603" "-Wl,--gc-sections" "-pie" "-Wl,-z,relro,-z,now" "-nodefaultlibs"
[INFO] [stdout]   = note: some arguments are omitted. use `--verbose` to show all linker arguments
[INFO] [stdout]   = note: rust-lld: error: undefined symbol: cudaMemset
[INFO] [stdout]           >>> referenced by memory.rs:797 (/opt/rustwide/cargo-home/registry/src/index.crates.io-1949cf8c6b5b557f/singe-cuda-0.1.0-alpha.9/src/memory.rs:797)
[INFO] [stdout]           >>>               /opt/rustwide/target/debug/examples/frontend_fp16_sdpa_cudagraphs-68767f7b8bc2c603.frontend_fp16_sdpa_cudagraphs.af63c650e1bed9c-cgu.0.rcgu.o:(<singe_cuda::memory::DeviceMemory<half::bfloat::bf16>>::set)
[INFO] [stdout]           >>> referenced by memory.rs:797 (/opt/rustwide/cargo-home/registry/src/index.crates.io-1949cf8c6b5b557f/singe-cuda-0.1.0-alpha.9/src/memory.rs:797)
[INFO] [stdout]           >>>               /opt/rustwide/target/debug/examples/frontend_fp16_sdpa_cudagraphs-68767f7b8bc2c603.frontend_fp16_sdpa_cudagraphs.af63c650e1bed9c-cgu.0.rcgu.o:(<singe_cuda::memory::DeviceMemory<f32>>::set)
[INFO] [stdout]           
[INFO] [stdout]           rust-lld: error: undefined symbol: cudaMemcpy
[INFO] [stdout]           >>> referenced by memory.rs:765 (/opt/rustwide/cargo-home/registry/src/index.crates.io-1949cf8c6b5b557f/singe-cuda-0.1.0-alpha.9/src/memory.rs:765)
[INFO] [stdout]           >>>               /opt/rustwide/target/debug/examples/frontend_fp16_sdpa_cudagraphs-68767f7b8bc2c603.frontend_fp16_sdpa_cudagraphs.af63c650e1bed9c-cgu.0.rcgu.o:(<singe_cuda::memory::DeviceMemory<half::bfloat::bf16>>::copy)
[INFO] [stdout]           >>> referenced by memory.rs:765 (/opt/rustwide/cargo-home/registry/src/index.crates.io-1949cf8c6b5b557f/singe-cuda-0.1.0-alpha.9/src/memory.rs:765)
[INFO] [stdout]           >>>               /opt/rustwide/target/debug/examples/frontend_fp16_sdpa_cudagraphs-68767f7b8bc2c603.frontend_fp16_sdpa_cudagraphs.af63c650e1bed9c-cgu.0.rcgu.o:(<singe_cuda::memory::DeviceMemory<i32>>::copy)
[INFO] [stdout]           
[INFO] [stdout]           rust-lld: error: undefined symbol: cudaFree
[INFO] [stdout]           >>> referenced by memory.rs:728 (/opt/rustwide/cargo-home/registry/src/index.crates.io-1949cf8c6b5b557f/singe-cuda-0.1.0-alpha.9/src/memory.rs:728)
[INFO] [stdout]           >>>               /opt/rustwide/target/debug/examples/frontend_fp16_sdpa_cudagraphs-68767f7b8bc2c603.frontend_fp16_sdpa_cudagraphs.af63c650e1bed9c-cgu.0.rcgu.o:(<singe_cuda::memory::DeviceMemory<half::bfloat::bf16>>::free)
[INFO] [stdout]           >>> referenced by memory.rs:728 (/opt/rustwide/cargo-home/registry/src/index.crates.io-1949cf8c6b5b557f/singe-cuda-0.1.0-alpha.9/src/memory.rs:728)
[INFO] [stdout]           >>>               /opt/rustwide/target/debug/examples/frontend_fp16_sdpa_cudagraphs-68767f7b8bc2c603.frontend_fp16_sdpa_cudagraphs.af63c650e1bed9c-cgu.0.rcgu.o:(<singe_cuda::memory::DeviceMemory<f32>>::free)
[INFO] [stdout]           >>> referenced by memory.rs:728 (/opt/rustwide/cargo-home/registry/src/index.crates.io-1949cf8c6b5b557f/singe-cuda-0.1.0-alpha.9/src/memory.rs:728)
[INFO] [stdout]           >>>               /opt/rustwide/target/debug/examples/frontend_fp16_sdpa_cudagraphs-68767f7b8bc2c603.frontend_fp16_sdpa_cudagraphs.af63c650e1bed9c-cgu.0.rcgu.o:(<singe_cuda::memory::DeviceMemory<i32>>::free)
[INFO] [stdout]           >>> referenced 1 more times
[INFO] [stdout]           
[INFO] [stdout]           rust-lld: error: undefined symbol: cudaMalloc
[INFO] [stdout]           >>> referenced by memory.rs:680 (/opt/rustwide/cargo-home/registry/src/index.crates.io-1949cf8c6b5b557f/singe-cuda-0.1.0-alpha.9/src/memory.rs:680)
[INFO] [stdout]           >>>               /opt/rustwide/target/debug/examples/frontend_fp16_sdpa_cudagraphs-68767f7b8bc2c603.frontend_fp16_sdpa_cudagraphs.af63c650e1bed9c-cgu.0.rcgu.o:(<singe_cuda::memory::DeviceMemory<half::bfloat::bf16>>::alloc)
[INFO] [stdout]           >>> referenced by memory.rs:680 (/opt/rustwide/cargo-home/registry/src/index.crates.io-1949cf8c6b5b557f/singe-cuda-0.1.0-alpha.9/src/memory.rs:680)
[INFO] [stdout]           >>>               /opt/rustwide/target/debug/examples/frontend_fp16_sdpa_cudagraphs-68767f7b8bc2c603.frontend_fp16_sdpa_cudagraphs.af63c650e1bed9c-cgu.0.rcgu.o:(<singe_cuda::memory::DeviceMemory<f32>>::alloc)
[INFO] [stdout]           >>> referenced by memory.rs:680 (/opt/rustwide/cargo-home/registry/src/index.crates.io-1949cf8c6b5b557f/singe-cuda-0.1.0-alpha.9/src/memory.rs:680)
[INFO] [stdout]           >>>               /opt/rustwide/target/debug/examples/frontend_fp16_sdpa_cudagraphs-68767f7b8bc2c603.frontend_fp16_sdpa_cudagraphs.af63c650e1bed9c-cgu.0.rcgu.o:(<singe_cuda::memory::DeviceMemory<i32>>::alloc)
[INFO] [stdout]           >>> referenced 1 more times
[INFO] [stdout]           
[INFO] [stdout]           rust-lld: error: undefined symbol: cudnnSetStream
[INFO] [stdout]           >>> referenced by context.rs:157 (src/context.rs:157)
[INFO] [stdout]           >>>               singe_cudnn-f0a9199f7b6fd737.singe_cudnn.8cd7bbdd1e488e2c-cgu.06.rcgu.o:(<singe_cudnn::context::Context>::set_stream) in archive /opt/rustwide/target/debug/deps/libsinge_cudnn-f0a9199f7b6fd737.rlib
[INFO] [stdout]           >>> referenced by context.rs:108 (src/context.rs:108)
[INFO] [stdout]           >>>               singe_cudnn-f0a9199f7b6fd737.singe_cudnn.8cd7bbdd1e488e2c-cgu.06.rcgu.o:(<singe_cudnn::context::Context>::set_stream_checked) in archive /opt/rustwide/target/debug/deps/libsinge_cudnn-f0a9199f7b6fd737.rlib
[INFO] [stdout]           
[INFO] [stdout]           rust-lld: error: undefined symbol: cudnnCreate
[INFO] [stdout]           >>> referenced by context.rs:58 (src/context.rs:58)
[INFO] [stdout]           >>>               singe_cudnn-f0a9199f7b6fd737.singe_cudnn.8cd7bbdd1e488e2c-cgu.06.rcgu.o:(<singe_cudnn::context::Context>::create) in archive /opt/rustwide/target/debug/deps/libsinge_cudnn-f0a9199f7b6fd737.rlib
[INFO] [stdout]           
[INFO] [stdout]           rust-lld: error: undefined symbol: cudnnDestroy
[INFO] [stdout]           >>> referenced by context.rs:195 (src/context.rs:195)
[INFO] [stdout]           >>>               singe_cudnn-f0a9199f7b6fd737.singe_cudnn.8cd7bbdd1e488e2c-cgu.06.rcgu.o:(<singe_cudnn::context::Handle as core::ops::drop::Drop>::drop) in archive /opt/rustwide/target/debug/deps/libsinge_cudnn-f0a9199f7b6fd737.rlib
[INFO] [stdout]           
[INFO] [stdout]           rust-lld: error: undefined symbol: cudnnBackendGetAttribute
[INFO] [stdout]           >>> referenced by attributes.rs:382 (src/descriptor/attributes.rs:382)
[INFO] [stdout]           >>>               singe_cudnn-f0a9199f7b6fd737.singe_cudnn.8cd7bbdd1e488e2c-cgu.09.rcgu.o:(<singe_cudnn::descriptor::BackendDescriptor>::attribute_enum_slice::<singe_cudnn::knob::BackendKnobType>) in archive /opt/rustwide/target/debug/deps/libsinge_cudnn-f0a9199f7b6fd737.rlib
[INFO] [stdout]           >>> referenced by attributes.rs:382 (src/descriptor/attributes.rs:382)
[INFO] [stdout]           >>>               singe_cudnn-f0a9199f7b6fd737.singe_cudnn.8cd7bbdd1e488e2c-cgu.09.rcgu.o:(<singe_cudnn::descriptor::BackendDescriptor>::attribute_enum_slice::<singe_cudnn::behavior::BackendBehaviorNote>) in archive /opt/rustwide/target/debug/deps/libsinge_cudnn-f0a9199f7b6fd737.rlib
[INFO] [stdout]           >>> referenced by attributes.rs:382 (src/descriptor/attributes.rs:382)
[INFO] [stdout]           >>>               singe_cudnn-f0a9199f7b6fd737.singe_cudnn.8cd7bbdd1e488e2c-cgu.09.rcgu.o:(<singe_cudnn::descriptor::BackendDescriptor>::attribute_enum_slice::<singe_cudnn::behavior::BackendNumericalNote>) in archive /opt/rustwide/target/debug/deps/libsinge_cudnn-f0a9199f7b6fd737.rlib
[INFO] [stdout]           >>> referenced 8 more times
[INFO] [stdout]           
[INFO] [stdout]           rust-lld: error: undefined symbol: cudnnGetVersion
[INFO] [stdout]           >>> referenced by lib.rs:192 (src/lib.rs:192)
[INFO] [stdout]           >>>               singe_cudnn-f0a9199f7b6fd737.singe_cudnn.8cd7bbdd1e488e2c-cgu.09.rcgu.o:(singe_cudnn::version) in archive /opt/rustwide/target/debug/deps/libsinge_cudnn-f0a9199f7b6fd737.rlib
[INFO] [stdout]           
[INFO] [stdout]           rust-lld: error: undefined symbol: cudnnBackendUpdateCudaGraph
[INFO] [stdout]           >>> referenced by cuda_graph.rs:117 (src/descriptor/cuda_graph.rs:117)
[INFO] [stdout]           >>>               singe_cudnn-f0a9199f7b6fd737.singe_cudnn.8cd7bbdd1e488e2c-cgu.09.rcgu.o:(<singe_cudnn::descriptor::BackendDescriptor>::update_graph) in archive /opt/rustwide/target/debug/deps/libsinge_cudnn-f0a9199f7b6fd737.rlib
[INFO] [stdout]           
[INFO] [stdout]           rust-lld: error: undefined symbol: cudnnBackendPopulateCudaGraph
[INFO] [stdout]           >>> referenced by cuda_graph.rs:66 (src/descriptor/cuda_graph.rs:66)
[INFO] [stdout]           >>>               singe_cudnn-f0a9199f7b6fd737.singe_cudnn.8cd7bbdd1e488e2c-cgu.09.rcgu.o:(<singe_cudnn::descriptor::BackendDescriptor>::populate_graph) in archive /opt/rustwide/target/debug/deps/libsinge_cudnn-f0a9199f7b6fd737.rlib
[INFO] [stdout]           
[INFO] [stdout]           rust-lld: error: undefined symbol: cudnnBackendSetAttribute
[INFO] [stdout]           >>> referenced by descriptor.rs:309 (src/descriptor.rs:309)
[INFO] [stdout]           >>>               singe_cudnn-f0a9199f7b6fd737.singe_cudnn.8cd7bbdd1e488e2c-cgu.09.rcgu.o:(<singe_cudnn::descriptor::BackendDescriptor>::set_attribute_raw) in archive /opt/rustwide/target/debug/deps/libsinge_cudnn-f0a9199f7b6fd737.rlib
[INFO] [stdout]           
[INFO] [stdout]           rust-lld: error: undefined symbol: cudnnBackendCreateDescriptor
[INFO] [stdout]           >>> referenced by descriptor.rs:170 (src/descriptor.rs:170)
[INFO] [stdout]           >>>               singe_cudnn-f0a9199f7b6fd737.singe_cudnn.8cd7bbdd1e488e2c-cgu.09.rcgu.o:(<singe_cudnn::descriptor::BackendDescriptor>::create) in archive /opt/rustwide/target/debug/deps/libsinge_cudnn-f0a9199f7b6fd737.rlib
[INFO] [stdout]           
[INFO] [stdout]           rust-lld: error: undefined symbol: cudnnBackendFinalize
[INFO] [stdout]           >>> referenced by descriptor.rs:273 (src/descriptor.rs:273)
[INFO] [stdout]           >>>               singe_cudnn-f0a9199f7b6fd737.singe_cudnn.8cd7bbdd1e488e2c-cgu.09.rcgu.o:(<singe_cudnn::descriptor::BackendDescriptor>::finalize) in archive /opt/rustwide/target/debug/deps/libsinge_cudnn-f0a9199f7b6fd737.rlib
[INFO] [stdout]           
[INFO] [stdout]           rust-lld: error: undefined symbol: cudnnBackendDestroyDescriptor
[INFO] [stdout]           >>> referenced by descriptor.rs:420 (src/descriptor.rs:420)
[INFO] [stdout]           >>>               singe_cudnn-f0a9199f7b6fd737.singe_cudnn.8cd7bbdd1e488e2c-cgu.09.rcgu.o:(<singe_cudnn::descriptor::BackendDescriptor as core::ops::drop::Drop>::drop) in archive /opt/rustwide/target/debug/deps/libsinge_cudnn-f0a9199f7b6fd737.rlib
[INFO] [stdout]           
[INFO] [stdout]           rust-lld: error: undefined symbol: cudnnGetErrorString
[INFO] [stdout]           >>> referenced by error.rs:131 (src/error.rs:131)
[INFO] [stdout]           >>>               singe_cudnn-f0a9199f7b6fd737.singe_cudnn.8cd7bbdd1e488e2c-cgu.15.rcgu.o:(singe_cudnn::error::cudnn_error_string) in archive /opt/rustwide/target/debug/deps/libsinge_cudnn-f0a9199f7b6fd737.rlib
[INFO] [stdout]           
[INFO] [stdout]           rust-lld: error: undefined symbol: cudaGraphGetRootNodes
[INFO] [stdout]           >>> referenced by mod.rs:2356 (src/graph/mod.rs:2356)
[INFO] [stdout]           >>>               singe_cuda-ed90e7b3118c65ce.singe_cuda.a91e1cfdb284d6c0-cgu.01.rcgu.o:(<singe_cuda::graph::Graph>::root_nodes) in archive /opt/rustwide/target/debug/deps/libsinge_cuda-ed90e7b3118c65ce.rlib
[INFO] [stdout]           >>> referenced by mod.rs:2367 (src/graph/mod.rs:2367)
[INFO] [stdout]           >>>               singe_cuda-ed90e7b3118c65ce.singe_cuda.a91e1cfdb284d6c0-cgu.01.rcgu.o:(<singe_cuda::graph::Graph>::root_nodes) in archive /opt/rustwide/target/debug/deps/libsinge_cuda-ed90e7b3118c65ce.rlib
[INFO] [stdout]           
[INFO] [stdout]           rust-lld: error: undefined symbol: cudaGraphCreate
[INFO] [stdout]           >>> referenced by mod.rs:1269 (src/graph/mod.rs:1269)
[INFO] [stdout]           >>>               singe_cuda-ed90e7b3118c65ce.singe_cuda.a91e1cfdb284d6c0-cgu.01.rcgu.o:(<singe_cuda::graph::Graph>::create_in_context) in archive /opt/rustwide/target/debug/deps/libsinge_cuda-ed90e7b3118c65ce.rlib
[INFO] [stdout]           
[INFO] [stdout]           rust-lld: error: undefined symbol: cudaGraphDestroy
[INFO] [stdout]           >>> referenced by mod.rs:2509 (src/graph/mod.rs:2509)
[INFO] [stdout]           >>>               singe_cuda-ed90e7b3118c65ce.singe_cuda.a91e1cfdb284d6c0-cgu.01.rcgu.o:(<singe_cuda::graph::GraphInner as core::ops::drop::Drop>::drop) in archive /opt/rustwide/target/debug/deps/libsinge_cuda-ed90e7b3118c65ce.rlib
[INFO] [stdout]           
[INFO] [stdout]           rust-lld: error: undefined symbol: cudaStreamSynchronize
[INFO] [stdout]           >>> referenced by stream.rs:926 (src/stream.rs:926)
[INFO] [stdout]           >>>               singe_cuda-ed90e7b3118c65ce.singe_cuda.a91e1cfdb284d6c0-cgu.03.rcgu.o:(<singe_cuda::stream::Stream>::destroy_handle::{closure#0}) in archive /opt/rustwide/target/debug/deps/libsinge_cuda-ed90e7b3118c65ce.rlib
[INFO] [stdout]           
[INFO] [stdout]           rust-lld: error: too many errors emitted, stopping now (use --error-limit=0 to see all errors)
[INFO] [stdout]           collect2: error: ld returned 1 exit status
[INFO] [stdout]           
[INFO] [stdout] 
[INFO] [stdout] 
[INFO] [stderr] error: could not compile `singe-cudnn` (example "frontend_fp16_sdpa_cudagraphs") due to 1 previous error
[INFO] [stderr] warning: build failed, waiting for other jobs to finish...
[INFO] [stdout] error: linking with `cc` failed: exit status: 1
[INFO] [stdout]   |
[INFO] [stdout]   = note:  "cc" "-m64" "/opt/rustwide/target/debug/examples/rustctt9iqQ/symbols.o" "<3 object files omitted>" "-Wl,--as-needed" "-Wl,-Bstatic" "/opt/rustwide/target/debug/deps/{libsinge_cudnn-f0a9199f7b6fd737,libhex-13e08b3b00984ab7,libsha2-8f22cd85fe34ebf2,libcpufeatures-6c1f78f4142e3013,libdigest-eae7b3c46639f7f3,libconst_oid-58507ca40e062d76,libcrypto_common-32224ab3acf77d4c,libblock_buffer-e220b56d2ce316ec,libhybrid_array-745b8e9269c93837,libtypenum-8cba24ab4904c632,libbomboni_serde-b88d748af53df261,libserde_json-0b78fc7f648ee3bc,libmemchr-25f2248dc1705570,libitoa-5de11b3b23bfe572,libzmij-ef63f1da73704b4c,libsinge_cudnn_sys-5f0227d6bd4e3565,libsinge_cuda-ed90e7b3118c65ce,libbitflags-c11c4f5488569199,libhalf-5fcd82a8c29d4ae8,libcfg_if-83060ec5685761ae,libzerocopy-eb35aedb38cbd4b6,libnum_complex-7fde6cee17bf2151,libnum_traits-c2765a255388353b,libthiserror-a77deb6f2da9bbd9,libsinge_core-561bf59c6e23a8db,libserde-e9c634bbe919bade,libserde_core-2c928ee17a7447a4,libsinge_cuda_sys-0c9c8aa395d1912f,libnum_enum-64a98df1e659a46b}.rlib" "<sysroot>/lib/rustlib/x86_64-unknown-linux-gnu/lib/{libstd-*,libpanic_unwind-*,libobject-*,libmemchr-*,libaddr2line-*,libgimli-*,libcfg_if-*,librustc_demangle-*,libstd_detect-*,libhashbrown-*,librustc_std_workspace_alloc-*,libminiz_oxide-*,libadler2-*,libunwind-*,liblibc-*,librustc_std_workspace_core-*,liballoc-*,libcore-*,libcompiler_builtins-*}.rlib" "-Wl,-Bdynamic" "-lgcc_s" "-lutil" "-lrt" "-lpthread" "-lm" "-ldl" "-lc" "-L" "/opt/rustwide/target/debug/examples/rustctt9iqQ/raw-dylibs" "-B<sysroot>/lib/rustlib/x86_64-unknown-linux-gnu/bin/gcc-ld" "-fuse-ld=lld" "-Wl,--eh-frame-hdr" "-Wl,-z,noexecstack" "-L" "<sysroot>/lib/rustlib/x86_64-unknown-linux-gnu/lib" "-o" "/opt/rustwide/target/debug/examples/frontend_general_block_scale_matmul-9f2bf4deedb24d22" "-Wl,--gc-sections" "-pie" "-Wl,-z,relro,-z,now" "-nodefaultlibs"
[INFO] [stdout]   = note: some arguments are omitted. use `--verbose` to show all linker arguments
[INFO] [stdout]   = note: rust-lld: error: undefined symbol: cudaMemset
[INFO] [stdout]           >>> referenced by memory.rs:797 (/opt/rustwide/cargo-home/registry/src/index.crates.io-1949cf8c6b5b557f/singe-cuda-0.1.0-alpha.9/src/memory.rs:797)
[INFO] [stdout]           >>>               /opt/rustwide/target/debug/examples/frontend_general_block_scale_matmul-9f2bf4deedb24d22.frontend_general_block_scale_matmul.639f97f6979642df-cgu.1.rcgu.o:(<singe_cuda::memory::DeviceMemory<u8>>::set)
[INFO] [stdout]           
[INFO] [stdout]           rust-lld: error: undefined symbol: cudaMemcpy
[INFO] [stdout]           >>> referenced by memory.rs:765 (/opt/rustwide/cargo-home/registry/src/index.crates.io-1949cf8c6b5b557f/singe-cuda-0.1.0-alpha.9/src/memory.rs:765)
[INFO] [stdout]           >>>               /opt/rustwide/target/debug/examples/frontend_general_block_scale_matmul-9f2bf4deedb24d22.frontend_general_block_scale_matmul.639f97f6979642df-cgu.1.rcgu.o:(<singe_cuda::memory::DeviceMemory<u8>>::copy)
[INFO] [stdout]           
[INFO] [stdout]           rust-lld: error: undefined symbol: cudnnSetStream
[INFO] [stdout]           >>> referenced by context.rs:157 (src/context.rs:157)
[INFO] [stdout]           >>>               singe_cudnn-f0a9199f7b6fd737.singe_cudnn.8cd7bbdd1e488e2c-cgu.06.rcgu.o:(<singe_cudnn::context::Context>::set_stream) in archive /opt/rustwide/target/debug/deps/libsinge_cudnn-f0a9199f7b6fd737.rlib
[INFO] [stdout]           >>> referenced by context.rs:108 (src/context.rs:108)
[INFO] [stdout]           >>>               singe_cudnn-f0a9199f7b6fd737.singe_cudnn.8cd7bbdd1e488e2c-cgu.06.rcgu.o:(<singe_cudnn::context::Context>::set_stream_checked) in archive /opt/rustwide/target/debug/deps/libsinge_cudnn-f0a9199f7b6fd737.rlib
[INFO] [stdout]           
[INFO] [stdout]           rust-lld: error: undefined symbol: cudnnCreate
[INFO] [stdout]           >>> referenced by context.rs:58 (src/context.rs:58)
[INFO] [stdout]           >>>               singe_cudnn-f0a9199f7b6fd737.singe_cudnn.8cd7bbdd1e488e2c-cgu.06.rcgu.o:(<singe_cudnn::context::Context>::create) in archive /opt/rustwide/target/debug/deps/libsinge_cudnn-f0a9199f7b6fd737.rlib
[INFO] [stdout]           
[INFO] [stdout]           rust-lld: error: undefined symbol: cudnnDestroy
[INFO] [stdout]           >>> referenced by context.rs:195 (src/context.rs:195)
[INFO] [stdout]           >>>               singe_cudnn-f0a9199f7b6fd737.singe_cudnn.8cd7bbdd1e488e2c-cgu.06.rcgu.o:(<singe_cudnn::context::Handle as core::ops::drop::Drop>::drop) in archive /opt/rustwide/target/debug/deps/libsinge_cudnn-f0a9199f7b6fd737.rlib
[INFO] [stdout]           
[INFO] [stdout]           rust-lld: error: undefined symbol: cudnnBackendGetAttribute
[INFO] [stdout]           >>> referenced by attributes.rs:382 (src/descriptor/attributes.rs:382)
[INFO] [stdout]           >>>               singe_cudnn-f0a9199f7b6fd737.singe_cudnn.8cd7bbdd1e488e2c-cgu.09.rcgu.o:(<singe_cudnn::descriptor::BackendDescriptor>::attribute_enum_slice::<singe_cudnn::knob::BackendKnobType>) in archive /opt/rustwide/target/debug/deps/libsinge_cudnn-f0a9199f7b6fd737.rlib
[INFO] [stdout]           >>> referenced by attributes.rs:382 (src/descriptor/attributes.rs:382)
[INFO] [stdout]           >>>               singe_cudnn-f0a9199f7b6fd737.singe_cudnn.8cd7bbdd1e488e2c-cgu.09.rcgu.o:(<singe_cudnn::descriptor::BackendDescriptor>::attribute_enum_slice::<singe_cudnn::behavior::BackendBehaviorNote>) in archive /opt/rustwide/target/debug/deps/libsinge_cudnn-f0a9199f7b6fd737.rlib
[INFO] [stdout]           >>> referenced by attributes.rs:382 (src/descriptor/attributes.rs:382)
[INFO] [stdout]           >>>               singe_cudnn-f0a9199f7b6fd737.singe_cudnn.8cd7bbdd1e488e2c-cgu.09.rcgu.o:(<singe_cudnn::descriptor::BackendDescriptor>::attribute_enum_slice::<singe_cudnn::behavior::BackendNumericalNote>) in archive /opt/rustwide/target/debug/deps/libsinge_cudnn-f0a9199f7b6fd737.rlib
[INFO] [stdout]           >>> referenced 8 more times
[INFO] [stdout]           
[INFO] [stdout]           rust-lld: error: undefined symbol: cudnnGetVersion
[INFO] [stdout]           >>> referenced by lib.rs:192 (src/lib.rs:192)
[INFO] [stdout]           >>>               singe_cudnn-f0a9199f7b6fd737.singe_cudnn.8cd7bbdd1e488e2c-cgu.09.rcgu.o:(singe_cudnn::version) in archive /opt/rustwide/target/debug/deps/libsinge_cudnn-f0a9199f7b6fd737.rlib
[INFO] [stdout]           
[INFO] [stdout]           rust-lld: error: undefined symbol: cudnnBackendSetAttribute
[INFO] [stdout]           >>> referenced by descriptor.rs:309 (src/descriptor.rs:309)
[INFO] [stdout]           >>>               singe_cudnn-f0a9199f7b6fd737.singe_cudnn.8cd7bbdd1e488e2c-cgu.09.rcgu.o:(<singe_cudnn::descriptor::BackendDescriptor>::set_attribute_raw) in archive /opt/rustwide/target/debug/deps/libsinge_cudnn-f0a9199f7b6fd737.rlib
[INFO] [stdout]           
[INFO] [stdout]           rust-lld: error: undefined symbol: cudnnBackendCreateDescriptor
[INFO] [stdout]           >>> referenced by descriptor.rs:170 (src/descriptor.rs:170)
[INFO] [stdout]           >>>               singe_cudnn-f0a9199f7b6fd737.singe_cudnn.8cd7bbdd1e488e2c-cgu.09.rcgu.o:(<singe_cudnn::descriptor::BackendDescriptor>::create) in archive /opt/rustwide/target/debug/deps/libsinge_cudnn-f0a9199f7b6fd737.rlib
[INFO] [stdout]           
[INFO] [stdout]           rust-lld: error: undefined symbol: cudnnBackendFinalize
[INFO] [stdout]           >>> referenced by descriptor.rs:273 (src/descriptor.rs:273)
[INFO] [stdout]           >>>               singe_cudnn-f0a9199f7b6fd737.singe_cudnn.8cd7bbdd1e488e2c-cgu.09.rcgu.o:(<singe_cudnn::descriptor::BackendDescriptor>::finalize) in archive /opt/rustwide/target/debug/deps/libsinge_cudnn-f0a9199f7b6fd737.rlib
[INFO] [stdout]           
[INFO] [stdout]           rust-lld: error: undefined symbol: cudaFree
[INFO] [stdout]           >>> referenced by memory.rs:728 (/opt/rustwide/cargo-home/registry/src/index.crates.io-1949cf8c6b5b557f/singe-cuda-0.1.0-alpha.9/src/memory.rs:728)
[INFO] [stdout]           >>>               singe_cudnn-f0a9199f7b6fd737.singe_cudnn.8cd7bbdd1e488e2c-cgu.09.rcgu.o:(<singe_cuda::memory::DeviceMemory<u8>>::free) in archive /opt/rustwide/target/debug/deps/libsinge_cudnn-f0a9199f7b6fd737.rlib
[INFO] [stdout]           
[INFO] [stdout]           rust-lld: error: undefined symbol: cudaMalloc
[INFO] [stdout]           >>> referenced by memory.rs:680 (/opt/rustwide/cargo-home/registry/src/index.crates.io-1949cf8c6b5b557f/singe-cuda-0.1.0-alpha.9/src/memory.rs:680)
[INFO] [stdout]           >>>               singe_cudnn-f0a9199f7b6fd737.singe_cudnn.8cd7bbdd1e488e2c-cgu.09.rcgu.o:(<singe_cuda::memory::DeviceMemory<u8>>::alloc) in archive /opt/rustwide/target/debug/deps/libsinge_cudnn-f0a9199f7b6fd737.rlib
[INFO] [stdout]           
[INFO] [stdout]           rust-lld: error: undefined symbol: cudnnBackendExecute
[INFO] [stdout]           >>> referenced by descriptor.rs:451 (src/descriptor.rs:451)
[INFO] [stdout]           >>>               singe_cudnn-f0a9199f7b6fd737.singe_cudnn.8cd7bbdd1e488e2c-cgu.09.rcgu.o:(singe_cudnn::descriptor::backend_execute) in archive /opt/rustwide/target/debug/deps/libsinge_cudnn-f0a9199f7b6fd737.rlib
[INFO] [stdout]           
[INFO] [stdout]           rust-lld: error: undefined symbol: cudnnBackendDestroyDescriptor
[INFO] [stdout]           >>> referenced by descriptor.rs:420 (src/descriptor.rs:420)
[INFO] [stdout]           >>>               singe_cudnn-f0a9199f7b6fd737.singe_cudnn.8cd7bbdd1e488e2c-cgu.09.rcgu.o:(<singe_cudnn::descriptor::BackendDescriptor as core::ops::drop::Drop>::drop) in archive /opt/rustwide/target/debug/deps/libsinge_cudnn-f0a9199f7b6fd737.rlib
[INFO] [stdout]           
[INFO] [stdout]           rust-lld: error: undefined symbol: cudnnGetErrorString
[INFO] [stdout]           >>> referenced by error.rs:131 (src/error.rs:131)
[INFO] [stdout]           >>>               singe_cudnn-f0a9199f7b6fd737.singe_cudnn.8cd7bbdd1e488e2c-cgu.15.rcgu.o:(singe_cudnn::error::cudnn_error_string) in archive /opt/rustwide/target/debug/deps/libsinge_cudnn-f0a9199f7b6fd737.rlib
[INFO] [stdout]           
[INFO] [stdout]           rust-lld: error: undefined symbol: cudaStreamSynchronize
[INFO] [stdout]           >>> referenced by stream.rs:926 (src/stream.rs:926)
[INFO] [stdout]           >>>               singe_cuda-ed90e7b3118c65ce.singe_cuda.a91e1cfdb284d6c0-cgu.03.rcgu.o:(<singe_cuda::stream::Stream>::destroy_handle::{closure#0}) in archive /opt/rustwide/target/debug/deps/libsinge_cuda-ed90e7b3118c65ce.rlib
[INFO] [stdout]           
[INFO] [stdout]           rust-lld: error: undefined symbol: cudaStreamDestroy
[INFO] [stdout]           >>> referenced by stream.rs:927 (src/stream.rs:927)
[INFO] [stdout]           >>>               singe_cuda-ed90e7b3118c65ce.singe_cuda.a91e1cfdb284d6c0-cgu.03.rcgu.o:(<singe_cuda::stream::Stream>::destroy_handle) in archive /opt/rustwide/target/debug/deps/libsinge_cuda-ed90e7b3118c65ce.rlib
[INFO] [stdout]           
[INFO] [stdout]           rust-lld: error: undefined symbol: cudaGetDevice
[INFO] [stdout]           >>> referenced by device.rs:448 (src/device.rs:448)
[INFO] [stdout]           >>>               singe_cuda-ed90e7b3118c65ce.singe_cuda.a91e1cfdb284d6c0-cgu.06.rcgu.o:(<singe_cuda::device::Device>::current) in archive /opt/rustwide/target/debug/deps/libsinge_cuda-ed90e7b3118c65ce.rlib
[INFO] [stdout]           
[INFO] [stdout]           rust-lld: error: undefined symbol: cudaGetErrorString
[INFO] [stdout]           >>> referenced by error.rs:343 (src/error.rs:343)
[INFO] [stdout]           >>>               singe_cuda-ed90e7b3118c65ce.singe_cuda.a91e1cfdb284d6c0-cgu.07.rcgu.o:(<singe_cuda::error::Error as core::convert::From<singe_cuda_sys::driver::cudaError_enum>>::from) in archive /opt/rustwide/target/debug/deps/libsinge_cuda-ed90e7b3118c65ce.rlib
[INFO] [stdout]           
[INFO] [stdout]           rust-lld: error: undefined symbol: cuInit
[INFO] [stdout]           >>> referenced by context.rs:101 (src/context.rs:101)
[INFO] [stdout]           >>>               singe_cuda-ed90e7b3118c65ce.singe_cuda.a91e1cfdb284d6c0-cgu.09.rcgu.o:(<singe_cuda::context::Context>::create_for_device_with_flags) in archive /opt/rustwide/target/debug/deps/libsinge_cuda-ed90e7b3118c65ce.rlib
[INFO] [stdout]           
[INFO] [stdout]           rust-lld: error: too many errors emitted, stopping now (use --error-limit=0 to see all errors)
[INFO] [stdout]           collect2: error: ld returned 1 exit status
[INFO] [stdout]           
[INFO] [stdout] 
[INFO] [stdout] 
[INFO] [stderr] error: could not compile `singe-cudnn` (example "frontend_general_block_scale_matmul") due to 1 previous error
[INFO] [stdout] error: linking with `cc` failed: exit status: 1
[INFO] [stdout]   |
[INFO] [stdout]   = note:  "cc" "-m64" "/opt/rustwide/target/debug/examples/rustckvn2Na/symbols.o" "<4 object files omitted>" "-Wl,--as-needed" "-Wl,-Bstatic" "/opt/rustwide/target/debug/deps/{libsinge_cudnn-f0a9199f7b6fd737,libhex-13e08b3b00984ab7,libsha2-8f22cd85fe34ebf2,libcpufeatures-6c1f78f4142e3013,libdigest-eae7b3c46639f7f3,libconst_oid-58507ca40e062d76,libcrypto_common-32224ab3acf77d4c,libblock_buffer-e220b56d2ce316ec,libhybrid_array-745b8e9269c93837,libtypenum-8cba24ab4904c632,libbomboni_serde-b88d748af53df261,libserde_json-0b78fc7f648ee3bc,libmemchr-25f2248dc1705570,libitoa-5de11b3b23bfe572,libzmij-ef63f1da73704b4c,libsinge_cudnn_sys-5f0227d6bd4e3565,libsinge_cuda-ed90e7b3118c65ce,libbitflags-c11c4f5488569199,libhalf-5fcd82a8c29d4ae8,libcfg_if-83060ec5685761ae,libzerocopy-eb35aedb38cbd4b6,libnum_complex-7fde6cee17bf2151,libnum_traits-c2765a255388353b,libthiserror-a77deb6f2da9bbd9,libsinge_core-561bf59c6e23a8db,libserde-e9c634bbe919bade,libserde_core-2c928ee17a7447a4,libsinge_cuda_sys-0c9c8aa395d1912f,libnum_enum-64a98df1e659a46b}.rlib" "<sysroot>/lib/rustlib/x86_64-unknown-linux-gnu/lib/{libstd-*,libpanic_unwind-*,libobject-*,libmemchr-*,libaddr2line-*,libgimli-*,libcfg_if-*,librustc_demangle-*,libstd_detect-*,libhashbrown-*,librustc_std_workspace_alloc-*,libminiz_oxide-*,libadler2-*,libunwind-*,liblibc-*,librustc_std_workspace_core-*,liballoc-*,libcore-*,libcompiler_builtins-*}.rlib" "-Wl,-Bdynamic" "-lgcc_s" "-lutil" "-lrt" "-lpthread" "-lm" "-ldl" "-lc" "-L" "/opt/rustwide/target/debug/examples/rustckvn2Na/raw-dylibs" "-B<sysroot>/lib/rustlib/x86_64-unknown-linux-gnu/bin/gcc-ld" "-fuse-ld=lld" "-Wl,--eh-frame-hdr" "-Wl,-z,noexecstack" "-L" "<sysroot>/lib/rustlib/x86_64-unknown-linux-gnu/lib" "-o" "/opt/rustwide/target/debug/examples/frontend_layer_norm-70e91f3fdc9ef0bb" "-Wl,--gc-sections" "-pie" "-Wl,-z,relro,-z,now" "-nodefaultlibs"
[INFO] [stdout]   = note: some arguments are omitted. use `--verbose` to show all linker arguments
[INFO] [stdout]   = note: rust-lld: error: undefined symbol: cudaMemset
[INFO] [stdout]           >>> referenced by memory.rs:797 (/opt/rustwide/cargo-home/registry/src/index.crates.io-1949cf8c6b5b557f/singe-cuda-0.1.0-alpha.9/src/memory.rs:797)
[INFO] [stdout]           >>>               /opt/rustwide/target/debug/examples/frontend_layer_norm-70e91f3fdc9ef0bb.frontend_layer_norm.80381a9e801001d0-cgu.0.rcgu.o:(<singe_cuda::memory::DeviceMemory<half::binary16::f16>>::set)
[INFO] [stdout]           >>> referenced by memory.rs:797 (/opt/rustwide/cargo-home/registry/src/index.crates.io-1949cf8c6b5b557f/singe-cuda-0.1.0-alpha.9/src/memory.rs:797)
[INFO] [stdout]           >>>               /opt/rustwide/target/debug/examples/frontend_layer_norm-70e91f3fdc9ef0bb.frontend_layer_norm.80381a9e801001d0-cgu.0.rcgu.o:(<singe_cuda::memory::DeviceMemory<f32>>::set)
[INFO] [stdout]           
[INFO] [stdout]           rust-lld: error: undefined symbol: cudaMemcpy
[INFO] [stdout]           >>> referenced by memory.rs:765 (/opt/rustwide/cargo-home/registry/src/index.crates.io-1949cf8c6b5b557f/singe-cuda-0.1.0-alpha.9/src/memory.rs:765)
[INFO] [stdout]           >>>               /opt/rustwide/target/debug/examples/frontend_layer_norm-70e91f3fdc9ef0bb.frontend_layer_norm.80381a9e801001d0-cgu.0.rcgu.o:(<singe_cuda::memory::DeviceMemory<half::binary16::f16>>::copy)
[INFO] [stdout]           >>> referenced by memory.rs:765 (/opt/rustwide/cargo-home/registry/src/index.crates.io-1949cf8c6b5b557f/singe-cuda-0.1.0-alpha.9/src/memory.rs:765)
[INFO] [stdout]           >>>               /opt/rustwide/target/debug/examples/frontend_layer_norm-70e91f3fdc9ef0bb.frontend_layer_norm.80381a9e801001d0-cgu.0.rcgu.o:(<singe_cuda::memory::DeviceMemory<f32>>::copy)
[INFO] [stdout]           
[INFO] [stdout]           rust-lld: error: undefined symbol: cudaFree
[INFO] [stdout]           >>> referenced by memory.rs:728 (/opt/rustwide/cargo-home/registry/src/index.crates.io-1949cf8c6b5b557f/singe-cuda-0.1.0-alpha.9/src/memory.rs:728)
[INFO] [stdout]           >>>               /opt/rustwide/target/debug/examples/frontend_layer_norm-70e91f3fdc9ef0bb.frontend_layer_norm.80381a9e801001d0-cgu.0.rcgu.o:(<singe_cuda::memory::DeviceMemory<half::binary16::f16>>::free)
[INFO] [stdout]           >>> referenced by memory.rs:728 (/opt/rustwide/cargo-home/registry/src/index.crates.io-1949cf8c6b5b557f/singe-cuda-0.1.0-alpha.9/src/memory.rs:728)
[INFO] [stdout]           >>>               /opt/rustwide/target/debug/examples/frontend_layer_norm-70e91f3fdc9ef0bb.frontend_layer_norm.80381a9e801001d0-cgu.0.rcgu.o:(<singe_cuda::memory::DeviceMemory<f32>>::free)
[INFO] [stdout]           >>> referenced by memory.rs:728 (/opt/rustwide/cargo-home/registry/src/index.crates.io-1949cf8c6b5b557f/singe-cuda-0.1.0-alpha.9/src/memory.rs:728)
[INFO] [stdout]           >>>               singe_cudnn-f0a9199f7b6fd737.singe_cudnn.8cd7bbdd1e488e2c-cgu.09.rcgu.o:(<singe_cuda::memory::DeviceMemory<u8>>::free) in archive /opt/rustwide/target/debug/deps/libsinge_cudnn-f0a9199f7b6fd737.rlib
[INFO] [stdout]           
[INFO] [stdout]           rust-lld: error: undefined symbol: cudaMalloc
[INFO] [stdout]           >>> referenced by memory.rs:680 (/opt/rustwide/cargo-home/registry/src/index.crates.io-1949cf8c6b5b557f/singe-cuda-0.1.0-alpha.9/src/memory.rs:680)
[INFO] [stdout]           >>>               /opt/rustwide/target/debug/examples/frontend_layer_norm-70e91f3fdc9ef0bb.frontend_layer_norm.80381a9e801001d0-cgu.0.rcgu.o:(<singe_cuda::memory::DeviceMemory<half::binary16::f16>>::alloc)
[INFO] [stdout]           >>> referenced by memory.rs:680 (/opt/rustwide/cargo-home/registry/src/index.crates.io-1949cf8c6b5b557f/singe-cuda-0.1.0-alpha.9/src/memory.rs:680)
[INFO] [stdout]           >>>               /opt/rustwide/target/debug/examples/frontend_layer_norm-70e91f3fdc9ef0bb.frontend_layer_norm.80381a9e801001d0-cgu.0.rcgu.o:(<singe_cuda::memory::DeviceMemory<f32>>::alloc)
[INFO] [stdout]           >>> referenced by memory.rs:680 (/opt/rustwide/cargo-home/registry/src/index.crates.io-1949cf8c6b5b557f/singe-cuda-0.1.0-alpha.9/src/memory.rs:680)
[INFO] [stdout]           >>>               singe_cudnn-f0a9199f7b6fd737.singe_cudnn.8cd7bbdd1e488e2c-cgu.09.rcgu.o:(<singe_cuda::memory::DeviceMemory<u8>>::alloc) in archive /opt/rustwide/target/debug/deps/libsinge_cudnn-f0a9199f7b6fd737.rlib
[INFO] [stdout]           
[INFO] [stdout]           rust-lld: error: undefined symbol: cudnnSetStream
[INFO] [stdout]           >>> referenced by context.rs:157 (src/context.rs:157)
[INFO] [stdout]           >>>               singe_cudnn-f0a9199f7b6fd737.singe_cudnn.8cd7bbdd1e488e2c-cgu.06.rcgu.o:(<singe_cudnn::context::Context>::set_stream) in archive /opt/rustwide/target/debug/deps/libsinge_cudnn-f0a9199f7b6fd737.rlib
[INFO] [stdout]           >>> referenced by context.rs:108 (src/context.rs:108)
[INFO] [stdout]           >>>               singe_cudnn-f0a9199f7b6fd737.singe_cudnn.8cd7bbdd1e488e2c-cgu.06.rcgu.o:(<singe_cudnn::context::Context>::set_stream_checked) in archive /opt/rustwide/target/debug/deps/libsinge_cudnn-f0a9199f7b6fd737.rlib
[INFO] [stdout]           
[INFO] [stdout]           rust-lld: error: undefined symbol: cudnnCreate
[INFO] [stdout]           >>> referenced by context.rs:58 (src/context.rs:58)
[INFO] [stdout]           >>>               singe_cudnn-f0a9199f7b6fd737.singe_cudnn.8cd7bbdd1e488e2c-cgu.06.rcgu.o:(<singe_cudnn::context::Context>::create) in archive /opt/rustwide/target/debug/deps/libsinge_cudnn-f0a9199f7b6fd737.rlib
[INFO] [stdout]           
[INFO] [stdout]           rust-lld: error: undefined symbol: cudnnDestroy
[INFO] [stdout]           >>> referenced by context.rs:195 (src/context.rs:195)
[INFO] [stdout]           >>>               singe_cudnn-f0a9199f7b6fd737.singe_cudnn.8cd7bbdd1e488e2c-cgu.06.rcgu.o:(<singe_cudnn::context::Handle as core::ops::drop::Drop>::drop) in archive /opt/rustwide/target/debug/deps/libsinge_cudnn-f0a9199f7b6fd737.rlib
[INFO] [stdout]           
[INFO] [stdout]           rust-lld: error: undefined symbol: cudnnBackendGetAttribute
[INFO] [stdout]           >>> referenced by attributes.rs:382 (src/descriptor/attributes.rs:382)
[INFO] [stdout]           >>>               singe_cudnn-f0a9199f7b6fd737.singe_cudnn.8cd7bbdd1e488e2c-cgu.09.rcgu.o:(<singe_cudnn::descriptor::BackendDescriptor>::attribute_enum_slice::<singe_cudnn::knob::BackendKnobType>) in archive /opt/rustwide/target/debug/deps/libsinge_cudnn-f0a9199f7b6fd737.rlib
[INFO] [stdout]           >>> referenced by attributes.rs:382 (src/descriptor/attributes.rs:382)
[INFO] [stdout]           >>>               singe_cudnn-f0a9199f7b6fd737.singe_cudnn.8cd7bbdd1e488e2c-cgu.09.rcgu.o:(<singe_cudnn::descriptor::BackendDescriptor>::attribute_enum_slice::<singe_cudnn::behavior::BackendBehaviorNote>) in archive /opt/rustwide/target/debug/deps/libsinge_cudnn-f0a9199f7b6fd737.rlib
[INFO] [stdout]           >>> referenced by attributes.rs:382 (src/descriptor/attributes.rs:382)
[INFO] [stdout]           >>>               singe_cudnn-f0a9199f7b6fd737.singe_cudnn.8cd7bbdd1e488e2c-cgu.09.rcgu.o:(<singe_cudnn::descriptor::BackendDescriptor>::attribute_enum_slice::<singe_cudnn::behavior::BackendNumericalNote>) in archive /opt/rustwide/target/debug/deps/libsinge_cudnn-f0a9199f7b6fd737.rlib
[INFO] [stdout]           >>> referenced 8 more times
[INFO] [stdout]           
[INFO] [stdout]           rust-lld: error: undefined symbol: cudnnGetVersion
[INFO] [stdout]           >>> referenced by lib.rs:192 (src/lib.rs:192)
[INFO] [stdout]           >>>               singe_cudnn-f0a9199f7b6fd737.singe_cudnn.8cd7bbdd1e488e2c-cgu.09.rcgu.o:(singe_cudnn::version) in archive /opt/rustwide/target/debug/deps/libsinge_cudnn-f0a9199f7b6fd737.rlib
[INFO] [stdout]           
[INFO] [stdout]           rust-lld: error: undefined symbol: cudnnBackendSetAttribute
[INFO] [stdout]           >>> referenced by descriptor.rs:309 (src/descriptor.rs:309)
[INFO] [stdout]           >>>               singe_cudnn-f0a9199f7b6fd737.singe_cudnn.8cd7bbdd1e488e2c-cgu.09.rcgu.o:(<singe_cudnn::descriptor::BackendDescriptor>::set_attribute_raw) in archive /opt/rustwide/target/debug/deps/libsinge_cudnn-f0a9199f7b6fd737.rlib
[INFO] [stdout]           
[INFO] [stdout]           rust-lld: error: undefined symbol: cudnnBackendCreateDescriptor
[INFO] [stdout]           >>> referenced by descriptor.rs:170 (src/descriptor.rs:170)
[INFO] [stdout]           >>>               singe_cudnn-f0a9199f7b6fd737.singe_cudnn.8cd7bbdd1e488e2c-cgu.09.rcgu.o:(<singe_cudnn::descriptor::BackendDescriptor>::create) in archive /opt/rustwide/target/debug/deps/libsinge_cudnn-f0a9199f7b6fd737.rlib
[INFO] [stdout]           
[INFO] [stdout]           rust-lld: error: undefined symbol: cudnnBackendFinalize
[INFO] [stdout]           >>> referenced by descriptor.rs:273 (src/descriptor.rs:273)
[INFO] [stdout]           >>>               singe_cudnn-f0a9199f7b6fd737.singe_cudnn.8cd7bbdd1e488e2c-cgu.09.rcgu.o:(<singe_cudnn::descriptor::BackendDescriptor>::finalize) in archive /opt/rustwide/target/debug/deps/libsinge_cudnn-f0a9199f7b6fd737.rlib
[INFO] [stdout]           
[INFO] [stdout]           rust-lld: error: undefined symbol: cudnnBackendExecute
[INFO] [stdout]           >>> referenced by descriptor.rs:451 (src/descriptor.rs:451)
[INFO] [stdout]           >>>               singe_cudnn-f0a9199f7b6fd737.singe_cudnn.8cd7bbdd1e488e2c-cgu.09.rcgu.o:(singe_cudnn::descriptor::backend_execute) in archive /opt/rustwide/target/debug/deps/libsinge_cudnn-f0a9199f7b6fd737.rlib
[INFO] [stdout]           
[INFO] [stdout]           rust-lld: error: undefined symbol: cudnnBackendDestroyDescriptor
[INFO] [stdout]           >>> referenced by descriptor.rs:420 (src/descriptor.rs:420)
[INFO] [stdout]           >>>               singe_cudnn-f0a9199f7b6fd737.singe_cudnn.8cd7bbdd1e488e2c-cgu.09.rcgu.o:(<singe_cudnn::descriptor::BackendDescriptor as core::ops::drop::Drop>::drop) in archive /opt/rustwide/target/debug/deps/libsinge_cudnn-f0a9199f7b6fd737.rlib
[INFO] [stdout]           
[INFO] [stdout]           rust-lld: error: undefined symbol: cudnnGetErrorString
[INFO] [stdout]           >>> referenced by error.rs:131 (src/error.rs:131)
[INFO] [stdout]           >>>               singe_cudnn-f0a9199f7b6fd737.singe_cudnn.8cd7bbdd1e488e2c-cgu.15.rcgu.o:(singe_cudnn::error::cudnn_error_string) in archive /opt/rustwide/target/debug/deps/libsinge_cudnn-f0a9199f7b6fd737.rlib
[INFO] [stdout]           
[INFO] [stdout]           rust-lld: error: undefined symbol: cudaStreamSynchronize
[INFO] [stdout]           >>> referenced by stream.rs:926 (src/stream.rs:926)
[INFO] [stdout]           >>>               singe_cuda-ed90e7b3118c65ce.singe_cuda.a91e1cfdb284d6c0-cgu.03.rcgu.o:(<singe_cuda::stream::Stream>::destroy_handle::{closure#0}) in archive /opt/rustwide/target/debug/deps/libsinge_cuda-ed90e7b3118c65ce.rlib
[INFO] [stdout]           
[INFO] [stdout]           rust-lld: error: undefined symbol: cudaGetDevice
[INFO] [stdout]           >>> referenced by device.rs:448 (src/device.rs:448)
[INFO] [stdout]           >>>               singe_cuda-ed90e7b3118c65ce.singe_cuda.a91e1cfdb284d6c0-cgu.06.rcgu.o:(<singe_cuda::device::Device>::current) in archive /opt/rustwide/target/debug/deps/libsinge_cuda-ed90e7b3118c65ce.rlib
[INFO] [stdout]           
[INFO] [stdout]           rust-lld: error: undefined symbol: cudaGetErrorString
[INFO] [stdout]           >>> referenced by error.rs:343 (src/error.rs:343)
[INFO] [stdout]           >>>               singe_cuda-ed90e7b3118c65ce.singe_cuda.a91e1cfdb284d6c0-cgu.07.rcgu.o:(<singe_cuda::error::Error as core::convert::From<singe_cuda_sys::driver::cudaError_enum>>::from) in archive /opt/rustwide/target/debug/deps/libsinge_cuda-ed90e7b3118c65ce.rlib
[INFO] [stdout]           
[INFO] [stdout]           rust-lld: error: undefined symbol: cuInit
[INFO] [stdout]           >>> referenced by context.rs:101 (src/context.rs:101)
[INFO] [stdout]           >>>               singe_cuda-ed90e7b3118c65ce.singe_cuda.a91e1cfdb284d6c0-cgu.09.rcgu.o:(<singe_cuda::context::Context>::create_for_device_with_flags) in archive /opt/rustwide/target/debug/deps/libsinge_cuda-ed90e7b3118c65ce.rlib
[INFO] [stdout]           
[INFO] [stdout]           rust-lld: error: undefined symbol: cuCtxCreate_v4
[INFO] [stdout]           >>> referenced by context.rs:104 (src/context.rs:104)
[INFO] [stdout]           >>>               singe_cuda-ed90e7b3118c65ce.singe_cuda.a91e1cfdb284d6c0-cgu.09.rcgu.o:(<singe_cuda::context::Context>::create_for_device_with_flags) in archive /opt/rustwide/target/debug/deps/libsinge_cuda-ed90e7b3118c65ce.rlib
[INFO] [stdout]           
[INFO] [stdout]           rust-lld: error: too many errors emitted, stopping now (use --error-limit=0 to see all errors)
[INFO] [stdout]           collect2: error: ld returned 1 exit status
[INFO] [stdout]           
[INFO] [stdout] 
[INFO] [stdout] 
[INFO] [stderr] error: could not compile `singe-cudnn` (example "frontend_layer_norm") due to 1 previous error
[INFO] [stdout] error: linking with `cc` failed: exit status: 1
[INFO] [stdout]   |
[INFO] [stdout]   = note:  "cc" "-m64" "/opt/rustwide/target/debug/examples/rustcohJmdN/symbols.o" "<3 object files omitted>" "-Wl,--as-needed" "-Wl,-Bstatic" "/opt/rustwide/target/debug/deps/{libsinge_cudnn-f0a9199f7b6fd737,libhex-13e08b3b00984ab7,libsha2-8f22cd85fe34ebf2,libcpufeatures-6c1f78f4142e3013,libdigest-eae7b3c46639f7f3,libconst_oid-58507ca40e062d76,libcrypto_common-32224ab3acf77d4c,libblock_buffer-e220b56d2ce316ec,libhybrid_array-745b8e9269c93837,libtypenum-8cba24ab4904c632,libbomboni_serde-b88d748af53df261,libserde_json-0b78fc7f648ee3bc,libmemchr-25f2248dc1705570,libitoa-5de11b3b23bfe572,libzmij-ef63f1da73704b4c,libsinge_cudnn_sys-5f0227d6bd4e3565,libsinge_cuda-ed90e7b3118c65ce,libbitflags-c11c4f5488569199,libhalf-5fcd82a8c29d4ae8,libcfg_if-83060ec5685761ae,libzerocopy-eb35aedb38cbd4b6,libnum_complex-7fde6cee17bf2151,libnum_traits-c2765a255388353b,libthiserror-a77deb6f2da9bbd9,libsinge_core-561bf59c6e23a8db,libserde-e9c634bbe919bade,libserde_core-2c928ee17a7447a4,libsinge_cuda_sys-0c9c8aa395d1912f,libnum_enum-64a98df1e659a46b}.rlib" "<sysroot>/lib/rustlib/x86_64-unknown-linux-gnu/lib/{libstd-*,libpanic_unwind-*,libobject-*,libmemchr-*,libaddr2line-*,libgimli-*,libcfg_if-*,librustc_demangle-*,libstd_detect-*,libhashbrown-*,librustc_std_workspace_alloc-*,libminiz_oxide-*,libadler2-*,libunwind-*,liblibc-*,librustc_std_workspace_core-*,liballoc-*,libcore-*,libcompiler_builtins-*}.rlib" "-Wl,-Bdynamic" "-lgcc_s" "-lutil" "-lrt" "-lpthread" "-lm" "-ldl" "-lc" "-L" "/opt/rustwide/target/debug/examples/rustcohJmdN/raw-dylibs" "-B<sysroot>/lib/rustlib/x86_64-unknown-linux-gnu/bin/gcc-ld" "-fuse-ld=lld" "-Wl,--eh-frame-hdr" "-Wl,-z,noexecstack" "-L" "<sysroot>/lib/rustlib/x86_64-unknown-linux-gnu/lib" "-o" "/opt/rustwide/target/debug/examples/frontend_convolution_wgrad-1e17040337f0fa1d" "-Wl,--gc-sections" "-pie" "-Wl,-z,relro,-z,now" "-nodefaultlibs"
[INFO] [stdout]   = note: some arguments are omitted. use `--verbose` to show all linker arguments
[INFO] [stdout]   = note: rust-lld: error: undefined symbol: cudaMemcpy
[INFO] [stdout]           >>> referenced by memory.rs:765 (/opt/rustwide/cargo-home/registry/src/index.crates.io-1949cf8c6b5b557f/singe-cuda-0.1.0-alpha.9/src/memory.rs:765)
[INFO] [stdout]           >>>               /opt/rustwide/target/debug/examples/frontend_convolution_wgrad-1e17040337f0fa1d.frontend_convolution_wgrad.65104e1dba6c6457-cgu.0.rcgu.o:(<singe_cuda::memory::DeviceMemory<half::binary16::f16>>::copy)
[INFO] [stdout]           
[INFO] [stdout]           rust-lld: error: undefined symbol: cudaFree
[INFO] [stdout]           >>> referenced by memory.rs:728 (/opt/rustwide/cargo-home/registry/src/index.crates.io-1949cf8c6b5b557f/singe-cuda-0.1.0-alpha.9/src/memory.rs:728)
[INFO] [stdout]           >>>               /opt/rustwide/target/debug/examples/frontend_convolution_wgrad-1e17040337f0fa1d.frontend_convolution_wgrad.65104e1dba6c6457-cgu.0.rcgu.o:(<singe_cuda::memory::DeviceMemory<half::binary16::f16>>::free)
[INFO] [stdout]           >>> referenced by memory.rs:728 (/opt/rustwide/cargo-home/registry/src/index.crates.io-1949cf8c6b5b557f/singe-cuda-0.1.0-alpha.9/src/memory.rs:728)
[INFO] [stdout]           >>>               singe_cudnn-f0a9199f7b6fd737.singe_cudnn.8cd7bbdd1e488e2c-cgu.09.rcgu.o:(<singe_cuda::memory::DeviceMemory<u8>>::free) in archive /opt/rustwide/target/debug/deps/libsinge_cudnn-f0a9199f7b6fd737.rlib
[INFO] [stdout]           
[INFO] [stdout]           rust-lld: error: undefined symbol: cudaMalloc
[INFO] [stdout]           >>> referenced by memory.rs:680 (/opt/rustwide/cargo-home/registry/src/index.crates.io-1949cf8c6b5b557f/singe-cuda-0.1.0-alpha.9/src/memory.rs:680)
[INFO] [stdout]           >>>               /opt/rustwide/target/debug/examples/frontend_convolution_wgrad-1e17040337f0fa1d.frontend_convolution_wgrad.65104e1dba6c6457-cgu.0.rcgu.o:(<singe_cuda::memory::DeviceMemory<half::binary16::f16>>::alloc)
[INFO] [stdout]           >>> referenced by memory.rs:680 (/opt/rustwide/cargo-home/registry/src/index.crates.io-1949cf8c6b5b557f/singe-cuda-0.1.0-alpha.9/src/memory.rs:680)
[INFO] [stdout]           >>>               singe_cudnn-f0a9199f7b6fd737.singe_cudnn.8cd7bbdd1e488e2c-cgu.09.rcgu.o:(<singe_cuda::memory::DeviceMemory<u8>>::alloc) in archive /opt/rustwide/target/debug/deps/libsinge_cudnn-f0a9199f7b6fd737.rlib
[INFO] [stdout]           
[INFO] [stdout]           rust-lld: error: undefined symbol: cudnnSetStream
[INFO] [stdout]           >>> referenced by context.rs:157 (src/context.rs:157)
[INFO] [stdout]           >>>               singe_cudnn-f0a9199f7b6fd737.singe_cudnn.8cd7bbdd1e488e2c-cgu.06.rcgu.o:(<singe_cudnn::context::Context>::set_stream) in archive /opt/rustwide/target/debug/deps/libsinge_cudnn-f0a9199f7b6fd737.rlib
[INFO] [stdout]           >>> referenced by context.rs:108 (src/context.rs:108)
[INFO] [stdout]           >>>               singe_cudnn-f0a9199f7b6fd737.singe_cudnn.8cd7bbdd1e488e2c-cgu.06.rcgu.o:(<singe_cudnn::context::Context>::set_stream_checked) in archive /opt/rustwide/target/debug/deps/libsinge_cudnn-f0a9199f7b6fd737.rlib
[INFO] [stdout]           
[INFO] [stdout]           rust-lld: error: undefined symbol: cudnnCreate
[INFO] [stdout]           >>> referenced by context.rs:58 (src/context.rs:58)
[INFO] [stdout]           >>>               singe_cudnn-f0a9199f7b6fd737.singe_cudnn.8cd7bbdd1e488e2c-cgu.06.rcgu.o:(<singe_cudnn::context::Context>::create) in archive /opt/rustwide/target/debug/deps/libsinge_cudnn-f0a9199f7b6fd737.rlib
[INFO] [stdout]           
[INFO] [stdout]           rust-lld: error: undefined symbol: cudnnDestroy
[INFO] [stdout]           >>> referenced by context.rs:195 (src/context.rs:195)
[INFO] [stdout]           >>>               singe_cudnn-f0a9199f7b6fd737.singe_cudnn.8cd7bbdd1e488e2c-cgu.06.rcgu.o:(<singe_cudnn::context::Handle as core::ops::drop::Drop>::drop) in archive /opt/rustwide/target/debug/deps/libsinge_cudnn-f0a9199f7b6fd737.rlib
[INFO] [stdout]           
[INFO] [stdout]           rust-lld: error: undefined symbol: cudnnBackendGetAttribute
[INFO] [stdout]           >>> referenced by attributes.rs:382 (src/descriptor/attributes.rs:382)
[INFO] [stdout]           >>>               singe_cudnn-f0a9199f7b6fd737.singe_cudnn.8cd7bbdd1e488e2c-cgu.09.rcgu.o:(<singe_cudnn::descriptor::BackendDescriptor>::attribute_enum_slice::<singe_cudnn::knob::BackendKnobType>) in archive /opt/rustwide/target/debug/deps/libsinge_cudnn-f0a9199f7b6fd737.rlib
[INFO] [stdout]           >>> referenced by attributes.rs:382 (src/descriptor/attributes.rs:382)
[INFO] [stdout]           >>>               singe_cudnn-f0a9199f7b6fd737.singe_cudnn.8cd7bbdd1e488e2c-cgu.09.rcgu.o:(<singe_cudnn::descriptor::BackendDescriptor>::attribute_enum_slice::<singe_cudnn::behavior::BackendBehaviorNote>) in archive /opt/rustwide/target/debug/deps/libsinge_cudnn-f0a9199f7b6fd737.rlib
[INFO] [stdout]           >>> referenced by attributes.rs:382 (src/descriptor/attributes.rs:382)
[INFO] [stdout]           >>>               singe_cudnn-f0a9199f7b6fd737.singe_cudnn.8cd7bbdd1e488e2c-cgu.09.rcgu.o:(<singe_cudnn::descriptor::BackendDescriptor>::attribute_enum_slice::<singe_cudnn::behavior::BackendNumericalNote>) in archive /opt/rustwide/target/debug/deps/libsinge_cudnn-f0a9199f7b6fd737.rlib
[INFO] [stdout]           >>> referenced 8 more times
[INFO] [stdout]           
[INFO] [stdout]           rust-lld: error: undefined symbol: cudnnGetVersion
[INFO] [stdout]           >>> referenced by lib.rs:192 (src/lib.rs:192)
[INFO] [stdout]           >>>               singe_cudnn-f0a9199f7b6fd737.singe_cudnn.8cd7bbdd1e488e2c-cgu.09.rcgu.o:(singe_cudnn::version) in archive /opt/rustwide/target/debug/deps/libsinge_cudnn-f0a9199f7b6fd737.rlib
[INFO] [stdout]           
[INFO] [stdout]           rust-lld: error: undefined symbol: cudnnBackendSetAttribute
[INFO] [stdout]           >>> referenced by descriptor.rs:309 (src/descriptor.rs:309)
[INFO] [stdout]           >>>               singe_cudnn-f0a9199f7b6fd737.singe_cudnn.8cd7bbdd1e488e2c-cgu.09.rcgu.o:(<singe_cudnn::descriptor::BackendDescriptor>::set_attribute_raw) in archive /opt/rustwide/target/debug/deps/libsinge_cudnn-f0a9199f7b6fd737.rlib
[INFO] [stdout]           
[INFO] [stdout]           rust-lld: error: undefined symbol: cudnnBackendCreateDescriptor
[INFO] [stdout]           >>> referenced by descriptor.rs:170 (src/descriptor.rs:170)
[INFO] [stdout]           >>>               singe_cudnn-f0a9199f7b6fd737.singe_cudnn.8cd7bbdd1e488e2c-cgu.09.rcgu.o:(<singe_cudnn::descriptor::BackendDescriptor>::create) in archive /opt/rustwide/target/debug/deps/libsinge_cudnn-f0a9199f7b6fd737.rlib
[INFO] [stdout]           
[INFO] [stdout]           rust-lld: error: undefined symbol: cudnnBackendFinalize
[INFO] [stdout]           >>> referenced by descriptor.rs:273 (src/descriptor.rs:273)
[INFO] [stdout]           >>>               singe_cudnn-f0a9199f7b6fd737.singe_cudnn.8cd7bbdd1e488e2c-cgu.09.rcgu.o:(<singe_cudnn::descriptor::BackendDescriptor>::finalize) in archive /opt/rustwide/target/debug/deps/libsinge_cudnn-f0a9199f7b6fd737.rlib
[INFO] [stdout]           
[INFO] [stdout]           rust-lld: error: undefined symbol: cudnnBackendExecute
[INFO] [stdout]           >>> referenced by descriptor.rs:451 (src/descriptor.rs:451)
[INFO] [stdout]           >>>               singe_cudnn-f0a9199f7b6fd737.singe_cudnn.8cd7bbdd1e488e2c-cgu.09.rcgu.o:(singe_cudnn::descriptor::backend_execute) in archive /opt/rustwide/target/debug/deps/libsinge_cudnn-f0a9199f7b6fd737.rlib
[INFO] [stdout]           
[INFO] [stdout]           rust-lld: error: undefined symbol: cudnnBackendDestroyDescriptor
[INFO] [stdout]           >>> referenced by descriptor.rs:420 (src/descriptor.rs:420)
[INFO] [stdout]           >>>               singe_cudnn-f0a9199f7b6fd737.singe_cudnn.8cd7bbdd1e488e2c-cgu.09.rcgu.o:(<singe_cudnn::descriptor::BackendDescriptor as core::ops::drop::Drop>::drop) in archive /opt/rustwide/target/debug/deps/libsinge_cudnn-f0a9199f7b6fd737.rlib
[INFO] [stdout]           
[INFO] [stdout]           rust-lld: error: undefined symbol: cudnnGetErrorString
[INFO] [stdout]           >>> referenced by error.rs:131 (src/error.rs:131)
[INFO] [stdout]           >>>               singe_cudnn-f0a9199f7b6fd737.singe_cudnn.8cd7bbdd1e488e2c-cgu.15.rcgu.o:(singe_cudnn::error::cudnn_error_string) in archive /opt/rustwide/target/debug/deps/libsinge_cudnn-f0a9199f7b6fd737.rlib
[INFO] [stdout]           
[INFO] [stdout]           rust-lld: error: undefined symbol: cudaStreamSynchronize
[INFO] [stdout]           >>> referenced by stream.rs:926 (src/stream.rs:926)
[INFO] [stdout]           >>>               singe_cuda-ed90e7b3118c65ce.singe_cuda.a91e1cfdb284d6c0-cgu.03.rcgu.o:(<singe_cuda::stream::Stream>::destroy_handle::{closure#0}) in archive /opt/rustwide/target/debug/deps/libsinge_cuda-ed90e7b3118c65ce.rlib
[INFO] [stdout]           
[INFO] [stdout]           rust-lld: error: undefined symbol: cudaStreamDestroy
[INFO] [stdout]           >>> referenced by stream.rs:927 (src/stream.rs:927)
[INFO] [stdout]           >>>               singe_cuda-ed90e7b3118c65ce.singe_cuda.a91e1cfdb284d6c0-cgu.03.rcgu.o:(<singe_cuda::stream::Stream>::destroy_handle) in archive /opt/rustwide/target/debug/deps/libsinge_cuda-ed90e7b3118c65ce.rlib
[INFO] [stdout]           
[INFO] [stdout]           rust-lld: error: undefined symbol: cudaGetDevice
[INFO] [stdout]           >>> referenced by device.rs:448 (src/device.rs:448)
[INFO] [stdout]           >>>               singe_cuda-ed90e7b3118c65ce.singe_cuda.a91e1cfdb284d6c0-cgu.06.rcgu.o:(<singe_cuda::device::Device>::current) in archive /opt/rustwide/target/debug/deps/libsinge_cuda-ed90e7b3118c65ce.rlib
[INFO] [stdout]           
[INFO] [stdout]           rust-lld: error: undefined symbol: cudaGetErrorString
[INFO] [stdout]           >>> referenced by error.rs:343 (src/error.rs:343)
[INFO] [stdout]           >>>               singe_cuda-ed90e7b3118c65ce.singe_cuda.a91e1cfdb284d6c0-cgu.07.rcgu.o:(<singe_cuda::error::Error as core::convert::From<singe_cuda_sys::driver::cudaError_enum>>::from) in archive /opt/rustwide/target/debug/deps/libsinge_cuda-ed90e7b3118c65ce.rlib
[INFO] [stdout]           
[INFO] [stdout]           rust-lld: error: undefined symbol: cuInit
[INFO] [stdout]           >>> referenced by context.rs:101 (src/context.rs:101)
[INFO] [stdout]           >>>               singe_cuda-ed90e7b3118c65ce.singe_cuda.a91e1cfdb284d6c0-cgu.09.rcgu.o:(<singe_cuda::context::Context>::create_for_device_with_flags) in archive /opt/rustwide/target/debug/deps/libsinge_cuda-ed90e7b3118c65ce.rlib
[INFO] [stdout]           
[INFO] [stdout]           rust-lld: error: undefined symbol: cuCtxCreate_v4
[INFO] [stdout]           >>> referenced by context.rs:104 (src/context.rs:104)
[INFO] [stdout]           >>>               singe_cuda-ed90e7b3118c65ce.singe_cuda.a91e1cfdb284d6c0-cgu.09.rcgu.o:(<singe_cuda::context::Context>::create_for_device_with_flags) in archive /opt/rustwide/target/debug/deps/libsinge_cuda-ed90e7b3118c65ce.rlib
[INFO] [stdout]           
[INFO] [stdout]           rust-lld: error: too many errors emitted, stopping now (use --error-limit=0 to see all errors)
[INFO] [stdout]           collect2: error: ld returned 1 exit status
[INFO] [stdout]           
[INFO] [stdout] 
[INFO] [stdout] 
[INFO] [stderr] error: could not compile `singe-cudnn` (example "frontend_convolution_wgrad") due to 1 previous error
[INFO] [stdout] error: linking with `cc` failed: exit status: 1
[INFO] [stdout]   |
[INFO] [stdout]   = note:  "cc" "-m64" "/opt/rustwide/target/debug/examples/rustc0PR6ZA/symbols.o" "<2 object files omitted>" "-Wl,--as-needed" "-Wl,-Bstatic" "/opt/rustwide/target/debug/deps/{libsinge_cudnn-f0a9199f7b6fd737,libhex-13e08b3b00984ab7,libsha2-8f22cd85fe34ebf2,libcpufeatures-6c1f78f4142e3013,libdigest-eae7b3c46639f7f3,libconst_oid-58507ca40e062d76,libcrypto_common-32224ab3acf77d4c,libblock_buffer-e220b56d2ce316ec,libhybrid_array-745b8e9269c93837,libtypenum-8cba24ab4904c632,libbomboni_serde-b88d748af53df261,libserde_json-0b78fc7f648ee3bc,libmemchr-25f2248dc1705570,libitoa-5de11b3b23bfe572,libzmij-ef63f1da73704b4c,libsinge_cudnn_sys-5f0227d6bd4e3565,libsinge_cuda-ed90e7b3118c65ce,libbitflags-c11c4f5488569199,libhalf-5fcd82a8c29d4ae8,libcfg_if-83060ec5685761ae,libzerocopy-eb35aedb38cbd4b6,libnum_complex-7fde6cee17bf2151,libnum_traits-c2765a255388353b,libthiserror-a77deb6f2da9bbd9,libsinge_core-561bf59c6e23a8db,libserde-e9c634bbe919bade,libserde_core-2c928ee17a7447a4,libsinge_cuda_sys-0c9c8aa395d1912f,libnum_enum-64a98df1e659a46b}.rlib" "<sysroot>/lib/rustlib/x86_64-unknown-linux-gnu/lib/{libstd-*,libpanic_unwind-*,libobject-*,libmemchr-*,libaddr2line-*,libgimli-*,libcfg_if-*,librustc_demangle-*,libstd_detect-*,libhashbrown-*,librustc_std_workspace_alloc-*,libminiz_oxide-*,libadler2-*,libunwind-*,liblibc-*,librustc_std_workspace_core-*,liballoc-*,libcore-*,libcompiler_builtins-*}.rlib" "-Wl,-Bdynamic" "-lgcc_s" "-lutil" "-lrt" "-lpthread" "-lm" "-ldl" "-lc" "-L" "/opt/rustwide/target/debug/examples/rustc0PR6ZA/raw-dylibs" "-B<sysroot>/lib/rustlib/x86_64-unknown-linux-gnu/bin/gcc-ld" "-fuse-ld=lld" "-Wl,--eh-frame-hdr" "-Wl,-z,noexecstack" "-L" "<sysroot>/lib/rustlib/x86_64-unknown-linux-gnu/lib" "-o" "/opt/rustwide/target/debug/examples/frontend_fp8_sdpa_backward_current_scaling-e52ed7983d203e9e" "-Wl,--gc-sections" "-pie" "-Wl,-z,relro,-z,now" "-nodefaultlibs"
[INFO] [stdout]   = note: some arguments are omitted. use `--verbose` to show all linker arguments
[INFO] [stdout]   = note: rust-lld: error: undefined symbol: cudnnSetStream
[INFO] [stdout]           >>> referenced by context.rs:157 (src/context.rs:157)
[INFO] [stdout]           >>>               singe_cudnn-f0a9199f7b6fd737.singe_cudnn.8cd7bbdd1e488e2c-cgu.06.rcgu.o:(<singe_cudnn::context::Context>::set_stream) in archive /opt/rustwide/target/debug/deps/libsinge_cudnn-f0a9199f7b6fd737.rlib
[INFO] [stdout]           >>> referenced by context.rs:108 (src/context.rs:108)
[INFO] [stdout]           >>>               singe_cudnn-f0a9199f7b6fd737.singe_cudnn.8cd7bbdd1e488e2c-cgu.06.rcgu.o:(<singe_cudnn::context::Context>::set_stream_checked) in archive /opt/rustwide/target/debug/deps/libsinge_cudnn-f0a9199f7b6fd737.rlib
[INFO] [stdout]           
[INFO] [stdout]           rust-lld: error: undefined symbol: cudnnCreate
[INFO] [stdout]           >>> referenced by context.rs:58 (src/context.rs:58)
[INFO] [stdout]           >>>               singe_cudnn-f0a9199f7b6fd737.singe_cudnn.8cd7bbdd1e488e2c-cgu.06.rcgu.o:(<singe_cudnn::context::Context>::create) in archive /opt/rustwide/target/debug/deps/libsinge_cudnn-f0a9199f7b6fd737.rlib
[INFO] [stdout]           
[INFO] [stdout]           rust-lld: error: undefined symbol: cudnnDestroy
[INFO] [stdout]           >>> referenced by context.rs:195 (src/context.rs:195)
[INFO] [stdout]           >>>               singe_cudnn-f0a9199f7b6fd737.singe_cudnn.8cd7bbdd1e488e2c-cgu.06.rcgu.o:(<singe_cudnn::context::Handle as core::ops::drop::Drop>::drop) in archive /opt/rustwide/target/debug/deps/libsinge_cudnn-f0a9199f7b6fd737.rlib
[INFO] [stdout]           
[INFO] [stdout]           rust-lld: error: undefined symbol: cudnnBackendGetAttribute
[INFO] [stdout]           >>> referenced by attributes.rs:382 (src/descriptor/attributes.rs:382)
[INFO] [stdout]           >>>               singe_cudnn-f0a9199f7b6fd737.singe_cudnn.8cd7bbdd1e488e2c-cgu.09.rcgu.o:(<singe_cudnn::descriptor::BackendDescriptor>::attribute_enum_slice::<singe_cudnn::knob::BackendKnobType>) in archive /opt/rustwide/target/debug/deps/libsinge_cudnn-f0a9199f7b6fd737.rlib
[INFO] [stdout]           >>> referenced by attributes.rs:382 (src/descriptor/attributes.rs:382)
[INFO] [stdout]           >>>               singe_cudnn-f0a9199f7b6fd737.singe_cudnn.8cd7bbdd1e488e2c-cgu.09.rcgu.o:(<singe_cudnn::descriptor::BackendDescriptor>::attribute_enum_slice::<singe_cudnn::behavior::BackendBehaviorNote>) in archive /opt/rustwide/target/debug/deps/libsinge_cudnn-f0a9199f7b6fd737.rlib
[INFO] [stdout]           >>> referenced by attributes.rs:382 (src/descriptor/attributes.rs:382)
[INFO] [stdout]           >>>               singe_cudnn-f0a9199f7b6fd737.singe_cudnn.8cd7bbdd1e488e2c-cgu.09.rcgu.o:(<singe_cudnn::descriptor::BackendDescriptor>::attribute_enum_slice::<singe_cudnn::behavior::BackendNumericalNote>) in archive /opt/rustwide/target/debug/deps/libsinge_cudnn-f0a9199f7b6fd737.rlib
[INFO] [stdout]           >>> referenced 8 more times
[INFO] [stdout]           
[INFO] [stdout]           rust-lld: error: undefined symbol: cudnnGetCudartVersion
[INFO] [stdout]           >>> referenced by lib.rs:203 (src/lib.rs:203)
[INFO] [stdout]           >>>               singe_cudnn-f0a9199f7b6fd737.singe_cudnn.8cd7bbdd1e488e2c-cgu.09.rcgu.o:(singe_cudnn::cudart_version) in archive /opt/rustwide/target/debug/deps/libsinge_cudnn-f0a9199f7b6fd737.rlib
[INFO] [stdout]           
[INFO] [stdout]           rust-lld: error: undefined symbol: cudnnGetVersion
[INFO] [stdout]           >>> referenced by lib.rs:192 (src/lib.rs:192)
[INFO] [stdout]           >>>               singe_cudnn-f0a9199f7b6fd737.singe_cudnn.8cd7bbdd1e488e2c-cgu.09.rcgu.o:(singe_cudnn::version) in archive /opt/rustwide/target/debug/deps/libsinge_cudnn-f0a9199f7b6fd737.rlib
[INFO] [stdout]           
[INFO] [stdout]           rust-lld: error: undefined symbol: cudnnBackendSetAttribute
[INFO] [stdout]           >>> referenced by descriptor.rs:309 (src/descriptor.rs:309)
[INFO] [stdout]           >>>               singe_cudnn-f0a9199f7b6fd737.singe_cudnn.8cd7bbdd1e488e2c-cgu.09.rcgu.o:(<singe_cudnn::descriptor::BackendDescriptor>::set_attribute_raw) in archive /opt/rustwide/target/debug/deps/libsinge_cudnn-f0a9199f7b6fd737.rlib
[INFO] [stdout]           
[INFO] [stdout]           rust-lld: error: undefined symbol: cudnnBackendCreateDescriptor
[INFO] [stdout]           >>> referenced by descriptor.rs:170 (src/descriptor.rs:170)
[INFO] [stdout]           >>>               singe_cudnn-f0a9199f7b6fd737.singe_cudnn.8cd7bbdd1e488e2c-cgu.09.rcgu.o:(<singe_cudnn::descriptor::BackendDescriptor>::create) in archive /opt/rustwide/target/debug/deps/libsinge_cudnn-f0a9199f7b6fd737.rlib
[INFO] [stdout]           
[INFO] [stdout]           rust-lld: error: undefined symbol: cudnnBackendFinalize
[INFO] [stdout]           >>> referenced by descriptor.rs:273 (src/descriptor.rs:273)
[INFO] [stdout]           >>>               singe_cudnn-f0a9199f7b6fd737.singe_cudnn.8cd7bbdd1e488e2c-cgu.09.rcgu.o:(<singe_cudnn::descriptor::BackendDescriptor>::finalize) in archive /opt/rustwide/target/debug/deps/libsinge_cudnn-f0a9199f7b6fd737.rlib
[INFO] [stdout]           
[INFO] [stdout]           rust-lld: error: undefined symbol: cudnnBackendDestroyDescriptor
[INFO] [stdout]           >>> referenced by descriptor.rs:420 (src/descriptor.rs:420)
[INFO] [stdout]           >>>               singe_cudnn-f0a9199f7b6fd737.singe_cudnn.8cd7bbdd1e488e2c-cgu.09.rcgu.o:(<singe_cudnn::descriptor::BackendDescriptor as core::ops::drop::Drop>::drop) in archive /opt/rustwide/target/debug/deps/libsinge_cudnn-f0a9199f7b6fd737.rlib
[INFO] [stdout]           
[INFO] [stdout]           rust-lld: error: undefined symbol: cudnnGetErrorString
[INFO] [stdout]           >>> referenced by error.rs:131 (src/error.rs:131)
[INFO] [stdout]           >>>               singe_cudnn-f0a9199f7b6fd737.singe_cudnn.8cd7bbdd1e488e2c-cgu.15.rcgu.o:(singe_cudnn::error::cudnn_error_string) in archive /opt/rustwide/target/debug/deps/libsinge_cudnn-f0a9199f7b6fd737.rlib
[INFO] [stdout]           
[INFO] [stdout]           rust-lld: error: undefined symbol: cudaStreamSynchronize
[INFO] [stdout]           >>> referenced by stream.rs:926 (src/stream.rs:926)
[INFO] [stdout]           >>>               singe_cuda-ed90e7b3118c65ce.singe_cuda.a91e1cfdb284d6c0-cgu.03.rcgu.o:(<singe_cuda::stream::Stream>::destroy_handle::{closure#0}) in archive /opt/rustwide/target/debug/deps/libsinge_cuda-ed90e7b3118c65ce.rlib
[INFO] [stdout]           
[INFO] [stdout]           rust-lld: error: undefined symbol: cudaStreamDestroy
[INFO] [stdout]           >>> referenced by stream.rs:927 (src/stream.rs:927)
[INFO] [stdout]           >>>               singe_cuda-ed90e7b3118c65ce.singe_cuda.a91e1cfdb284d6c0-cgu.03.rcgu.o:(<singe_cuda::stream::Stream>::destroy_handle) in archive /opt/rustwide/target/debug/deps/libsinge_cuda-ed90e7b3118c65ce.rlib
[INFO] [stdout]           
[INFO] [stdout]           rust-lld: error: undefined symbol: cudaGetDeviceProperties
[INFO] [stdout]           >>> referenced by device.rs:751 (src/device.rs:751)
[INFO] [stdout]           >>>               singe_cuda-ed90e7b3118c65ce.singe_cuda.a91e1cfdb284d6c0-cgu.06.rcgu.o:(<singe_cuda::device::Device>::properties) in archive /opt/rustwide/target/debug/deps/libsinge_cuda-ed90e7b3118c65ce.rlib
[INFO] [stdout]           
[INFO] [stdout]           rust-lld: error: undefined symbol: cudaGetDevice
[INFO] [stdout]           >>> referenced by device.rs:448 (src/device.rs:448)
[INFO] [stdout]           >>>               singe_cuda-ed90e7b3118c65ce.singe_cuda.a91e1cfdb284d6c0-cgu.06.rcgu.o:(<singe_cuda::device::Device>::current) in archive /opt/rustwide/target/debug/deps/libsinge_cuda-ed90e7b3118c65ce.rlib
[INFO] [stdout]           
[INFO] [stdout]           rust-lld: error: undefined symbol: cudaGetErrorString
[INFO] [stdout]           >>> referenced by error.rs:343 (src/error.rs:343)
[INFO] [stdout]           >>>               singe_cuda-ed90e7b3118c65ce.singe_cuda.a91e1cfdb284d6c0-cgu.07.rcgu.o:(<singe_cuda::error::Error as core::convert::From<singe_cuda_sys::driver::cudaError_enum>>::from) in archive /opt/rustwide/target/debug/deps/libsinge_cuda-ed90e7b3118c65ce.rlib
[INFO] [stdout]           
[INFO] [stdout]           rust-lld: error: undefined symbol: cuInit
[INFO] [stdout]           >>> referenced by context.rs:101 (src/context.rs:101)
[INFO] [stdout]           >>>               singe_cuda-ed90e7b3118c65ce.singe_cuda.a91e1cfdb284d6c0-cgu.09.rcgu.o:(<singe_cuda::context::Context>::create_for_device_with_flags) in archive /opt/rustwide/target/debug/deps/libsinge_cuda-ed90e7b3118c65ce.rlib
[INFO] [stdout]           
[INFO] [stdout]           rust-lld: error: undefined symbol: cuCtxCreate_v4
[INFO] [stdout]           >>> referenced by context.rs:104 (src/context.rs:104)
[INFO] [stdout]           >>>               singe_cuda-ed90e7b3118c65ce.singe_cuda.a91e1cfdb284d6c0-cgu.09.rcgu.o:(<singe_cuda::context::Context>::create_for_device_with_flags) in archive /opt/rustwide/target/debug/deps/libsinge_cuda-ed90e7b3118c65ce.rlib
[INFO] [stdout]           
[INFO] [stdout]           rust-lld: error: undefined symbol: cuCtxGetCurrent
[INFO] [stdout]           >>> referenced by context.rs:160 (src/context.rs:160)
[INFO] [stdout]           >>>               singe_cuda-ed90e7b3118c65ce.singe_cuda.a91e1cfdb284d6c0-cgu.09.rcgu.o:(<singe_cuda::context::Context>::bind) in archive /opt/rustwide/target/debug/deps/libsinge_cuda-ed90e7b3118c65ce.rlib
[INFO] [stdout]           
[INFO] [stdout]           rust-lld: error: undefined symbol: cuCtxSetCurrent
[INFO] [stdout]           >>> referenced by context.rs:164 (src/context.rs:164)
[INFO] [stdout]           >>>               singe_cuda-ed90e7b3118c65ce.singe_cuda.a91e1cfdb284d6c0-cgu.09.rcgu.o:(<singe_cuda::context::Context>::bind) in archive /opt/rustwide/target/debug/deps/libsinge_cuda-ed90e7b3118c65ce.rlib
[INFO] [stdout]           
[INFO] [stdout]           rust-lld: error: too many errors emitted, stopping now (use --error-limit=0 to see all errors)
[INFO] [stdout]           collect2: error: ld returned 1 exit status
[INFO] [stdout]           
[INFO] [stdout] 
[INFO] [stdout] 
[INFO] [stderr] error: could not compile `singe-cudnn` (example "frontend_fp8_sdpa_backward_current_scaling") due to 1 previous error
[INFO] [stdout] error: linking with `cc` failed: exit status: 1
[INFO] [stdout]   |
[INFO] [stdout]   = note:  "cc" "-m64" "/opt/rustwide/target/debug/examples/rustc1LndoD/symbols.o" "<4 object files omitted>" "-Wl,--as-needed" "-Wl,-Bstatic" "/opt/rustwide/target/debug/deps/{libsinge_cudnn-f0a9199f7b6fd737,libhex-13e08b3b00984ab7,libsha2-8f22cd85fe34ebf2,libcpufeatures-6c1f78f4142e3013,libdigest-eae7b3c46639f7f3,libconst_oid-58507ca40e062d76,libcrypto_common-32224ab3acf77d4c,libblock_buffer-e220b56d2ce316ec,libhybrid_array-745b8e9269c93837,libtypenum-8cba24ab4904c632,libbomboni_serde-b88d748af53df261,libserde_json-0b78fc7f648ee3bc,libmemchr-25f2248dc1705570,libitoa-5de11b3b23bfe572,libzmij-ef63f1da73704b4c,libsinge_cudnn_sys-5f0227d6bd4e3565,libsinge_cuda-ed90e7b3118c65ce,libbitflags-c11c4f5488569199,libhalf-5fcd82a8c29d4ae8,libcfg_if-83060ec5685761ae,libzerocopy-eb35aedb38cbd4b6,libnum_complex-7fde6cee17bf2151,libnum_traits-c2765a255388353b,libthiserror-a77deb6f2da9bbd9,libsinge_core-561bf59c6e23a8db,libserde-e9c634bbe919bade,libserde_core-2c928ee17a7447a4,libsinge_cuda_sys-0c9c8aa395d1912f,libnum_enum-64a98df1e659a46b}.rlib" "<sysroot>/lib/rustlib/x86_64-unknown-linux-gnu/lib/{libstd-*,libpanic_unwind-*,libobject-*,libmemchr-*,libaddr2line-*,libgimli-*,libcfg_if-*,librustc_demangle-*,libstd_detect-*,libhashbrown-*,librustc_std_workspace_alloc-*,libminiz_oxide-*,libadler2-*,libunwind-*,liblibc-*,librustc_std_workspace_core-*,liballoc-*,libcore-*,libcompiler_builtins-*}.rlib" "-Wl,-Bdynamic" "-lgcc_s" "-lutil" "-lrt" "-lpthread" "-lm" "-ldl" "-lc" "-L" "/opt/rustwide/target/debug/examples/rustc1LndoD/raw-dylibs" "-B<sysroot>/lib/rustlib/x86_64-unknown-linux-gnu/bin/gcc-ld" "-fuse-ld=lld" "-Wl,--eh-frame-hdr" "-Wl,-z,noexecstack" "-L" "<sysroot>/lib/rustlib/x86_64-unknown-linux-gnu/lib" "-o" "/opt/rustwide/target/debug/examples/frontend_fp16_sdpa_flexible_graphs-17300a6355057431" "-Wl,--gc-sections" "-pie" "-Wl,-z,relro,-z,now" "-nodefaultlibs"
[INFO] [stdout]   = note: some arguments are omitted. use `--verbose` to show all linker arguments
[INFO] [stdout]   = note: rust-lld: error: undefined symbol: cudaMemset
[INFO] [stdout]           >>> referenced by memory.rs:797 (/opt/rustwide/cargo-home/registry/src/index.crates.io-1949cf8c6b5b557f/singe-cuda-0.1.0-alpha.9/src/memory.rs:797)
[INFO] [stdout]           >>>               /opt/rustwide/target/debug/examples/frontend_fp16_sdpa_flexible_graphs-17300a6355057431.frontend_fp16_sdpa_flexible_graphs.50034be6361e04dc-cgu.1.rcgu.o:(<singe_cuda::memory::DeviceMemory<half::binary16::f16>>::set)
[INFO] [stdout]           >>> referenced by memory.rs:797 (/opt/rustwide/cargo-home/registry/src/index.crates.io-1949cf8c6b5b557f/singe-cuda-0.1.0-alpha.9/src/memory.rs:797)
[INFO] [stdout]           >>>               /opt/rustwide/target/debug/examples/frontend_fp16_sdpa_flexible_graphs-17300a6355057431.frontend_fp16_sdpa_flexible_graphs.50034be6361e04dc-cgu.1.rcgu.o:(<singe_cuda::memory::DeviceMemory<f32>>::set)
[INFO] [stdout]           
[INFO] [stdout]           rust-lld: error: undefined symbol: cudaMemcpy
[INFO] [stdout]           >>> referenced by memory.rs:765 (/opt/rustwide/cargo-home/registry/src/index.crates.io-1949cf8c6b5b557f/singe-cuda-0.1.0-alpha.9/src/memory.rs:765)
[INFO] [stdout]           >>>               /opt/rustwide/target/debug/examples/frontend_fp16_sdpa_flexible_graphs-17300a6355057431.frontend_fp16_sdpa_flexible_graphs.50034be6361e04dc-cgu.1.rcgu.o:(<singe_cuda::memory::DeviceMemory<half::binary16::f16>>::copy)
[INFO] [stdout]           >>> referenced by memory.rs:765 (/opt/rustwide/cargo-home/registry/src/index.crates.io-1949cf8c6b5b557f/singe-cuda-0.1.0-alpha.9/src/memory.rs:765)
[INFO] [stdout]           >>>               /opt/rustwide/target/debug/examples/frontend_fp16_sdpa_flexible_graphs-17300a6355057431.frontend_fp16_sdpa_flexible_graphs.50034be6361e04dc-cgu.1.rcgu.o:(<singe_cuda::memory::DeviceMemory<f32>>::copy)
[INFO] [stdout]           
[INFO] [stdout]           rust-lld: error: undefined symbol: cudaFree
[INFO] [stdout]           >>> referenced by memory.rs:728 (/opt/rustwide/cargo-home/registry/src/index.crates.io-1949cf8c6b5b557f/singe-cuda-0.1.0-alpha.9/src/memory.rs:728)
[INFO] [stdout]           >>>               /opt/rustwide/target/debug/examples/frontend_fp16_sdpa_flexible_graphs-17300a6355057431.frontend_fp16_sdpa_flexible_graphs.50034be6361e04dc-cgu.1.rcgu.o:(<singe_cuda::memory::DeviceMemory<half::binary16::f16>>::free)
[INFO] [stdout]           >>> referenced by memory.rs:728 (/opt/rustwide/cargo-home/registry/src/index.crates.io-1949cf8c6b5b557f/singe-cuda-0.1.0-alpha.9/src/memory.rs:728)
[INFO] [stdout]           >>>               /opt/rustwide/target/debug/examples/frontend_fp16_sdpa_flexible_graphs-17300a6355057431.frontend_fp16_sdpa_flexible_graphs.50034be6361e04dc-cgu.1.rcgu.o:(<singe_cuda::memory::DeviceMemory<f32>>::free)
[INFO] [stdout]           >>> referenced by memory.rs:728 (/opt/rustwide/cargo-home/registry/src/index.crates.io-1949cf8c6b5b557f/singe-cuda-0.1.0-alpha.9/src/memory.rs:728)
[INFO] [stdout]           >>>               singe_cudnn-f0a9199f7b6fd737.singe_cudnn.8cd7bbdd1e488e2c-cgu.09.rcgu.o:(<singe_cuda::memory::DeviceMemory<u8>>::free) in archive /opt/rustwide/target/debug/deps/libsinge_cudnn-f0a9199f7b6fd737.rlib
[INFO] [stdout]           
[INFO] [stdout]           rust-lld: error: undefined symbol: cudaMalloc
[INFO] [stdout]           >>> referenced by memory.rs:680 (/opt/rustwide/cargo-home/registry/src/index.crates.io-1949cf8c6b5b557f/singe-cuda-0.1.0-alpha.9/src/memory.rs:680)
[INFO] [stdout]           >>>               /opt/rustwide/target/debug/examples/frontend_fp16_sdpa_flexible_graphs-17300a6355057431.frontend_fp16_sdpa_flexible_graphs.50034be6361e04dc-cgu.1.rcgu.o:(<singe_cuda::memory::DeviceMemory<half::binary16::f16>>::alloc)
[INFO] [stdout]           >>> referenced by memory.rs:680 (/opt/rustwide/cargo-home/registry/src/index.crates.io-1949cf8c6b5b557f/singe-cuda-0.1.0-alpha.9/src/memory.rs:680)
[INFO] [stdout]           >>>               /opt/rustwide/target/debug/examples/frontend_fp16_sdpa_flexible_graphs-17300a6355057431.frontend_fp16_sdpa_flexible_graphs.50034be6361e04dc-cgu.1.rcgu.o:(<singe_cuda::memory::DeviceMemory<f32>>::alloc)
[INFO] [stdout]           >>> referenced by memory.rs:680 (/opt/rustwide/cargo-home/registry/src/index.crates.io-1949cf8c6b5b557f/singe-cuda-0.1.0-alpha.9/src/memory.rs:680)
[INFO] [stdout]           >>>               singe_cudnn-f0a9199f7b6fd737.singe_cudnn.8cd7bbdd1e488e2c-cgu.09.rcgu.o:(<singe_cuda::memory::DeviceMemory<u8>>::alloc) in archive /opt/rustwide/target/debug/deps/libsinge_cudnn-f0a9199f7b6fd737.rlib
[INFO] [stdout]           
[INFO] [stdout]           rust-lld: error: undefined symbol: cudnnSetStream
[INFO] [stdout]           >>> referenced by context.rs:157 (src/context.rs:157)
[INFO] [stdout]           >>>               singe_cudnn-f0a9199f7b6fd737.singe_cudnn.8cd7bbdd1e488e2c-cgu.06.rcgu.o:(<singe_cudnn::context::Context>::set_stream) in archive /opt/rustwide/target/debug/deps/libsinge_cudnn-f0a9199f7b6fd737.rlib
[INFO] [stdout]           >>> referenced by context.rs:108 (src/context.rs:108)
[INFO] [stdout]           >>>               singe_cudnn-f0a9199f7b6fd737.singe_cudnn.8cd7bbdd1e488e2c-cgu.06.rcgu.o:(<singe_cudnn::context::Context>::set_stream_checked) in archive /opt/rustwide/target/debug/deps/libsinge_cudnn-f0a9199f7b6fd737.rlib
[INFO] [stdout]           
[INFO] [stdout]           rust-lld: error: undefined symbol: cudnnCreate
[INFO] [stdout]           >>> referenced by context.rs:58 (src/context.rs:58)
[INFO] [stdout]           >>>               singe_cudnn-f0a9199f7b6fd737.singe_cudnn.8cd7bbdd1e488e2c-cgu.06.rcgu.o:(<singe_cudnn::context::Context>::create) in archive /opt/rustwide/target/debug/deps/libsinge_cudnn-f0a9199f7b6fd737.rlib
[INFO] [stdout]           
[INFO] [stdout]           rust-lld: error: undefined symbol: cudnnDestroy
[INFO] [stdout]           >>> referenced by context.rs:195 (src/context.rs:195)
[INFO] [stdout]           >>>               singe_cudnn-f0a9199f7b6fd737.singe_cudnn.8cd7bbdd1e488e2c-cgu.06.rcgu.o:(<singe_cudnn::context::Handle as core::ops::drop::Drop>::drop) in archive /opt/rustwide/target/debug/deps/libsinge_cudnn-f0a9199f7b6fd737.rlib
[INFO] [stdout]           
[INFO] [stdout]           rust-lld: error: undefined symbol: cudnnBackendGetAttribute
[INFO] [stdout]           >>> referenced by attributes.rs:382 (src/descriptor/attributes.rs:382)
[INFO] [stdout]           >>>               singe_cudnn-f0a9199f7b6fd737.singe_cudnn.8cd7bbdd1e488e2c-cgu.09.rcgu.o:(<singe_cudnn::descriptor::BackendDescriptor>::attribute_enum_slice::<singe_cudnn::knob::BackendKnobType>) in archive /opt/rustwide/target/debug/deps/libsinge_cudnn-f0a9199f7b6fd737.rlib
[INFO] [stdout]           >>> referenced by attributes.rs:382 (src/descriptor/attributes.rs:382)
[INFO] [stdout]           >>>               singe_cudnn-f0a9199f7b6fd737.singe_cudnn.8cd7bbdd1e488e2c-cgu.09.rcgu.o:(<singe_cudnn::descriptor::BackendDescriptor>::attribute_enum_slice::<singe_cudnn::behavior::BackendBehaviorNote>) in archive /opt/rustwide/target/debug/deps/libsinge_cudnn-f0a9199f7b6fd737.rlib
[INFO] [stdout]           >>> referenced by attributes.rs:382 (src/descriptor/attributes.rs:382)
[INFO] [stdout]           >>>               singe_cudnn-f0a9199f7b6fd737.singe_cudnn.8cd7bbdd1e488e2c-cgu.09.rcgu.o:(<singe_cudnn::descriptor::BackendDescriptor>::attribute_enum_slice::<singe_cudnn::behavior::BackendNumericalNote>) in archive /opt/rustwide/target/debug/deps/libsinge_cudnn-f0a9199f7b6fd737.rlib
[INFO] [stdout]           >>> referenced 8 more times
[INFO] [stdout]           
[INFO] [stdout]           rust-lld: error: undefined symbol: cudnnGetVersion
[INFO] [stdout]           >>> referenced by lib.rs:192 (src/lib.rs:192)
[INFO] [stdout]           >>>               singe_cudnn-f0a9199f7b6fd737.singe_cudnn.8cd7bbdd1e488e2c-cgu.09.rcgu.o:(singe_cudnn::version) in archive /opt/rustwide/target/debug/deps/libsinge_cudnn-f0a9199f7b6fd737.rlib
[INFO] [stdout]           
[INFO] [stdout]           rust-lld: error: undefined symbol: cudnnBackendSetAttribute
[INFO] [stdout]           >>> referenced by descriptor.rs:309 (src/descriptor.rs:309)
[INFO] [stdout]           >>>               singe_cudnn-f0a9199f7b6fd737.singe_cudnn.8cd7bbdd1e488e2c-cgu.09.rcgu.o:(<singe_cudnn::descriptor::BackendDescriptor>::set_attribute_raw) in archive /opt/rustwide/target/debug/deps/libsinge_cudnn-f0a9199f7b6fd737.rlib
[INFO] [stdout]           
[INFO] [stdout]           rust-lld: error: undefined symbol: cudnnBackendCreateDescriptor
[INFO] [stdout]           >>> referenced by descriptor.rs:170 (src/descriptor.rs:170)
[INFO] [stdout]           >>>               singe_cudnn-f0a9199f7b6fd737.singe_cudnn.8cd7bbdd1e488e2c-cgu.09.rcgu.o:(<singe_cudnn::descriptor::BackendDescriptor>::create) in archive /opt/rustwide/target/debug/deps/libsinge_cudnn-f0a9199f7b6fd737.rlib
[INFO] [stdout]           
[INFO] [stdout]           rust-lld: error: undefined symbol: cudnnBackendFinalize
[INFO] [stdout]           >>> referenced by descriptor.rs:273 (src/descriptor.rs:273)
[INFO] [stdout]           >>>               singe_cudnn-f0a9199f7b6fd737.singe_cudnn.8cd7bbdd1e488e2c-cgu.09.rcgu.o:(<singe_cudnn::descriptor::BackendDescriptor>::finalize) in archive /opt/rustwide/target/debug/deps/libsinge_cudnn-f0a9199f7b6fd737.rlib
[INFO] [stdout]           
[INFO] [stdout]           rust-lld: error: undefined symbol: cudnnBackendExecute
[INFO] [stdout]           >>> referenced by descriptor.rs:451 (src/descriptor.rs:451)
[INFO] [stdout]           >>>               singe_cudnn-f0a9199f7b6fd737.singe_cudnn.8cd7bbdd1e488e2c-cgu.09.rcgu.o:(singe_cudnn::descriptor::backend_execute) in archive /opt/rustwide/target/debug/deps/libsinge_cudnn-f0a9199f7b6fd737.rlib
[INFO] [stdout]           
[INFO] [stdout]           rust-lld: error: undefined symbol: cudnnBackendDestroyDescriptor
[INFO] [stdout]           >>> referenced by descriptor.rs:420 (src/descriptor.rs:420)
[INFO] [stdout]           >>>               singe_cudnn-f0a9199f7b6fd737.singe_cudnn.8cd7bbdd1e488e2c-cgu.09.rcgu.o:(<singe_cudnn::descriptor::BackendDescriptor as core::ops::drop::Drop>::drop) in archive /opt/rustwide/target/debug/deps/libsinge_cudnn-f0a9199f7b6fd737.rlib
[INFO] [stdout]           
[INFO] [stdout]           rust-lld: error: undefined symbol: cudnnGetErrorString
[INFO] [stdout]           >>> referenced by error.rs:131 (src/error.rs:131)
[INFO] [stdout]           >>>               singe_cudnn-f0a9199f7b6fd737.singe_cudnn.8cd7bbdd1e488e2c-cgu.15.rcgu.o:(singe_cudnn::error::cudnn_error_string) in archive /opt/rustwide/target/debug/deps/libsinge_cudnn-f0a9199f7b6fd737.rlib
[INFO] [stdout]           
[INFO] [stdout]           rust-lld: error: undefined symbol: cudaStreamSynchronize
[INFO] [stdout]           >>> referenced by stream.rs:926 (src/stream.rs:926)
[INFO] [stdout]           >>>               singe_cuda-ed90e7b3118c65ce.singe_cuda.a91e1cfdb284d6c0-cgu.03.rcgu.o:(<singe_cuda::stream::Stream>::destroy_handle::{closure#0}) in archive /opt/rustwide/target/debug/deps/libsinge_cuda-ed90e7b3118c65ce.rlib
[INFO] [stdout]           
[INFO] [stdout]           rust-lld: error: undefined symbol: cudaStreamDestroy
[INFO] [stdout]           >>> referenced by stream.rs:927 (src/stream.rs:927)
[INFO] [stdout]           >>>               singe_cuda-ed90e7b3118c65ce.singe_cuda.a91e1cfdb284d6c0-cgu.03.rcgu.o:(<singe_cuda::stream::Stream>::destroy_handle) in archive /opt/rustwide/target/debug/deps/libsinge_cuda-ed90e7b3118c65ce.rlib
[INFO] [stdout]           
[INFO] [stdout]           rust-lld: error: undefined symbol: cudaGetDevice
[INFO] [stdout]           >>> referenced by device.rs:448 (src/device.rs:448)
[INFO] [stdout]           >>>               singe_cuda-ed90e7b3118c65ce.singe_cuda.a91e1cfdb284d6c0-cgu.06.rcgu.o:(<singe_cuda::device::Device>::current) in archive /opt/rustwide/target/debug/deps/libsinge_cuda-ed90e7b3118c65ce.rlib
[INFO] [stdout]           
[INFO] [stdout]           rust-lld: error: undefined symbol: cudaGetErrorString
[INFO] [stdout]           >>> referenced by error.rs:343 (src/error.rs:343)
[INFO] [stdout]           >>>               singe_cuda-ed90e7b3118c65ce.singe_cuda.a91e1cfdb284d6c0-cgu.07.rcgu.o:(<singe_cuda::error::Error as core::convert::From<singe_cuda_sys::driver::cudaError_enum>>::from) in archive /opt/rustwide/target/debug/deps/libsinge_cuda-ed90e7b3118c65ce.rlib
[INFO] [stdout]           
[INFO] [stdout]           rust-lld: error: undefined symbol: cuInit
[INFO] [stdout]           >>> referenced by context.rs:101 (src/context.rs:101)
[INFO] [stdout]           >>>               singe_cuda-ed90e7b3118c65ce.singe_cuda.a91e1cfdb284d6c0-cgu.09.rcgu.o:(<singe_cuda::context::Context>::create_for_device_with_flags) in archive /opt/rustwide/target/debug/deps/libsinge_cuda-ed90e7b3118c65ce.rlib
[INFO] [stdout]           
[INFO] [stdout]           rust-lld: error: too many errors emitted, stopping now (use --error-limit=0 to see all errors)
[INFO] [stdout]           collect2: error: ld returned 1 exit status
[INFO] [stdout]           
[INFO] [stdout] 
[INFO] [stdout] 
[INFO] [stderr] error: could not compile `singe-cudnn` (example "frontend_fp16_sdpa_flexible_graphs") due to 1 previous error
[INFO] [stdout] error: linking with `cc` failed: exit status: 1
[INFO] [stdout]   |
[INFO] [stdout]   = note:  "cc" "-m64" "/opt/rustwide/target/debug/examples/rustcWppFDN/symbols.o" "<3 object files omitted>" "-Wl,--as-needed" "-Wl,-Bstatic" "/opt/rustwide/target/debug/deps/{libsinge_cudnn-f0a9199f7b6fd737,libhex-13e08b3b00984ab7,libsha2-8f22cd85fe34ebf2,libcpufeatures-6c1f78f4142e3013,libdigest-eae7b3c46639f7f3,libconst_oid-58507ca40e062d76,libcrypto_common-32224ab3acf77d4c,libblock_buffer-e220b56d2ce316ec,libhybrid_array-745b8e9269c93837,libtypenum-8cba24ab4904c632,libbomboni_serde-b88d748af53df261,libserde_json-0b78fc7f648ee3bc,libmemchr-25f2248dc1705570,libitoa-5de11b3b23bfe572,libzmij-ef63f1da73704b4c,libsinge_cudnn_sys-5f0227d6bd4e3565,libsinge_cuda-ed90e7b3118c65ce,libbitflags-c11c4f5488569199,libhalf-5fcd82a8c29d4ae8,libcfg_if-83060ec5685761ae,libzerocopy-eb35aedb38cbd4b6,libnum_complex-7fde6cee17bf2151,libnum_traits-c2765a255388353b,libthiserror-a77deb6f2da9bbd9,libsinge_core-561bf59c6e23a8db,libserde-e9c634bbe919bade,libserde_core-2c928ee17a7447a4,libsinge_cuda_sys-0c9c8aa395d1912f,libnum_enum-64a98df1e659a46b}.rlib" "<sysroot>/lib/rustlib/x86_64-unknown-linux-gnu/lib/{libstd-*,libpanic_unwind-*,libobject-*,libmemchr-*,libaddr2line-*,libgimli-*,libcfg_if-*,librustc_demangle-*,libstd_detect-*,libhashbrown-*,librustc_std_workspace_alloc-*,libminiz_oxide-*,libadler2-*,libunwind-*,liblibc-*,librustc_std_workspace_core-*,liballoc-*,libcore-*,libcompiler_builtins-*}.rlib" "-Wl,-Bdynamic" "-lgcc_s" "-lutil" "-lrt" "-lpthread" "-lm" "-ldl" "-lc" "-L" "/opt/rustwide/target/debug/examples/rustcWppFDN/raw-dylibs" "-B<sysroot>/lib/rustlib/x86_64-unknown-linux-gnu/bin/gcc-ld" "-fuse-ld=lld" "-Wl,--eh-frame-hdr" "-Wl,-z,noexecstack" "-L" "<sysroot>/lib/rustlib/x86_64-unknown-linux-gnu/lib" "-o" "/opt/rustwide/target/debug/examples/frontend_layer_norm_zero_centered_gamma-0cca2868943d6307" "-Wl,--gc-sections" "-pie" "-Wl,-z,relro,-z,now" "-nodefaultlibs"
[INFO] [stdout]   = note: some arguments are omitted. use `--verbose` to show all linker arguments
[INFO] [stdout]   = note: rust-lld: error: undefined symbol: cudaMemset
[INFO] [stdout]           >>> referenced by memory.rs:797 (/opt/rustwide/cargo-home/registry/src/index.crates.io-1949cf8c6b5b557f/singe-cuda-0.1.0-alpha.9/src/memory.rs:797)
[INFO] [stdout]           >>>               /opt/rustwide/target/debug/examples/frontend_layer_norm_zero_centered_gamma-0cca2868943d6307.frontend_layer_norm_zero_centered_gamma.5fca9f2bfd9e211-cgu.0.rcgu.o:(<singe_cuda::memory::DeviceMemory<half::binary16::f16>>::set)
[INFO] [stdout]           >>> referenced by memory.rs:797 (/opt/rustwide/cargo-home/registry/src/index.crates.io-1949cf8c6b5b557f/singe-cuda-0.1.0-alpha.9/src/memory.rs:797)
[INFO] [stdout]           >>>               /opt/rustwide/target/debug/examples/frontend_layer_norm_zero_centered_gamma-0cca2868943d6307.frontend_layer_norm_zero_centered_gamma.5fca9f2bfd9e211-cgu.0.rcgu.o:(<singe_cuda::memory::DeviceMemory<f32>>::set)
[INFO] [stdout]           
[INFO] [stdout]           rust-lld: error: undefined symbol: cudaFree
[INFO] [stdout]           >>> referenced by memory.rs:728 (/opt/rustwide/cargo-home/registry/src/index.crates.io-1949cf8c6b5b557f/singe-cuda-0.1.0-alpha.9/src/memory.rs:728)
[INFO] [stdout]           >>>               /opt/rustwide/target/debug/examples/frontend_layer_norm_zero_centered_gamma-0cca2868943d6307.frontend_layer_norm_zero_centered_gamma.5fca9f2bfd9e211-cgu.0.rcgu.o:(<singe_cuda::memory::DeviceMemory<half::binary16::f16>>::free)
[INFO] [stdout]           >>> referenced by memory.rs:728 (/opt/rustwide/cargo-home/registry/src/index.crates.io-1949cf8c6b5b557f/singe-cuda-0.1.0-alpha.9/src/memory.rs:728)
[INFO] [stdout]           >>>               /opt/rustwide/target/debug/examples/frontend_layer_norm_zero_centered_gamma-0cca2868943d6307.frontend_layer_norm_zero_centered_gamma.5fca9f2bfd9e211-cgu.0.rcgu.o:(<singe_cuda::memory::DeviceMemory<f32>>::free)
[INFO] [stdout]           >>> referenced by memory.rs:728 (/opt/rustwide/cargo-home/registry/src/index.crates.io-1949cf8c6b5b557f/singe-cuda-0.1.0-alpha.9/src/memory.rs:728)
[INFO] [stdout]           >>>               singe_cudnn-f0a9199f7b6fd737.singe_cudnn.8cd7bbdd1e488e2c-cgu.09.rcgu.o:(<singe_cuda::memory::DeviceMemory<u8>>::free) in archive /opt/rustwide/target/debug/deps/libsinge_cudnn-f0a9199f7b6fd737.rlib
[INFO] [stdout]           
[INFO] [stdout]           rust-lld: error: undefined symbol: cudaMalloc
[INFO] [stdout]           >>> referenced by memory.rs:680 (/opt/rustwide/cargo-home/registry/src/index.crates.io-1949cf8c6b5b557f/singe-cuda-0.1.0-alpha.9/src/memory.rs:680)
[INFO] [stdout]           >>>               /opt/rustwide/target/debug/examples/frontend_layer_norm_zero_centered_gamma-0cca2868943d6307.frontend_layer_norm_zero_centered_gamma.5fca9f2bfd9e211-cgu.0.rcgu.o:(<singe_cuda::memory::DeviceMemory<half::binary16::f16>>::alloc)
[INFO] [stdout]           >>> referenced by memory.rs:680 (/opt/rustwide/cargo-home/registry/src/index.crates.io-1949cf8c6b5b557f/singe-cuda-0.1.0-alpha.9/src/memory.rs:680)
[INFO] [stdout]           >>>               /opt/rustwide/target/debug/examples/frontend_layer_norm_zero_centered_gamma-0cca2868943d6307.frontend_layer_norm_zero_centered_gamma.5fca9f2bfd9e211-cgu.0.rcgu.o:(<singe_cuda::memory::DeviceMemory<f32>>::alloc)
[INFO] [stdout]           >>> referenced by memory.rs:680 (/opt/rustwide/cargo-home/registry/src/index.crates.io-1949cf8c6b5b557f/singe-cuda-0.1.0-alpha.9/src/memory.rs:680)
[INFO] [stdout]           >>>               singe_cudnn-f0a9199f7b6fd737.singe_cudnn.8cd7bbdd1e488e2c-cgu.09.rcgu.o:(<singe_cuda::memory::DeviceMemory<u8>>::alloc) in archive /opt/rustwide/target/debug/deps/libsinge_cudnn-f0a9199f7b6fd737.rlib
[INFO] [stdout]           
[INFO] [stdout]           rust-lld: error: undefined symbol: cudnnSetStream
[INFO] [stdout]           >>> referenced by context.rs:157 (src/context.rs:157)
[INFO] [stdout]           >>>               singe_cudnn-f0a9199f7b6fd737.singe_cudnn.8cd7bbdd1e488e2c-cgu.06.rcgu.o:(<singe_cudnn::context::Context>::set_stream) in archive /opt/rustwide/target/debug/deps/libsinge_cudnn-f0a9199f7b6fd737.rlib
[INFO] [stdout]           >>> referenced by context.rs:108 (src/context.rs:108)
[INFO] [stdout]           >>>               singe_cudnn-f0a9199f7b6fd737.singe_cudnn.8cd7bbdd1e488e2c-cgu.06.rcgu.o:(<singe_cudnn::context::Context>::set_stream_checked) in archive /opt/rustwide/target/debug/deps/libsinge_cudnn-f0a9199f7b6fd737.rlib
[INFO] [stdout]           
[INFO] [stdout]           rust-lld: error: undefined symbol: cudnnCreate
[INFO] [stdout]           >>> referenced by context.rs:58 (src/context.rs:58)
[INFO] [stdout]           >>>               singe_cudnn-f0a9199f7b6fd737.singe_cudnn.8cd7bbdd1e488e2c-cgu.06.rcgu.o:(<singe_cudnn::context::Context>::create) in archive /opt/rustwide/target/debug/deps/libsinge_cudnn-f0a9199f7b6fd737.rlib
[INFO] [stdout]           
[INFO] [stdout]           rust-lld: error: undefined symbol: cudnnDestroy
[INFO] [stdout]           >>> referenced by context.rs:195 (src/context.rs:195)
[INFO] [stdout]           >>>               singe_cudnn-f0a9199f7b6fd737.singe_cudnn.8cd7bbdd1e488e2c-cgu.06.rcgu.o:(<singe_cudnn::context::Handle as core::ops::drop::Drop>::drop) in archive /opt/rustwide/target/debug/deps/libsinge_cudnn-f0a9199f7b6fd737.rlib
[INFO] [stdout]           
[INFO] [stdout]           rust-lld: error: undefined symbol: cudnnBackendGetAttribute
[INFO] [stdout]           >>> referenced by attributes.rs:382 (src/descriptor/attributes.rs:382)
[INFO] [stdout]           >>>               singe_cudnn-f0a9199f7b6fd737.singe_cudnn.8cd7bbdd1e488e2c-cgu.09.rcgu.o:(<singe_cudnn::descriptor::BackendDescriptor>::attribute_enum_slice::<singe_cudnn::knob::BackendKnobType>) in archive /opt/rustwide/target/debug/deps/libsinge_cudnn-f0a9199f7b6fd737.rlib
[INFO] [stdout]           >>> referenced by attributes.rs:382 (src/descriptor/attributes.rs:382)
[INFO] [stdout]           >>>               singe_cudnn-f0a9199f7b6fd737.singe_cudnn.8cd7bbdd1e488e2c-cgu.09.rcgu.o:(<singe_cudnn::descriptor::BackendDescriptor>::attribute_enum_slice::<singe_cudnn::behavior::BackendBehaviorNote>) in archive /opt/rustwide/target/debug/deps/libsinge_cudnn-f0a9199f7b6fd737.rlib
[INFO] [stdout]           >>> referenced by attributes.rs:382 (src/descriptor/attributes.rs:382)
[INFO] [stdout]           >>>               singe_cudnn-f0a9199f7b6fd737.singe_cudnn.8cd7bbdd1e488e2c-cgu.09.rcgu.o:(<singe_cudnn::descriptor::BackendDescriptor>::attribute_enum_slice::<singe_cudnn::behavior::BackendNumericalNote>) in archive /opt/rustwide/target/debug/deps/libsinge_cudnn-f0a9199f7b6fd737.rlib
[INFO] [stdout]           >>> referenced 8 more times
[INFO] [stdout]           
[INFO] [stdout]           rust-lld: error: undefined symbol: cudnnGetVersion
[INFO] [stdout]           >>> referenced by lib.rs:192 (src/lib.rs:192)
[INFO] [stdout]           >>>               singe_cudnn-f0a9199f7b6fd737.singe_cudnn.8cd7bbdd1e488e2c-cgu.09.rcgu.o:(singe_cudnn::version) in archive /opt/rustwide/target/debug/deps/libsinge_cudnn-f0a9199f7b6fd737.rlib
[INFO] [stdout]           
[INFO] [stdout]           rust-lld: error: undefined symbol: cudnnBackendSetAttribute
[INFO] [stdout]           >>> referenced by descriptor.rs:309 (src/descriptor.rs:309)
[INFO] [stdout]           >>>               singe_cudnn-f0a9199f7b6fd737.singe_cudnn.8cd7bbdd1e488e2c-cgu.09.rcgu.o:(<singe_cudnn::descriptor::BackendDescriptor>::set_attribute_raw) in archive /opt/rustwide/target/debug/deps/libsinge_cudnn-f0a9199f7b6fd737.rlib
[INFO] [stdout]           
[INFO] [stdout]           rust-lld: error: undefined symbol: cudnnBackendCreateDescriptor
[INFO] [stdout]           >>> referenced by descriptor.rs:170 (src/descriptor.rs:170)
[INFO] [stdout]           >>>               singe_cudnn-f0a9199f7b6fd737.singe_cudnn.8cd7bbdd1e488e2c-cgu.09.rcgu.o:(<singe_cudnn::descriptor::BackendDescriptor>::create) in archive /opt/rustwide/target/debug/deps/libsinge_cudnn-f0a9199f7b6fd737.rlib
[INFO] [stdout]           
[INFO] [stdout]           rust-lld: error: undefined symbol: cudnnBackendFinalize
[INFO] [stdout]           >>> referenced by descriptor.rs:273 (src/descriptor.rs:273)
[INFO] [stdout]           >>>               singe_cudnn-f0a9199f7b6fd737.singe_cudnn.8cd7bbdd1e488e2c-cgu.09.rcgu.o:(<singe_cudnn::descriptor::BackendDescriptor>::finalize) in archive /opt/rustwide/target/debug/deps/libsinge_cudnn-f0a9199f7b6fd737.rlib
[INFO] [stdout]           
[INFO] [stdout]           rust-lld: error: undefined symbol: cudnnBackendExecute
[INFO] [stdout]           >>> referenced by descriptor.rs:451 (src/descriptor.rs:451)
[INFO] [stdout]           >>>               singe_cudnn-f0a9199f7b6fd737.singe_cudnn.8cd7bbdd1e488e2c-cgu.09.rcgu.o:(singe_cudnn::descriptor::backend_execute) in archive /opt/rustwide/target/debug/deps/libsinge_cudnn-f0a9199f7b6fd737.rlib
[INFO] [stdout]           
[INFO] [stdout]           rust-lld: error: undefined symbol: cudnnBackendDestroyDescriptor
[INFO] [stdout]           >>> referenced by descriptor.rs:420 (src/descriptor.rs:420)
[INFO] [stdout]           >>>               singe_cudnn-f0a9199f7b6fd737.singe_cudnn.8cd7bbdd1e488e2c-cgu.09.rcgu.o:(<singe_cudnn::descriptor::BackendDescriptor as core::ops::drop::Drop>::drop) in archive /opt/rustwide/target/debug/deps/libsinge_cudnn-f0a9199f7b6fd737.rlib
[INFO] [stdout]           
[INFO] [stdout]           rust-lld: error: undefined symbol: cudnnGetErrorString
[INFO] [stdout]           >>> referenced by error.rs:131 (src/error.rs:131)
[INFO] [stdout]           >>>               singe_cudnn-f0a9199f7b6fd737.singe_cudnn.8cd7bbdd1e488e2c-cgu.15.rcgu.o:(singe_cudnn::error::cudnn_error_string) in archive /opt/rustwide/target/debug/deps/libsinge_cudnn-f0a9199f7b6fd737.rlib
[INFO] [stdout]           
[INFO] [stdout]           rust-lld: error: undefined symbol: cudaStreamSynchronize
[INFO] [stdout]           >>> referenced by stream.rs:926 (src/stream.rs:926)
[INFO] [stdout]           >>>               singe_cuda-ed90e7b3118c65ce.singe_cuda.a91e1cfdb284d6c0-cgu.03.rcgu.o:(<singe_cuda::stream::Stream>::destroy_handle::{closure#0}) in archive /opt/rustwide/target/debug/deps/libsinge_cuda-ed90e7b3118c65ce.rlib
[INFO] [stdout]           
[INFO] [stdout]           rust-lld: error: undefined symbol: cudaStreamDestroy
[INFO] [stdout]           >>> referenced by stream.rs:927 (src/stream.rs:927)
[INFO] [stdout]           >>>               singe_cuda-ed90e7b3118c65ce.singe_cuda.a91e1cfdb284d6c0-cgu.03.rcgu.o:(<singe_cuda::stream::Stream>::destroy_handle) in archive /opt/rustwide/target/debug/deps/libsinge_cuda-ed90e7b3118c65ce.rlib
[INFO] [stdout]           
[INFO] [stdout]           rust-lld: error: undefined symbol: cudaGetDevice
[INFO] [stdout]           >>> referenced by device.rs:448 (src/device.rs:448)
[INFO] [stdout]           >>>               singe_cuda-ed90e7b3118c65ce.singe_cuda.a91e1cfdb284d6c0-cgu.06.rcgu.o:(<singe_cuda::device::Device>::current) in archive /opt/rustwide/target/debug/deps/libsinge_cuda-ed90e7b3118c65ce.rlib
[INFO] [stdout]           
[INFO] [stdout]           rust-lld: error: undefined symbol: cudaGetErrorString
[INFO] [stdout]           >>> referenced by error.rs:343 (src/error.rs:343)
[INFO] [stdout]           >>>               singe_cuda-ed90e7b3118c65ce.singe_cuda.a91e1cfdb284d6c0-cgu.07.rcgu.o:(<singe_cuda::error::Error as core::convert::From<singe_cuda_sys::driver::cudaError_enum>>::from) in archive /opt/rustwide/target/debug/deps/libsinge_cuda-ed90e7b3118c65ce.rlib
[INFO] [stdout]           
[INFO] [stdout]           rust-lld: error: undefined symbol: cuInit
[INFO] [stdout]           >>> referenced by context.rs:101 (src/context.rs:101)
[INFO] [stdout]           >>>               singe_cuda-ed90e7b3118c65ce.singe_cuda.a91e1cfdb284d6c0-cgu.09.rcgu.o:(<singe_cuda::context::Context>::create_for_device_with_flags) in archive /opt/rustwide/target/debug/deps/libsinge_cuda-ed90e7b3118c65ce.rlib
[INFO] [stdout]           
[INFO] [stdout]           rust-lld: error: undefined symbol: cuCtxCreate_v4
[INFO] [stdout]           >>> referenced by context.rs:104 (src/context.rs:104)
[INFO] [stdout]           >>>               singe_cuda-ed90e7b3118c65ce.singe_cuda.a91e1cfdb284d6c0-cgu.09.rcgu.o:(<singe_cuda::context::Context>::create_for_device_with_flags) in archive /opt/rustwide/target/debug/deps/libsinge_cuda-ed90e7b3118c65ce.rlib
[INFO] [stdout]           
[INFO] [stdout]           rust-lld: error: too many errors emitted, stopping now (use --error-limit=0 to see all errors)
[INFO] [stdout]           collect2: error: ld returned 1 exit status
[INFO] [stdout]           
[INFO] [stdout] 
[INFO] [stdout] 
[INFO] [stderr] error: could not compile `singe-cudnn` (example "frontend_layer_norm_zero_centered_gamma") due to 1 previous error
[INFO] [stdout] error: linking with `cc` failed: exit status: 1
[INFO] [stdout]   |
[INFO] [stdout]   = note:  "cc" "-m64" "/opt/rustwide/target/debug/examples/rustcKICnJz/symbols.o" "<3 object files omitted>" "-Wl,--as-needed" "-Wl,-Bstatic" "/opt/rustwide/target/debug/deps/{libsinge_cudnn-f0a9199f7b6fd737,libhex-13e08b3b00984ab7,libsha2-8f22cd85fe34ebf2,libcpufeatures-6c1f78f4142e3013,libdigest-eae7b3c46639f7f3,libconst_oid-58507ca40e062d76,libcrypto_common-32224ab3acf77d4c,libblock_buffer-e220b56d2ce316ec,libhybrid_array-745b8e9269c93837,libtypenum-8cba24ab4904c632,libbomboni_serde-b88d748af53df261,libserde_json-0b78fc7f648ee3bc,libmemchr-25f2248dc1705570,libitoa-5de11b3b23bfe572,libzmij-ef63f1da73704b4c,libsinge_cudnn_sys-5f0227d6bd4e3565,libsinge_cuda-ed90e7b3118c65ce,libbitflags-c11c4f5488569199,libhalf-5fcd82a8c29d4ae8,libcfg_if-83060ec5685761ae,libzerocopy-eb35aedb38cbd4b6,libnum_complex-7fde6cee17bf2151,libnum_traits-c2765a255388353b,libthiserror-a77deb6f2da9bbd9,libsinge_core-561bf59c6e23a8db,libserde-e9c634bbe919bade,libserde_core-2c928ee17a7447a4,libsinge_cuda_sys-0c9c8aa395d1912f,libnum_enum-64a98df1e659a46b}.rlib" "<sysroot>/lib/rustlib/x86_64-unknown-linux-gnu/lib/{libstd-*,libpanic_unwind-*,libobject-*,libmemchr-*,libaddr2line-*,libgimli-*,libcfg_if-*,librustc_demangle-*,libstd_detect-*,libhashbrown-*,librustc_std_workspace_alloc-*,libminiz_oxide-*,libadler2-*,libunwind-*,liblibc-*,librustc_std_workspace_core-*,liballoc-*,libcore-*,libcompiler_builtins-*}.rlib" "-Wl,-Bdynamic" "-lgcc_s" "-lutil" "-lrt" "-lpthread" "-lm" "-ldl" "-lc" "-L" "/opt/rustwide/target/debug/examples/rustcKICnJz/raw-dylibs" "-B<sysroot>/lib/rustlib/x86_64-unknown-linux-gnu/bin/gcc-ld" "-fuse-ld=lld" "-Wl,--eh-frame-hdr" "-Wl,-z,noexecstack" "-L" "<sysroot>/lib/rustlib/x86_64-unknown-linux-gnu/lib" "-o" "/opt/rustwide/target/debug/examples/frontend_mixed_matmul-ff02f28ec073735d" "-Wl,--gc-sections" "-pie" "-Wl,-z,relro,-z,now" "-nodefaultlibs"
[INFO] [stdout]   = note: some arguments are omitted. use `--verbose` to show all linker arguments
[INFO] [stdout]   = note: rust-lld: error: undefined symbol: cudaMemset
[INFO] [stdout]           >>> referenced by memory.rs:797 (/opt/rustwide/cargo-home/registry/src/index.crates.io-1949cf8c6b5b557f/singe-cuda-0.1.0-alpha.9/src/memory.rs:797)
[INFO] [stdout]           >>>               /opt/rustwide/target/debug/examples/frontend_mixed_matmul-ff02f28ec073735d.frontend_mixed_matmul.aecdf3fcb08d95c-cgu.0.rcgu.o:(<singe_cuda::memory::DeviceMemory<half::bfloat::bf16>>::set)
[INFO] [stdout]           >>> referenced by memory.rs:797 (/opt/rustwide/cargo-home/registry/src/index.crates.io-1949cf8c6b5b557f/singe-cuda-0.1.0-alpha.9/src/memory.rs:797)
[INFO] [stdout]           >>>               /opt/rustwide/target/debug/examples/frontend_mixed_matmul-ff02f28ec073735d.frontend_mixed_matmul.aecdf3fcb08d95c-cgu.0.rcgu.o:(<singe_cuda::memory::DeviceMemory<i8>>::set)
[INFO] [stdout]           
[INFO] [stdout]           rust-lld: error: undefined symbol: cudaMemcpy
[INFO] [stdout]           >>> referenced by memory.rs:765 (/opt/rustwide/cargo-home/registry/src/index.crates.io-1949cf8c6b5b557f/singe-cuda-0.1.0-alpha.9/src/memory.rs:765)
[INFO] [stdout]           >>>               /opt/rustwide/target/debug/examples/frontend_mixed_matmul-ff02f28ec073735d.frontend_mixed_matmul.aecdf3fcb08d95c-cgu.0.rcgu.o:(<singe_cuda::memory::DeviceMemory<half::bfloat::bf16>>::copy)
[INFO] [stdout]           
[INFO] [stdout]           rust-lld: error: undefined symbol: cudaFree
[INFO] [stdout]           >>> referenced by memory.rs:728 (/opt/rustwide/cargo-home/registry/src/index.crates.io-1949cf8c6b5b557f/singe-cuda-0.1.0-alpha.9/src/memory.rs:728)
[INFO] [stdout]           >>>               /opt/rustwide/target/debug/examples/frontend_mixed_matmul-ff02f28ec073735d.frontend_mixed_matmul.aecdf3fcb08d95c-cgu.0.rcgu.o:(<singe_cuda::memory::DeviceMemory<half::bfloat::bf16>>::free)
[INFO] [stdout]           >>> referenced by memory.rs:728 (/opt/rustwide/cargo-home/registry/src/index.crates.io-1949cf8c6b5b557f/singe-cuda-0.1.0-alpha.9/src/memory.rs:728)
[INFO] [stdout]           >>>               /opt/rustwide/target/debug/examples/frontend_mixed_matmul-ff02f28ec073735d.frontend_mixed_matmul.aecdf3fcb08d95c-cgu.0.rcgu.o:(<singe_cuda::memory::DeviceMemory<i8>>::free)
[INFO] [stdout]           >>> referenced by memory.rs:728 (/opt/rustwide/cargo-home/registry/src/index.crates.io-1949cf8c6b5b557f/singe-cuda-0.1.0-alpha.9/src/memory.rs:728)
[INFO] [stdout]           >>>               singe_cudnn-f0a9199f7b6fd737.singe_cudnn.8cd7bbdd1e488e2c-cgu.09.rcgu.o:(<singe_cuda::memory::DeviceMemory<u8>>::free) in archive /opt/rustwide/target/debug/deps/libsinge_cudnn-f0a9199f7b6fd737.rlib
[INFO] [stdout]           
[INFO] [stdout]           rust-lld: error: undefined symbol: cudaMalloc
[INFO] [stdout]           >>> referenced by memory.rs:680 (/opt/rustwide/cargo-home/registry/src/index.crates.io-1949cf8c6b5b557f/singe-cuda-0.1.0-alpha.9/src/memory.rs:680)
[INFO] [stdout]           >>>               /opt/rustwide/target/debug/examples/frontend_mixed_matmul-ff02f28ec073735d.frontend_mixed_matmul.aecdf3fcb08d95c-cgu.0.rcgu.o:(<singe_cuda::memory::DeviceMemory<half::bfloat::bf16>>::alloc)
[INFO] [stdout]           >>> referenced by memory.rs:680 (/opt/rustwide/cargo-home/registry/src/index.crates.io-1949cf8c6b5b557f/singe-cuda-0.1.0-alpha.9/src/memory.rs:680)
[INFO] [stdout]           >>>               /opt/rustwide/target/debug/examples/frontend_mixed_matmul-ff02f28ec073735d.frontend_mixed_matmul.aecdf3fcb08d95c-cgu.0.rcgu.o:(<singe_cuda::memory::DeviceMemory<i8>>::alloc)
[INFO] [stdout]           >>> referenced by memory.rs:680 (/opt/rustwide/cargo-home/registry/src/index.crates.io-1949cf8c6b5b557f/singe-cuda-0.1.0-alpha.9/src/memory.rs:680)
[INFO] [stdout]           >>>               singe_cudnn-f0a9199f7b6fd737.singe_cudnn.8cd7bbdd1e488e2c-cgu.09.rcgu.o:(<singe_cuda::memory::DeviceMemory<u8>>::alloc) in archive /opt/rustwide/target/debug/deps/libsinge_cudnn-f0a9199f7b6fd737.rlib
[INFO] [stdout]           
[INFO] [stdout]           rust-lld: error: undefined symbol: cudnnSetStream
[INFO] [stdout]           >>> referenced by context.rs:157 (src/context.rs:157)
[INFO] [stdout]           >>>               singe_cudnn-f0a9199f7b6fd737.singe_cudnn.8cd7bbdd1e488e2c-cgu.06.rcgu.o:(<singe_cudnn::context::Context>::set_stream) in archive /opt/rustwide/target/debug/deps/libsinge_cudnn-f0a9199f7b6fd737.rlib
[INFO] [stdout]           >>> referenced by context.rs:108 (src/context.rs:108)
[INFO] [stdout]           >>>               singe_cudnn-f0a9199f7b6fd737.singe_cudnn.8cd7bbdd1e488e2c-cgu.06.rcgu.o:(<singe_cudnn::context::Context>::set_stream_checked) in archive /opt/rustwide/target/debug/deps/libsinge_cudnn-f0a9199f7b6fd737.rlib
[INFO] [stdout]           
[INFO] [stdout]           rust-lld: error: undefined symbol: cudnnCreate
[INFO] [stdout]           >>> referenced by context.rs:58 (src/context.rs:58)
[INFO] [stdout]           >>>               singe_cudnn-f0a9199f7b6fd737.singe_cudnn.8cd7bbdd1e488e2c-cgu.06.rcgu.o:(<singe_cudnn::context::Context>::create) in archive /opt/rustwide/target/debug/deps/libsinge_cudnn-f0a9199f7b6fd737.rlib
[INFO] [stdout]           
[INFO] [stdout]           rust-lld: error: undefined symbol: cudnnDestroy
[INFO] [stdout]           >>> referenced by context.rs:195 (src/context.rs:195)
[INFO] [stdout]           >>>               singe_cudnn-f0a9199f7b6fd737.singe_cudnn.8cd7bbdd1e488e2c-cgu.06.rcgu.o:(<singe_cudnn::context::Handle as core::ops::drop::Drop>::drop) in archive /opt/rustwide/target/debug/deps/libsinge_cudnn-f0a9199f7b6fd737.rlib
[INFO] [stdout]           
[INFO] [stdout]           rust-lld: error: undefined symbol: cudnnBackendGetAttribute
[INFO] [stdout]           >>> referenced by attributes.rs:382 (src/descriptor/attributes.rs:382)
[INFO] [stdout]           >>>               singe_cudnn-f0a9199f7b6fd737.singe_cudnn.8cd7bbdd1e488e2c-cgu.09.rcgu.o:(<singe_cudnn::descriptor::BackendDescriptor>::attribute_enum_slice::<singe_cudnn::knob::BackendKnobType>) in archive /opt/rustwide/target/debug/deps/libsinge_cudnn-f0a9199f7b6fd737.rlib
[INFO] [stdout]           >>> referenced by attributes.rs:382 (src/descriptor/attributes.rs:382)
[INFO] [stdout]           >>>               singe_cudnn-f0a9199f7b6fd737.singe_cudnn.8cd7bbdd1e488e2c-cgu.09.rcgu.o:(<singe_cudnn::descriptor::BackendDescriptor>::attribute_enum_slice::<singe_cudnn::behavior::BackendBehaviorNote>) in archive /opt/rustwide/target/debug/deps/libsinge_cudnn-f0a9199f7b6fd737.rlib
[INFO] [stdout]           >>> referenced by attributes.rs:382 (src/descriptor/attributes.rs:382)
[INFO] [stdout]           >>>               singe_cudnn-f0a9199f7b6fd737.singe_cudnn.8cd7bbdd1e488e2c-cgu.09.rcgu.o:(<singe_cudnn::descriptor::BackendDescriptor>::attribute_enum_slice::<singe_cudnn::behavior::BackendNumericalNote>) in archive /opt/rustwide/target/debug/deps/libsinge_cudnn-f0a9199f7b6fd737.rlib
[INFO] [stdout]           >>> referenced 8 more times
[INFO] [stdout]           
[INFO] [stdout]           rust-lld: error: undefined symbol: cudnnGetVersion
[INFO] [stdout]           >>> referenced by lib.rs:192 (src/lib.rs:192)
[INFO] [stdout]           >>>               singe_cudnn-f0a9199f7b6fd737.singe_cudnn.8cd7bbdd1e488e2c-cgu.09.rcgu.o:(singe_cudnn::version) in archive /opt/rustwide/target/debug/deps/libsinge_cudnn-f0a9199f7b6fd737.rlib
[INFO] [stdout]           
[INFO] [stdout]           rust-lld: error: undefined symbol: cudnnBackendSetAttribute
[INFO] [stdout]           >>> referenced by descriptor.rs:309 (src/descriptor.rs:309)
[INFO] [stdout]           >>>               singe_cudnn-f0a9199f7b6fd737.singe_cudnn.8cd7bbdd1e488e2c-cgu.09.rcgu.o:(<singe_cudnn::descriptor::BackendDescriptor>::set_attribute_raw) in archive /opt/rustwide/target/debug/deps/libsinge_cudnn-f0a9199f7b6fd737.rlib
[INFO] [stdout]           
[INFO] [stdout]           rust-lld: error: undefined symbol: cudnnBackendCreateDescriptor
[INFO] [stdout]           >>> referenced by descriptor.rs:170 (src/descriptor.rs:170)
[INFO] [stdout]           >>>               singe_cudnn-f0a9199f7b6fd737.singe_cudnn.8cd7bbdd1e488e2c-cgu.09.rcgu.o:(<singe_cudnn::descriptor::BackendDescriptor>::create) in archive /opt/rustwide/target/debug/deps/libsinge_cudnn-f0a9199f7b6fd737.rlib
[INFO] [stdout]           
[INFO] [stdout]           rust-lld: error: undefined symbol: cudnnBackendFinalize
[INFO] [stdout]           >>> referenced by descriptor.rs:273 (src/descriptor.rs:273)
[INFO] [stdout]           >>>               singe_cudnn-f0a9199f7b6fd737.singe_cudnn.8cd7bbdd1e488e2c-cgu.09.rcgu.o:(<singe_cudnn::descriptor::BackendDescriptor>::finalize) in archive /opt/rustwide/target/debug/deps/libsinge_cudnn-f0a9199f7b6fd737.rlib
[INFO] [stdout]           
[INFO] [stdout]           rust-lld: error: undefined symbol: cudnnBackendExecute
[INFO] [stdout]           >>> referenced by descriptor.rs:451 (src/descriptor.rs:451)
[INFO] [stdout]           >>>               singe_cudnn-f0a9199f7b6fd737.singe_cudnn.8cd7bbdd1e488e2c-cgu.09.rcgu.o:(singe_cudnn::descriptor::backend_execute) in archive /opt/rustwide/target/debug/deps/libsinge_cudnn-f0a9199f7b6fd737.rlib
[INFO] [stdout]           
[INFO] [stdout]           rust-lld: error: undefined symbol: cudnnBackendDestroyDescriptor
[INFO] [stdout]           >>> referenced by descriptor.rs:420 (src/descriptor.rs:420)
[INFO] [stdout]           >>>               singe_cudnn-f0a9199f7b6fd737.singe_cudnn.8cd7bbdd1e488e2c-cgu.09.rcgu.o:(<singe_cudnn::descriptor::BackendDescriptor as core::ops::drop::Drop>::drop) in archive /opt/rustwide/target/debug/deps/libsinge_cudnn-f0a9199f7b6fd737.rlib
[INFO] [stdout]           
[INFO] [stdout]           rust-lld: error: undefined symbol: cudnnGetErrorString
[INFO] [stdout]           >>> referenced by error.rs:131 (src/error.rs:131)
[INFO] [stdout]           >>>               singe_cudnn-f0a9199f7b6fd737.singe_cudnn.8cd7bbdd1e488e2c-cgu.15.rcgu.o:(singe_cudnn::error::cudnn_error_string) in archive /opt/rustwide/target/debug/deps/libsinge_cudnn-f0a9199f7b6fd737.rlib
[INFO] [stdout]           
[INFO] [stdout]           rust-lld: error: undefined symbol: cudaStreamSynchronize
[INFO] [stdout]           >>> referenced by stream.rs:926 (src/stream.rs:926)
[INFO] [stdout]           >>>               singe_cuda-ed90e7b3118c65ce.singe_cuda.a91e1cfdb284d6c0-cgu.03.rcgu.o:(<singe_cuda::stream::Stream>::destroy_handle::{closure#0}) in archive /opt/rustwide/target/debug/deps/libsinge_cuda-ed90e7b3118c65ce.rlib
[INFO] [stdout]           
[INFO] [stdout]           rust-lld: error: undefined symbol: cudaStreamDestroy
[INFO] [stdout]           >>> referenced by stream.rs:927 (src/stream.rs:927)
[INFO] [stdout]           >>>               singe_cuda-ed90e7b3118c65ce.singe_cuda.a91e1cfdb284d6c0-cgu.03.rcgu.o:(<singe_cuda::stream::Stream>::destroy_handle) in archive /opt/rustwide/target/debug/deps/libsinge_cuda-ed90e7b3118c65ce.rlib
[INFO] [stdout]           
[INFO] [stdout]           rust-lld: error: undefined symbol: cudaGetDevice
[INFO] [stdout]           >>> referenced by device.rs:448 (src/device.rs:448)
[INFO] [stdout]           >>>               singe_cuda-ed90e7b3118c65ce.singe_cuda.a91e1cfdb284d6c0-cgu.06.rcgu.o:(<singe_cuda::device::Device>::current) in archive /opt/rustwide/target/debug/deps/libsinge_cuda-ed90e7b3118c65ce.rlib
[INFO] [stdout]           
[INFO] [stdout]           rust-lld: error: undefined symbol: cuInit
[INFO] [stdout]           >>> referenced by context.rs:101 (src/context.rs:101)
[INFO] [stdout]           >>>               singe_cuda-ed90e7b3118c65ce.singe_cuda.a91e1cfdb284d6c0-cgu.09.rcgu.o:(<singe_cuda::context::Context>::create_for_device_with_flags) in archive /opt/rustwide/target/debug/deps/libsinge_cuda-ed90e7b3118c65ce.rlib
[INFO] [stdout]           
[INFO] [stdout]           rust-lld: error: undefined symbol: cuCtxCreate_v4
[INFO] [stdout]           >>> referenced by context.rs:104 (src/context.rs:104)
[INFO] [stdout]           >>>               singe_cuda-ed90e7b3118c65ce.singe_cuda.a91e1cfdb284d6c0-cgu.09.rcgu.o:(<singe_cuda::context::Context>::create_for_device_with_flags) in archive /opt/rustwide/target/debug/deps/libsinge_cuda-ed90e7b3118c65ce.rlib
[INFO] [stdout]           
[INFO] [stdout]           rust-lld: error: too many errors emitted, stopping now (use --error-limit=0 to see all errors)
[INFO] [stdout]           collect2: error: ld returned 1 exit status
[INFO] [stdout]           
[INFO] [stdout] 
[INFO] [stdout] 
[INFO] [stderr] error: could not compile `singe-cudnn` (example "frontend_mixed_matmul") due to 1 previous error
[INFO] [stdout] error: linking with `cc` failed: exit status: 1
[INFO] [stdout]   |
[INFO] [stdout]   = note:  "cc" "-m64" "/opt/rustwide/target/debug/examples/rustcbRfqpm/symbols.o" "<4 object files omitted>" "-Wl,--as-needed" "-Wl,-Bstatic" "/opt/rustwide/target/debug/deps/{libsinge_cudnn-f0a9199f7b6fd737,libhex-13e08b3b00984ab7,libsha2-8f22cd85fe34ebf2,libcpufeatures-6c1f78f4142e3013,libdigest-eae7b3c46639f7f3,libconst_oid-58507ca40e062d76,libcrypto_common-32224ab3acf77d4c,libblock_buffer-e220b56d2ce316ec,libhybrid_array-745b8e9269c93837,libtypenum-8cba24ab4904c632,libbomboni_serde-b88d748af53df261,libserde_json-0b78fc7f648ee3bc,libmemchr-25f2248dc1705570,libitoa-5de11b3b23bfe572,libzmij-ef63f1da73704b4c,libsinge_cudnn_sys-5f0227d6bd4e3565,libsinge_cuda-ed90e7b3118c65ce,libbitflags-c11c4f5488569199,libhalf-5fcd82a8c29d4ae8,libcfg_if-83060ec5685761ae,libzerocopy-eb35aedb38cbd4b6,libnum_complex-7fde6cee17bf2151,libnum_traits-c2765a255388353b,libthiserror-a77deb6f2da9bbd9,libsinge_core-561bf59c6e23a8db,libserde-e9c634bbe919bade,libserde_core-2c928ee17a7447a4,libsinge_cuda_sys-0c9c8aa395d1912f,libnum_enum-64a98df1e659a46b}.rlib" "<sysroot>/lib/rustlib/x86_64-unknown-linux-gnu/lib/{libstd-*,libpanic_unwind-*,libobject-*,libmemchr-*,libaddr2line-*,libgimli-*,libcfg_if-*,librustc_demangle-*,libstd_detect-*,libhashbrown-*,librustc_std_workspace_alloc-*,libminiz_oxide-*,libadler2-*,libunwind-*,liblibc-*,librustc_std_workspace_core-*,liballoc-*,libcore-*,libcompiler_builtins-*}.rlib" "-Wl,-Bdynamic" "-lgcc_s" "-lutil" "-lrt" "-lpthread" "-lm" "-ldl" "-lc" "-L" "/opt/rustwide/target/debug/examples/rustcbRfqpm/raw-dylibs" "-B<sysroot>/lib/rustlib/x86_64-unknown-linux-gnu/bin/gcc-ld" "-fuse-ld=lld" "-Wl,--eh-frame-hdr" "-Wl,-z,noexecstack" "-L" "<sysroot>/lib/rustlib/x86_64-unknown-linux-gnu/lib" "-o" "/opt/rustwide/target/debug/examples/frontend_dbn_weight-370fdfe13d1033ef" "-Wl,--gc-sections" "-pie" "-Wl,-z,relro,-z,now" "-nodefaultlibs"
[INFO] [stdout]   = note: some arguments are omitted. use `--verbose` to show all linker arguments
[INFO] [stdout]   = note: rust-lld: error: undefined symbol: cudaMemcpy
[INFO] [stdout]           >>> referenced by memory.rs:765 (/opt/rustwide/cargo-home/registry/src/index.crates.io-1949cf8c6b5b557f/singe-cuda-0.1.0-alpha.9/src/memory.rs:765)
[INFO] [stdout]           >>>               /opt/rustwide/target/debug/examples/frontend_dbn_weight-370fdfe13d1033ef.frontend_dbn_weight.3830df3f3fee49f0-cgu.2.rcgu.o:(<singe_cuda::memory::DeviceMemory<half::binary16::f16>>::copy)
[INFO] [stdout]           >>> referenced by memory.rs:765 (/opt/rustwide/cargo-home/registry/src/index.crates.io-1949cf8c6b5b557f/singe-cuda-0.1.0-alpha.9/src/memory.rs:765)
[INFO] [stdout]           >>>               /opt/rustwide/target/debug/examples/frontend_dbn_weight-370fdfe13d1033ef.frontend_dbn_weight.3830df3f3fee49f0-cgu.2.rcgu.o:(<singe_cuda::memory::DeviceMemory<f32>>::copy)
[INFO] [stdout]           
[INFO] [stdout]           rust-lld: error: undefined symbol: cudaFree
[INFO] [stdout]           >>> referenced by memory.rs:728 (/opt/rustwide/cargo-home/registry/src/index.crates.io-1949cf8c6b5b557f/singe-cuda-0.1.0-alpha.9/src/memory.rs:728)
[INFO] [stdout]           >>>               /opt/rustwide/target/debug/examples/frontend_dbn_weight-370fdfe13d1033ef.frontend_dbn_weight.3830df3f3fee49f0-cgu.2.rcgu.o:(<singe_cuda::memory::DeviceMemory<half::binary16::f16>>::free)
[INFO] [stdout]           >>> referenced by memory.rs:728 (/opt/rustwide/cargo-home/registry/src/index.crates.io-1949cf8c6b5b557f/singe-cuda-0.1.0-alpha.9/src/memory.rs:728)
[INFO] [stdout]           >>>               /opt/rustwide/target/debug/examples/frontend_dbn_weight-370fdfe13d1033ef.frontend_dbn_weight.3830df3f3fee49f0-cgu.2.rcgu.o:(<singe_cuda::memory::DeviceMemory<f32>>::free)
[INFO] [stdout]           >>> referenced by memory.rs:728 (/opt/rustwide/cargo-home/registry/src/index.crates.io-1949cf8c6b5b557f/singe-cuda-0.1.0-alpha.9/src/memory.rs:728)
[INFO] [stdout]           >>>               singe_cudnn-f0a9199f7b6fd737.singe_cudnn.8cd7bbdd1e488e2c-cgu.09.rcgu.o:(<singe_cuda::memory::DeviceMemory<u8>>::free) in archive /opt/rustwide/target/debug/deps/libsinge_cudnn-f0a9199f7b6fd737.rlib
[INFO] [stdout]           
[INFO] [stdout]           rust-lld: error: undefined symbol: cudaMalloc
[INFO] [stdout]           >>> referenced by memory.rs:680 (/opt/rustwide/cargo-home/registry/src/index.crates.io-1949cf8c6b5b557f/singe-cuda-0.1.0-alpha.9/src/memory.rs:680)
[INFO] [stdout]           >>>               /opt/rustwide/target/debug/examples/frontend_dbn_weight-370fdfe13d1033ef.frontend_dbn_weight.3830df3f3fee49f0-cgu.2.rcgu.o:(<singe_cuda::memory::DeviceMemory<half::binary16::f16>>::alloc)
[INFO] [stdout]           >>> referenced by memory.rs:680 (/opt/rustwide/cargo-home/registry/src/index.crates.io-1949cf8c6b5b557f/singe-cuda-0.1.0-alpha.9/src/memory.rs:680)
[INFO] [stdout]           >>>               /opt/rustwide/target/debug/examples/frontend_dbn_weight-370fdfe13d1033ef.frontend_dbn_weight.3830df3f3fee49f0-cgu.2.rcgu.o:(<singe_cuda::memory::DeviceMemory<f32>>::alloc)
[INFO] [stdout]           >>> referenced by memory.rs:680 (/opt/rustwide/cargo-home/registry/src/index.crates.io-1949cf8c6b5b557f/singe-cuda-0.1.0-alpha.9/src/memory.rs:680)
[INFO] [stdout]           >>>               singe_cudnn-f0a9199f7b6fd737.singe_cudnn.8cd7bbdd1e488e2c-cgu.09.rcgu.o:(<singe_cuda::memory::DeviceMemory<u8>>::alloc) in archive /opt/rustwide/target/debug/deps/libsinge_cudnn-f0a9199f7b6fd737.rlib
[INFO] [stdout]           
[INFO] [stdout]           rust-lld: error: undefined symbol: cudnnSetStream
[INFO] [stdout]           >>> referenced by context.rs:157 (src/context.rs:157)
[INFO] [stdout]           >>>               singe_cudnn-f0a9199f7b6fd737.singe_cudnn.8cd7bbdd1e488e2c-cgu.06.rcgu.o:(<singe_cudnn::context::Context>::set_stream) in archive /opt/rustwide/target/debug/deps/libsinge_cudnn-f0a9199f7b6fd737.rlib
[INFO] [stdout]           >>> referenced by context.rs:108 (src/context.rs:108)
[INFO] [stdout]           >>>               singe_cudnn-f0a9199f7b6fd737.singe_cudnn.8cd7bbdd1e488e2c-cgu.06.rcgu.o:(<singe_cudnn::context::Context>::set_stream_checked) in archive /opt/rustwide/target/debug/deps/libsinge_cudnn-f0a9199f7b6fd737.rlib
[INFO] [stdout]           
[INFO] [stdout]           rust-lld: error: undefined symbol: cudnnCreate
[INFO] [stdout]           >>> referenced by context.rs:58 (src/context.rs:58)
[INFO] [stdout]           >>>               singe_cudnn-f0a9199f7b6fd737.singe_cudnn.8cd7bbdd1e488e2c-cgu.06.rcgu.o:(<singe_cudnn::context::Context>::create) in archive /opt/rustwide/target/debug/deps/libsinge_cudnn-f0a9199f7b6fd737.rlib
[INFO] [stdout]           
[INFO] [stdout]           rust-lld: error: undefined symbol: cudnnDestroy
[INFO] [stdout]           >>> referenced by context.rs:195 (src/context.rs:195)
[INFO] [stdout]           >>>               singe_cudnn-f0a9199f7b6fd737.singe_cudnn.8cd7bbdd1e488e2c-cgu.06.rcgu.o:(<singe_cudnn::context::Handle as core::ops::drop::Drop>::drop) in archive /opt/rustwide/target/debug/deps/libsinge_cudnn-f0a9199f7b6fd737.rlib
[INFO] [stdout]           
[INFO] [stdout]           rust-lld: error: undefined symbol: cudnnBackendGetAttribute
[INFO] [stdout]           >>> referenced by attributes.rs:382 (src/descriptor/attributes.rs:382)
[INFO] [stdout]           >>>               singe_cudnn-f0a9199f7b6fd737.singe_cudnn.8cd7bbdd1e488e2c-cgu.09.rcgu.o:(<singe_cudnn::descriptor::BackendDescriptor>::attribute_enum_slice::<singe_cudnn::knob::BackendKnobType>) in archive /opt/rustwide/target/debug/deps/libsinge_cudnn-f0a9199f7b6fd737.rlib
[INFO] [stdout]           >>> referenced by attributes.rs:382 (src/descriptor/attributes.rs:382)
[INFO] [stdout]           >>>               singe_cudnn-f0a9199f7b6fd737.singe_cudnn.8cd7bbdd1e488e2c-cgu.09.rcgu.o:(<singe_cudnn::descriptor::BackendDescriptor>::attribute_enum_slice::<singe_cudnn::behavior::BackendBehaviorNote>) in archive /opt/rustwide/target/debug/deps/libsinge_cudnn-f0a9199f7b6fd737.rlib
[INFO] [stdout]           >>> referenced by attributes.rs:382 (src/descriptor/attributes.rs:382)
[INFO] [stdout]           >>>               singe_cudnn-f0a9199f7b6fd737.singe_cudnn.8cd7bbdd1e488e2c-cgu.09.rcgu.o:(<singe_cudnn::descriptor::BackendDescriptor>::attribute_enum_slice::<singe_cudnn::behavior::BackendNumericalNote>) in archive /opt/rustwide/target/debug/deps/libsinge_cudnn-f0a9199f7b6fd737.rlib
[INFO] [stdout]           >>> referenced 8 more times
[INFO] [stdout]           
[INFO] [stdout]           rust-lld: error: undefined symbol: cudnnGetVersion
[INFO] [stdout]           >>> referenced by lib.rs:192 (src/lib.rs:192)
[INFO] [stdout]           >>>               singe_cudnn-f0a9199f7b6fd737.singe_cudnn.8cd7bbdd1e488e2c-cgu.09.rcgu.o:(singe_cudnn::version) in archive /opt/rustwide/target/debug/deps/libsinge_cudnn-f0a9199f7b6fd737.rlib
[INFO] [stdout]           
[INFO] [stdout]           rust-lld: error: undefined symbol: cudnnBackendSetAttribute
[INFO] [stdout]           >>> referenced by descriptor.rs:309 (src/descriptor.rs:309)
[INFO] [stdout]           >>>               singe_cudnn-f0a9199f7b6fd737.singe_cudnn.8cd7bbdd1e488e2c-cgu.09.rcgu.o:(<singe_cudnn::descriptor::BackendDescriptor>::set_attribute_raw) in archive /opt/rustwide/target/debug/deps/libsinge_cudnn-f0a9199f7b6fd737.rlib
[INFO] [stdout]           
[INFO] [stdout]           rust-lld: error: undefined symbol: cudnnBackendCreateDescriptor
[INFO] [stdout]           >>> referenced by descriptor.rs:170 (src/descriptor.rs:170)
[INFO] [stdout]           >>>               singe_cudnn-f0a9199f7b6fd737.singe_cudnn.8cd7bbdd1e488e2c-cgu.09.rcgu.o:(<singe_cudnn::descriptor::BackendDescriptor>::create) in archive /opt/rustwide/target/debug/deps/libsinge_cudnn-f0a9199f7b6fd737.rlib
[INFO] [stdout]           
[INFO] [stdout]           rust-lld: error: undefined symbol: cudnnBackendFinalize
[INFO] [stdout]           >>> referenced by descriptor.rs:273 (src/descriptor.rs:273)
[INFO] [stdout]           >>>               singe_cudnn-f0a9199f7b6fd737.singe_cudnn.8cd7bbdd1e488e2c-cgu.09.rcgu.o:(<singe_cudnn::descriptor::BackendDescriptor>::finalize) in archive /opt/rustwide/target/debug/deps/libsinge_cudnn-f0a9199f7b6fd737.rlib
[INFO] [stdout]           
[INFO] [stdout]           rust-lld: error: undefined symbol: cudnnBackendExecute
[INFO] [stdout]           >>> referenced by descriptor.rs:451 (src/descriptor.rs:451)
[INFO] [stdout]           >>>               singe_cudnn-f0a9199f7b6fd737.singe_cudnn.8cd7bbdd1e488e2c-cgu.09.rcgu.o:(singe_cudnn::descriptor::backend_execute) in archive /opt/rustwide/target/debug/deps/libsinge_cudnn-f0a9199f7b6fd737.rlib
[INFO] [stdout]           
[INFO] [stdout]           rust-lld: error: undefined symbol: cudnnBackendDestroyDescriptor
[INFO] [stdout]           >>> referenced by descriptor.rs:420 (src/descriptor.rs:420)
[INFO] [stdout]           >>>               singe_cudnn-f0a9199f7b6fd737.singe_cudnn.8cd7bbdd1e488e2c-cgu.09.rcgu.o:(<singe_cudnn::descriptor::BackendDescriptor as core::ops::drop::Drop>::drop) in archive /opt/rustwide/target/debug/deps/libsinge_cudnn-f0a9199f7b6fd737.rlib
[INFO] [stdout]           
[INFO] [stdout]           rust-lld: error: undefined symbol: cudnnGetErrorString
[INFO] [stdout]           >>> referenced by error.rs:131 (src/error.rs:131)
[INFO] [stdout]           >>>               singe_cudnn-f0a9199f7b6fd737.singe_cudnn.8cd7bbdd1e488e2c-cgu.15.rcgu.o:(singe_cudnn::error::cudnn_error_string) in archive /opt/rustwide/target/debug/deps/libsinge_cudnn-f0a9199f7b6fd737.rlib
[INFO] [stdout]           
[INFO] [stdout]           rust-lld: error: undefined symbol: cudaStreamSynchronize
[INFO] [stdout]           >>> referenced by stream.rs:926 (src/stream.rs:926)
[INFO] [stdout]           >>>               singe_cuda-ed90e7b3118c65ce.singe_cuda.a91e1cfdb284d6c0-cgu.03.rcgu.o:(<singe_cuda::stream::Stream>::destroy_handle::{closure#0}) in archive /opt/rustwide/target/debug/deps/libsinge_cuda-ed90e7b3118c65ce.rlib
[INFO] [stdout]           
[INFO] [stdout]           rust-lld: error: undefined symbol: cudaStreamDestroy
[INFO] [stdout]           >>> referenced by stream.rs:927 (src/stream.rs:927)
[INFO] [stdout]           >>>               singe_cuda-ed90e7b3118c65ce.singe_cuda.a91e1cfdb284d6c0-cgu.03.rcgu.o:(<singe_cuda::stream::Stream>::destroy_handle) in archive /opt/rustwide/target/debug/deps/libsinge_cuda-ed90e7b3118c65ce.rlib
[INFO] [stdout]           
[INFO] [stdout]           rust-lld: error: undefined symbol: cudaGetDevice
[INFO] [stdout]           >>> referenced by device.rs:448 (src/device.rs:448)
[INFO] [stdout]           >>>               singe_cuda-ed90e7b3118c65ce.singe_cuda.a91e1cfdb284d6c0-cgu.06.rcgu.o:(<singe_cuda::device::Device>::current) in archive /opt/rustwide/target/debug/deps/libsinge_cuda-ed90e7b3118c65ce.rlib
[INFO] [stdout]           
[INFO] [stdout]           rust-lld: error: undefined symbol: cudaGetErrorString
[INFO] [stdout]           >>> referenced by error.rs:343 (src/error.rs:343)
[INFO] [stdout]           >>>               singe_cuda-ed90e7b3118c65ce.singe_cuda.a91e1cfdb284d6c0-cgu.07.rcgu.o:(<singe_cuda::error::Error as core::convert::From<singe_cuda_sys::driver::cudaError_enum>>::from) in archive /opt/rustwide/target/debug/deps/libsinge_cuda-ed90e7b3118c65ce.rlib
[INFO] [stdout]           
[INFO] [stdout]           rust-lld: error: undefined symbol: cuInit
[INFO] [stdout]           >>> referenced by context.rs:101 (src/context.rs:101)
[INFO] [stdout]           >>>               singe_cuda-ed90e7b3118c65ce.singe_cuda.a91e1cfdb284d6c0-cgu.09.rcgu.o:(<singe_cuda::context::Context>::create_for_device_with_flags) in archive /opt/rustwide/target/debug/deps/libsinge_cuda-ed90e7b3118c65ce.rlib
[INFO] [stdout]           
[INFO] [stdout]           rust-lld: error: undefined symbol: cuCtxCreate_v4
[INFO] [stdout]           >>> referenced by context.rs:104 (src/context.rs:104)
[INFO] [stdout]           >>>               singe_cuda-ed90e7b3118c65ce.singe_cuda.a91e1cfdb284d6c0-cgu.09.rcgu.o:(<singe_cuda::context::Context>::create_for_device_with_flags) in archive /opt/rustwide/target/debug/deps/libsinge_cuda-ed90e7b3118c65ce.rlib
[INFO] [stdout]           
[INFO] [stdout]           rust-lld: error: too many errors emitted, stopping now (use --error-limit=0 to see all errors)
[INFO] [stdout]           collect2: error: ld returned 1 exit status
[INFO] [stdout]           
[INFO] [stdout] 
[INFO] [stdout] 
[INFO] [stderr] error: could not compile `singe-cudnn` (example "frontend_dbn_weight") due to 1 previous error
[INFO] [stdout] error: linking with `cc` failed: exit status: 1
[INFO] [stdout]   |
[INFO] [stdout]   = note:  "cc" "-m64" "/opt/rustwide/target/debug/examples/rustc6bHrOQ/symbols.o" "<4 object files omitted>" "-Wl,--as-needed" "-Wl,-Bstatic" "/opt/rustwide/target/debug/deps/{libsinge_cudnn-f0a9199f7b6fd737,libhex-13e08b3b00984ab7,libsha2-8f22cd85fe34ebf2,libcpufeatures-6c1f78f4142e3013,libdigest-eae7b3c46639f7f3,libconst_oid-58507ca40e062d76,libcrypto_common-32224ab3acf77d4c,libblock_buffer-e220b56d2ce316ec,libhybrid_array-745b8e9269c93837,libtypenum-8cba24ab4904c632,libbomboni_serde-b88d748af53df261,libserde_json-0b78fc7f648ee3bc,libmemchr-25f2248dc1705570,libitoa-5de11b3b23bfe572,libzmij-ef63f1da73704b4c,libsinge_cudnn_sys-5f0227d6bd4e3565,libsinge_cuda-ed90e7b3118c65ce,libbitflags-c11c4f5488569199,libhalf-5fcd82a8c29d4ae8,libcfg_if-83060ec5685761ae,libzerocopy-eb35aedb38cbd4b6,libnum_complex-7fde6cee17bf2151,libnum_traits-c2765a255388353b,libthiserror-a77deb6f2da9bbd9,libsinge_core-561bf59c6e23a8db,libserde-e9c634bbe919bade,libserde_core-2c928ee17a7447a4,libsinge_cuda_sys-0c9c8aa395d1912f,libnum_enum-64a98df1e659a46b}.rlib" "<sysroot>/lib/rustlib/x86_64-unknown-linux-gnu/lib/{libstd-*,libpanic_unwind-*,libobject-*,libmemchr-*,libaddr2line-*,libgimli-*,libcfg_if-*,librustc_demangle-*,libstd_detect-*,libhashbrown-*,librustc_std_workspace_alloc-*,libminiz_oxide-*,libadler2-*,libunwind-*,liblibc-*,librustc_std_workspace_core-*,liballoc-*,libcore-*,libcompiler_builtins-*}.rlib" "-Wl,-Bdynamic" "-lgcc_s" "-lutil" "-lrt" "-lpthread" "-lm" "-ldl" "-lc" "-L" "/opt/rustwide/target/debug/examples/rustc6bHrOQ/raw-dylibs" "-B<sysroot>/lib/rustlib/x86_64-unknown-linux-gnu/bin/gcc-ld" "-fuse-ld=lld" "-Wl,--eh-frame-hdr" "-Wl,-z,noexecstack" "-L" "<sysroot>/lib/rustlib/x86_64-unknown-linux-gnu/lib" "-o" "/opt/rustwide/target/debug/examples/frontend_fp16_sdpa_backward_sink_token-a8e4146dabdd0e3a" "-Wl,--gc-sections" "-pie" "-Wl,-z,relro,-z,now" "-nodefaultlibs"
[INFO] [stdout]   = note: some arguments are omitted. use `--verbose` to show all linker arguments
[INFO] [stdout]   = note: rust-lld: error: undefined symbol: cudaMemset
[INFO] [stdout]           >>> referenced by memory.rs:797 (/opt/rustwide/cargo-home/registry/src/index.crates.io-1949cf8c6b5b557f/singe-cuda-0.1.0-alpha.9/src/memory.rs:797)
[INFO] [stdout]           >>>               /opt/rustwide/target/debug/examples/frontend_fp16_sdpa_backward_sink_token-a8e4146dabdd0e3a.frontend_fp16_sdpa_backward_sink_token.62a17cb4be96a639-cgu.0.rcgu.o:(<singe_cuda::memory::DeviceMemory<half::bfloat::bf16>>::set)
[INFO] [stdout]           
[INFO] [stdout]           rust-lld: error: undefined symbol: cudaMemcpy
[INFO] [stdout]           >>> referenced by memory.rs:765 (/opt/rustwide/cargo-home/registry/src/index.crates.io-1949cf8c6b5b557f/singe-cuda-0.1.0-alpha.9/src/memory.rs:765)
[INFO] [stdout]           >>>               /opt/rustwide/target/debug/examples/frontend_fp16_sdpa_backward_sink_token-a8e4146dabdd0e3a.frontend_fp16_sdpa_backward_sink_token.62a17cb4be96a639-cgu.0.rcgu.o:(<singe_cuda::memory::DeviceMemory<half::bfloat::bf16>>::copy)
[INFO] [stdout]           >>> referenced by memory.rs:765 (/opt/rustwide/cargo-home/registry/src/index.crates.io-1949cf8c6b5b557f/singe-cuda-0.1.0-alpha.9/src/memory.rs:765)
[INFO] [stdout]           >>>               /opt/rustwide/target/debug/examples/frontend_fp16_sdpa_backward_sink_token-a8e4146dabdd0e3a.frontend_fp16_sdpa_backward_sink_token.62a17cb4be96a639-cgu.0.rcgu.o:(<singe_cuda::memory::DeviceMemory<f32>>::copy)
[INFO] [stdout]           >>> referenced by memory.rs:765 (/opt/rustwide/cargo-home/registry/src/index.crates.io-1949cf8c6b5b557f/singe-cuda-0.1.0-alpha.9/src/memory.rs:765)
[INFO] [stdout]           >>>               /opt/rustwide/target/debug/examples/frontend_fp16_sdpa_backward_sink_token-a8e4146dabdd0e3a.frontend_fp16_sdpa_backward_sink_token.62a17cb4be96a639-cgu.0.rcgu.o:(<singe_cuda::memory::DeviceMemory<i32>>::copy)
[INFO] [stdout]           
[INFO] [stdout]           rust-lld: error: undefined symbol: cudaFree
[INFO] [stdout]           >>> referenced by memory.rs:728 (/opt/rustwide/cargo-home/registry/src/index.crates.io-1949cf8c6b5b557f/singe-cuda-0.1.0-alpha.9/src/memory.rs:728)
[INFO] [stdout]           >>>               /opt/rustwide/target/debug/examples/frontend_fp16_sdpa_backward_sink_token-a8e4146dabdd0e3a.frontend_fp16_sdpa_backward_sink_token.62a17cb4be96a639-cgu.0.rcgu.o:(<singe_cuda::memory::DeviceMemory<half::bfloat::bf16>>::free)
[INFO] [stdout]           >>> referenced by memory.rs:728 (/opt/rustwide/cargo-home/registry/src/index.crates.io-1949cf8c6b5b557f/singe-cuda-0.1.0-alpha.9/src/memory.rs:728)
[INFO] [stdout]           >>>               /opt/rustwide/target/debug/examples/frontend_fp16_sdpa_backward_sink_token-a8e4146dabdd0e3a.frontend_fp16_sdpa_backward_sink_token.62a17cb4be96a639-cgu.0.rcgu.o:(<singe_cuda::memory::DeviceMemory<f32>>::free)
[INFO] [stdout]           >>> referenced by memory.rs:728 (/opt/rustwide/cargo-home/registry/src/index.crates.io-1949cf8c6b5b557f/singe-cuda-0.1.0-alpha.9/src/memory.rs:728)
[INFO] [stdout]           >>>               /opt/rustwide/target/debug/examples/frontend_fp16_sdpa_backward_sink_token-a8e4146dabdd0e3a.frontend_fp16_sdpa_backward_sink_token.62a17cb4be96a639-cgu.0.rcgu.o:(<singe_cuda::memory::DeviceMemory<i32>>::free)
[INFO] [stdout]           >>> referenced 1 more times
[INFO] [stdout]           
[INFO] [stdout]           rust-lld: error: undefined symbol: cudaMalloc
[INFO] [stdout]           >>> referenced by memory.rs:680 (/opt/rustwide/cargo-home/registry/src/index.crates.io-1949cf8c6b5b557f/singe-cuda-0.1.0-alpha.9/src/memory.rs:680)
[INFO] [stdout]           >>>               /opt/rustwide/target/debug/examples/frontend_fp16_sdpa_backward_sink_token-a8e4146dabdd0e3a.frontend_fp16_sdpa_backward_sink_token.62a17cb4be96a639-cgu.0.rcgu.o:(<singe_cuda::memory::DeviceMemory<half::bfloat::bf16>>::alloc)
[INFO] [stdout]           >>> referenced by memory.rs:680 (/opt/rustwide/cargo-home/registry/src/index.crates.io-1949cf8c6b5b557f/singe-cuda-0.1.0-alpha.9/src/memory.rs:680)
[INFO] [stdout]           >>>               /opt/rustwide/target/debug/examples/frontend_fp16_sdpa_backward_sink_token-a8e4146dabdd0e3a.frontend_fp16_sdpa_backward_sink_token.62a17cb4be96a639-cgu.0.rcgu.o:(<singe_cuda::memory::DeviceMemory<f32>>::alloc)
[INFO] [stdout]           >>> referenced by memory.rs:680 (/opt/rustwide/cargo-home/registry/src/index.crates.io-1949cf8c6b5b557f/singe-cuda-0.1.0-alpha.9/src/memory.rs:680)
[INFO] [stdout]           >>>               /opt/rustwide/target/debug/examples/frontend_fp16_sdpa_backward_sink_token-a8e4146dabdd0e3a.frontend_fp16_sdpa_backward_sink_token.62a17cb4be96a639-cgu.0.rcgu.o:(<singe_cuda::memory::DeviceMemory<i32>>::alloc)
[INFO] [stdout]           >>> referenced 1 more times
[INFO] [stdout]           
[INFO] [stdout]           rust-lld: error: undefined symbol: cudnnSetStream
[INFO] [stdout]           >>> referenced by context.rs:157 (src/context.rs:157)
[INFO] [stdout]           >>>               singe_cudnn-f0a9199f7b6fd737.singe_cudnn.8cd7bbdd1e488e2c-cgu.06.rcgu.o:(<singe_cudnn::context::Context>::set_stream) in archive /opt/rustwide/target/debug/deps/libsinge_cudnn-f0a9199f7b6fd737.rlib
[INFO] [stdout]           >>> referenced by context.rs:108 (src/context.rs:108)
[INFO] [stdout]           >>>               singe_cudnn-f0a9199f7b6fd737.singe_cudnn.8cd7bbdd1e488e2c-cgu.06.rcgu.o:(<singe_cudnn::context::Context>::set_stream_checked) in archive /opt/rustwide/target/debug/deps/libsinge_cudnn-f0a9199f7b6fd737.rlib
[INFO] [stdout]           
[INFO] [stdout]           rust-lld: error: undefined symbol: cudnnCreate
[INFO] [stdout]           >>> referenced by context.rs:58 (src/context.rs:58)
[INFO] [stdout]           >>>               singe_cudnn-f0a9199f7b6fd737.singe_cudnn.8cd7bbdd1e488e2c-cgu.06.rcgu.o:(<singe_cudnn::context::Context>::create) in archive /opt/rustwide/target/debug/deps/libsinge_cudnn-f0a9199f7b6fd737.rlib
[INFO] [stdout]           
[INFO] [stdout]           rust-lld: error: undefined symbol: cudnnDestroy
[INFO] [stdout]           >>> referenced by context.rs:195 (src/context.rs:195)
[INFO] [stdout]           >>>               singe_cudnn-f0a9199f7b6fd737.singe_cudnn.8cd7bbdd1e488e2c-cgu.06.rcgu.o:(<singe_cudnn::context::Handle as core::ops::drop::Drop>::drop) in archive /opt/rustwide/target/debug/deps/libsinge_cudnn-f0a9199f7b6fd737.rlib
[INFO] [stdout]           
[INFO] [stdout]           rust-lld: error: undefined symbol: cudnnBackendGetAttribute
[INFO] [stdout]           >>> referenced by attributes.rs:382 (src/descriptor/attributes.rs:382)
[INFO] [stdout]           >>>               singe_cudnn-f0a9199f7b6fd737.singe_cudnn.8cd7bbdd1e488e2c-cgu.09.rcgu.o:(<singe_cudnn::descriptor::BackendDescriptor>::attribute_enum_slice::<singe_cudnn::knob::BackendKnobType>) in archive /opt/rustwide/target/debug/deps/libsinge_cudnn-f0a9199f7b6fd737.rlib
[INFO] [stdout]           >>> referenced by attributes.rs:382 (src/descriptor/attributes.rs:382)
[INFO] [stdout]           >>>               singe_cudnn-f0a9199f7b6fd737.singe_cudnn.8cd7bbdd1e488e2c-cgu.09.rcgu.o:(<singe_cudnn::descriptor::BackendDescriptor>::attribute_enum_slice::<singe_cudnn::behavior::BackendBehaviorNote>) in archive /opt/rustwide/target/debug/deps/libsinge_cudnn-f0a9199f7b6fd737.rlib
[INFO] [stdout]           >>> referenced by attributes.rs:382 (src/descriptor/attributes.rs:382)
[INFO] [stdout]           >>>               singe_cudnn-f0a9199f7b6fd737.singe_cudnn.8cd7bbdd1e488e2c-cgu.09.rcgu.o:(<singe_cudnn::descriptor::BackendDescriptor>::attribute_enum_slice::<singe_cudnn::behavior::BackendNumericalNote>) in archive /opt/rustwide/target/debug/deps/libsinge_cudnn-f0a9199f7b6fd737.rlib
[INFO] [stdout]           >>> referenced 8 more times
[INFO] [stdout]           
[INFO] [stdout]           rust-lld: error: undefined symbol: cudnnGetVersion
[INFO] [stdout]           >>> referenced by lib.rs:192 (src/lib.rs:192)
[INFO] [stdout]           >>>               singe_cudnn-f0a9199f7b6fd737.singe_cudnn.8cd7bbdd1e488e2c-cgu.09.rcgu.o:(singe_cudnn::version) in archive /opt/rustwide/target/debug/deps/libsinge_cudnn-f0a9199f7b6fd737.rlib
[INFO] [stdout]           
[INFO] [stdout]           rust-lld: error: undefined symbol: cudnnBackendSetAttribute
[INFO] [stdout]           >>> referenced by descriptor.rs:309 (src/descriptor.rs:309)
[INFO] [stdout]           >>>               singe_cudnn-f0a9199f7b6fd737.singe_cudnn.8cd7bbdd1e488e2c-cgu.09.rcgu.o:(<singe_cudnn::descriptor::BackendDescriptor>::set_attribute_raw) in archive /opt/rustwide/target/debug/deps/libsinge_cudnn-f0a9199f7b6fd737.rlib
[INFO] [stdout]           
[INFO] [stdout]           rust-lld: error: undefined symbol: cudnnBackendCreateDescriptor
[INFO] [stdout]           >>> referenced by descriptor.rs:170 (src/descriptor.rs:170)
[INFO] [stdout]           >>>               singe_cudnn-f0a9199f7b6fd737.singe_cudnn.8cd7bbdd1e488e2c-cgu.09.rcgu.o:(<singe_cudnn::descriptor::BackendDescriptor>::create) in archive /opt/rustwide/target/debug/deps/libsinge_cudnn-f0a9199f7b6fd737.rlib
[INFO] [stdout]           
[INFO] [stdout]           rust-lld: error: undefined symbol: cudnnBackendFinalize
[INFO] [stdout]           >>> referenced by descriptor.rs:273 (src/descriptor.rs:273)
[INFO] [stdout]           >>>               singe_cudnn-f0a9199f7b6fd737.singe_cudnn.8cd7bbdd1e488e2c-cgu.09.rcgu.o:(<singe_cudnn::descriptor::BackendDescriptor>::finalize) in archive /opt/rustwide/target/debug/deps/libsinge_cudnn-f0a9199f7b6fd737.rlib
[INFO] [stdout]           
[INFO] [stdout]           rust-lld: error: undefined symbol: cudnnBackendExecute
[INFO] [stdout]           >>> referenced by descriptor.rs:451 (src/descriptor.rs:451)
[INFO] [stdout]           >>>               singe_cudnn-f0a9199f7b6fd737.singe_cudnn.8cd7bbdd1e488e2c-cgu.09.rcgu.o:(singe_cudnn::descriptor::backend_execute) in archive /opt/rustwide/target/debug/deps/libsinge_cudnn-f0a9199f7b6fd737.rlib
[INFO] [stdout]           
[INFO] [stdout]           rust-lld: error: undefined symbol: cudnnBackendDestroyDescriptor
[INFO] [stdout]           >>> referenced by descriptor.rs:420 (src/descriptor.rs:420)
[INFO] [stdout]           >>>               singe_cudnn-f0a9199f7b6fd737.singe_cudnn.8cd7bbdd1e488e2c-cgu.09.rcgu.o:(<singe_cudnn::descriptor::BackendDescriptor as core::ops::drop::Drop>::drop) in archive /opt/rustwide/target/debug/deps/libsinge_cudnn-f0a9199f7b6fd737.rlib
[INFO] [stdout]           
[INFO] [stdout]           rust-lld: error: undefined symbol: cudnnGetErrorString
[INFO] [stdout]           >>> referenced by error.rs:131 (src/error.rs:131)
[INFO] [stdout]           >>>               singe_cudnn-f0a9199f7b6fd737.singe_cudnn.8cd7bbdd1e488e2c-cgu.15.rcgu.o:(singe_cudnn::error::cudnn_error_string) in archive /opt/rustwide/target/debug/deps/libsinge_cudnn-f0a9199f7b6fd737.rlib
[INFO] [stdout]           
[INFO] [stdout]           rust-lld: error: undefined symbol: cudaStreamSynchronize
[INFO] [stdout]           >>> referenced by stream.rs:926 (src/stream.rs:926)
[INFO] [stdout]           >>>               singe_cuda-ed90e7b3118c65ce.singe_cuda.a91e1cfdb284d6c0-cgu.03.rcgu.o:(<singe_cuda::stream::Stream>::destroy_handle::{closure#0}) in archive /opt/rustwide/target/debug/deps/libsinge_cuda-ed90e7b3118c65ce.rlib
[INFO] [stdout]           
[INFO] [stdout]           rust-lld: error: undefined symbol: cudaStreamDestroy
[INFO] [stdout]           >>> referenced by stream.rs:927 (src/stream.rs:927)
[INFO] [stdout]           >>>               singe_cuda-ed90e7b3118c65ce.singe_cuda.a91e1cfdb284d6c0-cgu.03.rcgu.o:(<singe_cuda::stream::Stream>::destroy_handle) in archive /opt/rustwide/target/debug/deps/libsinge_cuda-ed90e7b3118c65ce.rlib
[INFO] [stdout]           
[INFO] [stdout]           rust-lld: error: undefined symbol: cudaGetDevice
[INFO] [stdout]           >>> referenced by device.rs:448 (src/device.rs:448)
[INFO] [stdout]           >>>               singe_cuda-ed90e7b3118c65ce.singe_cuda.a91e1cfdb284d6c0-cgu.06.rcgu.o:(<singe_cuda::device::Device>::current) in archive /opt/rustwide/target/debug/deps/libsinge_cuda-ed90e7b3118c65ce.rlib
[INFO] [stdout]           
[INFO] [stdout]           rust-lld: error: undefined symbol: cudaGetErrorString
[INFO] [stdout]           >>> referenced by error.rs:343 (src/error.rs:343)
[INFO] [stdout]           >>>               singe_cuda-ed90e7b3118c65ce.singe_cuda.a91e1cfdb284d6c0-cgu.07.rcgu.o:(<singe_cuda::error::Error as core::convert::From<singe_cuda_sys::driver::cudaError_enum>>::from) in archive /opt/rustwide/target/debug/deps/libsinge_cuda-ed90e7b3118c65ce.rlib
[INFO] [stdout]           
[INFO] [stdout]           rust-lld: error: undefined symbol: cuInit
[INFO] [stdout]           >>> referenced by context.rs:101 (src/context.rs:101)
[INFO] [stdout]           >>>               singe_cuda-ed90e7b3118c65ce.singe_cuda.a91e1cfdb284d6c0-cgu.09.rcgu.o:(<singe_cuda::context::Context>::create_for_device_with_flags) in archive /opt/rustwide/target/debug/deps/libsinge_cuda-ed90e7b3118c65ce.rlib
[INFO] [stdout]           
[INFO] [stdout]           rust-lld: error: too many errors emitted, stopping now (use --error-limit=0 to see all errors)
[INFO] [stdout]           collect2: error: ld returned 1 exit status
[INFO] [stdout]           
[INFO] [stdout] 
[INFO] [stdout] 
[INFO] [stdout] error: linking with `cc` failed: exit status: 1
[INFO] [stdout]   |
[INFO] [stdout]   = note:  "cc" "-m64" "/opt/rustwide/target/debug/examples/rustcT55j6F/symbols.o" "<3 object files omitted>" "-Wl,--as-needed" "-Wl,-Bstatic" "/opt/rustwide/target/debug/deps/{libsinge_cudnn-f0a9199f7b6fd737,libhex-13e08b3b00984ab7,libsha2-8f22cd85fe34ebf2,libcpufeatures-6c1f78f4142e3013,libdigest-eae7b3c46639f7f3,libconst_oid-58507ca40e062d76,libcrypto_common-32224ab3acf77d4c,libblock_buffer-e220b56d2ce316ec,libhybrid_array-745b8e9269c93837,libtypenum-8cba24ab4904c632,libbomboni_serde-b88d748af53df261,libserde_json-0b78fc7f648ee3bc,libmemchr-25f2248dc1705570,libitoa-5de11b3b23bfe572,libzmij-ef63f1da73704b4c,libsinge_cudnn_sys-5f0227d6bd4e3565,libsinge_cuda-ed90e7b3118c65ce,libbitflags-c11c4f5488569199,libhalf-5fcd82a8c29d4ae8,libcfg_if-83060ec5685761ae,libzerocopy-eb35aedb38cbd4b6,libnum_complex-7fde6cee17bf2151,libnum_traits-c2765a255388353b,libthiserror-a77deb6f2da9bbd9,libsinge_core-561bf59c6e23a8db,libserde-e9c634bbe919bade,libserde_core-2c928ee17a7447a4,libsinge_cuda_sys-0c9c8aa395d1912f,libnum_enum-64a98df1e659a46b}.rlib" "<sysroot>/lib/rustlib/x86_64-unknown-linux-gnu/lib/{libstd-*,libpanic_unwind-*,libobject-*,libmemchr-*,libaddr2line-*,libgimli-*,libcfg_if-*,librustc_demangle-*,libstd_detect-*,libhashbrown-*,librustc_std_workspace_alloc-*,libminiz_oxide-*,libadler2-*,libunwind-*,liblibc-*,librustc_std_workspace_core-*,liballoc-*,libcore-*,libcompiler_builtins-*}.rlib" "-Wl,-Bdynamic" "-lgcc_s" "-lutil" "-lrt" "-lpthread" "-lm" "-ldl" "-lc" "-L" "/opt/rustwide/target/debug/examples/rustcT55j6F/raw-dylibs" "-B<sysroot>/lib/rustlib/x86_64-unknown-linux-gnu/bin/gcc-ld" "-fuse-ld=lld" "-Wl,--eh-frame-hdr" "-Wl,-z,noexecstack" "-L" "<sysroot>/lib/rustlib/x86_64-unknown-linux-gnu/lib" "-o" "/opt/rustwide/target/debug/examples/frontend_resample-14eec48136dd4b87" "-Wl,--gc-sections" "-pie" "-Wl,-z,relro,-z,now" "-nodefaultlibs"
[INFO] [stdout]   = note: some arguments are omitted. use `--verbose` to show all linker arguments
[INFO] [stdout]   = note: rust-lld: error: undefined symbol: cudaMemset
[INFO] [stdout]           >>> referenced by memory.rs:797 (/opt/rustwide/cargo-home/registry/src/index.crates.io-1949cf8c6b5b557f/singe-cuda-0.1.0-alpha.9/src/memory.rs:797)
[INFO] [stdout]           >>>               /opt/rustwide/target/debug/examples/frontend_resample-14eec48136dd4b87.frontend_resample.ac549189852c193f-cgu.0.rcgu.o:(<singe_cuda::memory::DeviceMemory<half::binary16::f16>>::set)
[INFO] [stdout]           
[INFO] [stdout]           rust-lld: error: undefined symbol: cudaMemcpy
[INFO] [stdout]           >>> referenced by memory.rs:765 (/opt/rustwide/cargo-home/registry/src/index.crates.io-1949cf8c6b5b557f/singe-cuda-0.1.0-alpha.9/src/memory.rs:765)
[INFO] [stdout]           >>>               /opt/rustwide/target/debug/examples/frontend_resample-14eec48136dd4b87.frontend_resample.ac549189852c193f-cgu.0.rcgu.o:(<singe_cuda::memory::DeviceMemory<half::binary16::f16>>::copy)
[INFO] [stdout]           
[INFO] [stdout]           rust-lld: error: undefined symbol: cudaFree
[INFO] [stdout]           >>> referenced by memory.rs:728 (/opt/rustwide/cargo-home/registry/src/index.crates.io-1949cf8c6b5b557f/singe-cuda-0.1.0-alpha.9/src/memory.rs:728)
[INFO] [stdout]           >>>               /opt/rustwide/target/debug/examples/frontend_resample-14eec48136dd4b87.frontend_resample.ac549189852c193f-cgu.0.rcgu.o:(<singe_cuda::memory::DeviceMemory<half::binary16::f16>>::free)
[INFO] [stdout]           >>> referenced by memory.rs:728 (/opt/rustwide/cargo-home/registry/src/index.crates.io-1949cf8c6b5b557f/singe-cuda-0.1.0-alpha.9/src/memory.rs:728)
[INFO] [stdout]           >>>               singe_cudnn-f0a9199f7b6fd737.singe_cudnn.8cd7bbdd1e488e2c-cgu.09.rcgu.o:(<singe_cuda::memory::DeviceMemory<u8>>::free) in archive /opt/rustwide/target/debug/deps/libsinge_cudnn-f0a9199f7b6fd737.rlib
[INFO] [stdout]           
[INFO] [stdout]           rust-lld: error: undefined symbol: cudaMalloc
[INFO] [stdout]           >>> referenced by memory.rs:680 (/opt/rustwide/cargo-home/registry/src/index.crates.io-1949cf8c6b5b557f/singe-cuda-0.1.0-alpha.9/src/memory.rs:680)
[INFO] [stdout]           >>>               /opt/rustwide/target/debug/examples/frontend_resample-14eec48136dd4b87.frontend_resample.ac549189852c193f-cgu.0.rcgu.o:(<singe_cuda::memory::DeviceMemory<half::binary16::f16>>::alloc)
[INFO] [stdout]           >>> referenced by memory.rs:680 (/opt/rustwide/cargo-home/registry/src/index.crates.io-1949cf8c6b5b557f/singe-cuda-0.1.0-alpha.9/src/memory.rs:680)
[INFO] [stdout]           >>>               singe_cudnn-f0a9199f7b6fd737.singe_cudnn.8cd7bbdd1e488e2c-cgu.09.rcgu.o:(<singe_cuda::memory::DeviceMemory<u8>>::alloc) in archive /opt/rustwide/target/debug/deps/libsinge_cudnn-f0a9199f7b6fd737.rlib
[INFO] [stdout]           
[INFO] [stdout]           rust-lld: error: undefined symbol: cudnnSetStream
[INFO] [stdout]           >>> referenced by context.rs:157 (src/context.rs:157)
[INFO] [stdout]           >>>               singe_cudnn-f0a9199f7b6fd737.singe_cudnn.8cd7bbdd1e488e2c-cgu.06.rcgu.o:(<singe_cudnn::context::Context>::set_stream) in archive /opt/rustwide/target/debug/deps/libsinge_cudnn-f0a9199f7b6fd737.rlib
[INFO] [stdout]           >>> referenced by context.rs:108 (src/context.rs:108)
[INFO] [stdout]           >>>               singe_cudnn-f0a9199f7b6fd737.singe_cudnn.8cd7bbdd1e488e2c-cgu.06.rcgu.o:(<singe_cudnn::context::Context>::set_stream_checked) in archive /opt/rustwide/target/debug/deps/libsinge_cudnn-f0a9199f7b6fd737.rlib
[INFO] [stdout]           
[INFO] [stdout]           rust-lld: error: undefined symbol: cudnnCreate
[INFO] [stdout]           >>> referenced by context.rs:58 (src/context.rs:58)
[INFO] [stdout]           >>>               singe_cudnn-f0a9199f7b6fd737.singe_cudnn.8cd7bbdd1e488e2c-cgu.06.rcgu.o:(<singe_cudnn::context::Context>::create) in archive /opt/rustwide/target/debug/deps/libsinge_cudnn-f0a9199f7b6fd737.rlib
[INFO] [stdout]           
[INFO] [stdout]           rust-lld: error: undefined symbol: cudnnDestroy
[INFO] [stdout]           >>> referenced by context.rs:195 (src/context.rs:195)
[INFO] [stdout]           >>>               singe_cudnn-f0a9199f7b6fd737.singe_cudnn.8cd7bbdd1e488e2c-cgu.06.rcgu.o:(<singe_cudnn::context::Handle as core::ops::drop::Drop>::drop) in archive /opt/rustwide/target/debug/deps/libsinge_cudnn-f0a9199f7b6fd737.rlib
[INFO] [stdout]           
[INFO] [stdout]           rust-lld: error: undefined symbol: cudnnBackendGetAttribute
[INFO] [stdout]           >>> referenced by attributes.rs:382 (src/descriptor/attributes.rs:382)
[INFO] [stdout]           >>>               singe_cudnn-f0a9199f7b6fd737.singe_cudnn.8cd7bbdd1e488e2c-cgu.09.rcgu.o:(<singe_cudnn::descriptor::BackendDescriptor>::attribute_enum_slice::<singe_cudnn::knob::BackendKnobType>) in archive /opt/rustwide/target/debug/deps/libsinge_cudnn-f0a9199f7b6fd737.rlib
[INFO] [stdout]           >>> referenced by attributes.rs:382 (src/descriptor/attributes.rs:382)
[INFO] [stdout]           >>>               singe_cudnn-f0a9199f7b6fd737.singe_cudnn.8cd7bbdd1e488e2c-cgu.09.rcgu.o:(<singe_cudnn::descriptor::BackendDescriptor>::attribute_enum_slice::<singe_cudnn::behavior::BackendBehaviorNote>) in archive /opt/rustwide/target/debug/deps/libsinge_cudnn-f0a9199f7b6fd737.rlib
[INFO] [stdout]           >>> referenced by attributes.rs:382 (src/descriptor/attributes.rs:382)
[INFO] [stdout]           >>>               singe_cudnn-f0a9199f7b6fd737.singe_cudnn.8cd7bbdd1e488e2c-cgu.09.rcgu.o:(<singe_cudnn::descriptor::BackendDescriptor>::attribute_enum_slice::<singe_cudnn::behavior::BackendNumericalNote>) in archive /opt/rustwide/target/debug/deps/libsinge_cudnn-f0a9199f7b6fd737.rlib
[INFO] [stdout]           >>> referenced 8 more times
[INFO] [stdout]           
[INFO] [stdout]           rust-lld: error: undefined symbol: cudnnGetErrorString
[INFO] [stdout]           >>> referenced by error.rs:131 (src/error.rs:131)
[INFO] [stdout]           >>>               singe_cudnn-f0a9199f7b6fd737.singe_cudnn.8cd7bbdd1e488e2c-cgu.15.rcgu.o:(singe_cudnn::error::cudnn_error_string) in archive /opt/rustwide/target/debug/deps/libsinge_cudnn-f0a9199f7b6fd737.rlib
[INFO] [stdout]           
[INFO] [stdout]           rust-lld: error: undefined symbol: cudaStreamSynchronize
[INFO] [stdout]           >>> referenced by stream.rs:926 (src/stream.rs:926)
[INFO] [stdout]           >>>               singe_cuda-ed90e7b3118c65ce.singe_cuda.a91e1cfdb284d6c0-cgu.03.rcgu.o:(<singe_cuda::stream::Stream>::destroy_handle::{closure#0}) in archive /opt/rustwide/target/debug/deps/libsinge_cuda-ed90e7b3118c65ce.rlib
[INFO] [stdout]           
[INFO] [stdout]           rust-lld: error: undefined symbol: cudaStreamDestroy
[INFO] [stdout]           >>> referenced by stream.rs:927 (src/stream.rs:927)
[INFO] [stdout]           >>>               singe_cuda-ed90e7b3118c65ce.singe_cuda.a91e1cfdb284d6c0-cgu.03.rcgu.o:(<singe_cuda::stream::Stream>::destroy_handle) in archive /opt/rustwide/target/debug/deps/libsinge_cuda-ed90e7b3118c65ce.rlib
[INFO] [stdout]           
[INFO] [stdout]           rust-lld: error: undefined symbol: cudaGetDevice
[INFO] [stdout]           >>> referenced by device.rs:448 (src/device.rs:448)
[INFO] [stdout]           >>>               singe_cuda-ed90e7b3118c65ce.singe_cuda.a91e1cfdb284d6c0-cgu.06.rcgu.o:(<singe_cuda::device::Device>::current) in archive /opt/rustwide/target/debug/deps/libsinge_cuda-ed90e7b3118c65ce.rlib
[INFO] [stdout]           
[INFO] [stdout]           rust-lld: error: undefined symbol: cudaGetErrorString
[INFO] [stdout]           >>> referenced by error.rs:343 (src/error.rs:343)
[INFO] [stdout]           >>>               singe_cuda-ed90e7b3118c65ce.singe_cuda.a91e1cfdb284d6c0-cgu.07.rcgu.o:(<singe_cuda::error::Error as core::convert::From<singe_cuda_sys::driver::cudaError_enum>>::from) in archive /opt/rustwide/target/debug/deps/libsinge_cuda-ed90e7b3118c65ce.rlib
[INFO] [stdout]           
[INFO] [stdout]           rust-lld: error: undefined symbol: cuInit
[INFO] [stdout]           >>> referenced by context.rs:101 (src/context.rs:101)
[INFO] [stdout]           >>>               singe_cuda-ed90e7b3118c65ce.singe_cuda.a91e1cfdb284d6c0-cgu.09.rcgu.o:(<singe_cuda::context::Context>::create_for_device_with_flags) in archive /opt/rustwide/target/debug/deps/libsinge_cuda-ed90e7b3118c65ce.rlib
[INFO] [stdout]           
[INFO] [stdout]           rust-lld: error: undefined symbol: cuCtxCreate_v4
[INFO] [stdout]           >>> referenced by context.rs:104 (src/context.rs:104)
[INFO] [stdout]           >>>               singe_cuda-ed90e7b3118c65ce.singe_cuda.a91e1cfdb284d6c0-cgu.09.rcgu.o:(<singe_cuda::context::Context>::create_for_device_with_flags) in archive /opt/rustwide/target/debug/deps/libsinge_cuda-ed90e7b3118c65ce.rlib
[INFO] [stdout]           
[INFO] [stdout]           rust-lld: error: undefined symbol: cuCtxGetCurrent
[INFO] [stdout]           >>> referenced by context.rs:160 (src/context.rs:160)
[INFO] [stdout]           >>>               singe_cuda-ed90e7b3118c65ce.singe_cuda.a91e1cfdb284d6c0-cgu.09.rcgu.o:(<singe_cuda::context::Context>::bind) in archive /opt/rustwide/target/debug/deps/libsinge_cuda-ed90e7b3118c65ce.rlib
[INFO] [stdout]           
[INFO] [stdout]           rust-lld: error: undefined symbol: cuCtxSetCurrent
[INFO] [stdout]           >>> referenced by context.rs:164 (src/context.rs:164)
[INFO] [stdout]           >>>               singe_cuda-ed90e7b3118c65ce.singe_cuda.a91e1cfdb284d6c0-cgu.09.rcgu.o:(<singe_cuda::context::Context>::bind) in archive /opt/rustwide/target/debug/deps/libsinge_cuda-ed90e7b3118c65ce.rlib
[INFO] [stdout]           
[INFO] [stdout]           rust-lld: error: undefined symbol: cudaStreamCreateWithFlags
[INFO] [stdout]           >>> referenced by stream.rs:1166 (src/stream.rs:1166)
[INFO] [stdout]           >>>               singe_cuda-ed90e7b3118c65ce.singe_cuda.a91e1cfdb284d6c0-cgu.09.rcgu.o:(<singe_cuda::context::Context>::create_stream_with_flags) in archive /opt/rustwide/target/debug/deps/libsinge_cuda-ed90e7b3118c65ce.rlib
[INFO] [stdout]           
[INFO] [stdout]           rust-lld: error: undefined symbol: nvrtcGetErrorString
[INFO] [stdout]           >>> referenced by nvrtc.rs:54 (src/nvrtc.rs:54)
[INFO] [stdout]           >>>               singe_cuda-ed90e7b3118c65ce.singe_cuda.a91e1cfdb284d6c0-cgu.11.rcgu.o:(<singe_cuda::nvrtc::Status>::description) in archive /opt/rustwide/target/debug/deps/libsinge_cuda-ed90e7b3118c65ce.rlib
[INFO] [stdout]           
[INFO] [stdout]           rust-lld: error: undefined symbol: nvrtcVersion
[INFO] [stdout]           >>> referenced by nvrtc.rs:1372 (src/nvrtc.rs:1372)
[INFO] [stdout]           >>>               singe_cuda-ed90e7b3118c65ce.singe_cuda.a91e1cfdb284d6c0-cgu.11.rcgu.o:(singe_cuda::nvrtc::version) in archive /opt/rustwide/target/debug/deps/libsinge_cuda-ed90e7b3118c65ce.rlib
[INFO] [stdout]           
[INFO] [stdout]           rust-lld: error: too many errors emitted, stopping now (use --error-limit=0 to see all errors)
[INFO] [stdout]           collect2: error: ld returned 1 exit status
[INFO] [stdout]           
[INFO] [stdout] 
[INFO] [stdout] 
[INFO] [stdout] error: linking with `cc` failed: exit status: 1
[INFO] [stdout]   |
[INFO] [stdout]   = note:  "cc" "-m64" "/opt/rustwide/target/debug/examples/rustcpZzHvf/symbols.o" "<3 object files omitted>" "-Wl,--as-needed" "-Wl,-Bstatic" "/opt/rustwide/target/debug/deps/{libsinge_cudnn-f0a9199f7b6fd737,libhex-13e08b3b00984ab7,libsha2-8f22cd85fe34ebf2,libcpufeatures-6c1f78f4142e3013,libdigest-eae7b3c46639f7f3,libconst_oid-58507ca40e062d76,libcrypto_common-32224ab3acf77d4c,libblock_buffer-e220b56d2ce316ec,libhybrid_array-745b8e9269c93837,libtypenum-8cba24ab4904c632,libbomboni_serde-b88d748af53df261,libserde_json-0b78fc7f648ee3bc,libmemchr-25f2248dc1705570,libitoa-5de11b3b23bfe572,libzmij-ef63f1da73704b4c,libsinge_cudnn_sys-5f0227d6bd4e3565,libsinge_cuda-ed90e7b3118c65ce,libbitflags-c11c4f5488569199,libhalf-5fcd82a8c29d4ae8,libcfg_if-83060ec5685761ae,libzerocopy-eb35aedb38cbd4b6,libnum_complex-7fde6cee17bf2151,libnum_traits-c2765a255388353b,libthiserror-a77deb6f2da9bbd9,libsinge_core-561bf59c6e23a8db,libserde-e9c634bbe919bade,libserde_core-2c928ee17a7447a4,libsinge_cuda_sys-0c9c8aa395d1912f,libnum_enum-64a98df1e659a46b}.rlib" "<sysroot>/lib/rustlib/x86_64-unknown-linux-gnu/lib/{libstd-*,libpanic_unwind-*,libobject-*,libmemchr-*,libaddr2line-*,libgimli-*,libcfg_if-*,librustc_demangle-*,libstd_detect-*,libhashbrown-*,librustc_std_workspace_alloc-*,libminiz_oxide-*,libadler2-*,libunwind-*,liblibc-*,librustc_std_workspace_core-*,liballoc-*,libcore-*,libcompiler_builtins-*}.rlib" "-Wl,-Bdynamic" "-lgcc_s" "-lutil" "-lrt" "-lpthread" "-lm" "-ldl" "-lc" "-L" "/opt/rustwide/target/debug/examples/rustcpZzHvf/raw-dylibs" "-B<sysroot>/lib/rustlib/x86_64-unknown-linux-gnu/bin/gcc-ld" "-fuse-ld=lld" "-Wl,--eh-frame-hdr" "-Wl,-z,noexecstack" "-L" "<sysroot>/lib/rustlib/x86_64-unknown-linux-gnu/lib" "-o" "/opt/rustwide/target/debug/examples/frontend_nvfp4_matmul-c263c07253588fab" "-Wl,--gc-sections" "-pie" "-Wl,-z,relro,-z,now" "-nodefaultlibs"
[INFO] [stdout]   = note: some arguments are omitted. use `--verbose` to show all linker arguments
[INFO] [stdout]   = note: rust-lld: error: undefined symbol: cudaMemset
[INFO] [stdout]           >>> referenced by memory.rs:797 (/opt/rustwide/cargo-home/registry/src/index.crates.io-1949cf8c6b5b557f/singe-cuda-0.1.0-alpha.9/src/memory.rs:797)
[INFO] [stdout]           >>>               /opt/rustwide/target/debug/examples/frontend_nvfp4_matmul-c263c07253588fab.frontend_nvfp4_matmul.15582ae36f540034-cgu.1.rcgu.o:(<singe_cuda::memory::DeviceMemory<singe_cuda::types::f4e2m1>>::set)
[INFO] [stdout]           >>> referenced by memory.rs:797 (/opt/rustwide/cargo-home/registry/src/index.crates.io-1949cf8c6b5b557f/singe-cuda-0.1.0-alpha.9/src/memory.rs:797)
[INFO] [stdout]           >>>               /opt/rustwide/target/debug/examples/frontend_nvfp4_matmul-c263c07253588fab.frontend_nvfp4_matmul.15582ae36f540034-cgu.1.rcgu.o:(<singe_cuda::memory::DeviceMemory<singe_cuda::types::f8e4m3>>::set)
[INFO] [stdout]           >>> referenced by memory.rs:797 (/opt/rustwide/cargo-home/registry/src/index.crates.io-1949cf8c6b5b557f/singe-cuda-0.1.0-alpha.9/src/memory.rs:797)
[INFO] [stdout]           >>>               /opt/rustwide/target/debug/examples/frontend_nvfp4_matmul-c263c07253588fab.frontend_nvfp4_matmul.15582ae36f540034-cgu.1.rcgu.o:(<singe_cuda::memory::DeviceMemory<half::binary16::f16>>::set)
[INFO] [stdout]           
[INFO] [stdout]           rust-lld: error: undefined symbol: cudaFree
[INFO] [stdout]           >>> referenced by memory.rs:728 (/opt/rustwide/cargo-home/registry/src/index.crates.io-1949cf8c6b5b557f/singe-cuda-0.1.0-alpha.9/src/memory.rs:728)
[INFO] [stdout]           >>>               /opt/rustwide/target/debug/examples/frontend_nvfp4_matmul-c263c07253588fab.frontend_nvfp4_matmul.15582ae36f540034-cgu.1.rcgu.o:(<singe_cuda::memory::DeviceMemory<singe_cuda::types::f4e2m1>>::free)
[INFO] [stdout]           >>> referenced by memory.rs:728 (/opt/rustwide/cargo-home/registry/src/index.crates.io-1949cf8c6b5b557f/singe-cuda-0.1.0-alpha.9/src/memory.rs:728)
[INFO] [stdout]           >>>               /opt/rustwide/target/debug/examples/frontend_nvfp4_matmul-c263c07253588fab.frontend_nvfp4_matmul.15582ae36f540034-cgu.1.rcgu.o:(<singe_cuda::memory::DeviceMemory<singe_cuda::types::f8e4m3>>::free)
[INFO] [stdout]           >>> referenced by memory.rs:728 (/opt/rustwide/cargo-home/registry/src/index.crates.io-1949cf8c6b5b557f/singe-cuda-0.1.0-alpha.9/src/memory.rs:728)
[INFO] [stdout]           >>>               /opt/rustwide/target/debug/examples/frontend_nvfp4_matmul-c263c07253588fab.frontend_nvfp4_matmul.15582ae36f540034-cgu.1.rcgu.o:(<singe_cuda::memory::DeviceMemory<half::binary16::f16>>::free)
[INFO] [stdout]           >>> referenced 1 more times
[INFO] [stdout]           
[INFO] [stdout]           rust-lld: error: undefined symbol: cudaMalloc
[INFO] [stdout]           >>> referenced by memory.rs:680 (/opt/rustwide/cargo-home/registry/src/index.crates.io-1949cf8c6b5b557f/singe-cuda-0.1.0-alpha.9/src/memory.rs:680)
[INFO] [stdout]           >>>               /opt/rustwide/target/debug/examples/frontend_nvfp4_matmul-c263c07253588fab.frontend_nvfp4_matmul.15582ae36f540034-cgu.1.rcgu.o:(<singe_cuda::memory::DeviceMemory<singe_cuda::types::f4e2m1>>::alloc)
[INFO] [stdout]           >>> referenced by memory.rs:680 (/opt/rustwide/cargo-home/registry/src/index.crates.io-1949cf8c6b5b557f/singe-cuda-0.1.0-alpha.9/src/memory.rs:680)
[INFO] [stdout]           >>>               /opt/rustwide/target/debug/examples/frontend_nvfp4_matmul-c263c07253588fab.frontend_nvfp4_matmul.15582ae36f540034-cgu.1.rcgu.o:(<singe_cuda::memory::DeviceMemory<singe_cuda::types::f8e4m3>>::alloc)
[INFO] [stdout]           >>> referenced by memory.rs:680 (/opt/rustwide/cargo-home/registry/src/index.crates.io-1949cf8c6b5b557f/singe-cuda-0.1.0-alpha.9/src/memory.rs:680)
[INFO] [stdout]           >>>               /opt/rustwide/target/debug/examples/frontend_nvfp4_matmul-c263c07253588fab.frontend_nvfp4_matmul.15582ae36f540034-cgu.1.rcgu.o:(<singe_cuda::memory::DeviceMemory<half::binary16::f16>>::alloc)
[INFO] [stdout]           >>> referenced 1 more times
[INFO] [stdout]           
[INFO] [stdout]           rust-lld: error: undefined symbol: cudaMemcpy
[INFO] [stdout]           >>> referenced by memory.rs:765 (/opt/rustwide/cargo-home/registry/src/index.crates.io-1949cf8c6b5b557f/singe-cuda-0.1.0-alpha.9/src/memory.rs:765)
[INFO] [stdout]           >>>               /opt/rustwide/target/debug/examples/frontend_nvfp4_matmul-c263c07253588fab.frontend_nvfp4_matmul.15582ae36f540034-cgu.1.rcgu.o:(<singe_cuda::memory::DeviceMemory<half::binary16::f16>>::copy)
[INFO] [stdout]           
[INFO] [stdout]           rust-lld: error: undefined symbol: cudnnSetStream
[INFO] [stdout]           >>> referenced by context.rs:157 (src/context.rs:157)
[INFO] [stdout]           >>>               singe_cudnn-f0a9199f7b6fd737.singe_cudnn.8cd7bbdd1e488e2c-cgu.06.rcgu.o:(<singe_cudnn::context::Context>::set_stream) in archive /opt/rustwide/target/debug/deps/libsinge_cudnn-f0a9199f7b6fd737.rlib
[INFO] [stdout]           >>> referenced by context.rs:108 (src/context.rs:108)
[INFO] [stdout]           >>>               singe_cudnn-f0a9199f7b6fd737.singe_cudnn.8cd7bbdd1e488e2c-cgu.06.rcgu.o:(<singe_cudnn::context::Context>::set_stream_checked) in archive /opt/rustwide/target/debug/deps/libsinge_cudnn-f0a9199f7b6fd737.rlib
[INFO] [stdout]           
[INFO] [stdout]           rust-lld: error: undefined symbol: cudnnCreate
[INFO] [stdout]           >>> referenced by context.rs:58 (src/context.rs:58)
[INFO] [stdout]           >>>               singe_cudnn-f0a9199f7b6fd737.singe_cudnn.8cd7bbdd1e488e2c-cgu.06.rcgu.o:(<singe_cudnn::context::Context>::create) in archive /opt/rustwide/target/debug/deps/libsinge_cudnn-f0a9199f7b6fd737.rlib
[INFO] [stdout]           
[INFO] [stdout]           rust-lld: error: undefined symbol: cudnnDestroy
[INFO] [stdout]           >>> referenced by context.rs:195 (src/context.rs:195)
[INFO] [stdout]           >>>               singe_cudnn-f0a9199f7b6fd737.singe_cudnn.8cd7bbdd1e488e2c-cgu.06.rcgu.o:(<singe_cudnn::context::Handle as core::ops::drop::Drop>::drop) in archive /opt/rustwide/target/debug/deps/libsinge_cudnn-f0a9199f7b6fd737.rlib
[INFO] [stdout]           
[INFO] [stdout]           rust-lld: error: undefined symbol: cudnnBackendGetAttribute
[INFO] [stdout]           >>> referenced by attributes.rs:382 (src/descriptor/attributes.rs:382)
[INFO] [stdout]           >>>               singe_cudnn-f0a9199f7b6fd737.singe_cudnn.8cd7bbdd1e488e2c-cgu.09.rcgu.o:(<singe_cudnn::descriptor::BackendDescriptor>::attribute_enum_slice::<singe_cudnn::knob::BackendKnobType>) in archive /opt/rustwide/target/debug/deps/libsinge_cudnn-f0a9199f7b6fd737.rlib
[INFO] [stdout]           >>> referenced by attributes.rs:382 (src/descriptor/attributes.rs:382)
[INFO] [stdout]           >>>               singe_cudnn-f0a9199f7b6fd737.singe_cudnn.8cd7bbdd1e488e2c-cgu.09.rcgu.o:(<singe_cudnn::descriptor::BackendDescriptor>::attribute_enum_slice::<singe_cudnn::behavior::BackendBehaviorNote>) in archive /opt/rustwide/target/debug/deps/libsinge_cudnn-f0a9199f7b6fd737.rlib
[INFO] [stdout]           >>> referenced by attributes.rs:382 (src/descriptor/attributes.rs:382)
[INFO] [stdout]           >>>               singe_cudnn-f0a9199f7b6fd737.singe_cudnn.8cd7bbdd1e488e2c-cgu.09.rcgu.o:(<singe_cudnn::descriptor::BackendDescriptor>::attribute_enum_slice::<singe_cudnn::behavior::BackendNumericalNote>) in archive /opt/rustwide/target/debug/deps/libsinge_cudnn-f0a9199f7b6fd737.rlib
[INFO] [stdout]           >>> referenced 8 more times
[INFO] [stdout]           
[INFO] [stdout]           rust-lld: error: undefined symbol: cudnnGetErrorString
[INFO] [stdout]           >>> referenced by error.rs:131 (src/error.rs:131)
[INFO] [stdout]           >>>               singe_cudnn-f0a9199f7b6fd737.singe_cudnn.8cd7bbdd1e488e2c-cgu.15.rcgu.o:(singe_cudnn::error::cudnn_error_string) in archive /opt/rustwide/target/debug/deps/libsinge_cudnn-f0a9199f7b6fd737.rlib
[INFO] [stdout]           
[INFO] [stdout]           rust-lld: error: undefined symbol: cudaStreamSynchronize
[INFO] [stdout]           >>> referenced by stream.rs:926 (src/stream.rs:926)
[INFO] [stdout]           >>>               singe_cuda-ed90e7b3118c65ce.singe_cuda.a91e1cfdb284d6c0-cgu.03.rcgu.o:(<singe_cuda::stream::Stream>::destroy_handle::{closure#0}) in archive /opt/rustwide/target/debug/deps/libsinge_cuda-ed90e7b3118c65ce.rlib
[INFO] [stdout]           
[INFO] [stdout]           rust-lld: error: undefined symbol: cudaStreamDestroy
[INFO] [stdout]           >>> referenced by stream.rs:927 (src/stream.rs:927)
[INFO] [stdout]           >>>               singe_cuda-ed90e7b3118c65ce.singe_cuda.a91e1cfdb284d6c0-cgu.03.rcgu.o:(<singe_cuda::stream::Stream>::destroy_handle) in archive /opt/rustwide/target/debug/deps/libsinge_cuda-ed90e7b3118c65ce.rlib
[INFO] [stdout]           
[INFO] [stdout]           rust-lld: error: undefined symbol: cudaGetDeviceProperties
[INFO] [stdout]           >>> referenced by device.rs:751 (src/device.rs:751)
[INFO] [stdout]           >>>               singe_cuda-ed90e7b3118c65ce.singe_cuda.a91e1cfdb284d6c0-cgu.06.rcgu.o:(<singe_cuda::device::Device>::properties) in archive /opt/rustwide/target/debug/deps/libsinge_cuda-ed90e7b3118c65ce.rlib
[INFO] [stdout]           
[INFO] [stdout]           rust-lld: error: undefined symbol: cudaGetDevice
[INFO] [stdout]           >>> referenced by device.rs:448 (src/device.rs:448)
[INFO] [stdout]           >>>               singe_cuda-ed90e7b3118c65ce.singe_cuda.a91e1cfdb284d6c0-cgu.06.rcgu.o:(<singe_cuda::device::Device>::current) in archive /opt/rustwide/target/debug/deps/libsinge_cuda-ed90e7b3118c65ce.rlib
[INFO] [stdout]           
[INFO] [stdout]           rust-lld: error: undefined symbol: cuInit
[INFO] [stdout]           >>> referenced by context.rs:101 (src/context.rs:101)
[INFO] [stdout]           >>>               singe_cuda-ed90e7b3118c65ce.singe_cuda.a91e1cfdb284d6c0-cgu.09.rcgu.o:(<singe_cuda::context::Context>::create_for_device_with_flags) in archive /opt/rustwide/target/debug/deps/libsinge_cuda-ed90e7b3118c65ce.rlib
[INFO] [stdout]           
[INFO] [stdout]           rust-lld: error: undefined symbol: cuCtxCreate_v4
[INFO] [stdout]           >>> referenced by context.rs:104 (src/context.rs:104)
[INFO] [stdout]           >>>               singe_cuda-ed90e7b3118c65ce.singe_cuda.a91e1cfdb284d6c0-cgu.09.rcgu.o:(<singe_cuda::context::Context>::create_for_device_with_flags) in archive /opt/rustwide/target/debug/deps/libsinge_cuda-ed90e7b3118c65ce.rlib
[INFO] [stdout]           
[INFO] [stdout]           rust-lld: error: undefined symbol: cuCtxGetCurrent
[INFO] [stdout]           >>> referenced by context.rs:160 (src/context.rs:160)
[INFO] [stdout]           >>>               singe_cuda-ed90e7b3118c65ce.singe_cuda.a91e1cfdb284d6c0-cgu.09.rcgu.o:(<singe_cuda::context::Context>::bind) in archive /opt/rustwide/target/debug/deps/libsinge_cuda-ed90e7b3118c65ce.rlib
[INFO] [stdout]           
[INFO] [stdout]           rust-lld: error: undefined symbol: cuCtxSetCurrent
[INFO] [stdout]           >>> referenced by context.rs:164 (src/context.rs:164)
[INFO] [stdout]           >>>               singe_cuda-ed90e7b3118c65ce.singe_cuda.a91e1cfdb284d6c0-cgu.09.rcgu.o:(<singe_cuda::context::Context>::bind) in archive /opt/rustwide/target/debug/deps/libsinge_cuda-ed90e7b3118c65ce.rlib
[INFO] [stdout]           
[INFO] [stdout]           rust-lld: error: undefined symbol: cudaStreamCreateWithFlags
[INFO] [stdout]           >>> referenced by stream.rs:1166 (src/stream.rs:1166)
[INFO] [stdout]           >>>               singe_cuda-ed90e7b3118c65ce.singe_cuda.a91e1cfdb284d6c0-cgu.09.rcgu.o:(<singe_cuda::context::Context>::create_stream_with_flags) in archive /opt/rustwide/target/debug/deps/libsinge_cuda-ed90e7b3118c65ce.rlib
[INFO] [stdout]           
[INFO] [stdout]           rust-lld: error: undefined symbol: cuDevicePrimaryCtxRelease_v2
[INFO] [stdout]           >>> referenced by context.rs:532 (src/context.rs:532)
[INFO] [stdout]           >>>               singe_cuda-ed90e7b3118c65ce.singe_cuda.a91e1cfdb284d6c0-cgu.09.rcgu.o:(<singe_cuda::context::Context as core::ops::drop::Drop>::drop) in archive /opt/rustwide/target/debug/deps/libsinge_cuda-ed90e7b3118c65ce.rlib
[INFO] [stdout]           
[INFO] [stdout]           rust-lld: error: undefined symbol: cuCtxDestroy_v2
[INFO] [stdout]           >>> referenced by context.rs:530 (src/context.rs:530)
[INFO] [stdout]           >>>               singe_cuda-ed90e7b3118c65ce.singe_cuda.a91e1cfdb284d6c0-cgu.09.rcgu.o:(<singe_cuda::context::Context as core::ops::drop::Drop>::drop) in archive /opt/rustwide/target/debug/deps/libsinge_cuda-ed90e7b3118c65ce.rlib
[INFO] [stdout]           
[INFO] [stdout]           rust-lld: error: too many errors emitted, stopping now (use --error-limit=0 to see all errors)
[INFO] [stdout]           collect2: error: ld returned 1 exit status
[INFO] [stdout]           
[INFO] [stdout] 
[INFO] [stdout] 
[INFO] [stderr] error: could not compile `singe-cudnn` (example "frontend_nvfp4_matmul") due to 1 previous error
[INFO] [stdout] error: linking with `cc` failed: exit status: 1
[INFO] [stdout]   |
[INFO] [stdout]   = note:  "cc" "-m64" "/opt/rustwide/target/debug/examples/rustcvcAgRu/symbols.o" "<3 object files omitted>" "-Wl,--as-needed" "-Wl,-Bstatic" "/opt/rustwide/target/debug/deps/{libsinge_cudnn-f0a9199f7b6fd737,libhex-13e08b3b00984ab7,libsha2-8f22cd85fe34ebf2,libcpufeatures-6c1f78f4142e3013,libdigest-eae7b3c46639f7f3,libconst_oid-58507ca40e062d76,libcrypto_common-32224ab3acf77d4c,libblock_buffer-e220b56d2ce316ec,libhybrid_array-745b8e9269c93837,libtypenum-8cba24ab4904c632,libbomboni_serde-b88d748af53df261,libserde_json-0b78fc7f648ee3bc,libmemchr-25f2248dc1705570,libitoa-5de11b3b23bfe572,libzmij-ef63f1da73704b4c,libsinge_cudnn_sys-5f0227d6bd4e3565,libsinge_cuda-ed90e7b3118c65ce,libbitflags-c11c4f5488569199,libhalf-5fcd82a8c29d4ae8,libcfg_if-83060ec5685761ae,libzerocopy-eb35aedb38cbd4b6,libnum_complex-7fde6cee17bf2151,libnum_traits-c2765a255388353b,libthiserror-a77deb6f2da9bbd9,libsinge_core-561bf59c6e23a8db,libserde-e9c634bbe919bade,libserde_core-2c928ee17a7447a4,libsinge_cuda_sys-0c9c8aa395d1912f,libnum_enum-64a98df1e659a46b}.rlib" "<sysroot>/lib/rustlib/x86_64-unknown-linux-gnu/lib/{libstd-*,libpanic_unwind-*,libobject-*,libmemchr-*,libaddr2line-*,libgimli-*,libcfg_if-*,librustc_demangle-*,libstd_detect-*,libhashbrown-*,librustc_std_workspace_alloc-*,libminiz_oxide-*,libadler2-*,libunwind-*,liblibc-*,librustc_std_workspace_core-*,liballoc-*,libcore-*,libcompiler_builtins-*}.rlib" "-Wl,-Bdynamic" "-lgcc_s" "-lutil" "-lrt" "-lpthread" "-lm" "-ldl" "-lc" "-L" "/opt/rustwide/target/debug/examples/rustcvcAgRu/raw-dylibs" "-B<sysroot>/lib/rustlib/x86_64-unknown-linux-gnu/bin/gcc-ld" "-fuse-ld=lld" "-Wl,--eh-frame-hdr" "-Wl,-z,noexecstack" "-L" "<sysroot>/lib/rustlib/x86_64-unknown-linux-gnu/lib" "-o" "/opt/rustwide/target/debug/examples/frontend_block_scale_matmul_swiglu-9c71997aed286939" "-Wl,--gc-sections" "-pie" "-Wl,-z,relro,-z,now" "-nodefaultlibs"
[INFO] [stdout]   = note: some arguments are omitted. use `--verbose` to show all linker arguments
[INFO] [stdout]   = note: rust-lld: error: undefined symbol: cudaMemset
[INFO] [stdout]           >>> referenced by memory.rs:797 (/opt/rustwide/cargo-home/registry/src/index.crates.io-1949cf8c6b5b557f/singe-cuda-0.1.0-alpha.9/src/memory.rs:797)
[INFO] [stdout]           >>>               /opt/rustwide/target/debug/examples/frontend_block_scale_matmul_swiglu-9c71997aed286939.frontend_block_scale_matmul_swiglu.53cfed47ec31e3d5-cgu.1.rcgu.o:(<singe_cuda::memory::DeviceMemory<u8>>::set)
[INFO] [stdout]           
[INFO] [stdout]           rust-lld: error: undefined symbol: cudaMemcpy
[INFO] [stdout]           >>> referenced by memory.rs:765 (/opt/rustwide/cargo-home/registry/src/index.crates.io-1949cf8c6b5b557f/singe-cuda-0.1.0-alpha.9/src/memory.rs:765)
[INFO] [stdout]           >>>               /opt/rustwide/target/debug/examples/frontend_block_scale_matmul_swiglu-9c71997aed286939.frontend_block_scale_matmul_swiglu.53cfed47ec31e3d5-cgu.1.rcgu.o:(<singe_cuda::memory::DeviceMemory<u8>>::copy)
[INFO] [stdout]           
[INFO] [stdout]           rust-lld: error: undefined symbol: cudnnSetStream
[INFO] [stdout]           >>> referenced by context.rs:157 (src/context.rs:157)
[INFO] [stdout]           >>>               singe_cudnn-f0a9199f7b6fd737.singe_cudnn.8cd7bbdd1e488e2c-cgu.06.rcgu.o:(<singe_cudnn::context::Context>::set_stream) in archive /opt/rustwide/target/debug/deps/libsinge_cudnn-f0a9199f7b6fd737.rlib
[INFO] [stdout]           >>> referenced by context.rs:108 (src/context.rs:108)
[INFO] [stdout]           >>>               singe_cudnn-f0a9199f7b6fd737.singe_cudnn.8cd7bbdd1e488e2c-cgu.06.rcgu.o:(<singe_cudnn::context::Context>::set_stream_checked) in archive /opt/rustwide/target/debug/deps/libsinge_cudnn-f0a9199f7b6fd737.rlib
[INFO] [stdout]           
[INFO] [stdout]           rust-lld: error: undefined symbol: cudnnCreate
[INFO] [stdout]           >>> referenced by context.rs:58 (src/context.rs:58)
[INFO] [stdout]           >>>               singe_cudnn-f0a9199f7b6fd737.singe_cudnn.8cd7bbdd1e488e2c-cgu.06.rcgu.o:(<singe_cudnn::context::Context>::create) in archive /opt/rustwide/target/debug/deps/libsinge_cudnn-f0a9199f7b6fd737.rlib
[INFO] [stdout]           
[INFO] [stdout]           rust-lld: error: undefined symbol: cudnnDestroy
[INFO] [stdout]           >>> referenced by context.rs:195 (src/context.rs:195)
[INFO] [stdout]           >>>               singe_cudnn-f0a9199f7b6fd737.singe_cudnn.8cd7bbdd1e488e2c-cgu.06.rcgu.o:(<singe_cudnn::context::Handle as core::ops::drop::Drop>::drop) in archive /opt/rustwide/target/debug/deps/libsinge_cudnn-f0a9199f7b6fd737.rlib
[INFO] [stdout]           
[INFO] [stdout]           rust-lld: error: undefined symbol: cudnnBackendGetAttribute
[INFO] [stdout]           >>> referenced by attributes.rs:382 (src/descriptor/attributes.rs:382)
[INFO] [stdout]           >>>               singe_cudnn-f0a9199f7b6fd737.singe_cudnn.8cd7bbdd1e488e2c-cgu.09.rcgu.o:(<singe_cudnn::descriptor::BackendDescriptor>::attribute_enum_slice::<singe_cudnn::knob::BackendKnobType>) in archive /opt/rustwide/target/debug/deps/libsinge_cudnn-f0a9199f7b6fd737.rlib
[INFO] [stdout]           >>> referenced by attributes.rs:382 (src/descriptor/attributes.rs:382)
[INFO] [stdout]           >>>               singe_cudnn-f0a9199f7b6fd737.singe_cudnn.8cd7bbdd1e488e2c-cgu.09.rcgu.o:(<singe_cudnn::descriptor::BackendDescriptor>::attribute_enum_slice::<singe_cudnn::behavior::BackendBehaviorNote>) in archive /opt/rustwide/target/debug/deps/libsinge_cudnn-f0a9199f7b6fd737.rlib
[INFO] [stdout]           >>> referenced by attributes.rs:382 (src/descriptor/attributes.rs:382)
[INFO] [stdout]           >>>               singe_cudnn-f0a9199f7b6fd737.singe_cudnn.8cd7bbdd1e488e2c-cgu.09.rcgu.o:(<singe_cudnn::descriptor::BackendDescriptor>::attribute_enum_slice::<singe_cudnn::behavior::BackendNumericalNote>) in archive /opt/rustwide/target/debug/deps/libsinge_cudnn-f0a9199f7b6fd737.rlib
[INFO] [stdout]           >>> referenced 8 more times
[INFO] [stdout]           
[INFO] [stdout]           rust-lld: error: undefined symbol: cudnnGetVersion
[INFO] [stdout]           >>> referenced by lib.rs:192 (src/lib.rs:192)
[INFO] [stdout]           >>>               singe_cudnn-f0a9199f7b6fd737.singe_cudnn.8cd7bbdd1e488e2c-cgu.09.rcgu.o:(singe_cudnn::version) in archive /opt/rustwide/target/debug/deps/libsinge_cudnn-f0a9199f7b6fd737.rlib
[INFO] [stdout]           
[INFO] [stdout]           rust-lld: error: undefined symbol: cudnnBackendSetAttribute
[INFO] [stdout]           >>> referenced by descriptor.rs:309 (src/descriptor.rs:309)
[INFO] [stdout]           >>>               singe_cudnn-f0a9199f7b6fd737.singe_cudnn.8cd7bbdd1e488e2c-cgu.09.rcgu.o:(<singe_cudnn::descriptor::BackendDescriptor>::set_attribute_raw) in archive /opt/rustwide/target/debug/deps/libsinge_cudnn-f0a9199f7b6fd737.rlib
[INFO] [stdout]           
[INFO] [stdout]           rust-lld: error: undefined symbol: cudnnBackendCreateDescriptor
[INFO] [stdout]           >>> referenced by descriptor.rs:170 (src/descriptor.rs:170)
[INFO] [stdout]           >>>               singe_cudnn-f0a9199f7b6fd737.singe_cudnn.8cd7bbdd1e488e2c-cgu.09.rcgu.o:(<singe_cudnn::descriptor::BackendDescriptor>::create) in archive /opt/rustwide/target/debug/deps/libsinge_cudnn-f0a9199f7b6fd737.rlib
[INFO] [stdout]           
[INFO] [stdout]           rust-lld: error: undefined symbol: cudnnBackendFinalize
[INFO] [stdout]           >>> referenced by descriptor.rs:273 (src/descriptor.rs:273)
[INFO] [stdout]           >>>               singe_cudnn-f0a9199f7b6fd737.singe_cudnn.8cd7bbdd1e488e2c-cgu.09.rcgu.o:(<singe_cudnn::descriptor::BackendDescriptor>::finalize) in archive /opt/rustwide/target/debug/deps/libsinge_cudnn-f0a9199f7b6fd737.rlib
[INFO] [stdout]           
[INFO] [stdout]           rust-lld: error: undefined symbol: cudaFree
[INFO] [stdout]           >>> referenced by memory.rs:728 (/opt/rustwide/cargo-home/registry/src/index.crates.io-1949cf8c6b5b557f/singe-cuda-0.1.0-alpha.9/src/memory.rs:728)
[INFO] [stdout]           >>>               singe_cudnn-f0a9199f7b6fd737.singe_cudnn.8cd7bbdd1e488e2c-cgu.09.rcgu.o:(<singe_cuda::memory::DeviceMemory<u8>>::free) in archive /opt/rustwide/target/debug/deps/libsinge_cudnn-f0a9199f7b6fd737.rlib
[INFO] [stdout]           
[INFO] [stdout]           rust-lld: error: undefined symbol: cudaMalloc
[INFO] [stdout]           >>> referenced by memory.rs:680 (/opt/rustwide/cargo-home/registry/src/index.crates.io-1949cf8c6b5b557f/singe-cuda-0.1.0-alpha.9/src/memory.rs:680)
[INFO] [stdout]           >>>               singe_cudnn-f0a9199f7b6fd737.singe_cudnn.8cd7bbdd1e488e2c-cgu.09.rcgu.o:(<singe_cuda::memory::DeviceMemory<u8>>::alloc) in archive /opt/rustwide/target/debug/deps/libsinge_cudnn-f0a9199f7b6fd737.rlib
[INFO] [stdout]           
[INFO] [stdout]           rust-lld: error: undefined symbol: cudnnBackendExecute
[INFO] [stdout]           >>> referenced by descriptor.rs:451 (src/descriptor.rs:451)
[INFO] [stdout]           >>>               singe_cudnn-f0a9199f7b6fd737.singe_cudnn.8cd7bbdd1e488e2c-cgu.09.rcgu.o:(singe_cudnn::descriptor::backend_execute) in archive /opt/rustwide/target/debug/deps/libsinge_cudnn-f0a9199f7b6fd737.rlib
[INFO] [stdout]           
[INFO] [stdout]           rust-lld: error: undefined symbol: cudnnBackendDestroyDescriptor
[INFO] [stdout]           >>> referenced by descriptor.rs:420 (src/descriptor.rs:420)
[INFO] [stdout]           >>>               singe_cudnn-f0a9199f7b6fd737.singe_cudnn.8cd7bbdd1e488e2c-cgu.09.rcgu.o:(<singe_cudnn::descriptor::BackendDescriptor as core::ops::drop::Drop>::drop) in archive /opt/rustwide/target/debug/deps/libsinge_cudnn-f0a9199f7b6fd737.rlib
[INFO] [stdout]           
[INFO] [stdout]           rust-lld: error: undefined symbol: cudnnGetErrorString
[INFO] [stdout]           >>> referenced by error.rs:131 (src/error.rs:131)
[INFO] [stdout]           >>>               singe_cudnn-f0a9199f7b6fd737.singe_cudnn.8cd7bbdd1e488e2c-cgu.15.rcgu.o:(singe_cudnn::error::cudnn_error_string) in archive /opt/rustwide/target/debug/deps/libsinge_cudnn-f0a9199f7b6fd737.rlib
[INFO] [stdout]           
[INFO] [stdout]           rust-lld: error: undefined symbol: cudaStreamSynchronize
[INFO] [stdout]           >>> referenced by stream.rs:926 (src/stream.rs:926)
[INFO] [stdout]           >>>               singe_cuda-ed90e7b3118c65ce.singe_cuda.a91e1cfdb284d6c0-cgu.03.rcgu.o:(<singe_cuda::stream::Stream>::destroy_handle::{closure#0}) in archive /opt/rustwide/target/debug/deps/libsinge_cuda-ed90e7b3118c65ce.rlib
[INFO] [stdout]           
[INFO] [stdout]           rust-lld: error: undefined symbol: cudaStreamDestroy
[INFO] [stdout]           >>> referenced by stream.rs:927 (src/stream.rs:927)
[INFO] [stdout]           >>>               singe_cuda-ed90e7b3118c65ce.singe_cuda.a91e1cfdb284d6c0-cgu.03.rcgu.o:(<singe_cuda::stream::Stream>::destroy_handle) in archive /opt/rustwide/target/debug/deps/libsinge_cuda-ed90e7b3118c65ce.rlib
[INFO] [stdout]           
[INFO] [stdout]           rust-lld: error: undefined symbol: cudaGetDevice
[INFO] [stdout]           >>> referenced by device.rs:448 (src/device.rs:448)
[INFO] [stdout]           >>>               singe_cuda-ed90e7b3118c65ce.singe_cuda.a91e1cfdb284d6c0-cgu.06.rcgu.o:(<singe_cuda::device::Device>::current) in archive /opt/rustwide/target/debug/deps/libsinge_cuda-ed90e7b3118c65ce.rlib
[INFO] [stdout]           
[INFO] [stdout]           rust-lld: error: undefined symbol: cudaGetErrorString
[INFO] [stdout]           >>> referenced by error.rs:343 (src/error.rs:343)
[INFO] [stdout]           >>>               singe_cuda-ed90e7b3118c65ce.singe_cuda.a91e1cfdb284d6c0-cgu.07.rcgu.o:(<singe_cuda::error::Error as core::convert::From<singe_cuda_sys::driver::cudaError_enum>>::from) in archive /opt/rustwide/target/debug/deps/libsinge_cuda-ed90e7b3118c65ce.rlib
[INFO] [stdout]           
[INFO] [stdout]           rust-lld: error: undefined symbol: cuInit
[INFO] [stdout]           >>> referenced by context.rs:101 (src/context.rs:101)
[INFO] [stdout]           >>>               singe_cuda-ed90e7b3118c65ce.singe_cuda.a91e1cfdb284d6c0-cgu.09.rcgu.o:(<singe_cuda::context::Context>::create_for_device_with_flags) in archive /opt/rustwide/target/debug/deps/libsinge_cuda-ed90e7b3118c65ce.rlib
[INFO] [stdout]           
[INFO] [stdout]           rust-lld: error: too many errors emitted, stopping now (use --error-limit=0 to see all errors)
[INFO] [stdout]           collect2: error: ld returned 1 exit status
[INFO] [stdout]           
[INFO] [stdout] 
[INFO] [stdout] 
[INFO] [stderr] error: could not compile `singe-cudnn` (example "frontend_resample") due to 1 previous error
[INFO] [stderr] error: could not compile `singe-cudnn` (example "frontend_fp16_sdpa_backward_sink_token") due to 1 previous error
[INFO] [stderr] error: could not compile `singe-cudnn` (example "frontend_block_scale_matmul_swiglu") due to 1 previous error
[INFO] [stdout] error: linking with `cc` failed: exit status: 1
[INFO] [stdout]   |
[INFO] [stdout]   = note:  "cc" "-m64" "/opt/rustwide/target/debug/examples/rustc6ZWuHP/symbols.o" "<3 object files omitted>" "-Wl,--as-needed" "-Wl,-Bstatic" "/opt/rustwide/target/debug/deps/{libsinge_cudnn-f0a9199f7b6fd737,libhex-13e08b3b00984ab7,libsha2-8f22cd85fe34ebf2,libcpufeatures-6c1f78f4142e3013,libdigest-eae7b3c46639f7f3,libconst_oid-58507ca40e062d76,libcrypto_common-32224ab3acf77d4c,libblock_buffer-e220b56d2ce316ec,libhybrid_array-745b8e9269c93837,libtypenum-8cba24ab4904c632,libbomboni_serde-b88d748af53df261,libserde_json-0b78fc7f648ee3bc,libmemchr-25f2248dc1705570,libitoa-5de11b3b23bfe572,libzmij-ef63f1da73704b4c,libsinge_cudnn_sys-5f0227d6bd4e3565,libsinge_cuda-ed90e7b3118c65ce,libbitflags-c11c4f5488569199,libhalf-5fcd82a8c29d4ae8,libcfg_if-83060ec5685761ae,libzerocopy-eb35aedb38cbd4b6,libnum_complex-7fde6cee17bf2151,libnum_traits-c2765a255388353b,libthiserror-a77deb6f2da9bbd9,libsinge_core-561bf59c6e23a8db,libserde-e9c634bbe919bade,libserde_core-2c928ee17a7447a4,libsinge_cuda_sys-0c9c8aa395d1912f,libnum_enum-64a98df1e659a46b}.rlib" "<sysroot>/lib/rustlib/x86_64-unknown-linux-gnu/lib/{libstd-*,libpanic_unwind-*,libobject-*,libmemchr-*,libaddr2line-*,libgimli-*,libcfg_if-*,librustc_demangle-*,libstd_detect-*,libhashbrown-*,librustc_std_workspace_alloc-*,libminiz_oxide-*,libadler2-*,libunwind-*,liblibc-*,librustc_std_workspace_core-*,liballoc-*,libcore-*,libcompiler_builtins-*}.rlib" "-Wl,-Bdynamic" "-lgcc_s" "-lutil" "-lrt" "-lpthread" "-lm" "-ldl" "-lc" "-L" "/opt/rustwide/target/debug/examples/rustc6ZWuHP/raw-dylibs" "-B<sysroot>/lib/rustlib/x86_64-unknown-linux-gnu/bin/gcc-ld" "-fuse-ld=lld" "-Wl,--eh-frame-hdr" "-Wl,-z,noexecstack" "-L" "<sysroot>/lib/rustlib/x86_64-unknown-linux-gnu/lib" "-o" "/opt/rustwide/target/debug/examples/frontend_fp16_sdpa_backward-3271274d4c632f5f" "-Wl,--gc-sections" "-pie" "-Wl,-z,relro,-z,now" "-nodefaultlibs"
[INFO] [stdout]   = note: some arguments are omitted. use `--verbose` to show all linker arguments
[INFO] [stdout]   = note: rust-lld: error: undefined symbol: cudaMemset
[INFO] [stdout]           >>> referenced by memory.rs:797 (/opt/rustwide/cargo-home/registry/src/index.crates.io-1949cf8c6b5b557f/singe-cuda-0.1.0-alpha.9/src/memory.rs:797)
[INFO] [stdout]           >>>               /opt/rustwide/target/debug/examples/frontend_fp16_sdpa_backward-3271274d4c632f5f.frontend_fp16_sdpa_backward.4d23d375dc18fc95-cgu.1.rcgu.o:(<singe_cuda::memory::DeviceMemory<half::bfloat::bf16>>::set)
[INFO] [stdout]           
[INFO] [stdout]           rust-lld: error: undefined symbol: cudaMemcpy
[INFO] [stdout]           >>> referenced by memory.rs:765 (/opt/rustwide/cargo-home/registry/src/index.crates.io-1949cf8c6b5b557f/singe-cuda-0.1.0-alpha.9/src/memory.rs:765)
[INFO] [stdout]           >>>               /opt/rustwide/target/debug/examples/frontend_fp16_sdpa_backward-3271274d4c632f5f.frontend_fp16_sdpa_backward.4d23d375dc18fc95-cgu.1.rcgu.o:(<singe_cuda::memory::DeviceMemory<half::bfloat::bf16>>::copy)
[INFO] [stdout]           >>> referenced by memory.rs:765 (/opt/rustwide/cargo-home/registry/src/index.crates.io-1949cf8c6b5b557f/singe-cuda-0.1.0-alpha.9/src/memory.rs:765)
[INFO] [stdout]           >>>               /opt/rustwide/target/debug/examples/frontend_fp16_sdpa_backward-3271274d4c632f5f.frontend_fp16_sdpa_backward.4d23d375dc18fc95-cgu.1.rcgu.o:(<singe_cuda::memory::DeviceMemory<f32>>::copy)
[INFO] [stdout]           >>> referenced by memory.rs:765 (/opt/rustwide/cargo-home/registry/src/index.crates.io-1949cf8c6b5b557f/singe-cuda-0.1.0-alpha.9/src/memory.rs:765)
[INFO] [stdout]           >>>               /opt/rustwide/target/debug/examples/frontend_fp16_sdpa_backward-3271274d4c632f5f.frontend_fp16_sdpa_backward.4d23d375dc18fc95-cgu.1.rcgu.o:(<singe_cuda::memory::DeviceMemory<i32>>::copy)
[INFO] [stdout]           
[INFO] [stdout]           rust-lld: error: undefined symbol: cudaFree
[INFO] [stdout]           >>> referenced by memory.rs:728 (/opt/rustwide/cargo-home/registry/src/index.crates.io-1949cf8c6b5b557f/singe-cuda-0.1.0-alpha.9/src/memory.rs:728)
[INFO] [stdout]           >>>               /opt/rustwide/target/debug/examples/frontend_fp16_sdpa_backward-3271274d4c632f5f.frontend_fp16_sdpa_backward.4d23d375dc18fc95-cgu.1.rcgu.o:(<singe_cuda::memory::DeviceMemory<half::bfloat::bf16>>::free)
[INFO] [stdout]           >>> referenced by memory.rs:728 (/opt/rustwide/cargo-home/registry/src/index.crates.io-1949cf8c6b5b557f/singe-cuda-0.1.0-alpha.9/src/memory.rs:728)
[INFO] [stdout]           >>>               /opt/rustwide/target/debug/examples/frontend_fp16_sdpa_backward-3271274d4c632f5f.frontend_fp16_sdpa_backward.4d23d375dc18fc95-cgu.1.rcgu.o:(<singe_cuda::memory::DeviceMemory<f32>>::free)
[INFO] [stdout]           >>> referenced by memory.rs:728 (/opt/rustwide/cargo-home/registry/src/index.crates.io-1949cf8c6b5b557f/singe-cuda-0.1.0-alpha.9/src/memory.rs:728)
[INFO] [stdout]           >>>               /opt/rustwide/target/debug/examples/frontend_fp16_sdpa_backward-3271274d4c632f5f.frontend_fp16_sdpa_backward.4d23d375dc18fc95-cgu.1.rcgu.o:(<singe_cuda::memory::DeviceMemory<i32>>::free)
[INFO] [stdout]           >>> referenced 1 more times
[INFO] [stdout]           
[INFO] [stdout]           rust-lld: error: undefined symbol: cudaMalloc
[INFO] [stdout]           >>> referenced by memory.rs:680 (/opt/rustwide/cargo-home/registry/src/index.crates.io-1949cf8c6b5b557f/singe-cuda-0.1.0-alpha.9/src/memory.rs:680)
[INFO] [stdout]           >>>               /opt/rustwide/target/debug/examples/frontend_fp16_sdpa_backward-3271274d4c632f5f.frontend_fp16_sdpa_backward.4d23d375dc18fc95-cgu.1.rcgu.o:(<singe_cuda::memory::DeviceMemory<half::bfloat::bf16>>::alloc)
[INFO] [stdout]           >>> referenced by memory.rs:680 (/opt/rustwide/cargo-home/registry/src/index.crates.io-1949cf8c6b5b557f/singe-cuda-0.1.0-alpha.9/src/memory.rs:680)
[INFO] [stdout]           >>>               /opt/rustwide/target/debug/examples/frontend_fp16_sdpa_backward-3271274d4c632f5f.frontend_fp16_sdpa_backward.4d23d375dc18fc95-cgu.1.rcgu.o:(<singe_cuda::memory::DeviceMemory<f32>>::alloc)
[INFO] [stdout]           >>> referenced by memory.rs:680 (/opt/rustwide/cargo-home/registry/src/index.crates.io-1949cf8c6b5b557f/singe-cuda-0.1.0-alpha.9/src/memory.rs:680)
[INFO] [stdout]           >>>               /opt/rustwide/target/debug/examples/frontend_fp16_sdpa_backward-3271274d4c632f5f.frontend_fp16_sdpa_backward.4d23d375dc18fc95-cgu.1.rcgu.o:(<singe_cuda::memory::DeviceMemory<i32>>::alloc)
[INFO] [stdout]           >>> referenced 1 more times
[INFO] [stdout]           
[INFO] [stdout]           rust-lld: error: undefined symbol: cudnnSetStream
[INFO] [stdout]           >>> referenced by context.rs:157 (src/context.rs:157)
[INFO] [stdout]           >>>               singe_cudnn-f0a9199f7b6fd737.singe_cudnn.8cd7bbdd1e488e2c-cgu.06.rcgu.o:(<singe_cudnn::context::Context>::set_stream) in archive /opt/rustwide/target/debug/deps/libsinge_cudnn-f0a9199f7b6fd737.rlib
[INFO] [stdout]           >>> referenced by context.rs:108 (src/context.rs:108)
[INFO] [stdout]           >>>               singe_cudnn-f0a9199f7b6fd737.singe_cudnn.8cd7bbdd1e488e2c-cgu.06.rcgu.o:(<singe_cudnn::context::Context>::set_stream_checked) in archive /opt/rustwide/target/debug/deps/libsinge_cudnn-f0a9199f7b6fd737.rlib
[INFO] [stdout]           
[INFO] [stdout]           rust-lld: error: undefined symbol: cudnnCreate
[INFO] [stdout]           >>> referenced by context.rs:58 (src/context.rs:58)
[INFO] [stdout]           >>>               singe_cudnn-f0a9199f7b6fd737.singe_cudnn.8cd7bbdd1e488e2c-cgu.06.rcgu.o:(<singe_cudnn::context::Context>::create) in archive /opt/rustwide/target/debug/deps/libsinge_cudnn-f0a9199f7b6fd737.rlib
[INFO] [stdout]           
[INFO] [stdout]           rust-lld: error: undefined symbol: cudnnDestroy
[INFO] [stdout]           >>> referenced by context.rs:195 (src/context.rs:195)
[INFO] [stdout]           >>>               singe_cudnn-f0a9199f7b6fd737.singe_cudnn.8cd7bbdd1e488e2c-cgu.06.rcgu.o:(<singe_cudnn::context::Handle as core::ops::drop::Drop>::drop) in archive /opt/rustwide/target/debug/deps/libsinge_cudnn-f0a9199f7b6fd737.rlib
[INFO] [stdout]           
[INFO] [stdout]           rust-lld: error: undefined symbol: cudnnBackendGetAttribute
[INFO] [stdout]           >>> referenced by attributes.rs:382 (src/descriptor/attributes.rs:382)
[INFO] [stdout]           >>>               singe_cudnn-f0a9199f7b6fd737.singe_cudnn.8cd7bbdd1e488e2c-cgu.09.rcgu.o:(<singe_cudnn::descriptor::BackendDescriptor>::attribute_enum_slice::<singe_cudnn::knob::BackendKnobType>) in archive /opt/rustwide/target/debug/deps/libsinge_cudnn-f0a9199f7b6fd737.rlib
[INFO] [stdout]           >>> referenced by attributes.rs:382 (src/descriptor/attributes.rs:382)
[INFO] [stdout]           >>>               singe_cudnn-f0a9199f7b6fd737.singe_cudnn.8cd7bbdd1e488e2c-cgu.09.rcgu.o:(<singe_cudnn::descriptor::BackendDescriptor>::attribute_enum_slice::<singe_cudnn::behavior::BackendBehaviorNote>) in archive /opt/rustwide/target/debug/deps/libsinge_cudnn-f0a9199f7b6fd737.rlib
[INFO] [stdout]           >>> referenced by attributes.rs:382 (src/descriptor/attributes.rs:382)
[INFO] [stdout]           >>>               singe_cudnn-f0a9199f7b6fd737.singe_cudnn.8cd7bbdd1e488e2c-cgu.09.rcgu.o:(<singe_cudnn::descriptor::BackendDescriptor>::attribute_enum_slice::<singe_cudnn::behavior::BackendNumericalNote>) in archive /opt/rustwide/target/debug/deps/libsinge_cudnn-f0a9199f7b6fd737.rlib
[INFO] [stdout]           >>> referenced 8 more times
[INFO] [stdout]           
[INFO] [stdout]           rust-lld: error: undefined symbol: cudnnGetVersion
[INFO] [stdout]           >>> referenced by lib.rs:192 (src/lib.rs:192)
[INFO] [stdout]           >>>               singe_cudnn-f0a9199f7b6fd737.singe_cudnn.8cd7bbdd1e488e2c-cgu.09.rcgu.o:(singe_cudnn::version) in archive /opt/rustwide/target/debug/deps/libsinge_cudnn-f0a9199f7b6fd737.rlib
[INFO] [stdout]           
[INFO] [stdout]           rust-lld: error: undefined symbol: cudnnBackendSetAttribute
[INFO] [stdout]           >>> referenced by descriptor.rs:309 (src/descriptor.rs:309)
[INFO] [stdout]           >>>               singe_cudnn-f0a9199f7b6fd737.singe_cudnn.8cd7bbdd1e488e2c-cgu.09.rcgu.o:(<singe_cudnn::descriptor::BackendDescriptor>::set_attribute_raw) in archive /opt/rustwide/target/debug/deps/libsinge_cudnn-f0a9199f7b6fd737.rlib
[INFO] [stdout]           
[INFO] [stdout]           rust-lld: error: undefined symbol: cudnnBackendCreateDescriptor
[INFO] [stdout]           >>> referenced by descriptor.rs:170 (src/descriptor.rs:170)
[INFO] [stdout]           >>>               singe_cudnn-f0a9199f7b6fd737.singe_cudnn.8cd7bbdd1e488e2c-cgu.09.rcgu.o:(<singe_cudnn::descriptor::BackendDescriptor>::create) in archive /opt/rustwide/target/debug/deps/libsinge_cudnn-f0a9199f7b6fd737.rlib
[INFO] [stdout]           
[INFO] [stdout]           rust-lld: error: undefined symbol: cudnnBackendFinalize
[INFO] [stdout]           >>> referenced by descriptor.rs:273 (src/descriptor.rs:273)
[INFO] [stdout]           >>>               singe_cudnn-f0a9199f7b6fd737.singe_cudnn.8cd7bbdd1e488e2c-cgu.09.rcgu.o:(<singe_cudnn::descriptor::BackendDescriptor>::finalize) in archive /opt/rustwide/target/debug/deps/libsinge_cudnn-f0a9199f7b6fd737.rlib
[INFO] [stdout]           
[INFO] [stdout]           rust-lld: error: undefined symbol: cudnnBackendExecute
[INFO] [stdout]           >>> referenced by descriptor.rs:451 (src/descriptor.rs:451)
[INFO] [stdout]           >>>               singe_cudnn-f0a9199f7b6fd737.singe_cudnn.8cd7bbdd1e488e2c-cgu.09.rcgu.o:(singe_cudnn::descriptor::backend_execute) in archive /opt/rustwide/target/debug/deps/libsinge_cudnn-f0a9199f7b6fd737.rlib
[INFO] [stdout]           
[INFO] [stdout]           rust-lld: error: undefined symbol: cudnnBackendDestroyDescriptor
[INFO] [stdout]           >>> referenced by descriptor.rs:420 (src/descriptor.rs:420)
[INFO] [stdout]           >>>               singe_cudnn-f0a9199f7b6fd737.singe_cudnn.8cd7bbdd1e488e2c-cgu.09.rcgu.o:(<singe_cudnn::descriptor::BackendDescriptor as core::ops::drop::Drop>::drop) in archive /opt/rustwide/target/debug/deps/libsinge_cudnn-f0a9199f7b6fd737.rlib
[INFO] [stdout]           
[INFO] [stdout]           rust-lld: error: undefined symbol: cudnnGetErrorString
[INFO] [stdout]           >>> referenced by error.rs:131 (src/error.rs:131)
[INFO] [stdout]           >>>               singe_cudnn-f0a9199f7b6fd737.singe_cudnn.8cd7bbdd1e488e2c-cgu.15.rcgu.o:(singe_cudnn::error::cudnn_error_string) in archive /opt/rustwide/target/debug/deps/libsinge_cudnn-f0a9199f7b6fd737.rlib
[INFO] [stdout]           
[INFO] [stdout]           rust-lld: error: undefined symbol: cudaStreamSynchronize
[INFO] [stdout]           >>> referenced by stream.rs:926 (src/stream.rs:926)
[INFO] [stdout]           >>>               singe_cuda-ed90e7b3118c65ce.singe_cuda.a91e1cfdb284d6c0-cgu.03.rcgu.o:(<singe_cuda::stream::Stream>::destroy_handle::{closure#0}) in archive /opt/rustwide/target/debug/deps/libsinge_cuda-ed90e7b3118c65ce.rlib
[INFO] [stdout]           
[INFO] [stdout]           rust-lld: error: undefined symbol: cudaStreamDestroy
[INFO] [stdout]           >>> referenced by stream.rs:927 (src/stream.rs:927)
[INFO] [stdout]           >>>               singe_cuda-ed90e7b3118c65ce.singe_cuda.a91e1cfdb284d6c0-cgu.03.rcgu.o:(<singe_cuda::stream::Stream>::destroy_handle) in archive /opt/rustwide/target/debug/deps/libsinge_cuda-ed90e7b3118c65ce.rlib
[INFO] [stdout]           
[INFO] [stdout]           rust-lld: error: undefined symbol: cudaGetDevice
[INFO] [stdout]           >>> referenced by device.rs:448 (src/device.rs:448)
[INFO] [stdout]           >>>               singe_cuda-ed90e7b3118c65ce.singe_cuda.a91e1cfdb284d6c0-cgu.06.rcgu.o:(<singe_cuda::device::Device>::current) in archive /opt/rustwide/target/debug/deps/libsinge_cuda-ed90e7b3118c65ce.rlib
[INFO] [stdout]           
[INFO] [stdout]           rust-lld: error: undefined symbol: cudaGetErrorString
[INFO] [stdout]           >>> referenced by error.rs:343 (src/error.rs:343)
[INFO] [stdout]           >>>               singe_cuda-ed90e7b3118c65ce.singe_cuda.a91e1cfdb284d6c0-cgu.07.rcgu.o:(<singe_cuda::error::Error as core::convert::From<singe_cuda_sys::driver::cudaError_enum>>::from) in archive /opt/rustwide/target/debug/deps/libsinge_cuda-ed90e7b3118c65ce.rlib
[INFO] [stdout]           
[INFO] [stdout]           rust-lld: error: undefined symbol: cuInit
[INFO] [stdout]           >>> referenced by context.rs:101 (src/context.rs:101)
[INFO] [stdout]           >>>               singe_cuda-ed90e7b3118c65ce.singe_cuda.a91e1cfdb284d6c0-cgu.09.rcgu.o:(<singe_cuda::context::Context>::create_for_device_with_flags) in archive /opt/rustwide/target/debug/deps/libsinge_cuda-ed90e7b3118c65ce.rlib
[INFO] [stdout]           
[INFO] [stdout]           rust-lld: error: too many errors emitted, stopping now (use --error-limit=0 to see all errors)
[INFO] [stdout]           collect2: error: ld returned 1 exit status
[INFO] [stdout]           
[INFO] [stdout] 
[INFO] [stdout] 
[INFO] [stderr] error: could not compile `singe-cudnn` (example "frontend_fp16_sdpa_backward") due to 1 previous error
[INFO] [stdout] error: linking with `cc` failed: exit status: 1
[INFO] [stdout]   |
[INFO] [stdout]   = note:  "cc" "-m64" "/opt/rustwide/target/debug/examples/rustcP9uWw7/symbols.o" "<3 object files omitted>" "-Wl,--as-needed" "-Wl,-Bstatic" "/opt/rustwide/target/debug/deps/{libsinge_cudnn-f0a9199f7b6fd737,libhex-13e08b3b00984ab7,libsha2-8f22cd85fe34ebf2,libcpufeatures-6c1f78f4142e3013,libdigest-eae7b3c46639f7f3,libconst_oid-58507ca40e062d76,libcrypto_common-32224ab3acf77d4c,libblock_buffer-e220b56d2ce316ec,libhybrid_array-745b8e9269c93837,libtypenum-8cba24ab4904c632,libbomboni_serde-b88d748af53df261,libserde_json-0b78fc7f648ee3bc,libmemchr-25f2248dc1705570,libitoa-5de11b3b23bfe572,libzmij-ef63f1da73704b4c,libsinge_cudnn_sys-5f0227d6bd4e3565,libsinge_cuda-ed90e7b3118c65ce,libbitflags-c11c4f5488569199,libhalf-5fcd82a8c29d4ae8,libcfg_if-83060ec5685761ae,libzerocopy-eb35aedb38cbd4b6,libnum_complex-7fde6cee17bf2151,libnum_traits-c2765a255388353b,libthiserror-a77deb6f2da9bbd9,libsinge_core-561bf59c6e23a8db,libserde-e9c634bbe919bade,libserde_core-2c928ee17a7447a4,libsinge_cuda_sys-0c9c8aa395d1912f,libnum_enum-64a98df1e659a46b}.rlib" "<sysroot>/lib/rustlib/x86_64-unknown-linux-gnu/lib/{libstd-*,libpanic_unwind-*,libobject-*,libmemchr-*,libaddr2line-*,libgimli-*,libcfg_if-*,librustc_demangle-*,libstd_detect-*,libhashbrown-*,librustc_std_workspace_alloc-*,libminiz_oxide-*,libadler2-*,libunwind-*,liblibc-*,librustc_std_workspace_core-*,liballoc-*,libcore-*,libcompiler_builtins-*}.rlib" "-Wl,-Bdynamic" "-lgcc_s" "-lutil" "-lrt" "-lpthread" "-lm" "-ldl" "-lc" "-L" "/opt/rustwide/target/debug/examples/rustcP9uWw7/raw-dylibs" "-B<sysroot>/lib/rustlib/x86_64-unknown-linux-gnu/bin/gcc-ld" "-fuse-ld=lld" "-Wl,--eh-frame-hdr" "-Wl,-z,noexecstack" "-L" "<sysroot>/lib/rustlib/x86_64-unknown-linux-gnu/lib" "-o" "/opt/rustwide/target/debug/examples/frontend_autotuning-809d74dc9d56769c" "-Wl,--gc-sections" "-pie" "-Wl,-z,relro,-z,now" "-nodefaultlibs"
[INFO] [stdout]   = note: some arguments are omitted. use `--verbose` to show all linker arguments
[INFO] [stdout]   = note: rust-lld: error: undefined symbol: cudaMemcpy
[INFO] [stdout]           >>> referenced by memory.rs:765 (/opt/rustwide/cargo-home/registry/src/index.crates.io-1949cf8c6b5b557f/singe-cuda-0.1.0-alpha.9/src/memory.rs:765)
[INFO] [stdout]           >>>               /opt/rustwide/target/debug/examples/frontend_autotuning-809d74dc9d56769c.frontend_autotuning.6dec8e2faaa8bb34-cgu.0.rcgu.o:(<singe_cuda::memory::DeviceMemory<half::bfloat::bf16>>::copy)
[INFO] [stdout]           
[INFO] [stdout]           rust-lld: error: undefined symbol: cudaFree
[INFO] [stdout]           >>> referenced by memory.rs:728 (/opt/rustwide/cargo-home/registry/src/index.crates.io-1949cf8c6b5b557f/singe-cuda-0.1.0-alpha.9/src/memory.rs:728)
[INFO] [stdout]           >>>               /opt/rustwide/target/debug/examples/frontend_autotuning-809d74dc9d56769c.frontend_autotuning.6dec8e2faaa8bb34-cgu.0.rcgu.o:(<singe_cuda::memory::DeviceMemory<half::bfloat::bf16>>::free)
[INFO] [stdout]           >>> referenced by memory.rs:728 (/opt/rustwide/cargo-home/registry/src/index.crates.io-1949cf8c6b5b557f/singe-cuda-0.1.0-alpha.9/src/memory.rs:728)
[INFO] [stdout]           >>>               singe_cudnn-f0a9199f7b6fd737.singe_cudnn.8cd7bbdd1e488e2c-cgu.09.rcgu.o:(<singe_cuda::memory::DeviceMemory<u8>>::free) in archive /opt/rustwide/target/debug/deps/libsinge_cudnn-f0a9199f7b6fd737.rlib
[INFO] [stdout]           
[INFO] [stdout]           rust-lld: error: undefined symbol: cudaMalloc
[INFO] [stdout]           >>> referenced by memory.rs:680 (/opt/rustwide/cargo-home/registry/src/index.crates.io-1949cf8c6b5b557f/singe-cuda-0.1.0-alpha.9/src/memory.rs:680)
[INFO] [stdout]           >>>               /opt/rustwide/target/debug/examples/frontend_autotuning-809d74dc9d56769c.frontend_autotuning.6dec8e2faaa8bb34-cgu.0.rcgu.o:(<singe_cuda::memory::DeviceMemory<half::bfloat::bf16>>::alloc)
[INFO] [stdout]           >>> referenced by memory.rs:680 (/opt/rustwide/cargo-home/registry/src/index.crates.io-1949cf8c6b5b557f/singe-cuda-0.1.0-alpha.9/src/memory.rs:680)
[INFO] [stdout]           >>>               singe_cudnn-f0a9199f7b6fd737.singe_cudnn.8cd7bbdd1e488e2c-cgu.09.rcgu.o:(<singe_cuda::memory::DeviceMemory<u8>>::alloc) in archive /opt/rustwide/target/debug/deps/libsinge_cudnn-f0a9199f7b6fd737.rlib
[INFO] [stdout]           
[INFO] [stdout]           rust-lld: error: undefined symbol: cudnnSetStream
[INFO] [stdout]           >>> referenced by context.rs:157 (src/context.rs:157)
[INFO] [stdout]           >>>               singe_cudnn-f0a9199f7b6fd737.singe_cudnn.8cd7bbdd1e488e2c-cgu.06.rcgu.o:(<singe_cudnn::context::Context>::set_stream) in archive /opt/rustwide/target/debug/deps/libsinge_cudnn-f0a9199f7b6fd737.rlib
[INFO] [stdout]           >>> referenced by context.rs:108 (src/context.rs:108)
[INFO] [stdout]           >>>               singe_cudnn-f0a9199f7b6fd737.singe_cudnn.8cd7bbdd1e488e2c-cgu.06.rcgu.o:(<singe_cudnn::context::Context>::set_stream_checked) in archive /opt/rustwide/target/debug/deps/libsinge_cudnn-f0a9199f7b6fd737.rlib
[INFO] [stdout]           
[INFO] [stdout]           rust-lld: error: undefined symbol: cudnnCreate
[INFO] [stdout]           >>> referenced by context.rs:58 (src/context.rs:58)
[INFO] [stdout]           >>>               singe_cudnn-f0a9199f7b6fd737.singe_cudnn.8cd7bbdd1e488e2c-cgu.06.rcgu.o:(<singe_cudnn::context::Context>::create) in archive /opt/rustwide/target/debug/deps/libsinge_cudnn-f0a9199f7b6fd737.rlib
[INFO] [stdout]           
[INFO] [stdout]           rust-lld: error: undefined symbol: cudnnDestroy
[INFO] [stdout]           >>> referenced by context.rs:195 (src/context.rs:195)
[INFO] [stdout]           >>>               singe_cudnn-f0a9199f7b6fd737.singe_cudnn.8cd7bbdd1e488e2c-cgu.06.rcgu.o:(<singe_cudnn::context::Handle as core::ops::drop::Drop>::drop) in archive /opt/rustwide/target/debug/deps/libsinge_cudnn-f0a9199f7b6fd737.rlib
[INFO] [stdout]           
[INFO] [stdout]           rust-lld: error: undefined symbol: cudnnBackendGetAttribute
[INFO] [stdout]           >>> referenced by attributes.rs:382 (src/descriptor/attributes.rs:382)
[INFO] [stdout]           >>>               singe_cudnn-f0a9199f7b6fd737.singe_cudnn.8cd7bbdd1e488e2c-cgu.09.rcgu.o:(<singe_cudnn::descriptor::BackendDescriptor>::attribute_enum_slice::<singe_cudnn::knob::BackendKnobType>) in archive /opt/rustwide/target/debug/deps/libsinge_cudnn-f0a9199f7b6fd737.rlib
[INFO] [stdout]           >>> referenced by attributes.rs:382 (src/descriptor/attributes.rs:382)
[INFO] [stdout]           >>>               singe_cudnn-f0a9199f7b6fd737.singe_cudnn.8cd7bbdd1e488e2c-cgu.09.rcgu.o:(<singe_cudnn::descriptor::BackendDescriptor>::attribute_enum_slice::<singe_cudnn::behavior::BackendBehaviorNote>) in archive /opt/rustwide/target/debug/deps/libsinge_cudnn-f0a9199f7b6fd737.rlib
[INFO] [stdout]           >>> referenced by attributes.rs:382 (src/descriptor/attributes.rs:382)
[INFO] [stdout]           >>>               singe_cudnn-f0a9199f7b6fd737.singe_cudnn.8cd7bbdd1e488e2c-cgu.09.rcgu.o:(<singe_cudnn::descriptor::BackendDescriptor>::attribute_enum_slice::<singe_cudnn::behavior::BackendNumericalNote>) in archive /opt/rustwide/target/debug/deps/libsinge_cudnn-f0a9199f7b6fd737.rlib
[INFO] [stdout]           >>> referenced 8 more times
[INFO] [stdout]           
[INFO] [stdout]           rust-lld: error: undefined symbol: cudnnGetVersion
[INFO] [stdout]           >>> referenced by lib.rs:192 (src/lib.rs:192)
[INFO] [stdout]           >>>               singe_cudnn-f0a9199f7b6fd737.singe_cudnn.8cd7bbdd1e488e2c-cgu.09.rcgu.o:(singe_cudnn::version) in archive /opt/rustwide/target/debug/deps/libsinge_cudnn-f0a9199f7b6fd737.rlib
[INFO] [stdout]           
[INFO] [stdout]           rust-lld: error: undefined symbol: cudnnBackendSetAttribute
[INFO] [stdout]           >>> referenced by descriptor.rs:309 (src/descriptor.rs:309)
[INFO] [stdout]           >>>               singe_cudnn-f0a9199f7b6fd737.singe_cudnn.8cd7bbdd1e488e2c-cgu.09.rcgu.o:(<singe_cudnn::descriptor::BackendDescriptor>::set_attribute_raw) in archive /opt/rustwide/target/debug/deps/libsinge_cudnn-f0a9199f7b6fd737.rlib
[INFO] [stdout]           
[INFO] [stdout]           rust-lld: error: undefined symbol: cudnnBackendCreateDescriptor
[INFO] [stdout]           >>> referenced by descriptor.rs:170 (src/descriptor.rs:170)
[INFO] [stdout]           >>>               singe_cudnn-f0a9199f7b6fd737.singe_cudnn.8cd7bbdd1e488e2c-cgu.09.rcgu.o:(<singe_cudnn::descriptor::BackendDescriptor>::create) in archive /opt/rustwide/target/debug/deps/libsinge_cudnn-f0a9199f7b6fd737.rlib
[INFO] [stdout]           
[INFO] [stdout]           rust-lld: error: undefined symbol: cudnnBackendFinalize
[INFO] [stdout]           >>> referenced by descriptor.rs:273 (src/descriptor.rs:273)
[INFO] [stdout]           >>>               singe_cudnn-f0a9199f7b6fd737.singe_cudnn.8cd7bbdd1e488e2c-cgu.09.rcgu.o:(<singe_cudnn::descriptor::BackendDescriptor>::finalize) in archive /opt/rustwide/target/debug/deps/libsinge_cudnn-f0a9199f7b6fd737.rlib
[INFO] [stdout]           
[INFO] [stdout]           rust-lld: error: undefined symbol: cudnnGetErrorString
[INFO] [stdout]           >>> referenced by error.rs:131 (src/error.rs:131)
[INFO] [stdout]           >>>               singe_cudnn-f0a9199f7b6fd737.singe_cudnn.8cd7bbdd1e488e2c-cgu.15.rcgu.o:(singe_cudnn::error::cudnn_error_string) in archive /opt/rustwide/target/debug/deps/libsinge_cudnn-f0a9199f7b6fd737.rlib
[INFO] [stdout]           
[INFO] [stdout]           rust-lld: error: undefined symbol: cudaStreamSynchronize
[INFO] [stdout]           >>> referenced by stream.rs:926 (src/stream.rs:926)
[INFO] [stdout]           >>>               singe_cuda-ed90e7b3118c65ce.singe_cuda.a91e1cfdb284d6c0-cgu.03.rcgu.o:(<singe_cuda::stream::Stream>::destroy_handle::{closure#0}) in archive /opt/rustwide/target/debug/deps/libsinge_cuda-ed90e7b3118c65ce.rlib
[INFO] [stdout]           
[INFO] [stdout]           rust-lld: error: undefined symbol: cudaStreamDestroy
[INFO] [stdout]           >>> referenced by stream.rs:927 (src/stream.rs:927)
[INFO] [stdout]           >>>               singe_cuda-ed90e7b3118c65ce.singe_cuda.a91e1cfdb284d6c0-cgu.03.rcgu.o:(<singe_cuda::stream::Stream>::destroy_handle) in archive /opt/rustwide/target/debug/deps/libsinge_cuda-ed90e7b3118c65ce.rlib
[INFO] [stdout]           
[INFO] [stdout]           rust-lld: error: undefined symbol: cudaGetDevice
[INFO] [stdout]           >>> referenced by device.rs:448 (src/device.rs:448)
[INFO] [stdout]           >>>               singe_cuda-ed90e7b3118c65ce.singe_cuda.a91e1cfdb284d6c0-cgu.06.rcgu.o:(<singe_cuda::device::Device>::current) in archive /opt/rustwide/target/debug/deps/libsinge_cuda-ed90e7b3118c65ce.rlib
[INFO] [stdout]           
[INFO] [stdout]           rust-lld: error: undefined symbol: cudaEventRecordWithFlags
[INFO] [stdout]           >>> referenced by event.rs:100 (src/event.rs:100)
[INFO] [stdout]           >>>               singe_cuda-ed90e7b3118c65ce.singe_cuda.a91e1cfdb284d6c0-cgu.06.rcgu.o:(<singe_cuda::event::Event>::record_raw) in archive /opt/rustwide/target/debug/deps/libsinge_cuda-ed90e7b3118c65ce.rlib
[INFO] [stdout]           
[INFO] [stdout]           rust-lld: error: undefined symbol: cudaEventSynchronize
[INFO] [stdout]           >>> referenced by event.rs:149 (src/event.rs:149)
[INFO] [stdout]           >>>               singe_cuda-ed90e7b3118c65ce.singe_cuda.a91e1cfdb284d6c0-cgu.06.rcgu.o:(<singe_cuda::event::Event>::synchronize) in archive /opt/rustwide/target/debug/deps/libsinge_cuda-ed90e7b3118c65ce.rlib
[INFO] [stdout]           
[INFO] [stdout]           rust-lld: error: undefined symbol: cudaEventElapsedTime
[INFO] [stdout]           >>> referenced by event.rs:183 (src/event.rs:183)
[INFO] [stdout]           >>>               singe_cuda-ed90e7b3118c65ce.singe_cuda.a91e1cfdb284d6c0-cgu.06.rcgu.o:(<singe_cuda::event::Event>::elapsed_time_since) in archive /opt/rustwide/target/debug/deps/libsinge_cuda-ed90e7b3118c65ce.rlib
[INFO] [stdout]           
[INFO] [stdout]           rust-lld: error: undefined symbol: cudaEventDestroy
[INFO] [stdout]           >>> referenced by event.rs:223 (src/event.rs:223)
[INFO] [stdout]           >>>               singe_cuda-ed90e7b3118c65ce.singe_cuda.a91e1cfdb284d6c0-cgu.06.rcgu.o:(<singe_cuda::event::Event as core::ops::drop::Drop>::drop) in archive /opt/rustwide/target/debug/deps/libsinge_cuda-ed90e7b3118c65ce.rlib
[INFO] [stdout]           
[INFO] [stdout]           rust-lld: error: undefined symbol: cudaGetErrorString
[INFO] [stdout]           >>> referenced by error.rs:343 (src/error.rs:343)
[INFO] [stdout]           >>>               singe_cuda-ed90e7b3118c65ce.singe_cuda.a91e1cfdb284d6c0-cgu.07.rcgu.o:(<singe_cuda::error::Error as core::convert::From<singe_cuda_sys::driver::cudaError_enum>>::from) in archive /opt/rustwide/target/debug/deps/libsinge_cuda-ed90e7b3118c65ce.rlib
[INFO] [stdout]           
[INFO] [stdout]           rust-lld: error: too many errors emitted, stopping now (use --error-limit=0 to see all errors)
[INFO] [stdout]           collect2: error: ld returned 1 exit status
[INFO] [stdout]           
[INFO] [stdout] 
[INFO] [stdout] 
[INFO] [stderr] error: could not compile `singe-cudnn` (example "frontend_autotuning") due to 1 previous error
[INFO] [stdout] error: linking with `cc` failed: exit status: 1
[INFO] [stdout]   |
[INFO] [stdout]   = note:  "cc" "-m64" "/opt/rustwide/target/debug/deps/rustcBqY1mQ/symbols.o" "<3 object files omitted>" "-Wl,--as-needed" "-Wl,-Bstatic" "/opt/rustwide/target/debug/deps/libhex-13e08b3b00984ab7.rlib" "<sysroot>/lib/rustlib/x86_64-unknown-linux-gnu/lib/{libtest-*,libgetopts-*,librustc_std_workspace_std-*}.rlib" "/opt/rustwide/target/debug/deps/{libsha2-8f22cd85fe34ebf2,libcpufeatures-6c1f78f4142e3013,libdigest-eae7b3c46639f7f3,libconst_oid-58507ca40e062d76,libcrypto_common-32224ab3acf77d4c,libblock_buffer-e220b56d2ce316ec,libhybrid_array-745b8e9269c93837,libtypenum-8cba24ab4904c632,libbomboni_serde-b88d748af53df261,libserde_json-0b78fc7f648ee3bc,libmemchr-25f2248dc1705570,libitoa-5de11b3b23bfe572,libzmij-ef63f1da73704b4c,libsinge_cuda-ed90e7b3118c65ce,libbitflags-c11c4f5488569199,libhalf-5fcd82a8c29d4ae8,libcfg_if-83060ec5685761ae,libzerocopy-eb35aedb38cbd4b6,libnum_complex-7fde6cee17bf2151,libnum_traits-c2765a255388353b,libthiserror-a77deb6f2da9bbd9,libsinge_core-561bf59c6e23a8db,libserde-e9c634bbe919bade,libserde_core-2c928ee17a7447a4,libsinge_cudnn_sys-5f0227d6bd4e3565,libsinge_cuda_sys-0c9c8aa395d1912f,libnum_enum-64a98df1e659a46b}.rlib" "<sysroot>/lib/rustlib/x86_64-unknown-linux-gnu/lib/{libstd-*,libpanic_unwind-*,libobject-*,libmemchr-*,libaddr2line-*,libgimli-*,libcfg_if-*,librustc_demangle-*,libstd_detect-*,libhashbrown-*,librustc_std_workspace_alloc-*,libminiz_oxide-*,libadler2-*,libunwind-*,liblibc-*,librustc_std_workspace_core-*,liballoc-*,libcore-*,libcompiler_builtins-*}.rlib" "-Wl,-Bdynamic" "-lgcc_s" "-lutil" "-lrt" "-lpthread" "-lm" "-ldl" "-lc" "-L" "/opt/rustwide/target/debug/deps/rustcBqY1mQ/raw-dylibs" "-B<sysroot>/lib/rustlib/x86_64-unknown-linux-gnu/bin/gcc-ld" "-fuse-ld=lld" "-Wl,--eh-frame-hdr" "-Wl,-z,noexecstack" "-L" "<sysroot>/lib/rustlib/x86_64-unknown-linux-gnu/lib" "-o" "/opt/rustwide/target/debug/deps/singe_cudnn-df2f56ca249de0cd" "-Wl,--gc-sections" "-pie" "-Wl,-z,relro,-z,now" "-nodefaultlibs"
[INFO] [stdout]   = note: some arguments are omitted. use `--verbose` to show all linker arguments
[INFO] [stdout]   = note: rust-lld: error: undefined symbol: cudnnGetErrorString
[INFO] [stdout]           >>> referenced by error.rs:131 (src/error.rs:131)
[INFO] [stdout]           >>>               /opt/rustwide/target/debug/deps/singe_cudnn-df2f56ca249de0cd.singe_cudnn.28de7bd9be87020c-cgu.1.rcgu.o:(singe_cudnn::error::cudnn_error_string)
[INFO] [stdout]           collect2: error: ld returned 1 exit status
[INFO] [stdout]           
[INFO] [stdout] 
[INFO] [stdout] 
[INFO] [stderr] error: could not compile `singe-cudnn` (lib test) due to 1 previous error
[INFO] running `Command { std: "docker" "inspect" "9429c42ad13084de783eaf96b5fdc6240d2e43aa7ad2779ee807427ca94e9224", kill_on_drop: false }`
[INFO] running `Command { std: "docker" "rm" "-f" "9429c42ad13084de783eaf96b5fdc6240d2e43aa7ad2779ee807427ca94e9224", kill_on_drop: false }`
[INFO] [stdout] 9429c42ad13084de783eaf96b5fdc6240d2e43aa7ad2779ee807427ca94e9224
