[INFO] fetching crate simplify_baml 0.2.0...
[INFO] testing simplify_baml-0.2.0 against 1.99.0-beta.8 for beta-1.100-2
[INFO] extracting crate simplify_baml 0.2.0 into /workspace/builds/worker-1-tc1/source
[INFO] started tweaking crates.io crate simplify_baml 0.2.0
[INFO] removed 0 missing examples
[INFO] removed 0 missing tests
[INFO] finished tweaking crates.io crate simplify_baml 0.2.0
[INFO] tweaked toml for crates.io crate simplify_baml 0.2.0 written to /workspace/builds/worker-1-tc1/source/Cargo.toml
[INFO] validating manifest of crates.io crate simplify_baml 0.2.0 on toolchain 1.99.0-beta.8
[INFO] running `Command { std: CARGO_HOME="/workspace/cargo-home" RUSTUP_HOME="/workspace/rustup-home" "/workspace/cargo-home/bin/cargo" "+1.99.0-beta.8" "metadata" "--manifest-path" "Cargo.toml" "--no-deps", kill_on_drop: false }`
[INFO] crate crates.io crate simplify_baml 0.2.0 already has a lockfile, it will not be regenerated
[INFO] running `Command { std: CARGO_HOME="/workspace/cargo-home" RUSTUP_HOME="/workspace/rustup-home" "/workspace/cargo-home/bin/cargo" "+1.99.0-beta.8" "fetch" "--manifest-path" "Cargo.toml", kill_on_drop: false }`
[INFO] [stderr]     Updating crates.io index
[INFO] [stderr]  Downloading crates ...
[INFO] [stderr]   Downloaded trybuild v1.0.114
[INFO] [stderr]   Downloaded serde_spanned v1.0.3
[INFO] [stderr]   Downloaded target-triple v1.0.0
[INFO] [stderr]   Downloaded simplify_baml_macros v0.2.0
[INFO] [stderr]   Downloaded toml_writer v1.0.4
[INFO] [stderr]   Downloaded winnow v0.7.14
[INFO] [stderr]   Downloaded find-msvc-tools v0.1.4
[INFO] [stderr]   Downloaded toml v0.9.8
[INFO] [stderr]   Downloaded windows-registry v0.5.3
[INFO] [stderr]   Downloaded value-ext v0.1.2
[INFO] [stderr]   Downloaded openssl-sys v0.9.110
[INFO] [stderr]   Downloaded rustls-webpki v0.103.7
[INFO] [stderr]   Downloaded eventsource-stream v0.2.3
[INFO] [stderr]   Downloaded cc v1.2.41
[INFO] [stderr]   Downloaded reqwest-eventsource v0.6.0
[INFO] [stderr]   Downloaded futures-timer v3.0.3
[INFO] [stderr]   Downloaded serde_with_macros v3.15.0
[INFO] [stderr]   Downloaded derive_more v1.0.0
[INFO] [stderr]   Downloaded derive_more-impl v1.0.0
[INFO] [stderr]   Downloaded serde_with v3.15.0
[INFO] [stderr]   Downloaded webpki-roots v1.0.3
[INFO] [stderr]   Downloaded minijinja v2.12.0
[INFO] [stderr]   Downloaded genai v0.4.2
[INFO] [stderr]   Downloaded openssl v0.10.74
[INFO] running `Command { std: "docker" "create" "-v" "/var/lib/crater-agent-workspace/builds/worker-1-tc1/source:/opt/rustwide/workdir:ro,Z" "-v" "/var/lib/crater-agent-workspace/builds/worker-1-tc1/target:/opt/rustwide/target:rw,Z" "-v" "/var/lib/crater-agent-workspace/cargo-home:/opt/rustwide/cargo-home:ro,Z" "-v" "/var/lib/crater-agent-workspace/rustup-home:/opt/rustwide/rustup-home:ro,Z" "-m" "1610612736" "--network" "none" "ghcr.io/rust-lang/crates-build-env/linux@sha256:3111399a4047eeb3a02b7a90e478d715f38a8c6669b5c4b49d30a17385265909" "sleep" "infinity", kill_on_drop: false }`
[INFO] [stdout] e915d90213d24f59e5bce3df5421a5844326181e7529df6691e86970ef0b48b8
[INFO] running `Command { std: "docker" "start" "e915d90213d24f59e5bce3df5421a5844326181e7529df6691e86970ef0b48b8", kill_on_drop: false }`
[INFO] running `Command { std: "docker" "inspect" "e915d90213d24f59e5bce3df5421a5844326181e7529df6691e86970ef0b48b8", kill_on_drop: false }`
[INFO] running `Command { std: "docker" "exec" "-e" "SOURCE_DIR=/opt/rustwide/workdir" "-e" "CARGO_HOME=/opt/rustwide/cargo-home" "-e" "RUSTUP_HOME=/opt/rustwide/rustup-home" "-e" "CARGO_TARGET_DIR=/opt/rustwide/target" "-w" "/opt/rustwide/workdir" "--user" "0:0" "e915d90213d24f59e5bce3df5421a5844326181e7529df6691e86970ef0b48b8" "/opt/rustwide/cargo-home/bin/cargo" "+1.99.0-beta.8" "metadata" "--no-deps" "--format-version=1", kill_on_drop: false }`
[INFO] running `Command { std: "docker" "inspect" "e915d90213d24f59e5bce3df5421a5844326181e7529df6691e86970ef0b48b8", kill_on_drop: false }`
[INFO] running `Command { std: "docker" "exec" "-e" "SOURCE_DIR=/opt/rustwide/workdir" "-e" "CARGO_HOME=/opt/rustwide/cargo-home" "-e" "RUSTUP_HOME=/opt/rustwide/rustup-home" "-e" "CARGO_TARGET_DIR=/opt/rustwide/target" "-e" "CARGO_INCREMENTAL=0" "-e" "RUST_BACKTRACE=full" "-e" "RUSTFLAGS=--cap-lints=warn" "-e" "RUSTDOCFLAGS=--cap-lints=warn" "-w" "/opt/rustwide/workdir" "--user" "0:0" "e915d90213d24f59e5bce3df5421a5844326181e7529df6691e86970ef0b48b8" "/opt/rustwide/cargo-home/bin/cargo" "+1.99.0-beta.8" "build" "--frozen" "--message-format=json", kill_on_drop: false }`
[INFO] [stderr]    Compiling proc-macro2 v1.0.101
[INFO] [stderr]    Compiling quote v1.0.41
[INFO] [stderr]    Compiling unicode-ident v1.0.19
[INFO] [stderr]    Compiling libc v0.2.177
[INFO] [stderr]    Compiling pin-project-lite v0.2.16
[INFO] [stderr]    Compiling shlex v1.3.0
[INFO] [stderr]    Compiling smallvec v1.15.1
[INFO] [stderr]    Compiling find-msvc-tools v0.1.4
[INFO] [stderr]    Compiling futures-core v0.3.31
[INFO] [stderr]    Compiling bytes v1.10.1
[INFO] [stderr]    Compiling stable_deref_trait v1.2.1
[INFO] [stderr]    Compiling itoa v1.0.15
[INFO] [stderr]    Compiling memchr v2.7.6
[INFO] [stderr]    Compiling once_cell v1.21.3
[INFO] [stderr]    Compiling futures-sink v0.3.31
[INFO] [stderr]    Compiling slab v0.4.11
[INFO] [stderr]    Compiling pkg-config v0.3.32
[INFO] [stderr]    Compiling pin-utils v0.1.0
[INFO] [stderr]    Compiling serde_core v1.0.228
[INFO] [stderr]    Compiling vcpkg v0.2.15
[INFO] [stderr]    Compiling futures-task v0.3.31
[INFO] [stderr]    Compiling futures-channel v0.3.31
[INFO] [stderr]    Compiling futures-io v0.3.31
[INFO] [stderr]    Compiling litemap v0.8.0
[INFO] [stderr]    Compiling writeable v0.6.1
[INFO] [stderr]    Compiling tracing-core v0.1.34
[INFO] [stderr]    Compiling cc v1.2.41
[INFO] [stderr]    Compiling hashbrown v0.16.0
[INFO] [stderr]    Compiling serde v1.0.228
[INFO] [stderr]    Compiling icu_normalizer_data v2.0.0
[INFO] [stderr]    Compiling icu_properties_data v2.0.1
[INFO] [stderr]    Compiling rustls-pki-types v1.12.0
[INFO] [stderr]    Compiling bitflags v2.9.4
[INFO] [stderr]    Compiling openssl v0.10.74
[INFO] [stderr]    Compiling foreign-types-shared v0.1.1
[INFO] [stderr]    Compiling foreign-types v0.3.2
[INFO] [stderr]    Compiling native-tls v0.2.14
[INFO] [stderr]    Compiling rustls v0.23.32
[INFO] [stderr]    Compiling serde_json v1.0.145
[INFO] [stderr]    Compiling ryu v1.0.20
[INFO] [stderr]    Compiling log v0.4.28
[INFO] [stderr]    Compiling openssl-probe v0.1.6
[INFO] [stderr]    Compiling ipnet v2.11.0
[INFO] [stderr]    Compiling strsim v0.11.1
[INFO] [stderr]    Compiling sync_wrapper v1.0.2
[INFO] [stderr]    Compiling iri-string v0.7.8
[INFO] [stderr]    Compiling nom v7.1.3
[INFO] [stderr]    Compiling encoding_rs v0.8.35
[INFO] [stderr]    Compiling indexmap v2.11.4
[INFO] [stderr]    Compiling webpki-roots v1.0.3
[INFO] [stderr]    Compiling unicode-xid v0.2.6
[INFO] [stderr]    Compiling futures-timer v3.0.3
[INFO] [stderr]    Compiling anyhow v1.0.100
[INFO] [stderr]    Compiling http v1.3.1
[INFO] [stderr]    Compiling syn v2.0.106
[INFO] [stderr]    Compiling parking_lot_core v0.9.12
[INFO] [stderr]    Compiling mio v1.0.4
[INFO] [stderr]    Compiling signal-hook-registry v1.4.6
[INFO] [stderr]    Compiling socket2 v0.6.1
[INFO] [stderr]    Compiling getrandom v0.2.16
[INFO] [stderr]    Compiling openssl-sys v0.9.110
[INFO] [stderr]    Compiling ring v0.17.14
[INFO] [stderr]    Compiling parking_lot v0.12.5
[INFO] [stderr]    Compiling http-body v1.0.1
[INFO] [stderr]    Compiling http-body-util v0.1.3
[INFO] [stderr]    Compiling eventsource-stream v0.2.3
[INFO] [stderr]    Compiling synstructure v0.13.2
[INFO] [stderr]    Compiling darling_core v0.21.3
[INFO] [stderr]    Compiling rustls-webpki v0.103.7
[INFO] [stderr]    Compiling tokio-macros v2.6.0
[INFO] [stderr]    Compiling zerovec-derive v0.11.1
[INFO] [stderr]    Compiling displaydoc v0.2.5
[INFO] [stderr]    Compiling futures-macro v0.3.31
[INFO] [stderr]    Compiling tracing-attributes v0.1.30
[INFO] [stderr]    Compiling serde_derive v1.0.228
[INFO] [stderr]    Compiling openssl-macros v0.1.1
[INFO] [stderr]    Compiling derive_more-impl v1.0.0
[INFO] [stderr]    Compiling thiserror-impl v1.0.69
[INFO] [stderr]    Compiling derive_more-impl v2.0.1
[INFO] [stderr]    Compiling zerofrom-derive v0.1.6
[INFO] [stderr]    Compiling yoke-derive v0.8.0
[INFO] [stderr]    Compiling simplify_baml_macros v0.2.0
[INFO] [stderr]    Compiling tokio v1.48.0
[INFO] [stderr]    Compiling async-trait v0.1.89
[INFO] [stderr]    Compiling futures-util v0.3.31
[INFO] [stderr]    Compiling zerofrom v0.1.6
[INFO] [stderr]    Compiling yoke v0.8.0
[INFO] [stderr]    Compiling zerotrie v0.2.2
[INFO] [stderr]    Compiling derive_more v1.0.0
[INFO] [stderr]    Compiling thiserror v1.0.69
[INFO] [stderr]    Compiling zerovec v0.11.4
[INFO] [stderr]    Compiling darling_macro v0.21.3
[INFO] [stderr]    Compiling tracing v0.1.41
[INFO] [stderr]    Compiling derive_more v2.0.1
[INFO] [stderr]    Compiling darling v0.21.3
[INFO] [stderr]    Compiling serde_with_macros v3.15.0
[INFO] [stderr]    Compiling tinystr v0.8.1
[INFO] [stderr]    Compiling potential_utf v0.1.3
[INFO] [stderr]    Compiling icu_collections v2.0.0
[INFO] [stderr]    Compiling icu_locale_core v2.0.0
[INFO] [stderr]    Compiling serde_with v3.15.0
[INFO] [stderr]    Compiling futures-executor v0.3.31
[INFO] [stderr]    Compiling futures v0.3.31
[INFO] [stderr]    Compiling icu_provider v2.0.0
[INFO] [stderr]    Compiling icu_normalizer v2.0.0
[INFO] [stderr]    Compiling icu_properties v2.0.1
[INFO] [stderr]    Compiling serde_urlencoded v0.7.1
[INFO] [stderr]    Compiling value-ext v0.1.2
[INFO] [stderr]    Compiling minijinja v2.12.0
[INFO] [stderr]    Compiling idna_adapter v1.2.1
[INFO] [stderr]    Compiling idna v1.1.0
[INFO] [stderr]    Compiling url v2.5.7
[INFO] [stderr]    Compiling tokio-util v0.7.16
[INFO] [stderr]    Compiling tokio-native-tls v0.3.1
[INFO] [stderr]    Compiling tokio-rustls v0.26.4
[INFO] [stderr]    Compiling tower v0.5.2
[INFO] [stderr]    Compiling tokio-stream v0.1.17
[INFO] [stderr]    Compiling tower-http v0.6.6
[INFO] [stderr]    Compiling h2 v0.4.12
[INFO] [stderr]    Compiling hyper v1.7.0
[INFO] [stderr]    Compiling hyper-util v0.1.17
[INFO] [stderr]    Compiling hyper-rustls v0.27.7
[INFO] [stderr]    Compiling hyper-tls v0.6.0
[INFO] [stderr]    Compiling reqwest v0.12.24
[INFO] [stderr]    Compiling reqwest-eventsource v0.6.0
[INFO] [stderr]    Compiling genai v0.4.2
[INFO] [stderr]    Compiling simplify_baml v0.2.0 (/opt/rustwide/workdir)
[INFO] [stderr]     Finished `dev` profile [unoptimized + debuginfo] target(s) in 1m 11s
[INFO] running `Command { std: "docker" "inspect" "e915d90213d24f59e5bce3df5421a5844326181e7529df6691e86970ef0b48b8", kill_on_drop: false }`
[INFO] running `Command { std: "docker" "exec" "-e" "SOURCE_DIR=/opt/rustwide/workdir" "-e" "CARGO_HOME=/opt/rustwide/cargo-home" "-e" "RUSTUP_HOME=/opt/rustwide/rustup-home" "-e" "CARGO_TARGET_DIR=/opt/rustwide/target" "-e" "CARGO_INCREMENTAL=0" "-e" "RUST_BACKTRACE=full" "-e" "RUSTFLAGS=--cap-lints=warn" "-e" "RUSTDOCFLAGS=--cap-lints=warn" "-w" "/opt/rustwide/workdir" "--user" "0:0" "e915d90213d24f59e5bce3df5421a5844326181e7529df6691e86970ef0b48b8" "/opt/rustwide/cargo-home/bin/cargo" "+1.99.0-beta.8" "test" "--frozen" "--no-run" "--message-format=json", kill_on_drop: false }`
[INFO] [stderr]    Compiling winnow v0.7.14
[INFO] [stderr]    Compiling target-triple v1.0.0
[INFO] [stderr]    Compiling toml_datetime v0.7.3
[INFO] [stderr]    Compiling serde_spanned v1.0.3
[INFO] [stderr]    Compiling toml_writer v1.0.4
[INFO] [stderr]    Compiling glob v0.3.3
[INFO] [stderr]    Compiling termcolor v1.4.1
[INFO] [stderr]    Compiling toml_parser v1.0.4
[INFO] [stderr]    Compiling toml v0.9.8
[INFO] [stderr]    Compiling trybuild v1.0.114
[INFO] [stderr]    Compiling simplify_baml v0.2.0 (/opt/rustwide/workdir)
[INFO] [stdout] error: linking with `cc` failed: exit status: 1
[INFO] [stdout]   |
[INFO] [stdout]   = note:  "cc" "-m64" "/opt/rustwide/target/debug/deps/rustcZk8G0w/symbols.o" "<2 object files omitted>" "-Wl,--as-needed" "-Wl,-Bstatic" "<sysroot>/lib/rustlib/x86_64-unknown-linux-gnu/lib/{libtest-*,libgetopts-*,librustc_std_workspace_std-*}.rlib" "/opt/rustwide/target/debug/deps/{libsimplify_baml-ff7d4bc1f25c9fda,libreqwest-f38e131a9dc4447c,libserde_urlencoded-368ad1f018c7710b,libhyper_rustls-b7d245ed3ca0d624,libwebpki_roots-56419ed697b26ced,libhyper_tls-d3c26fb85959cc12,libtokio_native_tls-8e2d3980bc6075f8,libtokio_rustls-51a30160e720b610,librustls-aed4b3bd1f380384,libsubtle-2ae6a7038b9a0630,libwebpki-acee2c6b5e9053c8,libring-79911eee03088cea,libgetrandom-d650c15c15be9e24,libuntrusted-b2f816886faf2178,librustls_pki_types-ab21366761a00234,libzeroize-7f213bea776ca5b6,libmime-0188e0814ca7ddbf,libencoding_rs-c7a67ac351c2b19f,libtower_http-54272b04e0cbb566,libiri_string-f2231ba2cbe5b068,libtower-a7cb95d6dd0253d1,libtower_layer-d908dd771b239ecd,libnative_tls-10d102d7d41f8adc,libopenssl_probe-2c6d21a9709cae46,libopenssl-5a62c4d5e646e047,libbitflags-7f84f37ac731566a,libforeign_types-4fe1886d5d9265b9,libforeign_types_shared-47b443a4583fd949,libopenssl_sys-fcebd6774e63186d,libhyper_util-2e3963aae52e8b83,libbase64-32787b0325ea6df8,libipnet-a38805d99c19843f,libtower_service-3fb88d28c2218805,libhyper-1bac9bcdfcdabb6d,libwant-7a6260b9c50f1479,libtry_lock-8fa2f6971035be84,libhttparse-8c9b827b8f345444,libh2-1d13227866bf74ff,libtracing-7514b9fdf375dce1,libtracing_core-05e1b75a06fc0004,libonce_cell-e9252a7b5119f3eb,libindexmap-019c61cdf1cc96d2,libequivalent-6a754676e6af62ae,libhashbrown-ac2229ec4aecf871,libatomic_waker-06950c8c08d2b8fa,libtokio_util-d88c3939244ebac4,libtokio-23fcade192b9d940,libsignal_hook_registry-3baf84eaf720662e,libsocket2-079e36dcc0be2ef0,libmio-b39781ae0094b62f,libparking_lot-3c23d1a32faae214,libparking_lot_core-07dc4dfa0e4d7158,liblibc-520a1cd7a1b3fe13,libcfg_if-83060ec5685761ae,liblock_api-16d46fed645f7bff,libscopeguard-7ec2214574194454,libhttp_body_util-3e17c470bd7f7a50,libhttp_body-105ee97081f5a2ad,liblog-40ebd7d040175aeb,liburl-4b59b6477cb072c6,libidna-c432e9e2b4e8150d,libutf8_iter-51566bbad89f3a68,libidna_adapter-e4ab3ed88b674a50,libicu_properties-275f76e771416414,libicu_properties_data-b53d225676b50701,libicu_normalizer-23c136ece8f9d935,libsmallvec-bc3128fdd57228fc,libicu_normalizer_data-ff82f05aef08137e,libicu_collections-624367f5f5f5d878,libpotential_utf-c6c3882165c592a7,libicu_provider-5ab98d4452791afb,libicu_locale_core-74bdffac90171406,libtinystr-e0c9cd404c9e9e3d,liblitemap-76c583890b84c465,libwriteable-240af3fb4837c678,libzerovec-3e1b1b3143a150bf,libzerotrie-03c3cad9e49f03d3,libyoke-83587373da364fba,libstable_deref_trait-49463a691f385e1c,libzerofrom-2c70c7b8bda85179,libform_urlencoded-58b0f0edb59b40d2,libpercent_encoding-fa055ecaa1e57cfa,libhttp-2d03230cfda7aff1,libbytes-82ad4f0211bdc963,libfnv-79e2cbfbe03dcd16,libsync_wrapper-a254cb6192850e87,libthiserror-519a3911901d3a55,libfutures-c54508ccf4c6a1e8,libfutures_executor-509f865c0ee55cb5,libfutures_util-561908e59d52c3e0,libfutures_io-59d0071c9258d69f,libslab-5629529544b2a983,libfutures_channel-3bb2db6cecc5bacb,libpin_project_lite-72bf04572caa1c84,libfutures_sink-ae1eb2d060de53a2,libfutures_task-e09ab7898221cb97,libpin_utils-3860774ad9b215b5,libfutures_core-3b920243fce8fec0,libserde_json-108fc396d8bdcf61,libmemchr-9be7e24c0cc6f173,libitoa-ef40fa516293a9d3,libryu-a7164637bc4900ee,libminijinja-287bbb8468c93541,libanyhow-4342eda19ce54c8e,libserde-474f1e64ee697f95,libserde_core-49c5f0449f9ff544}.rlib" "<sysroot>/lib/rustlib/x86_64-unknown-linux-gnu/lib/{libstd-*,libpanic_unwind-*,libobject-*,libmemchr-*,libaddr2line-*,libgimli-*,libcfg_if-*,librustc_demangle-*,libstd_detect-*,libhashbrown-*,librustc_std_workspace_alloc-*,libminiz_oxide-*,libadler2-*,libunwind-*,liblibc-*,librustc_std_workspace_core-*,liballoc-*,libcore-*,libcompiler_builtins-*}.rlib" "-Wl,-Bdynamic" "-lssl" "-lcrypto" "-lgcc_s" "-lutil" "-lrt" "-lpthread" "-lm" "-ldl" "-lc" "-L" "/opt/rustwide/target/debug/deps/rustcZk8G0w/raw-dylibs" "-B<sysroot>/lib/rustlib/x86_64-unknown-linux-gnu/bin/gcc-ld" "-fuse-ld=lld" "-Wl,--eh-frame-hdr" "-Wl,-z,noexecstack" "-L" "/opt/rustwide/target/debug/build/ring-79c71272b99b7ac1/out" "-L" "<sysroot>/lib/rustlib/x86_64-unknown-linux-gnu/lib" "-o" "/opt/rustwide/target/debug/deps/multiple_baml_attrs_test-1f7a845cfe34dc13" "-Wl,--gc-sections" "-pie" "-Wl,-z,relro,-z,now" "-nodefaultlibs"
[INFO] [stdout]   = note: some arguments are omitted. use `--verbose` to show all linker arguments
[INFO] [stdout]   = note: collect2: fatal error: ld terminated with signal 9 [Killed]
[INFO] [stdout]           compilation terminated.
[INFO] [stdout]           
[INFO] [stdout] 
[INFO] [stdout] 
[INFO] [stderr] error: could not compile `simplify_baml` (test "multiple_baml_attrs_test") due to 1 previous error
[INFO] [stderr] warning: build failed, waiting for other jobs to finish...
[INFO] [stdout] error: linking with `cc` failed: exit status: 1
[INFO] [stdout]   |
[INFO] [stdout]   = note:  "cc" "-m64" "/opt/rustwide/target/debug/deps/rustcSPzubH/symbols.o" "<2 object files omitted>" "-Wl,--as-needed" "-Wl,-Bstatic" "<sysroot>/lib/rustlib/x86_64-unknown-linux-gnu/lib/{libtest-*,libgetopts-*,librustc_std_workspace_std-*}.rlib" "/opt/rustwide/target/debug/deps/{libsimplify_baml-ff7d4bc1f25c9fda,libreqwest-f38e131a9dc4447c,libserde_urlencoded-368ad1f018c7710b,libhyper_rustls-b7d245ed3ca0d624,libwebpki_roots-56419ed697b26ced,libhyper_tls-d3c26fb85959cc12,libtokio_native_tls-8e2d3980bc6075f8,libtokio_rustls-51a30160e720b610,librustls-aed4b3bd1f380384,libsubtle-2ae6a7038b9a0630,libwebpki-acee2c6b5e9053c8,libring-79911eee03088cea,libgetrandom-d650c15c15be9e24,libuntrusted-b2f816886faf2178,librustls_pki_types-ab21366761a00234,libzeroize-7f213bea776ca5b6,libmime-0188e0814ca7ddbf,libencoding_rs-c7a67ac351c2b19f,libtower_http-54272b04e0cbb566,libiri_string-f2231ba2cbe5b068,libtower-a7cb95d6dd0253d1,libtower_layer-d908dd771b239ecd,libnative_tls-10d102d7d41f8adc,libopenssl_probe-2c6d21a9709cae46,libopenssl-5a62c4d5e646e047,libbitflags-7f84f37ac731566a,libforeign_types-4fe1886d5d9265b9,libforeign_types_shared-47b443a4583fd949,libopenssl_sys-fcebd6774e63186d,libhyper_util-2e3963aae52e8b83,libbase64-32787b0325ea6df8,libipnet-a38805d99c19843f,libtower_service-3fb88d28c2218805,libhyper-1bac9bcdfcdabb6d,libwant-7a6260b9c50f1479,libtry_lock-8fa2f6971035be84,libhttparse-8c9b827b8f345444,libh2-1d13227866bf74ff,libtracing-7514b9fdf375dce1,libtracing_core-05e1b75a06fc0004,libonce_cell-e9252a7b5119f3eb,libindexmap-019c61cdf1cc96d2,libequivalent-6a754676e6af62ae,libhashbrown-ac2229ec4aecf871,libatomic_waker-06950c8c08d2b8fa,libtokio_util-d88c3939244ebac4,libtokio-23fcade192b9d940,libsignal_hook_registry-3baf84eaf720662e,libsocket2-079e36dcc0be2ef0,libmio-b39781ae0094b62f,libparking_lot-3c23d1a32faae214,libparking_lot_core-07dc4dfa0e4d7158,liblibc-520a1cd7a1b3fe13,libcfg_if-83060ec5685761ae,liblock_api-16d46fed645f7bff,libscopeguard-7ec2214574194454,libhttp_body_util-3e17c470bd7f7a50,libhttp_body-105ee97081f5a2ad,liblog-40ebd7d040175aeb,liburl-4b59b6477cb072c6,libidna-c432e9e2b4e8150d,libutf8_iter-51566bbad89f3a68,libidna_adapter-e4ab3ed88b674a50,libicu_properties-275f76e771416414,libicu_properties_data-b53d225676b50701,libicu_normalizer-23c136ece8f9d935,libsmallvec-bc3128fdd57228fc,libicu_normalizer_data-ff82f05aef08137e,libicu_collections-624367f5f5f5d878,libpotential_utf-c6c3882165c592a7,libicu_provider-5ab98d4452791afb,libicu_locale_core-74bdffac90171406,libtinystr-e0c9cd404c9e9e3d,liblitemap-76c583890b84c465,libwriteable-240af3fb4837c678,libzerovec-3e1b1b3143a150bf,libzerotrie-03c3cad9e49f03d3,libyoke-83587373da364fba,libstable_deref_trait-49463a691f385e1c,libzerofrom-2c70c7b8bda85179,libform_urlencoded-58b0f0edb59b40d2,libpercent_encoding-fa055ecaa1e57cfa,libhttp-2d03230cfda7aff1,libbytes-82ad4f0211bdc963,libfnv-79e2cbfbe03dcd16,libsync_wrapper-a254cb6192850e87,libthiserror-519a3911901d3a55,libfutures-c54508ccf4c6a1e8,libfutures_executor-509f865c0ee55cb5,libfutures_util-561908e59d52c3e0,libfutures_io-59d0071c9258d69f,libslab-5629529544b2a983,libfutures_channel-3bb2db6cecc5bacb,libpin_project_lite-72bf04572caa1c84,libfutures_sink-ae1eb2d060de53a2,libfutures_task-e09ab7898221cb97,libpin_utils-3860774ad9b215b5,libfutures_core-3b920243fce8fec0,libserde_json-108fc396d8bdcf61,libmemchr-9be7e24c0cc6f173,libitoa-ef40fa516293a9d3,libryu-a7164637bc4900ee,libminijinja-287bbb8468c93541,libanyhow-4342eda19ce54c8e,libserde-474f1e64ee697f95,libserde_core-49c5f0449f9ff544}.rlib" "<sysroot>/lib/rustlib/x86_64-unknown-linux-gnu/lib/{libstd-*,libpanic_unwind-*,libobject-*,libmemchr-*,libaddr2line-*,libgimli-*,libcfg_if-*,librustc_demangle-*,libstd_detect-*,libhashbrown-*,librustc_std_workspace_alloc-*,libminiz_oxide-*,libadler2-*,libunwind-*,liblibc-*,librustc_std_workspace_core-*,liballoc-*,libcore-*,libcompiler_builtins-*}.rlib" "-Wl,-Bdynamic" "-lssl" "-lcrypto" "-lgcc_s" "-lutil" "-lrt" "-lpthread" "-lm" "-ldl" "-lc" "-L" "/opt/rustwide/target/debug/deps/rustcSPzubH/raw-dylibs" "-B<sysroot>/lib/rustlib/x86_64-unknown-linux-gnu/bin/gcc-ld" "-fuse-ld=lld" "-Wl,--eh-frame-hdr" "-Wl,-z,noexecstack" "-L" "/opt/rustwide/target/debug/build/ring-79c71272b99b7ac1/out" "-L" "<sysroot>/lib/rustlib/x86_64-unknown-linux-gnu/lib" "-o" "/opt/rustwide/target/debug/deps/list_of_classes_test-87031c9ba876a74c" "-Wl,--gc-sections" "-pie" "-Wl,-z,relro,-z,now" "-nodefaultlibs"
[INFO] [stdout]   = note: some arguments are omitted. use `--verbose` to show all linker arguments
[INFO] [stdout]   = note: collect2: fatal error: ld terminated with signal 9 [Killed]
[INFO] [stdout]           compilation terminated.
[INFO] [stdout]           
[INFO] [stdout] 
[INFO] [stdout] 
[INFO] [stderr] error: could not compile `simplify_baml` (test "list_of_classes_test") due to 1 previous error
[INFO] [stdout] error: linking with `cc` failed: exit status: 1
[INFO] [stdout]   |
[INFO] [stdout]   = note:  "cc" "-m64" "/opt/rustwide/target/debug/examples/rustcnnuUOH/symbols.o" "<4 object files omitted>" "-Wl,--as-needed" "-Wl,-Bstatic" "/opt/rustwide/target/debug/deps/{libsimplify_baml-ff7d4bc1f25c9fda,libminijinja-287bbb8468c93541,libgenai-46c0724dac8a1499,libserde_with-349b02b102fe3723,libreqwest_eventsource-1e49868f931c3624,libfutures_timer-17baedd4276dc448,libeventsource_stream-229f55a7963dd954,libnom-e3768c88045296be,libthiserror-519a3911901d3a55,libreqwest-f38e131a9dc4447c,libserde_urlencoded-368ad1f018c7710b,libhyper_rustls-b7d245ed3ca0d624,libwebpki_roots-56419ed697b26ced,libhyper_tls-d3c26fb85959cc12,libtokio_native_tls-8e2d3980bc6075f8,libtokio_rustls-51a30160e720b610,librustls-aed4b3bd1f380384,libsubtle-2ae6a7038b9a0630,libwebpki-acee2c6b5e9053c8,libring-79911eee03088cea,libgetrandom-d650c15c15be9e24,libuntrusted-b2f816886faf2178,librustls_pki_types-ab21366761a00234,libzeroize-7f213bea776ca5b6,libmime-0188e0814ca7ddbf,libencoding_rs-c7a67ac351c2b19f,libtower_http-54272b04e0cbb566,libiri_string-f2231ba2cbe5b068,libtower-a7cb95d6dd0253d1,libtower_layer-d908dd771b239ecd,libnative_tls-10d102d7d41f8adc,libopenssl_probe-2c6d21a9709cae46,libopenssl-5a62c4d5e646e047,libbitflags-7f84f37ac731566a,libforeign_types-4fe1886d5d9265b9,libforeign_types_shared-47b443a4583fd949,libopenssl_sys-fcebd6774e63186d,libhyper_util-2e3963aae52e8b83,libbase64-32787b0325ea6df8,libipnet-a38805d99c19843f,libtower_service-3fb88d28c2218805,libhyper-1bac9bcdfcdabb6d,libwant-7a6260b9c50f1479,libtry_lock-8fa2f6971035be84,libhttparse-8c9b827b8f345444,libh2-1d13227866bf74ff,libindexmap-019c61cdf1cc96d2,libequivalent-6a754676e6af62ae,libhashbrown-ac2229ec4aecf871,libatomic_waker-06950c8c08d2b8fa,libtokio_util-d88c3939244ebac4,libtokio-23fcade192b9d940,libsignal_hook_registry-3baf84eaf720662e,libsocket2-079e36dcc0be2ef0,libmio-b39781ae0094b62f,libparking_lot-3c23d1a32faae214,libparking_lot_core-07dc4dfa0e4d7158,liblibc-520a1cd7a1b3fe13,libcfg_if-83060ec5685761ae,liblock_api-16d46fed645f7bff,libscopeguard-7ec2214574194454,libhttp_body_util-3e17c470bd7f7a50,libhttp_body-105ee97081f5a2ad,liblog-40ebd7d040175aeb,liburl-4b59b6477cb072c6,libidna-c432e9e2b4e8150d,libutf8_iter-51566bbad89f3a68,libidna_adapter-e4ab3ed88b674a50,libicu_properties-275f76e771416414,libicu_properties_data-b53d225676b50701,libicu_normalizer-23c136ece8f9d935,libsmallvec-bc3128fdd57228fc,libicu_normalizer_data-ff82f05aef08137e,libicu_collections-624367f5f5f5d878,libpotential_utf-c6c3882165c592a7,libicu_provider-5ab98d4452791afb,libicu_locale_core-74bdffac90171406,libtinystr-e0c9cd404c9e9e3d,liblitemap-76c583890b84c465,libwriteable-240af3fb4837c678,libzerovec-3e1b1b3143a150bf,libzerotrie-03c3cad9e49f03d3,libyoke-83587373da364fba,libstable_deref_trait-49463a691f385e1c,libzerofrom-2c70c7b8bda85179,libform_urlencoded-58b0f0edb59b40d2,libpercent_encoding-fa055ecaa1e57cfa,libhttp-2d03230cfda7aff1,libbytes-82ad4f0211bdc963,libfnv-79e2cbfbe03dcd16,libsync_wrapper-a254cb6192850e87,libtracing-7514b9fdf375dce1,libtracing_core-05e1b75a06fc0004,libonce_cell-e9252a7b5119f3eb,libvalue_ext-d3483fea7c58af0d,libderive_more-4f13f4c7e2c847dd,libserde_json-108fc396d8bdcf61,libitoa-ef40fa516293a9d3,libryu-a7164637bc4900ee,libderive_more-054d1c2696173878,libserde-474f1e64ee697f95,libserde_core-49c5f0449f9ff544,libfutures-c54508ccf4c6a1e8,libfutures_executor-509f865c0ee55cb5,libfutures_util-561908e59d52c3e0,libmemchr-9be7e24c0cc6f173,libfutures_io-59d0071c9258d69f,libslab-5629529544b2a983,libfutures_channel-3bb2db6cecc5bacb,libpin_project_lite-72bf04572caa1c84,libfutures_sink-ae1eb2d060de53a2,libfutures_task-e09ab7898221cb97,libpin_utils-3860774ad9b215b5,libfutures_core-3b920243fce8fec0,libanyhow-4342eda19ce54c8e}.rlib" "<sysroot>/lib/rustlib/x86_64-unknown-linux-gnu/lib/{libstd-*,libpanic_unwind-*,libobject-*,libmemchr-*,libaddr2line-*,libgimli-*,libcfg_if-*,librustc_demangle-*,libstd_detect-*,libhashbrown-*,librustc_std_workspace_alloc-*,libminiz_oxide-*,libadler2-*,libunwind-*,liblibc-*,librustc_std_workspace_core-*,liballoc-*,libcore-*,libcompiler_builtins-*}.rlib" "-Wl,-Bdynamic" "-lssl" "-lcrypto" "-lgcc_s" "-lutil" "-lrt" "-lpthread" "-lm" "-ldl" "-lc" "-L" "/opt/rustwide/target/debug/examples/rustcnnuUOH/raw-dylibs" "-B<sysroot>/lib/rustlib/x86_64-unknown-linux-gnu/bin/gcc-ld" "-fuse-ld=lld" "-Wl,--eh-frame-hdr" "-Wl,-z,noexecstack" "-L" "/opt/rustwide/target/debug/build/ring-79c71272b99b7ac1/out" "-L" "<sysroot>/lib/rustlib/x86_64-unknown-linux-gnu/lib" "-o" "/opt/rustwide/target/debug/examples/advanced_streaming_flow-dd389e9418700e63" "-Wl,--gc-sections" "-pie" "-Wl,-z,relro,-z,now" "-nodefaultlibs"
[INFO] [stdout]   = note: some arguments are omitted. use `--verbose` to show all linker arguments
[INFO] [stdout]   = note: collect2: fatal error: ld terminated with signal 9 [Killed]
[INFO] [stdout]           compilation terminated.
[INFO] [stdout]           
[INFO] [stdout] 
[INFO] [stdout] 
[INFO] [stdout] error: linking with `cc` failed: exit status: 1
[INFO] [stdout]   |
[INFO] [stdout]   = note:  "cc" "-m64" "/opt/rustwide/target/debug/examples/rustcaN4Np8/symbols.o" "<3 object files omitted>" "-Wl,--as-needed" "-Wl,-Bstatic" "/opt/rustwide/target/debug/deps/{libsimplify_baml-ff7d4bc1f25c9fda,libreqwest-f38e131a9dc4447c,libserde_urlencoded-368ad1f018c7710b,libhyper_rustls-b7d245ed3ca0d624,libwebpki_roots-56419ed697b26ced,libhyper_tls-d3c26fb85959cc12,libtokio_native_tls-8e2d3980bc6075f8,libtokio_rustls-51a30160e720b610,librustls-aed4b3bd1f380384,libsubtle-2ae6a7038b9a0630,libwebpki-acee2c6b5e9053c8,libring-79911eee03088cea,libgetrandom-d650c15c15be9e24,libuntrusted-b2f816886faf2178,librustls_pki_types-ab21366761a00234,libzeroize-7f213bea776ca5b6,libmime-0188e0814ca7ddbf,libencoding_rs-c7a67ac351c2b19f,libtower_http-54272b04e0cbb566,libiri_string-f2231ba2cbe5b068,libtower-a7cb95d6dd0253d1,libtower_layer-d908dd771b239ecd,libnative_tls-10d102d7d41f8adc,libopenssl_probe-2c6d21a9709cae46,libopenssl-5a62c4d5e646e047,libbitflags-7f84f37ac731566a,libforeign_types-4fe1886d5d9265b9,libforeign_types_shared-47b443a4583fd949,libopenssl_sys-fcebd6774e63186d,libhyper_util-2e3963aae52e8b83,libbase64-32787b0325ea6df8,libipnet-a38805d99c19843f,libtower_service-3fb88d28c2218805,libhyper-1bac9bcdfcdabb6d,libwant-7a6260b9c50f1479,libtry_lock-8fa2f6971035be84,libhttparse-8c9b827b8f345444,libh2-1d13227866bf74ff,libtracing-7514b9fdf375dce1,libtracing_core-05e1b75a06fc0004,libonce_cell-e9252a7b5119f3eb,libindexmap-019c61cdf1cc96d2,libequivalent-6a754676e6af62ae,libhashbrown-ac2229ec4aecf871,libatomic_waker-06950c8c08d2b8fa,libtokio_util-d88c3939244ebac4,libtokio-23fcade192b9d940,libsignal_hook_registry-3baf84eaf720662e,libsocket2-079e36dcc0be2ef0,libmio-b39781ae0094b62f,libparking_lot-3c23d1a32faae214,libparking_lot_core-07dc4dfa0e4d7158,liblibc-520a1cd7a1b3fe13,libcfg_if-83060ec5685761ae,liblock_api-16d46fed645f7bff,libscopeguard-7ec2214574194454,libhttp_body_util-3e17c470bd7f7a50,libhttp_body-105ee97081f5a2ad,liblog-40ebd7d040175aeb,liburl-4b59b6477cb072c6,libidna-c432e9e2b4e8150d,libutf8_iter-51566bbad89f3a68,libidna_adapter-e4ab3ed88b674a50,libicu_properties-275f76e771416414,libicu_properties_data-b53d225676b50701,libicu_normalizer-23c136ece8f9d935,libsmallvec-bc3128fdd57228fc,libicu_normalizer_data-ff82f05aef08137e,libicu_collections-624367f5f5f5d878,libpotential_utf-c6c3882165c592a7,libicu_provider-5ab98d4452791afb,libicu_locale_core-74bdffac90171406,libtinystr-e0c9cd404c9e9e3d,liblitemap-76c583890b84c465,libwriteable-240af3fb4837c678,libzerovec-3e1b1b3143a150bf,libzerotrie-03c3cad9e49f03d3,libyoke-83587373da364fba,libstable_deref_trait-49463a691f385e1c,libzerofrom-2c70c7b8bda85179,libform_urlencoded-58b0f0edb59b40d2,libpercent_encoding-fa055ecaa1e57cfa,libhttp-2d03230cfda7aff1,libbytes-82ad4f0211bdc963,libfnv-79e2cbfbe03dcd16,libsync_wrapper-a254cb6192850e87,libthiserror-519a3911901d3a55,libfutures-c54508ccf4c6a1e8,libfutures_executor-509f865c0ee55cb5,libfutures_util-561908e59d52c3e0,libfutures_io-59d0071c9258d69f,libslab-5629529544b2a983,libfutures_channel-3bb2db6cecc5bacb,libpin_project_lite-72bf04572caa1c84,libfutures_sink-ae1eb2d060de53a2,libfutures_task-e09ab7898221cb97,libpin_utils-3860774ad9b215b5,libfutures_core-3b920243fce8fec0,libserde_json-108fc396d8bdcf61,libmemchr-9be7e24c0cc6f173,libitoa-ef40fa516293a9d3,libryu-a7164637bc4900ee,libminijinja-287bbb8468c93541,libanyhow-4342eda19ce54c8e,libserde-474f1e64ee697f95,libserde_core-49c5f0449f9ff544}.rlib" "<sysroot>/lib/rustlib/x86_64-unknown-linux-gnu/lib/{libstd-*,libpanic_unwind-*,libobject-*,libmemchr-*,libaddr2line-*,libgimli-*,libcfg_if-*,librustc_demangle-*,libstd_detect-*,libhashbrown-*,librustc_std_workspace_alloc-*,libminiz_oxide-*,libadler2-*,libunwind-*,liblibc-*,librustc_std_workspace_core-*,liballoc-*,libcore-*,libcompiler_builtins-*}.rlib" "-Wl,-Bdynamic" "-lssl" "-lcrypto" "-lgcc_s" "-lutil" "-lrt" "-lpthread" "-lm" "-ldl" "-lc" "-L" "/opt/rustwide/target/debug/examples/rustcaN4Np8/raw-dylibs" "-B<sysroot>/lib/rustlib/x86_64-unknown-linux-gnu/bin/gcc-ld" "-fuse-ld=lld" "-Wl,--eh-frame-hdr" "-Wl,-z,noexecstack" "-L" "/opt/rustwide/target/debug/build/ring-79c71272b99b7ac1/out" "-L" "<sysroot>/lib/rustlib/x86_64-unknown-linux-gnu/lib" "-o" "/opt/rustwide/target/debug/examples/extract_person_macro-cc2e92cc3f76e180" "-Wl,--gc-sections" "-pie" "-Wl,-z,relro,-z,now" "-nodefaultlibs"
[INFO] [stdout]   = note: some arguments are omitted. use `--verbose` to show all linker arguments
[INFO] [stdout]   = note: collect2: fatal error: ld terminated with signal 9 [Killed]
[INFO] [stdout]           compilation terminated.
[INFO] [stdout]           
[INFO] [stdout] 
[INFO] [stdout] 
[INFO] [stderr] error: could not compile `simplify_baml` (example "extract_person_macro") due to 1 previous error
[INFO] [stderr] error: could not compile `simplify_baml` (example "advanced_streaming_flow") due to 1 previous error
[INFO] running `Command { std: "docker" "inspect" "e915d90213d24f59e5bce3df5421a5844326181e7529df6691e86970ef0b48b8", kill_on_drop: false }`
[INFO] running `Command { std: "docker" "rm" "-f" "e915d90213d24f59e5bce3df5421a5844326181e7529df6691e86970ef0b48b8", kill_on_drop: false }`
[INFO] [stdout] e915d90213d24f59e5bce3df5421a5844326181e7529df6691e86970ef0b48b8
