[INFO] fetching crate simpleaf 0.30.0...
[INFO] testing simpleaf-0.30.0 against 1.100.0-beta.1 for beta-1.100-2
[INFO] extracting crate simpleaf 0.30.0 into /workspace/builds/worker-3-tc2/source
[INFO] started tweaking crates.io crate simpleaf 0.30.0
[INFO] finished tweaking crates.io crate simpleaf 0.30.0
[INFO] tweaked toml for crates.io crate simpleaf 0.30.0 written to /workspace/builds/worker-3-tc2/source/Cargo.toml
[INFO] validating manifest of crates.io crate simpleaf 0.30.0 on toolchain 1.100.0-beta.1
[INFO] running `Command { std: CARGO_HOME="/workspace/cargo-home" RUSTUP_HOME="/workspace/rustup-home" "/workspace/cargo-home/bin/cargo" "+1.100.0-beta.1" "metadata" "--manifest-path" "Cargo.toml" "--no-deps", kill_on_drop: false }`
[INFO] crate crates.io crate simpleaf 0.30.0 already has a lockfile, it will not be regenerated
[INFO] running `Command { std: CARGO_HOME="/workspace/cargo-home" RUSTUP_HOME="/workspace/rustup-home" "/workspace/cargo-home/bin/cargo" "+1.100.0-beta.1" "fetch" "--manifest-path" "Cargo.toml", kill_on_drop: false }`
[INFO] running `Command { std: "docker" "create" "-v" "/var/lib/crater-agent-workspace/builds/worker-3-tc2/source:/opt/rustwide/workdir:ro,Z" "-v" "/var/lib/crater-agent-workspace/builds/worker-3-tc2/target:/opt/rustwide/target:rw,Z" "-v" "/var/lib/crater-agent-workspace/cargo-home:/opt/rustwide/cargo-home:ro,Z" "-v" "/var/lib/crater-agent-workspace/rustup-home:/opt/rustwide/rustup-home:ro,Z" "-m" "1610612736" "--network" "none" "ghcr.io/rust-lang/crates-build-env/linux@sha256:3111399a4047eeb3a02b7a90e478d715f38a8c6669b5c4b49d30a17385265909" "sleep" "infinity", kill_on_drop: false }`
[INFO] [stdout] 312cbf4181802226dd7572d1b58d81271d365661e466c801485a98aac680e218
[INFO] running `Command { std: "docker" "start" "312cbf4181802226dd7572d1b58d81271d365661e466c801485a98aac680e218", kill_on_drop: false }`
[INFO] running `Command { std: "docker" "inspect" "312cbf4181802226dd7572d1b58d81271d365661e466c801485a98aac680e218", kill_on_drop: false }`
[INFO] running `Command { std: "docker" "exec" "-e" "SOURCE_DIR=/opt/rustwide/workdir" "-e" "CARGO_HOME=/opt/rustwide/cargo-home" "-e" "RUSTUP_HOME=/opt/rustwide/rustup-home" "-e" "CARGO_TARGET_DIR=/opt/rustwide/target" "-w" "/opt/rustwide/workdir" "--user" "0:0" "312cbf4181802226dd7572d1b58d81271d365661e466c801485a98aac680e218" "/opt/rustwide/cargo-home/bin/cargo" "+1.100.0-beta.1" "metadata" "--no-deps" "--format-version=1", kill_on_drop: false }`
[INFO] running `Command { std: "docker" "inspect" "312cbf4181802226dd7572d1b58d81271d365661e466c801485a98aac680e218", kill_on_drop: false }`
[INFO] running `Command { std: "docker" "exec" "-e" "SOURCE_DIR=/opt/rustwide/workdir" "-e" "CARGO_HOME=/opt/rustwide/cargo-home" "-e" "RUSTUP_HOME=/opt/rustwide/rustup-home" "-e" "CARGO_TARGET_DIR=/opt/rustwide/target" "-e" "CARGO_INCREMENTAL=0" "-e" "RUST_BACKTRACE=full" "-e" "RUSTFLAGS=--cap-lints=warn" "-e" "RUSTDOCFLAGS=--cap-lints=warn" "-w" "/opt/rustwide/workdir" "--user" "0:0" "312cbf4181802226dd7572d1b58d81271d365661e466c801485a98aac680e218" "/opt/rustwide/cargo-home/bin/cargo" "+1.100.0-beta.1" "build" "--frozen" "--message-format=json", kill_on_drop: false }`
[INFO] [stderr]    Compiling unicode-ident v1.0.24
[INFO] [stderr]    Compiling serde_core v1.0.229
[INFO] [stderr]    Compiling find-msvc-tools v0.1.11
[INFO] [stderr]    Compiling serde v1.0.229
[INFO] [stderr]    Compiling libm v0.2.16
[INFO] [stderr]    Compiling jobserver v0.1.35
[INFO] [stderr]    Compiling num-traits v0.2.19
[INFO] [stderr]    Compiling smallvec v1.15.2
[INFO] [stderr]    Compiling proc-macro2 v1.0.107
[INFO] [stderr]    Compiling regex-syntax v0.8.11
[INFO] [stderr]    Compiling either v1.18.0
[INFO] [stderr]    Compiling cc v1.4.4
[INFO] [stderr]    Compiling foldhash v0.2.0
[INFO] [stderr]    Compiling stable_deref_trait v1.2.1
[INFO] [stderr]    Compiling futures-core v0.3.34
[INFO] [stderr]    Compiling log v0.4.34
[INFO] [stderr]    Compiling rayon v1.12.0
[INFO] [stderr]    Compiling hashbrown v0.17.1
[INFO] [stderr]    Compiling zerocopy v0.8.56
[INFO] [stderr]    Compiling quote v1.0.47
[INFO] [stderr]    Compiling percent-encoding v2.3.2
[INFO] [stderr]    Compiling syn v2.0.119
[INFO] [stderr]    Compiling syn v3.0.4
[INFO] [stderr]    Compiling pkg-config v0.3.34
[INFO] [stderr]    Compiling fnv v1.0.7
[INFO] [stderr]    Compiling writeable v0.6.4
[INFO] [stderr]    Compiling litemap v0.8.3
[INFO] [stderr]    Compiling icu_properties_data v2.3.0
[INFO] [stderr]    Compiling icu_normalizer_data v2.3.0
[INFO] [stderr]    Compiling utf8_iter v1.0.4
[INFO] [stderr]    Compiling futures-sink v0.3.34
[INFO] [stderr]    Compiling getrandom v0.3.4
[INFO] [stderr]    Compiling aho-corasick v1.1.5
[INFO] [stderr]    Compiling object v0.39.1
[INFO] [stderr]    Compiling thiserror v2.0.18
[INFO] [stderr]    Compiling futures-channel v0.3.34
[INFO] [stderr]    Compiling rand_core v0.10.1
[INFO] [stderr]    Compiling getrandom v0.4.3
[INFO] [stderr]    Compiling ring v0.17.14
[INFO] [stderr]    Compiling form_urlencoded v1.2.2
[INFO] [stderr]    Compiling bitflags v2.13.1
[INFO] [stderr]    Compiling indexmap v2.14.1
[INFO] [stderr]    Compiling rustls-pki-types v1.15.1
[INFO] [stderr]    Compiling regex-automata v0.4.18
[INFO] [stderr]    Compiling rand_core v0.9.5
[INFO] [stderr]    Compiling httparse v1.10.1
[INFO] [stderr]    Compiling stacker v0.1.25
[INFO] [stderr]    Compiling getrandom v0.2.17
[INFO] [stderr]    Compiling zlib-rs v0.6.7
[INFO] [stderr]    Compiling static_assertions v1.1.0
[INFO] [stderr]    Compiling synstructure v0.13.2
[INFO] [stderr]    Compiling cpufeatures v0.3.1
[INFO] [stderr]    Compiling parking_lot_core v0.9.12
[INFO] [stderr]    Compiling ryu v1.0.23
[INFO] [stderr]    Compiling rustls v0.23.43
[INFO] [stderr]    Compiling parking_lot v0.12.5
[INFO] [stderr]    Compiling serde_json v1.0.151
[INFO] [stderr]    Compiling zstd-sys v2.0.16+zstd.1.5.7
[INFO] [stderr]    Compiling itertools v0.14.0
[INFO] [stderr]    Compiling zerofrom-derive v0.1.7
[INFO] [stderr]    Compiling yoke-derive v0.8.2
[INFO] [stderr]    Compiling serde_derive v1.0.229
[INFO] [stderr]    Compiling zerovec-derive v0.11.6
[INFO] [stderr]    Compiling displaydoc v0.2.7
[INFO] [stderr]    Compiling zerocopy-derive v0.8.56
[INFO] [stderr]    Compiling zerofrom v0.1.8
[INFO] [stderr]    Compiling thiserror-impl v2.0.18
[INFO] [stderr]    Compiling yoke v0.8.3
[INFO] [stderr]    Compiling zerotrie v0.2.5
[INFO] [stderr]    Compiling tokio-macros v2.7.2
[INFO] [stderr]    Compiling zerovec v0.11.8
[INFO] [stderr]    Compiling futures-macro v0.3.34
[INFO] [stderr]    Compiling ar_archive_writer v0.5.3
[INFO] [stderr]    Compiling tinystr v0.8.4
[INFO] [stderr]    Compiling potential_utf v0.1.6
[INFO] [stderr]    Compiling icu_collections v2.3.0
[INFO] [stderr]    Compiling futures-util v0.3.34
[INFO] [stderr]    Compiling icu_locale_core v2.3.0
[INFO] [stderr]    Compiling bytemuck_derive v1.12.0
[INFO] [stderr]    Compiling tracing-attributes v0.1.31
[INFO] [stderr]    Compiling psm v0.1.32
[INFO] [stderr]    Compiling icu_provider v2.3.1
[INFO] [stderr]    Compiling bytemuck v1.25.2
[INFO] [stderr]    Compiling tracing v0.1.44
[INFO] [stderr]    Compiling icu_normalizer v2.3.0
[INFO] [stderr]    Compiling icu_properties v2.3.0
[INFO] [stderr]    Compiling siphasher v1.0.3
[INFO] [stderr]    Compiling try-lock v0.2.5
[INFO] [stderr]    Compiling bytes v1.12.1
[INFO] [stderr]    Compiling tower-service v0.3.3
[INFO] [stderr]    Compiling subtle v2.6.1
[INFO] [stderr]    Compiling atomic-waker v1.1.2
[INFO] [stderr]    Compiling rustls-webpki v0.103.15
[INFO] [stderr]    Compiling want v0.3.1
[INFO] [stderr]    Compiling rustix v1.1.4
[INFO] [stderr]    Compiling foldhash v0.1.5
[INFO] [stderr]    Compiling http v1.5.0
[INFO] [stderr]    Compiling tokio v1.53.1
[INFO] [stderr]    Compiling idna_adapter v1.2.2
[INFO] [stderr]    Compiling idna v1.1.0
[INFO] [stderr]    Compiling heck v0.5.0
[INFO] [stderr]    Compiling hashbrown v0.15.5
[INFO] [stderr]    Compiling url v2.5.8
[INFO] [stderr]    Compiling http-body v1.1.0
[INFO] [stderr]    Compiling sync_wrapper v1.0.2
[INFO] [stderr]    Compiling crc32fast v1.5.1
[INFO] [stderr]    Compiling tower-layer v0.3.3
[INFO] [stderr]    Compiling linux-raw-sys v0.12.1
[INFO] [stderr]    Compiling iana-time-zone v0.1.65
[INFO] [stderr]    Compiling openssl-probe v0.2.1
[INFO] [stderr]    Compiling ipnet v2.12.1
[INFO] [stderr]    Compiling ppv-lite86 v0.2.21
[INFO] [stderr]    Compiling rustls-native-certs v0.8.4
[INFO] [stderr]    Compiling chrono v0.4.41
[INFO] [stderr]    Compiling regex v1.13.1
[INFO] [stderr]    Compiling rand_chacha v0.9.0
[INFO] [stderr]    Compiling simd-adler32 v0.3.10
[INFO] [stderr]    Compiling rand v0.9.5
[INFO] [stderr]    Compiling adler2 v2.0.1
[INFO] [stderr]    Compiling miniz_oxide v0.9.1
[INFO] [stderr]    Compiling http-body-util v0.1.5
[INFO] [stderr]    Compiling serde_urlencoded v0.7.1
[INFO] [stderr]    Compiling async-trait v0.1.92
[INFO] [stderr]    Compiling chacha20 v0.10.2
[INFO] [stderr]    Compiling hashbrown v0.16.1
[INFO] [stderr]    Compiling array-init-cursor v0.2.1
[INFO] [stderr]    Compiling signal-hook v0.4.4
[INFO] [stderr]    Compiling planus v1.1.1
[INFO] [stderr]    Compiling rand v0.10.2
[INFO] [stderr]    Compiling flate2 v1.1.10
[INFO] [stderr]    Compiling quick-xml v0.39.4
[INFO] [stderr]    Compiling slotmap v1.1.1
[INFO] [stderr]    Compiling humantime v2.4.0
[INFO] [stderr]    Compiling simdutf8 v0.1.5
[INFO] [stderr]    Compiling virtue v0.0.18
[INFO] [stderr]    Compiling polars-arrow-format v0.2.1
[INFO] [stderr]    Compiling half v2.7.1
[INFO] [stderr]    Compiling tokio-util v0.7.19
[INFO] [stderr]    Compiling tokio-rustls v0.26.4
[INFO] [stderr]    Compiling tower v0.5.3
[INFO] [stderr]    Compiling bincode_derive v2.0.1
[INFO] [stderr]    Compiling h2 v0.4.19
[INFO] [stderr]    Compiling tower-http v0.6.11
[INFO] [stderr]    Compiling castaway v0.2.4
[INFO] [stderr]    Compiling rmp v0.8.15
[INFO] [stderr]    Compiling lz4-sys v1.11.1+lz4-1.10.0
[INFO] [stderr]    Compiling memmap2 v0.9.11
[INFO] [stderr]    Compiling polars-utils v0.53.0
[INFO] [stderr]    Compiling zstd-safe v7.2.4
[INFO] [stderr]    Compiling unty v0.0.4
[INFO] [stderr]    Compiling bincode v2.0.1
[INFO] [stderr]    Compiling rmp-serde v1.3.1
[INFO] [stderr]    Compiling compact_str v0.9.1
[INFO] [stderr]    Compiling argminmax v0.6.3
[INFO] [stderr]    Compiling phf_shared v0.12.1
[INFO] [stderr]    Compiling serde_stacker v0.1.14
[INFO] [stderr]    Compiling num-derive v0.4.2
[INFO] [stderr]    Compiling uuid v1.26.0
[INFO] [stderr]    Compiling raw-cpuid v11.6.0
[INFO] [stderr]    Compiling num-integer v0.1.47
[INFO] [stderr]    Compiling polars-schema v0.53.0
[INFO] [stderr]    Compiling polars-buffer v0.53.0
[INFO] [stderr]    Compiling unicode-width v0.2.2
[INFO] [stderr]    Compiling chrono-tz v0.10.4
[INFO] [stderr]    Compiling phf v0.12.1
[INFO] [stderr]    Compiling polars-arrow v0.53.0
[INFO] [stderr]    Compiling hyper v1.11.1
[INFO] [stderr]    Compiling debug_unsafe v0.1.4
[INFO] [stderr]    Compiling atoi_simd v0.17.0
[INFO] [stderr]    Compiling strum_macros v0.27.2
[INFO] [stderr]    Compiling hyper-util v0.1.20
[INFO] [stderr]    Compiling num-complex v0.4.6
[INFO] [stderr]    Compiling matrixmultiply v0.3.11
[INFO] [stderr]    Compiling streaming-iterator v0.1.9
[INFO] [stderr]    Compiling dyn-clone v1.0.20
[INFO] [stderr]    Compiling ethnum v1.5.3
[INFO] [stderr]    Compiling polars-compute v0.53.0
[INFO] [stderr]    Compiling rawpointer v0.2.1
[INFO] [stderr]    Compiling ahash v0.8.12
[INFO] [stderr]    Compiling generic-array v0.14.7
[INFO] [stderr]    Compiling strength_reduce v0.2.4
[INFO] [stderr]    Compiling fast-float2 v0.2.4
[INFO] [stderr]    Compiling litrs v1.0.0
[INFO] [stderr]    Compiling hyper-rustls v0.27.9
[INFO] [stderr]    Compiling typenum v1.20.1
[INFO] [stderr]    Compiling reqwest v0.12.28
[INFO] [stderr]    Compiling document-features v0.2.12
[INFO] [stderr]    Compiling boxcar v0.2.14
[INFO] [stderr]    Compiling crossterm v0.29.0
[INFO] [stderr]    Compiling ndarray v0.17.2
[INFO] [stderr]    Compiling polars-core v0.53.0
[INFO] [stderr]    Compiling ref-cast v1.0.27
[INFO] [stderr]    Compiling crypto-common v0.1.7
[INFO] [stderr]    Compiling block-buffer v0.10.4
[INFO] [stderr]    Compiling comfy-table v7.2.2
[INFO] [stderr]    Compiling halfbrown v0.4.0
[INFO] [stderr]    Compiling rand_distr v0.5.1
[INFO] [stderr]    Compiling object_store v0.13.2
[INFO] [stderr]    Compiling futures-executor v0.3.34
[INFO] [stderr]    Compiling zstd v0.13.3
[INFO] [stderr]    Compiling ref-cast-impl v1.0.27
[INFO] [stderr]    Compiling float-cmp v0.10.0
[INFO] [stderr]    Compiling polars-ops v0.53.0
[INFO] [stderr]    Compiling xxhash-rust v0.8.18
[INFO] [stderr]    Compiling fallible-streaming-iterator v0.1.9
[INFO] [stderr]    Compiling value-trait v0.12.2
[INFO] [stderr]    Compiling futures v0.3.34
[INFO] [stderr]    Compiling digest v0.10.7
[INFO] [stderr]    Compiling async-stream-impl v0.3.6
[INFO] [stderr]    Compiling blake3 v1.8.7
[INFO] [stderr]    Compiling crossbeam-channel v0.5.16
[INFO] [stderr]    Compiling bstr v1.13.1
[INFO] [stderr]    Compiling cpufeatures v0.2.17
[INFO] [stderr]    Compiling sha2 v0.10.9
[INFO] [stderr]    Compiling async-stream v0.3.6
[INFO] [stderr]    Compiling simd-json v0.17.3
[INFO] [stderr]    Compiling polars-parquet-format v0.1.0
[INFO] [stderr]    Compiling streaming-decompression v0.1.2
[INFO] [stderr]    Compiling now v0.1.3
[INFO] [stderr]    Compiling constant_time_eq v0.4.2
[INFO] [stderr]    Compiling arrayvec v0.7.8
[INFO] [stderr]    Compiling vcpkg v0.2.15
[INFO] [stderr]    Compiling polars-plan v0.53.0
[INFO] [stderr]    Compiling libz-sys v1.1.29
[INFO] [stderr]    Compiling fs4 v0.13.1
[INFO] [stderr]    Compiling recursive-proc-macro-impl v0.1.1
[INFO] [stderr]    Compiling glob v0.3.4
[INFO] [stderr]    Compiling home v0.5.12
[INFO] [stderr]    Compiling cmake v0.1.58
[INFO] [stderr]    Compiling recursive v0.1.1
[INFO] [stderr]    Compiling polars-expr v0.53.0
[INFO] [stderr]    Compiling parking v2.2.1
[INFO] [stderr]    Compiling event-listener v5.4.2
[INFO] [stderr]    Compiling hdf5-metno-src v0.10.2
[INFO] [stderr]    Compiling yansi v1.0.1
[INFO] [stderr]    Compiling lexical-util v1.0.7
[INFO] [stderr]    Compiling event-listener-strategy v0.5.4
[INFO] [stderr]    Compiling concurrent-queue v2.5.0
[INFO] [stderr]    Compiling proc-macro2-diagnostics v0.10.1
[INFO] [stderr]    Compiling polars-stream v0.53.0
[INFO] [stderr]    Compiling libloading v0.8.9
[INFO] [stderr]    Compiling wasm-bindgen-shared v0.2.106
[INFO] [stderr]    Compiling paste v1.0.15
[INFO] [stderr]    Compiling hdf5-metno-sys v0.11.4
[INFO] [stderr]    Compiling async-channel v2.5.0
[INFO] [stderr]    Compiling hybrid-array v0.4.14
[INFO] [stderr]    Compiling jrsonnet-gcmodule-derive v0.4.6
[INFO] [stderr]    Compiling polars-lazy v0.53.0
[INFO] [stderr]    Compiling polars-error v0.53.0
[INFO] [stderr]    Compiling utf8parse v0.2.2
[INFO] [stderr]    Compiling peg-runtime v0.8.6
[INFO] [stderr]    Compiling anstyle-parse v1.0.0
[INFO] [stderr]    Compiling pest v2.9.0
[INFO] [stderr]    Compiling peg-macros v0.8.6
[INFO] [stderr]    Compiling jrsonnet-gcmodule v0.4.6
[INFO] [stderr]    Compiling lexical-parse-integer v1.0.6
[INFO] [stderr]    Compiling lexical-write-integer v1.0.6
[INFO] [stderr]    Compiling logos-codegen v0.16.1
[INFO] [stderr]    Compiling noodles-core v0.20.0
[INFO] [stderr]    Compiling noodles-bgzf v0.51.0
[INFO] [stderr]    Compiling num-bigint v0.4.8
[INFO] [stderr]    Compiling safe_arch v0.7.4
[INFO] [stderr]    Compiling polars v0.53.0
[INFO] [stderr]    Compiling anstyle-query v1.1.5
[INFO] [stderr]    Compiling colorchoice v1.0.5
[INFO] [stderr]    Compiling semver v1.0.28
[INFO] [stderr]    Compiling heck v0.4.1
[INFO] [stderr]    Compiling is_terminal_polyfill v1.70.2
[INFO] [stderr]    Compiling anstream v1.0.0
[INFO] [stderr]    Compiling num-rational v0.4.2
[INFO] [stderr]    Compiling ouroboros_macro v0.18.5
[INFO] [stderr]    Compiling wide v0.7.33
[INFO] [stderr]    Compiling rustc_version v0.4.1
[INFO] [stderr]    Compiling peg v0.8.6
[INFO] [stderr]    Compiling logos-derive v0.16.1
[INFO] [stderr]    Compiling pest_meta v2.9.0
[INFO] [stderr]    Compiling lexical-write-float v1.0.6
[INFO] [stderr]    Compiling lexical-parse-float v1.0.6
[INFO] [stderr]    Compiling crypto-common v0.2.2
[INFO] [stderr]    Compiling block-buffer v0.12.1
[INFO] [stderr]    Compiling convert_case v0.11.0
[INFO] [stderr]    Compiling approx v0.5.1
[INFO] [stderr]    Compiling blosc-src v0.3.8
[INFO] [stderr]    Compiling aliasable v0.1.3
[INFO] [stderr]    Compiling bit-vec v0.10.1
[INFO] [stderr]    Compiling bumpalo v3.20.3
[INFO] [stderr]    Compiling strsim v0.11.1
[INFO] [stderr]    Compiling fastrand v2.5.0
[INFO] [stderr]    Compiling str_indices v0.4.4
[INFO] [stderr]    Compiling rustc-hash v2.1.3
[INFO] [stderr]    Compiling const-oid v0.10.2
[INFO] [stderr]    Compiling digest v0.11.3
[INFO] [stderr]    Compiling jrsonnet-interner v0.5.0-pre98
[INFO] [stderr]    Compiling tempfile v3.27.0
[INFO] [stderr]    Compiling hi-doc-jumprope v1.2.1
[INFO] [stderr]    Compiling wasm-bindgen-macro-support v0.2.106
[INFO] [stderr]    Compiling noodles-csi v0.60.0
[INFO] [stderr]    Compiling toml_edit v0.25.13+spec-1.1.0
[INFO] [stderr]    Compiling kinded_macros v0.5.0
[INFO] [stderr]    Compiling ouroboros v0.18.5
[INFO] [stderr]    Compiling simba v0.9.1
[INFO] [stderr]    Compiling pest_generator v2.9.0
[INFO] [stderr]    Compiling lexical-core v1.0.6
[INFO] [stderr]    Compiling logos v0.16.1
[INFO] [stderr]    Compiling nutype_macros v0.7.0
[INFO] [stderr]    Compiling globset v0.4.20
[INFO] [stderr]    Compiling enum-ordinalize-derive v4.4.2
[INFO] [stderr]    Compiling nalgebra-macros v0.3.0
[INFO] [stderr]    Compiling wasm-bindgen v0.2.106
[INFO] [stderr]    Compiling proc-macro-error-attr2 v2.0.0
[INFO] [stderr]    Compiling console v0.16.4
[INFO] [stderr]    Compiling similar v2.7.0
[INFO] [stderr]    Compiling hdf5-metno-types v0.11.0
[INFO] [stderr]    Compiling proc-macro-error2 v2.0.1
[INFO] [stderr]    Compiling pest_derive v2.9.0
[INFO] [stderr]    Compiling enum-ordinalize v4.4.2
[INFO] [stderr]    Compiling insta v1.48.0
[INFO] [stderr]    Compiling jrsonnet-lexer v0.5.0-pre98
[INFO] [stderr]    Compiling noodles-gff v0.61.0
[INFO] [stderr]    Compiling wasm-bindgen-macro v0.2.106
[INFO] [stderr]    Compiling kinded v0.5.0
[INFO] [stderr]    Compiling proc-macro-crate v3.5.0
[INFO] [stderr]    Compiling annotated-string v0.3.1
[INFO] [stderr]    Compiling jrsonnet-ir v0.5.0-pre98
[INFO] [stderr]    Compiling num-iter v0.1.46
[INFO] [stderr]    Compiling lz4 v1.28.1
[INFO] [stderr]    Compiling terminal_size v0.4.4
[INFO] [stderr]    Compiling random_color v1.1.0
[INFO] [stderr]    Compiling phf_shared v0.13.1
[INFO] [stderr]    Compiling extension-trait v1.0.2
[INFO] [stderr]    Compiling syn-dissect-closure v0.1.0
[INFO] [stderr]    Compiling jrsonnet-evaluator v0.5.0-pre98
[INFO] [stderr]    Compiling range-map v0.2.0
[INFO] [stderr]    Compiling urlencoding v2.1.3
[INFO] [stderr]    Compiling unicode-box-drawing v0.3.1
[INFO] [stderr]    Compiling hdf5-metno v0.12.5
[INFO] [stderr]    Compiling ascii v1.1.0
[INFO] [stderr]    Compiling arraydeque v0.5.1
[INFO] [stderr]    Compiling hi-doc v0.3.1
[INFO] [stderr]    Compiling jrsonnet-macros v0.5.0-pre98
[INFO] [stderr]    Compiling saphyr-parser-bw v0.0.611
[INFO] [stderr]    Compiling phf_generator v0.13.1
[INFO] [stderr]    Compiling clap_builder v4.6.6
[INFO] [stderr]    Compiling encoding_rs_io v0.1.8
[INFO] [stderr]    Compiling jrsonnet-ir-parser v0.5.0-pre98
[INFO] [stderr]    Compiling num v0.4.3
[INFO] [stderr]    Compiling hdf5-metno-derive v0.10.2
[INFO] [stderr]    Compiling nalgebra v0.34.2
[INFO] [stderr]    Compiling noodles-gtf v0.56.0
[INFO] [stderr]    Compiling educe v0.6.0
[INFO] [stderr]    Compiling jrsonnet-types v0.5.0-pre98
[INFO] [stderr]    Compiling noodles-fasta v0.66.0
[INFO] [stderr]    Compiling annotate-snippets v0.12.16
[INFO] [stderr]    Compiling clap_derive v4.6.4
[INFO] [stderr]    Compiling keccak v0.2.2
[INFO] [stderr]    Compiling permutation v0.4.1
[INFO] [stderr]    Compiling jiff-core v0.1.0
[INFO] [stderr]    Compiling drop_bomb v0.1.5
[INFO] [stderr]    Compiling clap v4.6.6
[INFO] [stderr]    Compiling jiff v0.2.35
[INFO] [stderr]    Compiling sha3 v0.11.0
[INFO] [stderr]    Compiling serde-saphyr v0.0.25
[INFO] [stderr]    Compiling noodles v0.115.0
[INFO] [stderr]    Compiling phf_macros v0.13.1
[INFO] [stderr]    Compiling sha1 v0.11.0
[INFO] [stderr]    Compiling sha2 v0.11.0
[INFO] [stderr]    Compiling polars-dtype v0.53.0
[INFO] [stderr]    Compiling nutype v0.7.0
[INFO] [stderr]    Compiling env_filter v2.0.0
[INFO] [stderr]    Compiling nalgebra-sparse v0.11.0
[INFO] [stderr]    Compiling matchers v0.2.0
[INFO] [stderr]    Compiling tracing-log v0.2.0
[INFO] [stderr]    Compiling rust-lapper v1.3.0
[INFO] [stderr]    Compiling unicode-width v0.1.14
[INFO] [stderr]    Compiling md5 v0.8.1
[INFO] [stderr]    Compiling libsw-core v0.3.2
[INFO] [stderr]    Compiling base64 v0.23.1
[INFO] [stderr]    Compiling hex v0.4.3
[INFO] [stderr]    Compiling bytecount v0.6.9
[INFO] [stderr]    Compiling papergrid v0.17.0
[INFO] [stderr]    Compiling jrsonnet-stdlib v0.5.0-pre98
[INFO] [stderr]    Compiling ureq-proto v0.6.1
[INFO] [stderr]    Compiling time-macros v0.2.32
[INFO] [stderr]    Compiling faccess v0.2.4
[INFO] [stderr]    Compiling ariadne v0.5.1
[INFO] [stderr]    Compiling libsw v3.5.0
[INFO] [stderr]    Compiling tracing-subscriber v0.3.23
[INFO] [stderr]    Compiling phf v0.13.1
[INFO] [stderr]    Compiling env_logger v0.11.11
[INFO] [stderr]    Compiling tabled_derive v0.11.0
[INFO] [stderr]    Compiling cmd_lib_macros v2.0.0
[INFO] [stderr]    Compiling testing_table v0.3.0
[INFO] [stderr]    Compiling chumsky v0.12.0
[INFO] [stderr]    Compiling strum_macros v0.28.0
[INFO] [stderr]    Compiling webpki-roots v1.0.9
[INFO] [stderr]    Compiling deranged v0.5.8
[INFO] [stderr]    Compiling os_pipe v1.2.3
[INFO] [stderr]    Compiling csv-core v0.1.13
[INFO] [stderr]    Compiling peak_alloc v0.3.0
[INFO] [stderr]    Compiling utf8-zero v0.8.1
[INFO] [stderr]    Compiling ureq v3.4.0
[INFO] [stderr]    Compiling time v0.3.55
[INFO] [stderr]    Compiling strum v0.28.0
[INFO] [stderr]    Compiling csv v1.4.0
[INFO] [stderr]    Compiling polars-row v0.53.0
[INFO] [stderr]    Compiling polars-json v0.53.0
[INFO] [stderr]    Compiling polars-parquet v0.53.0
[INFO] [stderr]    Compiling seq_geom_parser v1.1.0
[INFO] [stderr]    Compiling cmd_lib v2.0.0
[INFO] [stderr]    Compiling jrsonnet-cli v0.5.0-pre98
[INFO] [stderr]    Compiling tabled v0.20.0
[INFO] [stderr]    Compiling niffler v3.0.1
[INFO] [stderr]    Compiling file-requirements v0.1.0
[INFO] [stderr]    Compiling which v8.0.6
[INFO] [stderr] error: could not compile `polars-core` (lib)
[INFO] [stderr] 
[INFO] [stderr] Caused by:
[INFO] [stderr]   process didn't exit successfully: `/opt/rustwide/rustup-home/toolchains/1.100.0-beta.1-x86_64-unknown-linux-gnu/bin/rustc --crate-name polars_core --edition=2024 /opt/rustwide/cargo-home/registry/src/index.crates.io-1949cf8c6b5b557f/polars-core-0.53.0/src/lib.rs --error-format=json --json=diagnostic-rendered-ansi,artifacts,future-incompat,unused-externs-silent --crate-type lib --emit=dep-info,metadata,link -C embed-bitcode=no -C debuginfo=2 --cfg 'feature="algorithm_group_by"' --cfg 'feature="checked_arithmetic"' --cfg 'feature="chrono"' --cfg 'feature="chrono-tz"' --cfg 'feature="comfy-table"' --cfg 'feature="dataframe_arithmetic"' --cfg 'feature="docs"' --cfg 'feature="dtype-array"' --cfg 'feature="dtype-categorical"' --cfg 'feature="dtype-date"' --cfg 'feature="dtype-datetime"' --cfg 'feature="dtype-decimal"' --cfg 'feature="dtype-duration"' --cfg 'feature="dtype-f16"' --cfg 'feature="dtype-i128"' --cfg 'feature="dtype-i16"' --cfg 'feature="dtype-i8"' --cfg 'feature="dtype-struct"' --cfg 'feature="dtype-time"' --cfg 'feature="dtype-u128"' --cfg 'feature="dtype-u16"' --cfg 'feature="dtype-u8"' --cfg 'feature="fmt"' --cfg 'feature="lazy"' --cfg 'feature="ndarray"' --cfg 'feature="partition_by"' --cfg 'feature="rand"' --cfg 'feature="rand_distr"' --cfg 'feature="random"' --cfg 'feature="regex"' --cfg 'feature="reinterpret"' --cfg 'feature="rows"' --cfg 'feature="serde"' --cfg 'feature="serde-lazy"' --cfg 'feature="serde_json"' --cfg 'feature="strings"' --cfg 'feature="temporal"' --cfg 'feature="timezones"' --cfg 'feature="zip_with"' --check-cfg 'cfg(docsrs,test)' --check-cfg 'cfg(feature, values("algorithm_group_by", "allow_unused", "approx_unique", "array_arithmetic", "avx512", "bigidx", "bitwise", "checked_arithmetic", "chrono", "chrono-tz", "comfy-table", "dataframe_arithmetic", "default", "describe", "diagonal_concat", "docs", "docs-selection", "dot_product", "dsl-schema", "dtype-array", "dtype-categorical", "dtype-date", "dtype-datetime", "dtype-decimal", "dtype-duration", "dtype-extension", "dtype-f16", "dtype-i128", "dtype-i16", "dtype-i8", "dtype-struct", "dtype-time", "dtype-u128", "dtype-u16", "dtype-u8", "dynamic_group_by", "fmt", "fmt_no_tty", "group_by_list", "half", "is_first_distinct", "is_last_distinct", "lazy", "list_arithmetic", "ndarray", "nightly", "object", "partition_by", "performant", "product", "proptest", "python", "rand", "rand_distr", "random", "regex", "reinterpret", "rolling_window", "rolling_window_by", "round_series", "row_hash", "rows", "serde", "serde-lazy", "serde_json", "simd", "strings", "take_opt_iter", "temporal", "timezones", "unique_counts", "zip_with"))' -C metadata=a11502ee298f8912 -C extra-filename=-446746c200a75d82 --out-dir /opt/rustwide/target/debug/build/polars-core/446746c200a75d82/out -L dependency=/opt/rustwide/target/debug/build/adler2/1712579794513681/out -L dependency=/opt/rustwide/target/debug/build/aho-corasick/58b927fd10e4d4e2/out -L dependency=/opt/rustwide/target/debug/build/allocator-api2/8d9c1e895dea53bd/out -L dependency=/opt/rustwide/target/debug/build/argminmax/9d09ddd569e19b5b/out -L dependency=/opt/rustwide/target/debug/build/array-init-cursor/bfc524c48ba55218/out -L dependency=/opt/rustwide/target/debug/build/async-trait/0617fb380e9cb1cb/out -L dependency=/opt/rustwide/target/debug/build/atoi_simd/8614b3a7565c0038/out -L dependency=/opt/rustwide/target/debug/build/atomic-waker/06950c8c08d2b8fa/out -L dependency=/opt/rustwide/target/debug/build/base64/32787b0325ea6df8/out -L dependency=/opt/rustwide/target/debug/build/bincode/ba930d4aad3b52f1/out -L dependency=/opt/rustwide/target/debug/build/bincode_derive/d5c95e815c259097/out -L dependency=/opt/rustwide/target/debug/build/bitflags/26eb8875abfdac53/out -L dependency=/opt/rustwide/target/debug/build/boxcar/bd02273781d5d987/out -L dependency=/opt/rustwide/target/debug/build/bytemuck/a87643d6577ffa6d/out -L dependency=/opt/rustwide/target/debug/build/bytemuck_derive/d262caf6d92f41b6/out -L dependency=/opt/rustwide/target/debug/build/bytes/f031dde6f0e3a791/out -L dependency=/opt/rustwide/target/debug/build/castaway/cc9c9278369cb66d/out -L dependency=/opt/rustwide/target/debug/build/cfg-if/83060ec5685761ae/out -L dependency=/opt/rustwide/target/debug/build/chacha20/5444525e6183c3e2/out -L dependency=/opt/rustwide/target/debug/build/chrono-tz/3510448f43cc9d0c/out -L dependency=/opt/rustwide/target/debug/build/chrono/f48c5605bfd02122/out -L dependency=/opt/rustwide/target/debug/build/compact_str/c2b0ec21bd611129/out -L dependency=/opt/rustwide/target/debug/build/cpufeatures/2e8dd38066a76518/out -L dependency=/opt/rustwide/target/debug/build/crc32fast/46a9aa09a71cfe6c/out -L dependency=/opt/rustwide/target/debug/build/crossbeam-deque/ab4d4399874b641c/out -L dependency=/opt/rustwide/target/debug/build/crossbeam-epoch/2423a31cfca6a5f9/out -L dependency=/opt/rustwide/target/debug/build/crossbeam-utils/982526929d4ea68a/out -L dependency=/opt/rustwide/target/debug/build/crossterm/b9673cff8a4cc65a/out -L dependency=/opt/rustwide/target/debug/build/debug_unsafe/52f67a2f37befa03/out -L dependency=/opt/rustwide/target/debug/build/displaydoc/f37cd3df5c7ba48a/out -L dependency=/opt/rustwide/target/debug/build/document-features/152a3c9ea1a49d1a/out -L dependency=/opt/rustwide/target/debug/build/dyn-clone/319e7691ef78165b/out -L dependency=/opt/rustwide/target/debug/build/either/c9376743e4a51115/out -L dependency=/opt/rustwide/target/debug/build/equivalent/6a754676e6af62ae/out -L dependency=/opt/rustwide/target/debug/build/errno/8e3700cb740322be/out -L dependency=/opt/rustwide/target/debug/build/ethnum/bda782b1fd15839f/out -L dependency=/opt/rustwide/target/debug/build/fast-float2/35615c3204bd9339/out -L dependency=/opt/rustwide/target/debug/build/flate2/e3ec06437c49e248/out -L dependency=/opt/rustwide/target/debug/build/fnv/79e2cbfbe03dcd16/out -L dependency=/opt/rustwide/target/debug/build/foldhash/07f233db1c671507/out -L dependency=/opt/rustwide/target/debug/build/foldhash/fcfd5cb1fe57a336/out -L dependency=/opt/rustwide/target/debug/build/form_urlencoded/58b0f0edb59b40d2/out -L dependency=/opt/rustwide/target/debug/build/futures-channel/e55265846f1ca713/out -L dependency=/opt/rustwide/target/debug/build/futures-core/97d9bb84a61d4536/out -L dependency=/opt/rustwide/target/debug/build/futures-io/2de19dd835d0513d/out -L dependency=/opt/rustwide/target/debug/build/futures-macro/d17eee73a89e38e5/out -L dependency=/opt/rustwide/target/debug/build/futures-sink/690a515e9c61c93a/out -L dependency=/opt/rustwide/target/debug/build/futures-task/06c0578367ad4cff/out -L dependency=/opt/rustwide/target/debug/build/futures-util/baf4732a2085eae8/out -L dependency=/opt/rustwide/target/debug/build/getrandom/1e62ef079fef2f0f/out -L dependency=/opt/rustwide/target/debug/build/getrandom/3a9f4f85abb82670/out -L dependency=/opt/rustwide/target/debug/build/getrandom/6b309e86c3fd7e8c/out -L dependency=/opt/rustwide/target/debug/build/h2/67fe95e6c68fe5ad/out -L dependency=/opt/rustwide/target/debug/build/half/2a749abb2b7d0431/out -L dependency=/opt/rustwide/target/debug/build/hashbrown/1cdc4db0706cd9fd/out -L dependency=/opt/rustwide/target/debug/build/hashbrown/621f4a290160b487/out -L dependency=/opt/rustwide/target/debug/build/hashbrown/6f0912a90d7ef94c/out -L dependency=/opt/rustwide/target/debug/build/http-body-util/3bebdb9597232a85/out -L dependency=/opt/rustwide/target/debug/build/http-body/5e3e366805f5f6d2/out -L dependency=/opt/rustwide/target/debug/build/http/267f034dc7330841/out -L dependency=/opt/rustwide/target/debug/build/httparse/8c9b827b8f345444/out -L dependency=/opt/rustwide/target/debug/build/humantime/3655dba90411f1bd/out -L dependency=/opt/rustwide/target/debug/build/hyper-rustls/5cfb336810defaa8/out -L dependency=/opt/rustwide/target/debug/build/hyper-util/e1fe8d5fd21c9913/out -L dependency=/opt/rustwide/target/debug/build/hyper/740172344d3b1e70/out -L dependency=/opt/rustwide/target/debug/build/iana-time-zone/bcd81aefedc374a6/out -L dependency=/opt/rustwide/target/debug/build/icu_collections/c5404b8e4a9c7ba4/out -L dependency=/opt/rustwide/target/debug/build/icu_locale_core/3f3f68665339d108/out -L dependency=/opt/rustwide/target/debug/build/icu_normalizer/9bd1b09284612bda/out -L dependency=/opt/rustwide/target/debug/build/icu_normalizer_data/8b25f9eb7a72d68e/out -L dependency=/opt/rustwide/target/debug/build/icu_properties/48bfdb2b6ffa6e9d/out -L dependency=/opt/rustwide/target/debug/build/icu_properties_data/3f856f5bc2063921/out -L dependency=/opt/rustwide/target/debug/build/icu_provider/c48257041086c37a/out -L dependency=/opt/rustwide/target/debug/build/idna/dd39f69e4b4e50e3/out -L dependency=/opt/rustwide/target/debug/build/idna_adapter/2ff4ee3aa28725ca/out -L dependency=/opt/rustwide/target/debug/build/indexmap/173733077200f6d0/out -L dependency=/opt/rustwide/target/debug/build/ipnet/108d82b4266c7a41/out -L dependency=/opt/rustwide/target/debug/build/itertools/b0ffe90762026fde/out -L dependency=/opt/rustwide/target/debug/build/itoa/5de11b3b23bfe572/out -L dependency=/opt/rustwide/target/debug/build/libc/32464e1b8391e223/out -L dependency=/opt/rustwide/target/debug/build/libm/24398d5f7d3c709c/out -L dependency=/opt/rustwide/target/debug/build/linux-raw-sys/0b6cde911e9a3109/out -L dependency=/opt/rustwide/target/debug/build/litemap/abaddab7afb37065/out -L dependency=/opt/rustwide/target/debug/build/lock_api/16d46fed645f7bff/out -L dependency=/opt/rustwide/target/debug/build/log/431c2e66b4ed7b91/out -L dependency=/opt/rustwide/target/debug/build/lz4-sys/7896de68666a9312/out -L dependency=/opt/rustwide/target/debug/build/lz4/b0aa36ae700e7515/out -L dependency=/opt/rustwide/target/debug/build/matrixmultiply/17c067afaaf4c5dd/out -L dependency=/opt/rustwide/target/debug/build/memchr/a932478bde794617/out -L dependency=/opt/rustwide/target/debug/build/memmap2/8f6df772bbce197a/out -L dependency=/opt/rustwide/target/debug/build/miniz_oxide/b0342c05fad2c2c8/out -L dependency=/opt/rustwide/target/debug/build/mio/40dc0d1736264cdd/out -L dependency=/opt/rustwide/target/debug/build/num-complex/ec4f7d6dfeb20d34/out -L dependency=/opt/rustwide/target/debug/build/num-derive/44af5dd098d55c39/out -L dependency=/opt/rustwide/target/debug/build/num-integer/185eca27a8fa2d55/out -L dependency=/opt/rustwide/target/debug/build/num-traits/68e0d171d32a4dd9/out -L dependency=/opt/rustwide/target/debug/build/object_store/1eb5ff358d902d01/out -L dependency=/opt/rustwide/target/debug/build/once_cell/b5bdc597ed9676b3/out -L dependency=/opt/rustwide/target/debug/build/openssl-probe/6b1b371432012237/out -L dependency=/opt/rustwide/target/debug/build/parking_lot/401c491a5129b2e1/out -L dependency=/opt/rustwide/target/debug/build/parking_lot_core/d8db1ce5bdfd3bc8/out -L dependency=/opt/rustwide/target/debug/build/percent-encoding/fa055ecaa1e57cfa/out -L dependency=/opt/rustwide/target/debug/build/phf/0793bf33638c1a2a/out -L dependency=/opt/rustwide/target/debug/build/phf_shared/2a9d6150b5310fb8/out -L dependency=/opt/rustwide/target/debug/build/pin-project-lite/0a15d51c77964692/out -L dependency=/opt/rustwide/target/debug/build/planus/4239cf636b4e0e96/out -L dependency=/opt/rustwide/target/debug/build/polars-arrow-format/63d6c3af2c6f8103/out -L dependency=/opt/rustwide/target/debug/build/polars-arrow/dca2d84c513034d5/out -L dependency=/opt/rustwide/target/debug/build/polars-buffer/323a0c0af69de0b5/out -L dependency=/opt/rustwide/target/debug/build/polars-compute/dbb080b74bf7483c/out -L dependency=/opt/rustwide/target/debug/build/polars-dtype/cd970fbf420cbb68/out -L dependency=/opt/rustwide/target/debug/build/polars-error/6f0ae4f891ea31d7/out -L dependency=/opt/rustwide/target/debug/build/polars-schema/faa416b9415387e1/out -L dependency=/opt/rustwide/target/debug/build/polars-utils/8a6586aa329de921/out -L dependency=/opt/rustwide/target/debug/build/potential_utf/15f3663350c06b45/out -L dependency=/opt/rustwide/target/debug/build/ppv-lite86/a5a6e94c56967ce1/out -L dependency=/opt/rustwide/target/debug/build/psm/2ff9270b96bbacbd/out -L dependency=/opt/rustwide/target/debug/build/quick-xml/a0a53d33d265c94d/out -L dependency=/opt/rustwide/target/debug/build/rand/032e1125bf32a41f/out -L dependency=/opt/rustwide/target/debug/build/rand/4cbfb830dc12cee8/out -L dependency=/opt/rustwide/target/debug/build/rand_chacha/6a2a763cc65157a1/out -L dependency=/opt/rustwide/target/debug/build/rand_core/8437d288e8d1265c/out -L dependency=/opt/rustwide/target/debug/build/rand_core/c83eaed7defe7a9e/out -L dependency=/opt/rustwide/target/debug/build/raw-cpuid/b92d0cd3dab7bcf3/out -L dependency=/opt/rustwide/target/debug/build/rawpointer/10d892ea69c462d6/out -L dependency=/opt/rustwide/target/debug/build/rayon-core/2b05a47079fb6784/out -L dependency=/opt/rustwide/target/debug/build/rayon/8c83a119065bae6f/out -L dependency=/opt/rustwide/target/debug/build/regex-automata/497fd66a89b3c30d/out -L dependency=/opt/rustwide/target/debug/build/regex-syntax/801391c65a42f645/out -L dependency=/opt/rustwide/target/debug/build/regex/ee304fbe0367fe9e/out -L dependency=/opt/rustwide/target/debug/build/reqwest/fb728bec7eea1ac3/out -L dependency=/opt/rustwide/target/debug/build/ring/59d1a6cb1d0e6288/out -L dependency=/opt/rustwide/target/debug/build/rmp-serde/db56b8fda2233861/out -L dependency=/opt/rustwide/target/debug/build/rmp/531f992bb4f02ad2/out -L dependency=/opt/rustwide/target/debug/build/rustix/4bfd0b189dae1e9c/out -L dependency=/opt/rustwide/target/debug/build/rustls-native-certs/005aff849dc505f4/out -L dependency=/opt/rustwide/target/debug/build/rustls-pki-types/f9d0b31df971a573/out -L dependency=/opt/rustwide/target/debug/build/rustls-webpki/20d198ee1546182b/out -L dependency=/opt/rustwide/target/debug/build/rustls/5d9738cee5727eac/out -L dependency=/opt/rustwide/target/debug/build/rustversion/adcfbaebc5a7ac4c/out -L dependency=/opt/rustwide/target/debug/build/ryu/1f4f40e4352371e5/out -L dependency=/opt/rustwide/target/debug/build/same-file/ff49545450c0b63c/out -L dependency=/opt/rustwide/target/debug/build/scopeguard/7ec2214574194454/out -L dependency=/opt/rustwide/target/debug/build/serde/6144231e11a51830/out -L dependency=/opt/rustwide/target/debug/build/serde_core/bdb9e4838d3479fd/out -L dependency=/opt/rustwide/target/debug/build/serde_derive/f3048909a8405518/out -L dependency=/opt/rustwide/target/debug/build/serde_json/389fd1bf70ae4bc4/out -L dependency=/opt/rustwide/target/debug/build/serde_stacker/8502dfda43a73ad1/out -L dependency=/opt/rustwide/target/debug/build/serde_urlencoded/8169aadd51327338/out -L dependency=/opt/rustwide/target/debug/build/signal-hook-registry/f069228503febc45/out -L dependency=/opt/rustwide/target/debug/build/signal-hook/9d5e8f593c2d5334/out -L dependency=/opt/rustwide/target/debug/build/simd-adler32/2a047f2153860026/out -L dependency=/opt/rustwide/target/debug/build/simdutf8/b36df37888a1e0f6/out -L dependency=/opt/rustwide/target/debug/build/siphasher/b16e808df37ae9fc/out -L dependency=/opt/rustwide/target/debug/build/slab/0582d648e59ab406/out -L dependency=/opt/rustwide/target/debug/build/slotmap/eeaaec98c3f2f242/out -L dependency=/opt/rustwide/target/debug/build/smallvec/3e75e18e66140be0/out -L dependency=/opt/rustwide/target/debug/build/socket2/380ed4e5002278b4/out -L dependency=/opt/rustwide/target/debug/build/stable_deref_trait/63cbf3f3d3f94e56/out -L dependency=/opt/rustwide/target/debug/build/stacker/4c2fa6d2c846cb92/out -L dependency=/opt/rustwide/target/debug/build/static_assertions/f0217ecdd817a834/out -L dependency=/opt/rustwide/target/debug/build/streaming-iterator/73bcbfca32316069/out -L dependency=/opt/rustwide/target/debug/build/strength_reduce/9ef82d1e89282c48/out -L dependency=/opt/rustwide/target/debug/build/strum_macros/e1250cea93629bbb/out -L dependency=/opt/rustwide/target/debug/build/subtle/2ae6a7038b9a0630/out -L dependency=/opt/rustwide/target/debug/build/sync_wrapper/194362e0d6e4de4b/out -L dependency=/opt/rustwide/target/debug/build/thiserror-impl/359c4e43d1803412/out -L dependency=/opt/rustwide/target/debug/build/thiserror/c4a8312799327db8/out -L dependency=/opt/rustwide/target/debug/build/tinystr/d0d8d90813ef2826/out -L dependency=/opt/rustwide/target/debug/build/tokio-macros/f82e73009d3a47de/out -L dependency=/opt/rustwide/target/debug/build/tokio-rustls/53a405fb69e88fb4/out -L dependency=/opt/rustwide/target/debug/build/tokio-util/cfaa448910fed600/out -L dependency=/opt/rustwide/target/debug/build/tokio/7d6270831533293e/out -L dependency=/opt/rustwide/target/debug/build/tower-http/ecba4c91e044f52a/out -L dependency=/opt/rustwide/target/debug/build/tower-layer/d908dd771b239ecd/out -L dependency=/opt/rustwide/target/debug/build/tower-service/3fb88d28c2218805/out -L dependency=/opt/rustwide/target/debug/build/tower/3599a62aa33604fe/out -L dependency=/opt/rustwide/target/debug/build/tracing-attributes/99c90fe3c1287894/out -L dependency=/opt/rustwide/target/debug/build/tracing-core/d26029c784af5925/out -L dependency=/opt/rustwide/target/debug/build/tracing/1ef80733be3956c9/out -L dependency=/opt/rustwide/target/debug/build/try-lock/8fa2f6971035be84/out -L dependency=/opt/rustwide/target/debug/build/unicode-segmentation/7adb7faea6d97d51/out -L dependency=/opt/rustwide/target/debug/build/unicode-width/c0be3735b741df1b/out -L dependency=/opt/rustwide/target/debug/build/untrusted/b2f816886faf2178/out -L dependency=/opt/rustwide/target/debug/build/unty/1576d40d069bb744/out -L dependency=/opt/rustwide/target/debug/build/url/0d4e8b08cb03683b/out -L dependency=/opt/rustwide/target/debug/build/utf8_iter/51566bbad89f3a68/out -L dependency=/opt/rustwide/target/debug/build/uuid/79699b6e74d42779/out -L dependency=/opt/rustwide/target/debug/build/walkdir/7cc6f300a6f0bf06/out -L dependency=/opt/rustwide/target/debug/build/want/7a6260b9c50f1479/out -L dependency=/opt/rustwide/target/debug/build/writeable/36514dcf36d12676/out -L dependency=/opt/rustwide/target/debug/build/yoke-derive/8215c92326627860/out -L dependency=/opt/rustwide/target/debug/build/yoke/098abbfb9bd6dc7a/out -L dependency=/opt/rustwide/target/debug/build/zerocopy-derive/6ae61f1cbf01060b/out -L dependency=/opt/rustwide/target/debug/build/zerocopy/4b0d2dc15d8b4d9b/out -L dependency=/opt/rustwide/target/debug/build/zerofrom-derive/9ea1642091c686cf/out -L dependency=/opt/rustwide/target/debug/build/zerofrom/16d2bf3f6f21b9a2/out -L dependency=/opt/rustwide/target/debug/build/zeroize/37b2a6e0a2742c6a/out -L dependency=/opt/rustwide/target/debug/build/zerotrie/92860145e1475a31/out -L dependency=/opt/rustwide/target/debug/build/zerovec-derive/22a8b10a06596ab4/out -L dependency=/opt/rustwide/target/debug/build/zerovec/e142b7d2b7d361f4/out -L dependency=/opt/rustwide/target/debug/build/zlib-rs/4d5651942660c8bd/out -L dependency=/opt/rustwide/target/debug/build/zmij/2ca2f302097868c6/out -L dependency=/opt/rustwide/target/debug/build/zstd-safe/aa2d8b35920e3cec/out -L dependency=/opt/rustwide/target/debug/build/zstd-sys/40c6a8aa4e95650f/out -L dependency=/opt/rustwide/target/debug/build/zstd/d389f0b4ee10ac40/out --extern bitflags=/opt/rustwide/target/debug/build/bitflags/26eb8875abfdac53/out/libbitflags-26eb8875abfdac53.rmeta --extern boxcar=/opt/rustwide/target/debug/build/boxcar/bd02273781d5d987/out/libboxcar-bd02273781d5d987.rmeta --extern bytemuck=/opt/rustwide/target/debug/build/bytemuck/a87643d6577ffa6d/out/libbytemuck-a87643d6577ffa6d.rmeta --extern chrono=/opt/rustwide/target/debug/build/chrono/f48c5605bfd02122/out/libchrono-f48c5605bfd02122.rmeta --extern chrono_tz=/opt/rustwide/target/debug/build/chrono-tz/3510448f43cc9d0c/out/libchrono_tz-3510448f43cc9d0c.rmeta --extern comfy_table=/opt/rustwide/target/debug/build/comfy-table/b3c27913358ad7fd/out/libcomfy_table-b3c27913358ad7fd.rmeta --extern either=/opt/rustwide/target/debug/build/either/c9376743e4a51115/out/libeither-c9376743e4a51115.rmeta --extern getrandom=/opt/rustwide/target/debug/build/getrandom/1e62ef079fef2f0f/out/libgetrandom-1e62ef079fef2f0f.rmeta --extern hashbrown=/opt/rustwide/target/debug/build/hashbrown/1cdc4db0706cd9fd/out/libhashbrown-1cdc4db0706cd9fd.rmeta --extern indexmap=/opt/rustwide/target/debug/build/indexmap/173733077200f6d0/out/libindexmap-173733077200f6d0.rmeta --extern itoa=/opt/rustwide/target/debug/build/itoa/5de11b3b23bfe572/out/libitoa-5de11b3b23bfe572.rmeta --extern ndarray=/opt/rustwide/target/debug/build/ndarray/7a42b81f7d8de5f9/out/libndarray-7a42b81f7d8de5f9.rmeta --extern num_traits=/opt/rustwide/target/debug/build/num-traits/68e0d171d32a4dd9/out/libnum_traits-68e0d171d32a4dd9.rmeta --extern arrow=/opt/rustwide/target/debug/build/polars-arrow/dca2d84c513034d5/out/libpolars_arrow-dca2d84c513034d5.rmeta --extern polars_buffer=/opt/rustwide/target/debug/build/polars-buffer/323a0c0af69de0b5/out/libpolars_buffer-323a0c0af69de0b5.rmeta --extern polars_compute=/opt/rustwide/target/debug/build/polars-compute/dbb080b74bf7483c/out/libpolars_compute-dbb080b74bf7483c.rmeta --extern polars_dtype=/opt/rustwide/target/debug/build/polars-dtype/cd970fbf420cbb68/out/libpolars_dtype-cd970fbf420cbb68.rmeta --extern polars_error=/opt/rustwide/target/debug/build/polars-error/6f0ae4f891ea31d7/out/libpolars_error-6f0ae4f891ea31d7.rmeta --extern polars_row=/opt/rustwide/target/debug/build/polars-row/a2e2c3e2a8d0b969/out/libpolars_row-a2e2c3e2a8d0b969.rmeta --extern polars_schema=/opt/rustwide/target/debug/build/polars-schema/faa416b9415387e1/out/libpolars_schema-faa416b9415387e1.rmeta --extern polars_utils=/opt/rustwide/target/debug/build/polars-utils/8a6586aa329de921/out/libpolars_utils-8a6586aa329de921.rmeta --extern rand=/opt/rustwide/target/debug/build/rand/032e1125bf32a41f/out/librand-032e1125bf32a41f.rmeta --extern rand_distr=/opt/rustwide/target/debug/build/rand_distr/381ea35684c08a47/out/librand_distr-381ea35684c08a47.rmeta --extern rayon=/opt/rustwide/target/debug/build/rayon/8c83a119065bae6f/out/librayon-8c83a119065bae6f.rmeta --extern regex=/opt/rustwide/target/debug/build/regex/ee304fbe0367fe9e/out/libregex-ee304fbe0367fe9e.rmeta --extern serde=/opt/rustwide/target/debug/build/serde/6144231e11a51830/out/libserde-6144231e11a51830.rmeta --extern serde_json=/opt/rustwide/target/debug/build/serde_json/389fd1bf70ae4bc4/out/libserde_json-389fd1bf70ae4bc4.rmeta --extern strum_macros=/opt/rustwide/target/debug/build/strum_macros/e1250cea93629bbb/out/libstrum_macros-e1250cea93629bbb.so --extern uuid=/opt/rustwide/target/debug/build/uuid/79699b6e74d42779/out/libuuid-79699b6e74d42779.rmeta --extern xxhash_rust=/opt/rustwide/target/debug/build/xxhash-rust/21bd6dff5bc15cf9/out/libxxhash_rust-21bd6dff5bc15cf9.rmeta --cap-lints allow --cap-lints=warn --force-warn=unused_crate_dependencies -L native=/opt/rustwide/target/debug/build/lz4-sys/d01dd97bcc2dffb1/out -L native=/opt/rustwide/target/debug/build/ring/b8a2a63700ffc4f3/out -L native=/opt/rustwide/target/debug/build/psm/3921c819bd93d124/out -L native=/opt/rustwide/target/debug/build/zstd-sys/34da7db2e0e2eaa1/out` (signal: 9, SIGKILL: kill)
[INFO] [stderr] warning: build failed, waiting for other jobs to finish...
[INFO] [stderr] error: failed to run custom build command for `hdf5-metno-src v0.10.2`
[INFO] [stderr] note: To improve backtraces for build dependencies, set the CARGO_PROFILE_DEV_BUILD_OVERRIDE_DEBUG=true environment variable to enable debug information generation.
[INFO] [stderr] 
[INFO] [stderr] Caused by:
[INFO] [stderr]   process didn't exit successfully: `/opt/rustwide/target/debug/build/hdf5-metno-src/228eed222e022111/out/build_script_build` (exit status: 101)
[INFO] [stderr]   --- stdout
[INFO] [stderr]   cargo::rerun-if-changed=build.rs
[INFO] [stderr]   cargo::metadata=zlib_header=/opt/rustwide/target/debug/build/libz-sys/5473484795a2b766/out/include/zlib.h
[INFO] [stderr]   cargo::metadata=zlib=z
[INFO] [stderr]   cargo::rerun-if-env-changed=TEST_LFS_WORKS_RUN
[INFO] [stderr]   cargo::rerun-if-env-changed=H5_PRINTF_LL_TEST_RUN
[INFO] [stderr]   cargo::rerun-if-env-changed=H5_PRINTF_LL_TEST_RUN__TRYRUN_OUTPUT
[INFO] [stderr]   cargo::rerun-if-env-changed=H5_LDOUBLE_TO_LONG_SPECIAL_RUN
[INFO] [stderr]   cargo::rerun-if-env-changed=H5_LDOUBLE_TO_LONG_SPECIAL_RUN__TRYRUN_OUTPUT
[INFO] [stderr]   cargo::rerun-if-env-changed=H5_LONG_TO_LDOUBLE_SPECIAL_RUN
[INFO] [stderr]   cargo::rerun-if-env-changed=H5_LONG_TO_LDOUBLE_SPECIAL_RUN__TRYRUN_OUTPUT
[INFO] [stderr]   cargo::rerun-if-env-changed=H5_LDOUBLE_TO_LLONG_ACCURATE_RUN
[INFO] [stderr]   cargo::rerun-if-env-changed=H5_LDOUBLE_TO_LLONG_ACCURATE_RUN__TRYRUN_OUTPUT
[INFO] [stderr]   cargo::rerun-if-env-changed=H5_LLONG_TO_LDOUBLE_CORRECT_RUN
[INFO] [stderr]   cargo::rerun-if-env-changed=H5_LLONG_TO_LDOUBLE_CORRECT_RUN__TRYRUN_OUTPUT
[INFO] [stderr]   cargo::rerun-if-env-changed=H5_DISABLE_SOME_LDOUBLE_CONV_RUN
[INFO] [stderr]   cargo::rerun-if-env-changed=H5_DISABLE_SOME_LDOUBLE_CONV_RUN__TRYRUN_OUTPUT
[INFO] [stderr]   cargo::rerun-if-env-changed=H5_NO_ALIGNMENT_RESTRICTIONS_RUN
[INFO] [stderr]   cargo::rerun-if-env-changed=H5_NO_ALIGNMENT_RESTRICTIONS_RUN__TRYRUN_OUTPUT
[INFO] [stderr]   CMAKE_TOOLCHAIN_FILE_x86_64-unknown-linux-gnu = None
[INFO] [stderr]   CMAKE_TOOLCHAIN_FILE_x86_64_unknown_linux_gnu = None
[INFO] [stderr]   HOST_CMAKE_TOOLCHAIN_FILE = None
[INFO] [stderr]   CMAKE_TOOLCHAIN_FILE = None
[INFO] [stderr]   CMAKE_GENERATOR_x86_64-unknown-linux-gnu = None
[INFO] [stderr]   CMAKE_GENERATOR_x86_64_unknown_linux_gnu = None
[INFO] [stderr]   HOST_CMAKE_GENERATOR = None
[INFO] [stderr]   CMAKE_GENERATOR = None
[INFO] [stderr]   CMAKE_PREFIX_PATH_x86_64-unknown-linux-gnu = None
[INFO] [stderr]   CMAKE_PREFIX_PATH_x86_64_unknown_linux_gnu = None
[INFO] [stderr]   HOST_CMAKE_PREFIX_PATH = None
[INFO] [stderr]   CMAKE_PREFIX_PATH = None
[INFO] [stderr]   CMAKE_x86_64-unknown-linux-gnu = None
[INFO] [stderr]   CMAKE_x86_64_unknown_linux_gnu = None
[INFO] [stderr]   HOST_CMAKE = None
[INFO] [stderr]   CMAKE = None
[INFO] [stderr]   -- The C compiler identification is GNU 15.2.0
[INFO] [stderr]   -- Detecting C compiler ABI info
[INFO] [stderr]   -- Detecting C compiler ABI info - done
[INFO] [stderr]   -- Check for working C compiler: /usr/bin/cc - skipped
[INFO] [stderr]   -- Detecting C compile features
[INFO] [stderr]   -- Detecting C compile features - done
[INFO] [stderr]   -- Final: share
[INFO] [stderr]   -- Looking for include file sys/file.h
[INFO] [stderr]   -- Looking for include file sys/file.h - found
[INFO] [stderr]   -- Looking for include files sys/file.h, sys/ioctl.h
[INFO] [stderr]   -- Looking for include files sys/file.h, sys/ioctl.h - found
[INFO] [stderr]   -- Looking for 3 include files sys/file.h, ..., sys/resource.h
[INFO] [stderr]   -- Looking for 3 include files sys/file.h, ..., sys/resource.h - found
[INFO] [stderr]   -- Looking for 4 include files sys/file.h, ..., sys/socket.h
[INFO] [stderr]   -- Looking for 4 include files sys/file.h, ..., sys/socket.h - found
[INFO] [stderr]   -- Looking for 5 include files sys/file.h, ..., sys/stat.h
[INFO] [stderr]   -- Looking for 5 include files sys/file.h, ..., sys/stat.h - found
[INFO] [stderr]   -- Looking for 6 include files sys/file.h, ..., sys/time.h
[INFO] [stderr]   -- Looking for 6 include files sys/file.h, ..., sys/time.h - found
[INFO] [stderr]   -- Looking for 7 include files sys/file.h, ..., dirent.h
[INFO] [stderr]   -- Looking for 7 include files sys/file.h, ..., dirent.h - found
[INFO] [stderr]   -- Looking for 8 include files sys/file.h, ..., unistd.h
[INFO] [stderr]   -- Looking for 8 include files sys/file.h, ..., unistd.h - found
[INFO] [stderr]   -- Looking for 9 include files sys/file.h, ..., pwd.h
[INFO] [stderr]   -- Looking for 9 include files sys/file.h, ..., pwd.h - found
[INFO] [stderr]   -- Looking for 10 include files sys/file.h, ..., pthread.h
[INFO] [stderr]   -- Looking for 10 include files sys/file.h, ..., pthread.h - found
[INFO] [stderr]   -- Looking for 11 include files sys/file.h, ..., dlfcn.h
[INFO] [stderr]   -- Looking for 11 include files sys/file.h, ..., dlfcn.h - found
[INFO] [stderr]   -- Looking for 12 include files sys/file.h, ..., netinet/in.h
[INFO] [stderr]   -- Looking for 12 include files sys/file.h, ..., netinet/in.h - found
[INFO] [stderr]   -- Looking for 13 include files sys/file.h, ..., netdb.h
[INFO] [stderr]   -- Looking for 13 include files sys/file.h, ..., netdb.h - found
[INFO] [stderr]   -- Looking for 14 include files sys/file.h, ..., arpa/inet.h
[INFO] [stderr]   -- Looking for 14 include files sys/file.h, ..., arpa/inet.h - found
[INFO] [stderr]   -- Looking for include file quadmath.h
[INFO] [stderr]   -- Looking for include file quadmath.h - found
[INFO] [stderr]   -- Looking for ceil in m;
[INFO] [stderr]   -- Looking for ceil in m; - found
[INFO] [stderr]   -- Looking for dlopen in dl;m
[INFO] [stderr]   -- Looking for dlopen in dl;m - found
[INFO] [stderr]   -- Looking for WSAStartup in ws2_32;m;dl
[INFO] [stderr]   -- Looking for WSAStartup in ws2_32;m;dl - not found
[INFO] [stderr]   -- Looking for gethostbyname in wsock32;m;dl
[INFO] [stderr]   -- Looking for gethostbyname in wsock32;m;dl - not found
[INFO] [stderr]   -- Looking for gethostname in ucb;m;dl
[INFO] [stderr]   -- Looking for gethostname in ucb;m;dl - not found
[INFO] [stderr]   -- Looking for sys/types.h
[INFO] [stderr]   -- Looking for sys/types.h - found
[INFO] [stderr]   -- Looking for stdint.h
[INFO] [stderr]   -- Looking for stdint.h - found
[INFO] [stderr]   -- Looking for stddef.h
[INFO] [stderr]   -- Looking for stddef.h - found
[INFO] [stderr]   -- Check size of char
[INFO] [stderr]   -- Check size of char - done
[INFO] [stderr]   -- Check size of short
[INFO] [stderr]   -- Check size of short - done
[INFO] [stderr]   -- Check size of int
[INFO] [stderr]   -- Check size of int - done
[INFO] [stderr]   -- Check size of unsigned
[INFO] [stderr]   -- Check size of unsigned - done
[INFO] [stderr]   -- Check size of long
[INFO] [stderr]   -- Check size of long - done
[INFO] [stderr]   -- Check size of long long
[INFO] [stderr]   -- Check size of long long - done
[INFO] [stderr]   -- Check size of float
[INFO] [stderr]   -- Check size of float - done
[INFO] [stderr]   -- Check size of double
[INFO] [stderr]   -- Check size of double - done
[INFO] [stderr]   -- Check size of long double
[INFO] [stderr]   -- Check size of long double - done
[INFO] [stderr]   -- Check size of int8_t
[INFO] [stderr]   -- Check size of int8_t - done
[INFO] [stderr]   -- Check size of uint8_t
[INFO] [stderr]   -- Check size of uint8_t - done
[INFO] [stderr]   -- Check size of int_least8_t
[INFO] [stderr]   -- Check size of int_least8_t - done
[INFO] [stderr]   -- Check size of uint_least8_t
[INFO] [stderr]   -- Check size of uint_least8_t - done
[INFO] [stderr]   -- Check size of int_fast8_t
[INFO] [stderr]   -- Check size of int_fast8_t - done
[INFO] [stderr]   -- Check size of uint_fast8_t
[INFO] [stderr]   -- Check size of uint_fast8_t - done
[INFO] [stderr]   -- Check size of int16_t
[INFO] [stderr]   -- Check size of int16_t - done
[INFO] [stderr]   -- Check size of uint16_t
[INFO] [stderr]   -- Check size of uint16_t - done
[INFO] [stderr]   -- Check size of int_least16_t
[INFO] [stderr]   -- Check size of int_least16_t - done
[INFO] [stderr]   -- Check size of uint_least16_t
[INFO] [stderr]   -- Check size of uint_least16_t - done
[INFO] [stderr]   -- Check size of int_fast16_t
[INFO] [stderr]   -- Check size of int_fast16_t - done
[INFO] [stderr]   -- Check size of uint_fast16_t
[INFO] [stderr]   -- Check size of uint_fast16_t - done
[INFO] [stderr]   -- Check size of int32_t
[INFO] [stderr]   -- Check size of int32_t - done
[INFO] [stderr]   -- Check size of uint32_t
[INFO] [stderr]   -- Check size of uint32_t - done
[INFO] [stderr]   -- Check size of int_least32_t
[INFO] [stderr]   -- Check size of int_least32_t - done
[INFO] [stderr]   -- Check size of uint_least32_t
[INFO] [stderr]   -- Check size of uint_least32_t - done
[INFO] [stderr]   -- Check size of int_fast32_t
[INFO] [stderr]   -- Check size of int_fast32_t - done
[INFO] [stderr]   -- Check size of uint_fast32_t
[INFO] [stderr]   -- Check size of uint_fast32_t - done
[INFO] [stderr]   -- Check size of int64_t
[INFO] [stderr]   -- Check size of int64_t - done
[INFO] [stderr]   -- Check size of uint64_t
[INFO] [stderr]   -- Check size of uint64_t - done
[INFO] [stderr]   -- Check size of int_least64_t
[INFO] [stderr]   -- Check size of int_least64_t - done
[INFO] [stderr]   -- Check size of uint_least64_t
[INFO] [stderr]   -- Check size of uint_least64_t - done
[INFO] [stderr]   -- Check size of int_fast64_t
[INFO] [stderr]   -- Check size of int_fast64_t - done
[INFO] [stderr]   -- Check size of uint_fast64_t
[INFO] [stderr]   -- Check size of uint_fast64_t - done
[INFO] [stderr]   -- Check size of size_t
[INFO] [stderr]   -- Check size of size_t - done
[INFO] [stderr]   -- Check size of ssize_t
[INFO] [stderr]   -- Check size of ssize_t - done
[INFO] [stderr]   -- Check size of ptrdiff_t
[INFO] [stderr]   -- Check size of ptrdiff_t - done
[INFO] [stderr]   -- Check size of off_t
[INFO] [stderr]   -- Check size of off_t - done
[INFO] [stderr]   -- Check size of time_t
[INFO] [stderr]   -- Check size of time_t - done
[INFO] [stderr]   -- Check size of _Bool
[INFO] [stderr]   -- Check size of _Bool - done
[INFO] [stderr]   -- Looking for CLOCK_MONOTONIC
[INFO] [stderr]   -- Looking for CLOCK_MONOTONIC - not found
[INFO] [stderr]   -- Performing Test H5_HAVE_TM_GMTOFF
[INFO] [stderr]   -- Performing Test H5_HAVE_TM_GMTOFF - Success
[INFO] [stderr]   -- Performing Test H5_HAVE___TM_GMTOFF
[INFO] [stderr]   -- Performing Test H5_HAVE___TM_GMTOFF - Failed
[INFO] [stderr]   -- Performing Test H5_HAVE_STRUCT_TIMEZONE
[INFO] [stderr]   -- Performing Test H5_HAVE_STRUCT_TIMEZONE - Failed
[INFO] [stderr]   -- Looking for gettimeofday
[INFO] [stderr]   -- Looking for gettimeofday - found
[INFO] [stderr]   -- Performing Test H5_HAVE_STAT_ST_BLOCKS
[INFO] [stderr]   -- Performing Test H5_HAVE_STAT_ST_BLOCKS - Success
[INFO] [stderr]   -- Looking for ioctl
[INFO] [stderr]   -- Looking for ioctl - found
[INFO] [stderr]   -- Performing Test H5_HAVE_STRUCT_VIDEOCONFIG
[INFO] [stderr]   -- Performing Test H5_HAVE_STRUCT_VIDEOCONFIG - Failed
[INFO] [stderr]   -- Performing Test H5_HAVE_STRUCT_TEXT_INFO
[INFO] [stderr]   -- Performing Test H5_HAVE_STRUCT_TEXT_INFO - Failed
[INFO] [stderr]   -- Looking for _getvideoconfig
[INFO] [stderr]   -- Looking for _getvideoconfig - not found
[INFO] [stderr]   -- Looking for gettextinfo
[INFO] [stderr]   -- Looking for gettextinfo - not found
[INFO] [stderr]   -- Looking for _scrsize
[INFO] [stderr]   -- Looking for _scrsize - not found
[INFO] [stderr]   -- Looking for GetConsoleScreenBufferInfo
[INFO] [stderr]   -- Looking for GetConsoleScreenBufferInfo - not found
[INFO] [stderr]   -- Looking for TIOCGWINSZ
[INFO] [stderr]   -- Looking for TIOCGWINSZ - found
[INFO] [stderr]   -- Looking for TIOCGETD
[INFO] [stderr]   -- Looking for TIOCGETD - found
[INFO] [stderr]   -- Looking for alarm
[INFO] [stderr]   -- Looking for alarm - found
[INFO] [stderr]   -- Looking for fcntl
[INFO] [stderr]   -- Looking for fcntl - found
[INFO] [stderr]   -- Looking for flock
[INFO] [stderr]   -- Looking for flock - found
[INFO] [stderr]   -- Looking for fork
[INFO] [stderr]   -- Looking for fork - found
[INFO] [stderr]   -- Looking for gethostname
[INFO] [stderr]   -- Looking for gethostname - found
[INFO] [stderr]   -- Looking for getrusage
[INFO] [stderr]   -- Looking for getrusage - found
[INFO] [stderr]   -- Looking for pread
[INFO] [stderr]   -- Looking for pread - found
[INFO] [stderr]   -- Looking for pwrite
[INFO] [stderr]   -- Looking for pwrite - found
[INFO] [stderr]   -- Looking for strcasestr
[INFO] [stderr]   -- Looking for strcasestr - found
[INFO] [stderr]   -- Looking for strdup
[INFO] [stderr]   -- Looking for strdup - found
[INFO] [stderr]   -- Looking for symlink
[INFO] [stderr]   -- Looking for symlink - found
[INFO] [stderr]   -- Looking for tmpfile
[INFO] [stderr]   -- Looking for tmpfile - found
[INFO] [stderr]   -- Looking for asprintf
[INFO] [stderr]   -- Looking for asprintf - found
[INFO] [stderr]   -- Looking for vasprintf
[INFO] [stderr]   -- Looking for vasprintf - found
[INFO] [stderr]   -- Looking for waitpid
[INFO] [stderr]   -- Looking for waitpid - found
[INFO] [stderr]   -- Looking for qsort_r
[INFO] [stderr]   -- Looking for qsort_r - found
[INFO] [stderr]   -- Looking for qsort_s
[INFO] [stderr]   -- Looking for qsort_s - not found
[INFO] [stderr]   -- Looking for sigsetjmp
[INFO] [stderr]   -- Looking for sigsetjmp - found
[INFO] [stderr]   -- Looking for clock_gettime
[INFO] [stderr]   -- Looking for clock_gettime - found
[INFO] [stderr]   -- Looking for clock_gettime in rt
[INFO] [stderr]   -- Looking for clock_gettime in rt - found
[INFO] [stderr]   -- Looking for clock_gettime in posix4
[INFO] [stderr]   -- Looking for clock_gettime in posix4 - not found
[INFO] [stderr]   -- Checking if complex number support is available
[INFO] [stderr]   -- Looking for complex.h
[INFO] [stderr]   -- Looking for complex.h - found
[INFO] [stderr]   -- Check size of float _Complex
[INFO] [stderr]   -- Check size of float _Complex - done
[INFO] [stderr]   -- Check size of double _Complex
[INFO] [stderr]   -- Check size of double _Complex - done
[INFO] [stderr]   -- Check size of long double _Complex
[INFO] [stderr]   -- Check size of long double _Complex - done
[INFO] [stderr]   -- Using C99 complex number types
[INFO] [stderr]   -- Found PkgConfig: /usr/bin/pkg-config (found version "2.5.1")
[INFO] [stderr]   -- Found Perl: /usr/bin/perl (found version "5.40.1")
[INFO] [stderr]   -- ....All Warnings are enabled
[INFO] [stderr]   -- Performing Test CMAKE_HAVE_LIBC_PTHREAD
[INFO] [stderr]   -- Performing Test CMAKE_HAVE_LIBC_PTHREAD - Success
[INFO] [stderr]   -- Found Threads: TRUE
[INFO] [stderr]   -- Looking for stdatomic.h
[INFO] [stderr]   -- Looking for stdatomic.h - found
[INFO] [stderr]   -- Configuring done (129.8s)
[INFO] [stderr]   -- Generating done (0.9s)
[INFO] [stderr]   -- Build files have been written to: /opt/rustwide/target/debug/build/hdf5-metno-src/08f9ab6fecc8a06d/out/build
[INFO] [stderr]   [  0%] Building C object src/CMakeFiles/hdf5-static.dir/H5.c.o
[INFO] [stderr]   [  0%] Building C object src/CMakeFiles/hdf5-static.dir/H5checksum.c.o
[INFO] [stderr]   [  0%] Building C object src/CMakeFiles/hdf5-static.dir/H5dbg.c.o
[INFO] [stderr]   [  1%] Building C object src/CMakeFiles/hdf5-static.dir/H5mpi.c.o
[INFO] [stderr]   [  1%] Building C object src/CMakeFiles/hdf5-static.dir/H5system.c.o
[INFO] [stderr]   [  1%] Building C object src/CMakeFiles/hdf5-static.dir/H5timer.c.o
[INFO] [stderr]   [  1%] Building C object src/CMakeFiles/hdf5-static.dir/H5trace.c.o
[INFO] [stderr]   [  2%] Building C object src/CMakeFiles/hdf5-static.dir/H5A.c.o
[INFO] [stderr]   [  2%] Building C object src/CMakeFiles/hdf5-static.dir/H5Abtree2.c.o
[INFO] [stderr]   [  2%] Building C object src/CMakeFiles/hdf5-static.dir/H5Adense.c.o
[INFO] [stderr]   [  2%] Building C object src/CMakeFiles/hdf5-static.dir/H5Adeprec.c.o
[INFO] [stderr]   [  3%] Building C object src/CMakeFiles/hdf5-static.dir/H5Aint.c.o
[INFO] [stderr]   [  3%] Building C object src/CMakeFiles/hdf5-static.dir/H5Atest.c.o
[INFO] [stderr]   [  3%] Building C object src/CMakeFiles/hdf5-static.dir/H5AC.c.o
[INFO] [stderr]   [  4%] Building C object src/CMakeFiles/hdf5-static.dir/H5ACdbg.c.o
[INFO] [stderr]   [  4%] Building C object src/CMakeFiles/hdf5-static.dir/H5ACmpio.c.o
[INFO] [stderr]   [  4%] Building C object src/CMakeFiles/hdf5-static.dir/H5ACproxy_entry.c.o
[INFO] [stderr]   [  4%] Building C object src/CMakeFiles/hdf5-static.dir/H5B.c.o
[INFO] [stderr]   [  5%] Building C object src/CMakeFiles/hdf5-static.dir/H5Bcache.c.o
[INFO] [stderr]   [  5%] Building C object src/CMakeFiles/hdf5-static.dir/H5Bdbg.c.o
[INFO] [stderr]   [  5%] Building C object src/CMakeFiles/hdf5-static.dir/H5B2.c.o
[INFO] [stderr]   [  5%] Building C object src/CMakeFiles/hdf5-static.dir/H5B2cache.c.o
[INFO] [stderr]   [  6%] Building C object src/CMakeFiles/hdf5-static.dir/H5B2dbg.c.o
[INFO] [stderr]   [  6%] Building C object src/CMakeFiles/hdf5-static.dir/H5B2hdr.c.o
[INFO] [stderr]   [  6%] Building C object src/CMakeFiles/hdf5-static.dir/H5B2int.c.o
[INFO] [stderr]   [  6%] Building C object src/CMakeFiles/hdf5-static.dir/H5B2internal.c.o
[INFO] [stderr]   [  7%] Building C object src/CMakeFiles/hdf5-static.dir/H5B2leaf.c.o
[INFO] [stderr]   [  7%] Building C object src/CMakeFiles/hdf5-static.dir/H5B2stat.c.o
[INFO] [stderr]   [  7%] Building C object src/CMakeFiles/hdf5-static.dir/H5B2test.c.o
[INFO] [stderr]   [  8%] Building C object src/CMakeFiles/hdf5-static.dir/H5C.c.o
[INFO] [stderr]   [  8%] Building C object src/CMakeFiles/hdf5-static.dir/H5Cdbg.c.o
[INFO] [stderr]   [  8%] Building C object src/CMakeFiles/hdf5-static.dir/H5Centry.c.o
[INFO] [stderr]   [  8%] Building C object src/CMakeFiles/hdf5-static.dir/H5Cepoch.c.o
[INFO] [stderr]   [  9%] Building C object src/CMakeFiles/hdf5-static.dir/H5Cimage.c.o
[INFO] [stderr]   [  9%] Building C object src/CMakeFiles/hdf5-static.dir/H5Cint.c.o
[INFO] [stderr]   [  9%] Building C object src/CMakeFiles/hdf5-static.dir/H5Clog.c.o
[INFO] [stderr]   [  9%] Building C object src/CMakeFiles/hdf5-static.dir/H5Clog_json.c.o
[INFO] [stderr]   [ 10%] Building C object src/CMakeFiles/hdf5-static.dir/H5Clog_trace.c.o
[INFO] [stderr]   [ 10%] Building C object src/CMakeFiles/hdf5-static.dir/H5Cmpio.c.o
[INFO] [stderr]   [ 10%] Building C object src/CMakeFiles/hdf5-static.dir/H5Cprefetched.c.o
[INFO] [stderr]   [ 10%] Building C object src/CMakeFiles/hdf5-static.dir/H5Cquery.c.o
[INFO] [stderr]   [ 11%] Building C object src/CMakeFiles/hdf5-static.dir/H5Ctag.c.o
[INFO] [stderr]   [ 11%] Building C object src/CMakeFiles/hdf5-static.dir/H5Ctest.c.o
[INFO] [stderr]   [ 11%] Building C object src/CMakeFiles/hdf5-static.dir/H5CX.c.o
[INFO] [stderr]   [ 12%] Building C object src/CMakeFiles/hdf5-static.dir/H5D.c.o
[INFO] [stderr]   [ 12%] Building C object src/CMakeFiles/hdf5-static.dir/H5Dbtree.c.o
[INFO] [stderr]   [ 12%] Building C object src/CMakeFiles/hdf5-static.dir/H5Dbtree2.c.o
[INFO] [stderr]   [ 12%] Building C object src/CMakeFiles/hdf5-static.dir/H5Dchunk.c.o
[INFO] [stderr]   [ 13%] Building C object src/CMakeFiles/hdf5-static.dir/H5Dcompact.c.o
[INFO] [stderr]   [ 13%] Building C object src/CMakeFiles/hdf5-static.dir/H5Dcontig.c.o
[INFO] [stderr]   [ 13%] Building C object src/CMakeFiles/hdf5-static.dir/H5Ddbg.c.o
[INFO] [stderr]   [ 13%] Building C object src/CMakeFiles/hdf5-static.dir/H5Ddeprec.c.o
[INFO] [stderr]   [ 14%] Building C object src/CMakeFiles/hdf5-static.dir/H5Dearray.c.o
[INFO] [stderr]   [ 14%] Building C object src/CMakeFiles/hdf5-static.dir/H5Defl.c.o
[INFO] [stderr]   [ 14%] Building C object src/CMakeFiles/hdf5-static.dir/H5Dfarray.c.o
[INFO] [stderr]   [ 15%] Building C object src/CMakeFiles/hdf5-static.dir/H5Dfill.c.o
[INFO] [stderr]   [ 15%] Building C object src/CMakeFiles/hdf5-static.dir/H5Dint.c.o
[INFO] [stderr]   [ 15%] Building C object src/CMakeFiles/hdf5-static.dir/H5Dio.c.o
[INFO] [stderr]   [ 15%] Building C object src/CMakeFiles/hdf5-static.dir/H5Dlayout.c.o
[INFO] [stderr]   [ 16%] Building C object src/CMakeFiles/hdf5-static.dir/H5Dmpio.c.o
[INFO] [stderr]   [ 16%] Building C object src/CMakeFiles/hdf5-static.dir/H5Dnone.c.o
[INFO] [stderr]   [ 16%] Building C object src/CMakeFiles/hdf5-static.dir/H5Doh.c.o
[INFO] [stderr]   [ 16%] Building C object src/CMakeFiles/hdf5-static.dir/H5Dscatgath.c.o
[INFO] [stderr]   [ 17%] Building C object src/CMakeFiles/hdf5-static.dir/H5Dselect.c.o
[INFO] [stderr]   [ 17%] Building C object src/CMakeFiles/hdf5-static.dir/H5Dsingle.c.o
[INFO] [stderr]   [ 17%] Building C object src/CMakeFiles/hdf5-static.dir/H5Dtest.c.o
[INFO] [stderr]   [ 17%] Building C object src/CMakeFiles/hdf5-static.dir/H5Dvirtual.c.o
[INFO] [stderr]   [ 18%] Building C object src/CMakeFiles/hdf5-static.dir/H5E.c.o
[INFO] [stderr]   [ 18%] Building C object src/CMakeFiles/hdf5-static.dir/H5Edeprec.c.o
[INFO] [stderr]   [ 18%] Building C object src/CMakeFiles/hdf5-static.dir/H5Eint.c.o
[INFO] [stderr]   [ 19%] Building C object src/CMakeFiles/hdf5-static.dir/H5EA.c.o
[INFO] [stderr]   [ 19%] Building C object src/CMakeFiles/hdf5-static.dir/H5EAcache.c.o
[INFO] [stderr]   [ 19%] Building C object src/CMakeFiles/hdf5-static.dir/H5EAdbg.c.o
[INFO] [stderr]   [ 19%] Building C object src/CMakeFiles/hdf5-static.dir/H5EAdblkpage.c.o
[INFO] [stderr]   [ 20%] Building C object src/CMakeFiles/hdf5-static.dir/H5EAdblock.c.o
[INFO] [stderr]   [ 20%] Building C object src/CMakeFiles/hdf5-static.dir/H5EAhdr.c.o
[INFO] [stderr]   [ 20%] Building C object src/CMakeFiles/hdf5-static.dir/H5EAiblock.c.o
[INFO] [stderr]   [ 20%] Building C object src/CMakeFiles/hdf5-static.dir/H5EAint.c.o
[INFO] [stderr]   [ 21%] Building C object src/CMakeFiles/hdf5-static.dir/H5EAsblock.c.o
[INFO] [stderr]   [ 21%] Building C object src/CMakeFiles/hdf5-static.dir/H5EAstat.c.o
[INFO] [stderr]   [ 21%] Building C object src/CMakeFiles/hdf5-static.dir/H5EAtest.c.o
[INFO] [stderr]   [ 21%] Building C object src/CMakeFiles/hdf5-static.dir/H5ES.c.o
[INFO] [stderr]   [ 22%] Building C object src/CMakeFiles/hdf5-static.dir/H5ESevent.c.o
[INFO] [stderr]   [ 22%] Building C object src/CMakeFiles/hdf5-static.dir/H5ESint.c.o
[INFO] [stderr]   [ 22%] Building C object src/CMakeFiles/hdf5-static.dir/H5ESlist.c.o
[INFO] [stderr]   [ 23%] Building C object src/CMakeFiles/hdf5-static.dir/H5F.c.o
[INFO] [stderr]   [ 23%] Building C object src/CMakeFiles/hdf5-static.dir/H5Faccum.c.o
[INFO] [stderr]   [ 23%] Building C object src/CMakeFiles/hdf5-static.dir/H5Fcwfs.c.o
[INFO] [stderr]   [ 23%] Building C object src/CMakeFiles/hdf5-static.dir/H5Fdbg.c.o
[INFO] [stderr]   [ 24%] Building C object src/CMakeFiles/hdf5-static.dir/H5Fdeprec.c.o
[INFO] [stderr]   [ 24%] Building C object src/CMakeFiles/hdf5-static.dir/H5Fefc.c.o
[INFO] [stderr]   [ 24%] Building C object src/CMakeFiles/hdf5-static.dir/H5Ffake.c.o
[INFO] [stderr]   [ 24%] Building C object src/CMakeFiles/hdf5-static.dir/H5Fint.c.o
[INFO] [stderr]   [ 25%] Building C object src/CMakeFiles/hdf5-static.dir/H5Fio.c.o
[INFO] [stderr]   [ 25%] Building C object src/CMakeFiles/hdf5-static.dir/H5Fmount.c.o
[INFO] [stderr]   [ 25%] Building C object src/CMakeFiles/hdf5-static.dir/H5Fmpi.c.o
[INFO] [stderr]   [ 26%] Building C object src/CMakeFiles/hdf5-static.dir/H5Fquery.c.o
[INFO] [stderr]   [ 26%] Building C object src/CMakeFiles/hdf5-static.dir/H5Fsfile.c.o
[INFO] [stderr]   [ 26%] Building C object src/CMakeFiles/hdf5-static.dir/H5Fspace.c.o
[INFO] [stderr]   [ 26%] Building C object src/CMakeFiles/hdf5-static.dir/H5Fsuper.c.o
[INFO] [stderr]   [ 27%] Building C object src/CMakeFiles/hdf5-static.dir/H5Fsuper_cache.c.o
[INFO] [stderr]   [ 27%] Building C object src/CMakeFiles/hdf5-static.dir/H5Ftest.c.o
[INFO] [stderr]   [ 27%] Building C object src/CMakeFiles/hdf5-static.dir/H5FA.c.o
[INFO] [stderr]   [ 27%] Building C object src/CMakeFiles/hdf5-static.dir/H5FAcache.c.o
[INFO] [stderr]   [ 28%] Building C object src/CMakeFiles/hdf5-static.dir/H5FAdbg.c.o
[INFO] [stderr]   [ 28%] Building C object src/CMakeFiles/hdf5-static.dir/H5FAdblkpage.c.o
[INFO] [stderr]   [ 28%] Building C object src/CMakeFiles/hdf5-static.dir/H5FAdblock.c.o
[INFO] [stderr]   [ 28%] Building C object src/CMakeFiles/hdf5-static.dir/H5FAhdr.c.o
[INFO] [stderr]   [ 29%] Building C object src/CMakeFiles/hdf5-static.dir/H5FAint.c.o
[INFO] [stderr]   [ 29%] Building C object src/CMakeFiles/hdf5-static.dir/H5FAstat.c.o
[INFO] [stderr]   [ 29%] Building C object src/CMakeFiles/hdf5-static.dir/H5FAtest.c.o
[INFO] [stderr]   [ 30%] Building C object src/CMakeFiles/hdf5-static.dir/H5FD.c.o
[INFO] [stderr]   [ 30%] Building C object src/CMakeFiles/hdf5-static.dir/H5FDcore.c.o
[INFO] [stderr]   [ 30%] Building C object src/CMakeFiles/hdf5-static.dir/H5FDdirect.c.o
[INFO] [stderr]   [ 30%] Building C object src/CMakeFiles/hdf5-static.dir/H5FDfamily.c.o
[INFO] [stderr]   [ 31%] Building C object src/CMakeFiles/hdf5-static.dir/H5FDhdfs.c.o
[INFO] [stderr]   [ 31%] Building C object src/CMakeFiles/hdf5-static.dir/H5FDint.c.o
[INFO] [stderr]   [ 31%] Building C object src/CMakeFiles/hdf5-static.dir/H5FDlog.c.o
[INFO] [stderr]   [ 31%] Building C object src/CMakeFiles/hdf5-static.dir/H5FDmirror.c.o
[INFO] [stderr]   [ 32%] Building C object src/CMakeFiles/hdf5-static.dir/H5FDmpi.c.o
[INFO] [stderr]   [ 32%] Building C object src/CMakeFiles/hdf5-static.dir/H5FDmpio.c.o
[INFO] [stderr]   [ 32%] Building C object src/CMakeFiles/hdf5-static.dir/H5FDmulti.c.o
[INFO] [stderr]   [ 32%] Building C object src/CMakeFiles/hdf5-static.dir/H5FDmulti_int.c.o
[INFO] [stderr]   [ 33%] Building C object src/CMakeFiles/hdf5-static.dir/H5FDonion.c.o
[INFO] [stderr]   [ 33%] Building C object src/CMakeFiles/hdf5-static.dir/H5FDonion_header.c.o
[INFO] [stderr]   [ 33%] Building C object src/CMakeFiles/hdf5-static.dir/H5FDonion_history.c.o
[INFO] [stderr]   [ 34%] Building C object src/CMakeFiles/hdf5-static.dir/H5FDonion_index.c.o
[INFO] [stderr]   [ 34%] Building C object src/CMakeFiles/hdf5-static.dir/H5FDros3.c.o
[INFO] [stderr]   [ 34%] Building C object src/CMakeFiles/hdf5-static.dir/H5FDros3_s3comms.c.o
[INFO] [stderr]   [ 34%] Building C object src/CMakeFiles/hdf5-static.dir/H5FDsec2.c.o
[INFO] [stderr]   [ 35%] Building C object src/CMakeFiles/hdf5-static.dir/H5FDspace.c.o
[INFO] [stderr]   [ 35%] Building C object src/CMakeFiles/hdf5-static.dir/H5FDsplitter.c.o
[INFO] [stderr]   [ 35%] Building C object src/CMakeFiles/hdf5-static.dir/H5FDstdio.c.o
[INFO] [stderr]   [ 35%] Building C object src/CMakeFiles/hdf5-static.dir/H5FDstdio_int.c.o
[INFO] [stderr]   [ 36%] Building C object src/CMakeFiles/hdf5-static.dir/H5FDtest.c.o
[INFO] [stderr]   [ 36%] Building C object src/CMakeFiles/hdf5-static.dir/H5FDwindows.c.o
[INFO] [stderr]   [ 36%] Building C object src/CMakeFiles/hdf5-static.dir/H5FL.c.o
[INFO] [stderr]   [ 36%] Building C object src/CMakeFiles/hdf5-static.dir/H5FO.c.o
[INFO] [stderr]   [ 37%] Building C object src/CMakeFiles/hdf5-static.dir/H5FS.c.o
[INFO] [stderr]   [ 37%] Building C object src/CMakeFiles/hdf5-static.dir/H5FScache.c.o
[INFO] [stderr]   [ 37%] Building C object src/CMakeFiles/hdf5-static.dir/H5FSdbg.c.o
[INFO] [stderr]   [ 38%] Building C object src/CMakeFiles/hdf5-static.dir/H5FSint.c.o
[INFO] [stderr]   [ 38%] Building C object src/CMakeFiles/hdf5-static.dir/H5FSsection.c.o
[INFO] [stderr]   [ 38%] Building C object src/CMakeFiles/hdf5-static.dir/H5FSstat.c.o
[INFO] [stderr]   [ 38%] Building C object src/CMakeFiles/hdf5-static.dir/H5FStest.c.o
[INFO] [stderr]   [ 39%] Building C object src/CMakeFiles/hdf5-static.dir/H5G.c.o
[INFO] [stderr]   [ 39%] Building C object src/CMakeFiles/hdf5-static.dir/H5Gbtree2.c.o
[INFO] [stderr]   [ 39%] Building C object src/CMakeFiles/hdf5-static.dir/H5Gcompact.c.o
[INFO] [stderr]   [ 39%] Building C object src/CMakeFiles/hdf5-static.dir/H5Gcache.c.o
[INFO] [stderr]   [ 40%] Building C object src/CMakeFiles/hdf5-static.dir/H5Gdense.c.o
[INFO] [stderr]   [ 40%] Building C object src/CMakeFiles/hdf5-static.dir/H5Gdeprec.c.o
[INFO] [stderr]   [ 40%] Building C object src/CMakeFiles/hdf5-static.dir/H5Gent.c.o
[INFO] [stderr]   [ 41%] Building C object src/CMakeFiles/hdf5-static.dir/H5Gint.c.o
[INFO] [stderr]   [ 41%] Building C object src/CMakeFiles/hdf5-static.dir/H5Glink.c.o
[INFO] [stderr]   [ 41%] Building C object src/CMakeFiles/hdf5-static.dir/H5Gloc.c.o
[INFO] [stderr]   [ 41%] Building C object src/CMakeFiles/hdf5-static.dir/H5Gname.c.o
[INFO] [stderr]   [ 42%] Building C object src/CMakeFiles/hdf5-static.dir/H5Gnode.c.o
[INFO] [stderr]   [ 42%] Building C object src/CMakeFiles/hdf5-static.dir/H5Gobj.c.o
[INFO] [stderr]   [ 42%] Building C object src/CMakeFiles/hdf5-static.dir/H5Goh.c.o
[INFO] [stderr]   [ 42%] Building C object src/CMakeFiles/hdf5-static.dir/H5Groot.c.o
[INFO] [stderr]   [ 43%] Building C object src/CMakeFiles/hdf5-static.dir/H5Gstab.c.o
[INFO] [stderr]   [ 43%] Building C object src/CMakeFiles/hdf5-static.dir/H5Gtest.c.o
[INFO] [stderr]   [ 43%] Building C object src/CMakeFiles/hdf5-static.dir/H5Gtraverse.c.o
[INFO] [stderr]   [ 43%] Building C object src/CMakeFiles/hdf5-static.dir/H5HF.c.o
[INFO] [stderr]   [ 44%] Building C object src/CMakeFiles/hdf5-static.dir/H5HFbtree2.c.o
[INFO] [stderr]   [ 44%] Building C object src/CMakeFiles/hdf5-static.dir/H5HFcache.c.o
[INFO] [stderr]   [ 44%] Building C object src/CMakeFiles/hdf5-static.dir/H5HFdbg.c.o
[INFO] [stderr]   [ 45%] Building C object src/CMakeFiles/hdf5-static.dir/H5HFdblock.c.o
[INFO] [stderr]   [ 45%] Building C object src/CMakeFiles/hdf5-static.dir/H5HFdtable.c.o
[INFO] [stderr]   [ 45%] Building C object src/CMakeFiles/hdf5-static.dir/H5HFhdr.c.o
[INFO] [stderr]   [ 45%] Building C object src/CMakeFiles/hdf5-static.dir/H5HFhuge.c.o
[INFO] [stderr]   [ 46%] Building C object src/CMakeFiles/hdf5-static.dir/H5HFiblock.c.o
[INFO] [stderr]   [ 46%] Building C object src/CMakeFiles/hdf5-static.dir/H5HFiter.c.o
[INFO] [stderr]   [ 46%] Building C object src/CMakeFiles/hdf5-static.dir/H5HFman.c.o
[INFO] [stderr]   [ 46%] Building C object src/CMakeFiles/hdf5-static.dir/H5HFsection.c.o
[INFO] [stderr]   [ 47%] Building C object src/CMakeFiles/hdf5-static.dir/H5HFspace.c.o
[INFO] [stderr]   [ 47%] Building C object src/CMakeFiles/hdf5-static.dir/H5HFstat.c.o
[INFO] [stderr]   [ 47%] Building C object src/CMakeFiles/hdf5-static.dir/H5HFtiny.c.o
[INFO] [stderr]   [ 47%] Building C object src/CMakeFiles/hdf5-static.dir/H5HFtest.c.o
[INFO] [stderr]   [ 48%] Building C object src/CMakeFiles/hdf5-static.dir/H5HG.c.o
[INFO] [stderr]   [ 48%] Building C object src/CMakeFiles/hdf5-static.dir/H5HGcache.c.o
[INFO] [stderr]   [ 48%] Building C object src/CMakeFiles/hdf5-static.dir/H5HGdbg.c.o
[INFO] [stderr]   [ 49%] Building C object src/CMakeFiles/hdf5-static.dir/H5HGquery.c.o
[INFO] [stderr]   [ 49%] Building C object src/CMakeFiles/hdf5-static.dir/H5HL.c.o
[INFO] [stderr]   [ 49%] Building C object src/CMakeFiles/hdf5-static.dir/H5HLcache.c.o
[INFO] [stderr]   [ 49%] Building C object src/CMakeFiles/hdf5-static.dir/H5HLdbg.c.o
[INFO] [stderr]   [ 50%] Building C object src/CMakeFiles/hdf5-static.dir/H5HLdblk.c.o
[INFO] [stderr]   [ 50%] Building C object src/CMakeFiles/hdf5-static.dir/H5HLint.c.o
[INFO] [stderr]   [ 50%] Building C object src/CMakeFiles/hdf5-static.dir/H5HLprfx.c.o
[INFO] [stderr]   [ 50%] Building C object src/CMakeFiles/hdf5-static.dir/H5I.c.o
[INFO] [stderr]   [ 51%] Building C object src/CMakeFiles/hdf5-static.dir/H5Idbg.c.o
[INFO] [stderr]   [ 51%] Building C object src/CMakeFiles/hdf5-static.dir/H5Ideprec.c.o
[INFO] [stderr]   [ 51%] Building C object src/CMakeFiles/hdf5-static.dir/H5Iint.c.o
[INFO] [stderr]   [ 52%] Building C object src/CMakeFiles/hdf5-static.dir/H5Itest.c.o
[INFO] [stderr]   [ 52%] Building C object src/CMakeFiles/hdf5-static.dir/H5L.c.o
[INFO] [stderr]   [ 52%] Building C object src/CMakeFiles/hdf5-static.dir/H5Ldeprec.c.o
[INFO] [stderr]   [ 52%] Building C object src/CMakeFiles/hdf5-static.dir/H5Lexternal.c.o
[INFO] [stderr]   [ 53%] Building C object src/CMakeFiles/hdf5-static.dir/H5Lint.c.o
[INFO] [stderr]   [ 53%] Building C object src/CMakeFiles/hdf5-static.dir/H5M.c.o
[INFO] [stderr]   [ 53%] Building C object src/CMakeFiles/hdf5-static.dir/H5MF.c.o
[INFO] [stderr]   [ 53%] Building C object src/CMakeFiles/hdf5-static.dir/H5MFaggr.c.o
[INFO] [stderr]   [ 54%] Building C object src/CMakeFiles/hdf5-static.dir/H5MFdbg.c.o
[INFO] [stderr]   [ 54%] Building C object src/CMakeFiles/hdf5-static.dir/H5MFsection.c.o
[INFO] [stderr]   [ 54%] Building C object src/CMakeFiles/hdf5-static.dir/H5MM.c.o
[INFO] [stderr]   [ 54%] Building C object src/CMakeFiles/hdf5-static.dir/H5O.c.o
[INFO] [stderr]   [ 55%] Building C object src/CMakeFiles/hdf5-static.dir/H5Oainfo.c.o
[INFO] [stderr]   [ 55%] Building C object src/CMakeFiles/hdf5-static.dir/H5Oalloc.c.o
[INFO] [stderr]   [ 55%] Building C object src/CMakeFiles/hdf5-static.dir/H5Oattr.c.o
[INFO] [stderr]   [ 55%] Building C object src/CMakeFiles/hdf5-static.dir/H5Obogus.c.o
[INFO] [stderr]   [ 56%] Building C object src/CMakeFiles/hdf5-static.dir/H5Oattribute.c.o
[INFO] [stderr]   [ 56%] Building C object src/CMakeFiles/hdf5-static.dir/H5Obtreek.c.o
[INFO] [stderr]   [ 56%] Building C object src/CMakeFiles/hdf5-static.dir/H5Ocache.c.o
[INFO] [stderr]   [ 57%] Building C object src/CMakeFiles/hdf5-static.dir/H5Ocache_image.c.o
[INFO] [stderr]   [ 57%] Building C object src/CMakeFiles/hdf5-static.dir/H5Ochunk.c.o
[INFO] [stderr]   [ 57%] Building C object src/CMakeFiles/hdf5-static.dir/H5Ocont.c.o
[INFO] [stderr]   [ 57%] Building C object src/CMakeFiles/hdf5-static.dir/H5Ocopy.c.o
[INFO] [stderr]   [ 58%] Building C object src/CMakeFiles/hdf5-static.dir/H5Ocopy_ref.c.o
[INFO] [stderr]   [ 58%] Building C object src/CMakeFiles/hdf5-static.dir/H5Odbg.c.o
[INFO] [stderr]   [ 58%] Building C object src/CMakeFiles/hdf5-static.dir/H5Odeleted.c.o
[INFO] [stderr]   [ 58%] Building C object src/CMakeFiles/hdf5-static.dir/H5Odeprec.c.o
[INFO] [stderr]   [ 59%] Building C object src/CMakeFiles/hdf5-static.dir/H5Odrvinfo.c.o
[INFO] [stderr]   [ 59%] Building C object src/CMakeFiles/hdf5-static.dir/H5Odtype.c.o
[INFO] [stderr]   [ 59%] Building C object src/CMakeFiles/hdf5-static.dir/H5Oefl.c.o
[INFO] [stderr]   [ 60%] Building C object src/CMakeFiles/hdf5-static.dir/H5Oflush.c.o
[INFO] [stderr]   [ 60%] Building C object src/CMakeFiles/hdf5-static.dir/H5Ofill.c.o
[INFO] [stderr]   [ 60%] Building C object src/CMakeFiles/hdf5-static.dir/H5Ofsinfo.c.o
[INFO] [stderr]   [ 60%] Building C object src/CMakeFiles/hdf5-static.dir/H5Oginfo.c.o
[INFO] [stderr]   [ 61%] Building C object src/CMakeFiles/hdf5-static.dir/H5Oint.c.o
[INFO] [stderr]   [ 61%] Building C object src/CMakeFiles/hdf5-static.dir/H5Olayout.c.o
[INFO] [stderr]   [ 61%] Building C object src/CMakeFiles/hdf5-static.dir/H5Olinfo.c.o
[INFO] [stderr]   [ 61%] Building C object src/CMakeFiles/hdf5-static.dir/H5Olink.c.o
[INFO] [stderr]   [ 62%] Building C object src/CMakeFiles/hdf5-static.dir/H5Omessage.c.o
[INFO] [stderr]   [ 62%] Building C object src/CMakeFiles/hdf5-static.dir/H5Omtime.c.o
[INFO] [stderr]   [ 62%] Building C object src/CMakeFiles/hdf5-static.dir/H5Oname.c.o
[INFO] [stderr]   [ 63%] Building C object src/CMakeFiles/hdf5-static.dir/H5Onull.c.o
[INFO] [stderr]   [ 63%] Building C object src/CMakeFiles/hdf5-static.dir/H5Opline.c.o
[INFO] [stderr]   [ 63%] Building C object src/CMakeFiles/hdf5-static.dir/H5Orefcount.c.o
[INFO] [stderr]   [ 63%] Building C object src/CMakeFiles/hdf5-static.dir/H5Osdspace.c.o
[INFO] [stderr]   [ 64%] Building C object src/CMakeFiles/hdf5-static.dir/H5Oshared.c.o
[INFO] [stderr]   [ 64%] Building C object src/CMakeFiles/hdf5-static.dir/H5Oshmesg.c.o
[INFO] [stderr]   [ 64%] Building C object src/CMakeFiles/hdf5-static.dir/H5Ostab.c.o
[INFO] [stderr]   [ 64%] Building C object src/CMakeFiles/hdf5-static.dir/H5Otest.c.o
[INFO] [stderr]   [ 65%] Building C object src/CMakeFiles/hdf5-static.dir/H5Ounknown.c.o
[INFO] [stderr]   [ 65%] Building C object src/CMakeFiles/hdf5-static.dir/H5P.c.o
[INFO] [stderr]   [ 65%] Building C object src/CMakeFiles/hdf5-static.dir/H5Pacpl.c.o
[INFO] [stderr]   [ 65%] Building C object src/CMakeFiles/hdf5-static.dir/H5Pdapl.c.o
[INFO] [stderr]   [ 66%] Building C object src/CMakeFiles/hdf5-static.dir/H5Pdcpl.c.o
[INFO] [stderr]   [ 66%] Building C object src/CMakeFiles/hdf5-static.dir/H5Pdeprec.c.o
[INFO] [stderr]   [ 66%] Building C object src/CMakeFiles/hdf5-static.dir/H5Pdxpl.c.o
[INFO] [stderr]   [ 67%] Building C object src/CMakeFiles/hdf5-static.dir/H5Pencdec.c.o
[INFO] [stderr]   [ 67%] Building C object src/CMakeFiles/hdf5-static.dir/H5Pfapl.c.o
[INFO] [stderr]   [ 67%] Building C object src/CMakeFiles/hdf5-static.dir/H5Pfcpl.c.o
[INFO] [stderr]   [ 67%] Building C object src/CMakeFiles/hdf5-static.dir/H5Pfmpl.c.o
[INFO] [stderr]   [ 68%] Building C object src/CMakeFiles/hdf5-static.dir/H5Pgcpl.c.o
[INFO] [stderr]   [ 68%] Building C object src/CMakeFiles/hdf5-static.dir/H5Pint.c.o
[INFO] [stderr]   [ 68%] Building C object src/CMakeFiles/hdf5-static.dir/H5Plapl.c.o
[INFO] [stderr]   [ 68%] Building C object src/CMakeFiles/hdf5-static.dir/H5Plcpl.c.o
[INFO] [stderr]   [ 69%] Building C object src/CMakeFiles/hdf5-static.dir/H5Pmapl.c.o
[INFO] [stderr]   [ 69%] Building C object src/CMakeFiles/hdf5-static.dir/H5Pmcpl.c.o
[INFO] [stderr]   [ 69%] Building C object src/CMakeFiles/hdf5-static.dir/H5Pocpl.c.o
[INFO] [stderr]   [ 69%] Building C object src/CMakeFiles/hdf5-static.dir/H5Pocpypl.c.o
[INFO] [stderr]   [ 70%] Building C object src/CMakeFiles/hdf5-static.dir/H5Pstrcpl.c.o
[INFO] [stderr]   [ 70%] Building C object src/CMakeFiles/hdf5-static.dir/H5Ptest.c.o
[INFO] [stderr]   [ 70%] Building C object src/CMakeFiles/hdf5-static.dir/H5PB.c.o
[INFO] [stderr]   [ 71%] Building C object src/CMakeFiles/hdf5-static.dir/H5PL.c.o
[INFO] [stderr]   [ 71%] Building C object src/CMakeFiles/hdf5-static.dir/H5PLint.c.o
[INFO] [stderr]   [ 71%] Building C object src/CMakeFiles/hdf5-static.dir/H5PLpath.c.o
[INFO] [stderr]   [ 71%] Building C object src/CMakeFiles/hdf5-static.dir/H5PLplugin_cache.c.o
[INFO] [stderr]   [ 72%] Building C object src/CMakeFiles/hdf5-static.dir/H5R.c.o
[INFO] [stderr]   [ 72%] Building C object src/CMakeFiles/hdf5-static.dir/H5Rdeprec.c.o
[INFO] [stderr]   [ 72%] Building C object src/CMakeFiles/hdf5-static.dir/H5Rint.c.o
[INFO] [stderr]   [ 72%] Building C object src/CMakeFiles/hdf5-static.dir/H5UC.c.o
[INFO] [stderr]   [ 73%] Building C object src/CMakeFiles/hdf5-static.dir/H5RS.c.o
[INFO] [stderr]   [ 73%] Building C object src/CMakeFiles/hdf5-static.dir/H5RT.c.o
[INFO] [stderr]   [ 73%] Building C object src/CMakeFiles/hdf5-static.dir/H5S.c.o
[INFO] [stderr]   [ 73%] Building C object src/CMakeFiles/hdf5-static.dir/H5Sall.c.o
[INFO] [stderr]   [ 74%] Building C object src/CMakeFiles/hdf5-static.dir/H5Sdbg.c.o
[INFO] [stderr]   [ 74%] Building C object src/CMakeFiles/hdf5-static.dir/H5Sdeprec.c.o
[INFO] [stderr]   [ 75%] Building C object src/CMakeFiles/hdf5-static.dir/H5Smpio.c.o
[INFO] [stderr]   [ 75%] Building C object src/CMakeFiles/hdf5-static.dir/H5Shyper.c.o
[INFO] [stderr]   [ 75%] Building C object src/CMakeFiles/hdf5-static.dir/H5Snone.c.o
[INFO] [stderr]   [ 75%] Building C object src/CMakeFiles/hdf5-static.dir/H5Spoint.c.o
[INFO] [stderr]   [ 75%] Building C object src/CMakeFiles/hdf5-static.dir/H5Sselect.c.o
[INFO] [stderr]   [ 76%] Building C object src/CMakeFiles/hdf5-static.dir/H5Stest.c.o
[INFO] [stderr]   [ 76%] Building C object src/CMakeFiles/hdf5-static.dir/H5SL.c.o
[INFO] [stderr]   [ 76%] Building C object src/CMakeFiles/hdf5-static.dir/H5SM.c.o
[INFO] [stderr]   [ 76%] Building C object src/CMakeFiles/hdf5-static.dir/H5SMbtree2.c.o
[INFO] [stderr]   [ 77%] Building C object src/CMakeFiles/hdf5-static.dir/H5SMcache.c.o
[INFO] [stderr]   [ 77%] Building C object src/CMakeFiles/hdf5-static.dir/H5SMmessage.c.o
[INFO] [stderr]   [ 77%] Building C object src/CMakeFiles/hdf5-static.dir/H5SMtest.c.o
[INFO] [stderr]   [ 78%] Building C object src/CMakeFiles/hdf5-static.dir/H5T.c.o
[INFO] [stderr]   [ 78%] Building C object src/CMakeFiles/hdf5-static.dir/H5Tarray.c.o
[INFO] [stderr]   [ 78%] Building C object src/CMakeFiles/hdf5-static.dir/H5Tbit.c.o
[INFO] [stderr]   [ 78%] Building C object src/CMakeFiles/hdf5-static.dir/H5Tcommit.c.o
[INFO] [stderr]   [ 79%] Building C object src/CMakeFiles/hdf5-static.dir/H5Tcomplex.c.o
[INFO] [stderr]   [ 79%] Building C object src/CMakeFiles/hdf5-static.dir/H5Tcompound.c.o
[INFO] [stderr]   [ 79%] Building C object src/CMakeFiles/hdf5-static.dir/H5Tconv.c.o
[INFO] [stderr]   [ 79%] Building C object src/CMakeFiles/hdf5-static.dir/H5Tconv_array.c.o
[INFO] [stderr]   [ 80%] Building C object src/CMakeFiles/hdf5-static.dir/H5Tconv_bitfield.c.o
[INFO] [stderr]   [ 80%] Building C object src/CMakeFiles/hdf5-static.dir/H5Tconv_complex.c.o
[INFO] [stderr]   [ 80%] Building C object src/CMakeFiles/hdf5-static.dir/H5Tconv_compound.c.o
[INFO] [stderr]   [ 80%] Building C object src/CMakeFiles/hdf5-static.dir/H5Tconv_enum.c.o
[INFO] [stderr]   [ 81%] Building C object src/CMakeFiles/hdf5-static.dir/H5Tconv_float.c.o
[INFO] [stderr]   [ 81%] Building C object src/CMakeFiles/hdf5-static.dir/H5Tconv_integer.c.o
[INFO] [stderr]   [ 81%] Building C object src/CMakeFiles/hdf5-static.dir/H5Tconv_reference.c.o
[INFO] [stderr]   [ 82%] Building C object src/CMakeFiles/hdf5-static.dir/H5Tconv_string.c.o
[INFO] [stderr]   [ 82%] Building C object src/CMakeFiles/hdf5-static.dir/H5Tconv_vlen.c.o
[INFO] [stderr]   [ 82%] Building C object src/CMakeFiles/hdf5-static.dir/H5Tcset.c.o
[INFO] [stderr]   [ 83%] Building C object src/CMakeFiles/hdf5-static.dir/H5Tdeprec.c.o
[INFO] [stderr]   [ 83%] Building C object src/CMakeFiles/hdf5-static.dir/H5Tdbg.c.o
[INFO] [stderr]   [ 83%] Building C object src/CMakeFiles/hdf5-static.dir/H5Tenum.c.o
[INFO] [stderr]   [ 83%] Building C object src/CMakeFiles/hdf5-static.dir/H5Tfields.c.o
[INFO] [stderr]   [ 83%] Building C object src/CMakeFiles/hdf5-static.dir/H5Tfixed.c.o
[INFO] [stderr]   [ 84%] Building C object src/CMakeFiles/hdf5-static.dir/H5Tfloat.c.o
[INFO] [stderr]   [ 84%] Building C object src/CMakeFiles/hdf5-static.dir/H5Tinit_float.c.o
[INFO] [stderr]   [ 84%] Building C object src/CMakeFiles/hdf5-static.dir/H5Tnative.c.o
[INFO] [stderr] 
[INFO] [stderr]   --- stderr
[INFO] [stderr]   running: cd "/opt/rustwide/target/debug/build/hdf5-metno-src/08f9ab6fecc8a06d/out/build" && CMAKE_PREFIX_PATH="" LC_ALL="C" "cmake" "/opt/rustwide/cargo-home/registry/src/index.crates.io-1949cf8c6b5b557f/hdf5-metno-src-0.10.2/ext/hdf5" "-B" "/opt/rustwide/target/debug/build/hdf5-metno-src/08f9ab6fecc8a06d/out/build" "-DHDF5_NO_PACKAGES=ON" "-DBUILD_SHARED_LIBS=OFF" "-DBUILD_TESTING=OFF" "-DHDF5_BUILD_TOOLS=OFF" "-DHDF5_BUILD_EXAMPLES=OFF" "-DHDF5_BUILD_JAVA=OFF" "-DHDF5_BUILD_FORTRAN=OFF" "-DHDF5_BUILD_CPP_LIB=OFF" "-DHDF5_BUILD_UTILS=OFF" "-DHDF5_ENABLE_PARALLEL=OFF" "-DHDF5_ENABLE_NONSTANDARD_FEATURES=OFF" "-DHDF5_ENABLE_DEPRECATED_SYMBOLS=OFF" "-DHDF5_ENABLE_THREADSAFE=OFF" "-DHDF5_ALLOW_UNSUPPORTED=OFF" "-DHDF5_BUILD_HL_LIB=OFF" "-DHDF5_ENABLE_NONSTANDARD_FEATURE_FLOAT16=OFF" "-DHDF5_ENABLE_SZIP_SUPPORT=OFF" "-DHDF5_ENABLE_ZLIB_SUPPORT=ON" "-DH5_ZLIB_HEADER=/opt/rustwide/target/debug/build/libz-sys/5473484795a2b766/out/include/zlib.h" "-DZLIB_STATIC_LIBRARY=z" "-DHDF5_ENABLE_THREADSAFE=ON" "-DTEST_LFS_WORKS_RUN=OFF" "-DH5_PRINTF_LL_TEST_RUN=OFF" "-DH5_PRINTF_LL_TEST_RUN__TRYRUN_OUTPUT=OFF" "-DH5_LDOUBLE_TO_LONG_SPECIAL_RUN=OFF" "-DH5_LDOUBLE_TO_LONG_SPECIAL_RUN__TRYRUN_OUTPUT=OFF" "-DH5_LONG_TO_LDOUBLE_SPECIAL_RUN=OFF" "-DH5_LONG_TO_LDOUBLE_SPECIAL_RUN__TRYRUN_OUTPUT=OFF" "-DH5_LDOUBLE_TO_LLONG_ACCURATE_RUN=OFF" "-DH5_LDOUBLE_TO_LLONG_ACCURATE_RUN__TRYRUN_OUTPUT=OFF" "-DH5_LLONG_TO_LDOUBLE_CORRECT_RUN=OFF" "-DH5_LLONG_TO_LDOUBLE_CORRECT_RUN__TRYRUN_OUTPUT=OFF" "-DH5_DISABLE_SOME_LDOUBLE_CONV_RUN=OFF" "-DH5_DISABLE_SOME_LDOUBLE_CONV_RUN__TRYRUN_OUTPUT=OFF" "-DH5_NO_ALIGNMENT_RESTRICTIONS_RUN=OFF" "-DH5_NO_ALIGNMENT_RESTRICTIONS_RUN__TRYRUN_OUTPUT=OFF" "-DCMAKE_INSTALL_PREFIX=/opt/rustwide/target/debug/build/hdf5-metno-src/08f9ab6fecc8a06d/out" "-DCMAKE_C_FLAGS= -ffunction-sections -fdata-sections -fPIC -m64 -w" "-DCMAKE_C_COMPILER=/usr/bin/cc" "-DCMAKE_CXX_FLAGS= -ffunction-sections -fdata-sections -fPIC -m64 -w" "-DCMAKE_CXX_COMPILER=/usr/bin/c++" "-DCMAKE_ASM_FLAGS= -ffunction-sections -fdata-sections -fPIC -m64 -w" "-DCMAKE_ASM_COMPILER=/usr/bin/cc" "-DCMAKE_BUILD_TYPE=Debug"
[INFO] [stderr]   CMake Warning:
[INFO] [stderr]     Manually-specified variables were not used by the project:
[INFO] [stderr] 
[INFO] [stderr]       CMAKE_ASM_COMPILER
[INFO] [stderr]       CMAKE_ASM_FLAGS
[INFO] [stderr]       H5_DISABLE_SOME_LDOUBLE_CONV_RUN__TRYRUN_OUTPUT
[INFO] [stderr]       H5_LDOUBLE_TO_LLONG_ACCURATE_RUN__TRYRUN_OUTPUT
[INFO] [stderr]       H5_LDOUBLE_TO_LONG_SPECIAL_RUN__TRYRUN_OUTPUT
[INFO] [stderr]       H5_LLONG_TO_LDOUBLE_CORRECT_RUN__TRYRUN_OUTPUT
[INFO] [stderr]       H5_LONG_TO_LDOUBLE_SPECIAL_RUN__TRYRUN_OUTPUT
[INFO] [stderr]       H5_NO_ALIGNMENT_RESTRICTIONS_RUN
[INFO] [stderr]       H5_NO_ALIGNMENT_RESTRICTIONS_RUN__TRYRUN_OUTPUT
[INFO] [stderr]       H5_PRINTF_LL_TEST_RUN
[INFO] [stderr]       H5_PRINTF_LL_TEST_RUN__TRYRUN_OUTPUT
[INFO] [stderr]       TEST_LFS_WORKS_RUN
[INFO] [stderr]       ZLIB_STATIC_LIBRARY
[INFO] [stderr] 
[INFO] [stderr] 
[INFO] [stderr]   running: cd "/opt/rustwide/target/debug/build/hdf5-metno-src/08f9ab6fecc8a06d/out/build" && LC_ALL="C" MAKEFLAGS="-j --jobserver-fds=4,5 --jobserver-auth=4,5" "cmake" "--build" "/opt/rustwide/target/debug/build/hdf5-metno-src/08f9ab6fecc8a06d/out/build" "--target" "install" "--config" "Debug"
[INFO] [stderr]   cc: fatal error: Killed signal terminated program cc1
[INFO] [stderr]   compilation terminated.
[INFO] [stderr]   gmake[2]: *** [src/CMakeFiles/hdf5-static.dir/build.make:4307: src/CMakeFiles/hdf5-static.dir/H5Tconv_float.c.o] Error 1
[INFO] [stderr]   gmake[2]: *** Waiting for unfinished jobs....
[INFO] [stderr]   cc: fatal error: Killed signal terminated program cc1
[INFO] [stderr]   compilation terminated.
[INFO] [stderr]   gmake[2]: *** [src/CMakeFiles/hdf5-static.dir/build.make:4321: src/CMakeFiles/hdf5-static.dir/H5Tconv_integer.c.o] Error 1
[INFO] [stderr]   cc: fatal error: Killed signal terminated program cc1
[INFO] [stderr]   compilation terminated.
[INFO] [stderr]   gmake[2]: *** [src/CMakeFiles/hdf5-static.dir/build.make:4265: src/CMakeFiles/hdf5-static.dir/H5Tconv_complex.c.o] Error 1
[INFO] [stderr]   gmake[1]: *** [CMakeFiles/Makefile2:151: src/CMakeFiles/hdf5-static.dir/all] Error 2
[INFO] [stderr]   gmake: *** [Makefile:136: all] Error 2
[INFO] [stderr] 
[INFO] [stderr]   thread 'main' (3784) panicked at /opt/rustwide/cargo-home/registry/src/index.crates.io-1949cf8c6b5b557f/cmake-0.1.58/src/lib.rs:1132:5:
[INFO] [stderr] 
[INFO] [stderr]   command did not execute successfully, got: exit status: 2
[INFO] [stderr] 
[INFO] [stderr]   build script failed, must exit now
[INFO] [stderr]   stack backtrace:
[INFO] [stderr]      0:     0x59ba2d8d6191 - std[617be2ca0a6fd877]::backtrace_rs::backtrace::libunwind::trace
[INFO] [stderr]                                  at /rustc/e3feeb59cd1bdd011a2bfcc0747b55125d9b8527/library/std/src/../../backtrace/src/backtrace/libunwind.rs:117:9
[INFO] [stderr]      1:     0x59ba2d8d6191 - std[617be2ca0a6fd877]::backtrace_rs::backtrace::trace_unsynchronized::<std[617be2ca0a6fd877]::sys::backtrace::_print_fmt::{closure#1}>
[INFO] [stderr]                                  at /rustc/e3feeb59cd1bdd011a2bfcc0747b55125d9b8527/library/std/src/../../backtrace/src/backtrace/mod.rs:66:14
[INFO] [stderr]      2:     0x59ba2d8d6191 - std[617be2ca0a6fd877]::sys::backtrace::_print_fmt
[INFO] [stderr]                                  at /rustc/e3feeb59cd1bdd011a2bfcc0747b55125d9b8527/library/std/src/sys/backtrace.rs:74:9
[INFO] [stderr]      3:     0x59ba2d8d6191 - <<std[617be2ca0a6fd877]::sys::backtrace::BacktraceLock>::print::DisplayBacktrace as core[a373ad73a504971]::fmt::Display>::fmt
[INFO] [stderr]                                  at /rustc/e3feeb59cd1bdd011a2bfcc0747b55125d9b8527/library/std/src/sys/backtrace.rs:44:26
[INFO] [stderr]      4:     0x59ba2d8ea07a - <core[a373ad73a504971]::fmt::rt::Argument>::fmt
[INFO] [stderr]                                  at /rustc/e3feeb59cd1bdd011a2bfcc0747b55125d9b8527/library/core/src/fmt/rt.rs:152:76
[INFO] [stderr]      5:     0x59ba2d8ea07a - core[a373ad73a504971]::fmt::write
[INFO] [stderr]      6:     0x59ba2d8db8cc - core[a373ad73a504971]::io::write::default_write_fmt::<std[617be2ca0a6fd877]::sys::stdio::unix::Stderr>
[INFO] [stderr]                                  at /rustc/e3feeb59cd1bdd011a2bfcc0747b55125d9b8527/library/core/src/io/write.rs:402:11
[INFO] [stderr]      7:     0x59ba2d8db8cc - <std[617be2ca0a6fd877]::sys::stdio::unix::Stderr as core[a373ad73a504971]::io::write::Write>::write_fmt
[INFO] [stderr]                                  at /rustc/e3feeb59cd1bdd011a2bfcc0747b55125d9b8527/library/core/src/io/write.rs:335:13
[INFO] [stderr]      8:     0x59ba2d8b4f96 - <std[617be2ca0a6fd877]::sys::backtrace::BacktraceLock>::print
[INFO] [stderr]                                  at /rustc/e3feeb59cd1bdd011a2bfcc0747b55125d9b8527/library/std/src/sys/backtrace.rs:47:9
[INFO] [stderr]      9:     0x59ba2d8b4f96 - std[617be2ca0a6fd877]::panicking::default_hook::{closure#0}
[INFO] [stderr]                                  at /rustc/e3feeb59cd1bdd011a2bfcc0747b55125d9b8527/library/std/src/panicking.rs:289:27
[INFO] [stderr]     10:     0x59ba2d8d0eb1 - std[617be2ca0a6fd877]::panicking::default_hook
[INFO] [stderr]                                  at /rustc/e3feeb59cd1bdd011a2bfcc0747b55125d9b8527/library/std/src/panicking.rs:316:9
[INFO] [stderr]     11:     0x59ba2d8d106b - std[617be2ca0a6fd877]::panicking::panic_with_hook
[INFO] [stderr]                                  at /rustc/e3feeb59cd1bdd011a2bfcc0747b55125d9b8527/library/std/src/panicking.rs:811:13
[INFO] [stderr]     12:     0x59ba2d8b5042 - std[617be2ca0a6fd877]::panicking::panic_handler::{closure#0}
[INFO] [stderr]                                  at /rustc/e3feeb59cd1bdd011a2bfcc0747b55125d9b8527/library/std/src/panicking.rs:685:13
[INFO] [stderr]     13:     0x59ba2d8adce9 - std[617be2ca0a6fd877]::sys::backtrace::__rust_end_short_backtrace::<std[617be2ca0a6fd877]::panicking::panic_handler::{closure#0}, !>
[INFO] [stderr]                                  at /rustc/e3feeb59cd1bdd011a2bfcc0747b55125d9b8527/library/std/src/sys/backtrace.rs:182:18
[INFO] [stderr]     14:     0x59ba2d8b582d - __rustc[ea4f61d10b84890b]::rust_begin_unwind
[INFO] [stderr]                                  at /rustc/e3feeb59cd1bdd011a2bfcc0747b55125d9b8527/library/std/src/panicking.rs:676:5
[INFO] [stderr]     15:     0x59ba2d8ea86c - core[a373ad73a504971]::panicking::panic_fmt
[INFO] [stderr]                                  at /rustc/e3feeb59cd1bdd011a2bfcc0747b55125d9b8527/library/core/src/panicking.rs:80:14
[INFO] [stderr]     16:     0x59ba2d8388d7 - cmake[df49b55aa74f0fe2]::fail
[INFO] [stderr]     17:     0x59ba2d838563 - cmake[df49b55aa74f0fe2]::run
[INFO] [stderr]     18:     0x59ba2d83e535 - <cmake[df49b55aa74f0fe2]::Config>::build
[INFO] [stderr]     19:     0x59ba2d82a767 - build_script_build[f646c4b247afeb5f]::main
[INFO] [stderr]     20:     0x59ba2d82b2fb - <fn() as core[a373ad73a504971]::ops::function::FnOnce<()>>::call_once
[INFO] [stderr]     21:     0x59ba2d829826 - std[617be2ca0a6fd877]::sys::backtrace::__rust_begin_short_backtrace::<fn(), ()>
[INFO] [stderr]     22:     0x59ba2d829839 - std[617be2ca0a6fd877]::rt::lang_start::<()>::{closure#0}
[INFO] [stderr]     23:     0x59ba2d8d01b8 - <&dyn core[a373ad73a504971]::ops::function::Fn<(), Output = i32> + core[a373ad73a504971]::marker::Sync + core[a373ad73a504971]::panic::unwind_safe::RefUnwindSafe as core[a373ad73a504971]::ops::function::FnOnce<()>>::call_once
[INFO] [stderr]                                  at /rustc/e3feeb59cd1bdd011a2bfcc0747b55125d9b8527/library/core/src/ops/function.rs:287:21
[INFO] [stderr]     24:     0x59ba2d8d01b8 - std[617be2ca0a6fd877]::panicking::catch_unwind::do_call::<&dyn core[a373ad73a504971]::ops::function::Fn<(), Output = i32> + core[a373ad73a504971]::marker::Sync + core[a373ad73a504971]::panic::unwind_safe::RefUnwindSafe, i32>
[INFO] [stderr]                                  at /rustc/e3feeb59cd1bdd011a2bfcc0747b55125d9b8527/library/std/src/panicking.rs:573:43
[INFO] [stderr]     25:     0x59ba2d8d01b8 - std[617be2ca0a6fd877]::panicking::catch_unwind::<i32, &dyn core[a373ad73a504971]::ops::function::Fn<(), Output = i32> + core[a373ad73a504971]::marker::Sync + core[a373ad73a504971]::panic::unwind_safe::RefUnwindSafe>
[INFO] [stderr]                                  at /rustc/e3feeb59cd1bdd011a2bfcc0747b55125d9b8527/library/std/src/panicking.rs:541:19
[INFO] [stderr]     26:     0x59ba2d8d01b8 - std[617be2ca0a6fd877]::panic::catch_unwind::<&dyn core[a373ad73a504971]::ops::function::Fn<(), Output = i32> + core[a373ad73a504971]::marker::Sync + core[a373ad73a504971]::panic::unwind_safe::RefUnwindSafe, i32>
[INFO] [stderr]                                  at /rustc/e3feeb59cd1bdd011a2bfcc0747b55125d9b8527/library/std/src/panic.rs:359:14
[INFO] [stderr]     27:     0x59ba2d8d01b8 - std[617be2ca0a6fd877]::rt::lang_start_internal::{closure#0}
[INFO] [stderr]                                  at /rustc/e3feeb59cd1bdd011a2bfcc0747b55125d9b8527/library/std/src/rt.rs:175:24
[INFO] [stderr]     28:     0x59ba2d8d01b8 - std[617be2ca0a6fd877]::panicking::catch_unwind::do_call::<std[617be2ca0a6fd877]::rt::lang_start_internal::{closure#0}, isize>
[INFO] [stderr]                                  at /rustc/e3feeb59cd1bdd011a2bfcc0747b55125d9b8527/library/std/src/panicking.rs:573:43
[INFO] [stderr]     29:     0x59ba2d8d01b8 - std[617be2ca0a6fd877]::panicking::catch_unwind::<isize, std[617be2ca0a6fd877]::rt::lang_start_internal::{closure#0}>
[INFO] [stderr]                                  at /rustc/e3feeb59cd1bdd011a2bfcc0747b55125d9b8527/library/std/src/panicking.rs:541:19
[INFO] [stderr]     30:     0x59ba2d8d01b8 - std[617be2ca0a6fd877]::panic::catch_unwind::<std[617be2ca0a6fd877]::rt::lang_start_internal::{closure#0}, isize>
[INFO] [stderr]                                  at /rustc/e3feeb59cd1bdd011a2bfcc0747b55125d9b8527/library/std/src/panic.rs:359:14
[INFO] [stderr]     31:     0x59ba2d8d01b8 - std[617be2ca0a6fd877]::rt::lang_start_internal
[INFO] [stderr]                                  at /rustc/e3feeb59cd1bdd011a2bfcc0747b55125d9b8527/library/std/src/rt.rs:171:5
[INFO] [stderr]     32:     0x59ba2d829321 - std[617be2ca0a6fd877]::rt::lang_start::<()>
[INFO] [stderr]     33:     0x59ba2d82b365 - main
[INFO] [stderr]     34:     0x76e232080601 - <unknown>
[INFO] [stderr]     35:     0x76e232080718 - __libc_start_main
[INFO] [stderr]     36:     0x59ba2d8282c5 - _start
[INFO] [stderr]     37:                0x0 - <unknown>
[INFO] running `Command { std: "docker" "inspect" "312cbf4181802226dd7572d1b58d81271d365661e466c801485a98aac680e218", kill_on_drop: false }`
[INFO] running `Command { std: "docker" "rm" "-f" "312cbf4181802226dd7572d1b58d81271d365661e466c801485a98aac680e218", kill_on_drop: false }`
[INFO] [stdout] 312cbf4181802226dd7572d1b58d81271d365661e466c801485a98aac680e218
