[INFO] fetching crate simd-bmh 0.1.3...
[INFO] testing simd-bmh-0.1.3 against 1.99.0-beta.8 for beta-1.100-2
[INFO] extracting crate simd-bmh 0.1.3 into /workspace/builds/worker-3-tc1/source
[INFO] started tweaking crates.io crate simd-bmh 0.1.3
[INFO] finished tweaking crates.io crate simd-bmh 0.1.3
[INFO] tweaked toml for crates.io crate simd-bmh 0.1.3 written to /workspace/builds/worker-3-tc1/source/Cargo.toml
[INFO] validating manifest of crates.io crate simd-bmh 0.1.3 on toolchain 1.99.0-beta.8
[INFO] running `Command { std: CARGO_HOME="/workspace/cargo-home" RUSTUP_HOME="/workspace/rustup-home" "/workspace/cargo-home/bin/cargo" "+1.99.0-beta.8" "metadata" "--manifest-path" "Cargo.toml" "--no-deps", kill_on_drop: false }`
[INFO] crate crates.io crate simd-bmh 0.1.3 already has a lockfile, it will not be regenerated
[INFO] running `Command { std: CARGO_HOME="/workspace/cargo-home" RUSTUP_HOME="/workspace/rustup-home" "/workspace/cargo-home/bin/cargo" "+1.99.0-beta.8" "fetch" "--manifest-path" "Cargo.toml", kill_on_drop: false }`
[INFO] [stderr]     Updating crates.io index
[INFO] [stderr]  Downloading crates ...
[INFO] [stderr]   Downloaded unicode-ident v1.0.16
[INFO] [stderr]   Downloaded simd-bmh-macro v0.1.1
[INFO] [stderr]   Downloaded quote v1.0.38
[INFO] [stderr]   Downloaded proc-macro2 v1.0.93
[INFO] [stderr]   Downloaded rand v0.9.0
[INFO] [stderr]   Downloaded wasm-bindgen-macro v0.2.100
[INFO] [stderr]   Downloaded itoa v1.0.14
[INFO] [stderr]   Downloaded wit-bindgen-rt v0.33.0
[INFO] [stderr]   Downloaded winapi-util v0.1.9
[INFO] [stderr]   Downloaded cast v0.3.0
[INFO] [stderr]   Downloaded crunchy v0.2.3
[INFO] [stderr]   Downloaded ciborium-ll v0.2.2
[INFO] [stderr]   Downloaded is-terminal v0.4.15
[INFO] [stderr]   Downloaded hermit-abi v0.4.0
[INFO] [stderr]   Downloaded clap_lex v0.7.4
[INFO] [stderr]   Downloaded wasm-bindgen-shared v0.2.100
[INFO] [stderr]   Downloaded ciborium-io v0.2.2
[INFO] [stderr]   Downloaded plotters-svg v0.3.7
[INFO] [stderr]   Downloaded plotters-backend v0.3.7
[INFO] [stderr]   Downloaded oorandom v11.1.4
[INFO] [stderr]   Downloaded rustversion v1.0.19
[INFO] [stderr]   Downloaded anstyle v1.0.10
[INFO] [stderr]   Downloaded anes v0.1.6
[INFO] [stderr]   Downloaded rand_core v0.9.0
[INFO] [stderr]   Downloaded crossbeam-deque v0.8.6
[INFO] [stderr]   Downloaded ppv-lite86 v0.2.20
[INFO] [stderr]   Downloaded crossbeam-epoch v0.9.18
[INFO] [stderr]   Downloaded wasm-bindgen-macro-support v0.2.100
[INFO] [stderr]   Downloaded wasm-bindgen-backend v0.2.100
[INFO] [stderr]   Downloaded autocfg v1.4.0
[INFO] [stderr]   Downloaded criterion-plot v0.5.0
[INFO] [stderr]   Downloaded ciborium v0.2.2
[INFO] [stderr]   Downloaded getrandom v0.3.1
[INFO] [stderr]   Downloaded bitflags v2.8.0
[INFO] [stderr]   Downloaded zerocopy-derive v0.7.35
[INFO] [stderr]   Downloaded tinytemplate v1.2.1
[INFO] [stderr]   Downloaded ryu v1.0.19
[INFO] [stderr]   Downloaded crossbeam-utils v0.8.21
[INFO] [stderr]   Downloaded wasm-bindgen v0.2.100
[INFO] [stderr]   Downloaded once_cell v1.20.3
[INFO] [stderr]   Downloaded half v2.4.1
[INFO] [stderr]   Downloaded rayon-core v1.12.1
[INFO] [stderr]   Downloaded log v0.4.25
[INFO] [stderr]   Downloaded js-sys v0.3.77
[INFO] [stderr]   Downloaded clap v4.5.29
[INFO] [stderr]   Downloaded serde v1.0.217
[INFO] [stderr]   Downloaded serde_derive v1.0.217
[INFO] [stderr]   Downloaded rayon v1.10.0
[INFO] [stderr]   Downloaded bumpalo v3.17.0
[INFO] [stderr]   Downloaded zerocopy-derive v0.8.18
[INFO] [stderr]   Downloaded criterion v0.5.1
[INFO] [stderr]   Downloaded serde_json v1.0.138
[INFO] [stderr]   Downloaded plotters v0.3.7
[INFO] [stderr]   Downloaded zerocopy v0.7.35
[INFO] [stderr]   Downloaded wasi v0.13.3+wasi-0.2.2
[INFO] [stderr]   Downloaded clap_builder v4.5.29
[INFO] [stderr]   Downloaded zerocopy v0.8.18
[INFO] [stderr]   Downloaded regex-automata v0.4.9
[INFO] [stderr]   Downloaded web-sys v0.3.77
[INFO] [stderr]   Downloaded libc v0.2.169
[INFO] running `Command { std: "docker" "create" "-v" "/var/lib/crater-agent-workspace/builds/worker-3-tc1/source:/opt/rustwide/workdir:ro,Z" "-v" "/var/lib/crater-agent-workspace/builds/worker-3-tc1/target:/opt/rustwide/target:rw,Z" "-v" "/var/lib/crater-agent-workspace/cargo-home:/opt/rustwide/cargo-home:ro,Z" "-v" "/var/lib/crater-agent-workspace/rustup-home:/opt/rustwide/rustup-home:ro,Z" "-m" "1610612736" "--network" "none" "ghcr.io/rust-lang/crates-build-env/linux@sha256:3111399a4047eeb3a02b7a90e478d715f38a8c6669b5c4b49d30a17385265909" "sleep" "infinity", kill_on_drop: false }`
[INFO] [stdout] a56661867725622667853cc16f5392f84f802195b2d8bd97d4850a0ac55525d3
[INFO] running `Command { std: "docker" "start" "a56661867725622667853cc16f5392f84f802195b2d8bd97d4850a0ac55525d3", kill_on_drop: false }`
[INFO] running `Command { std: "docker" "inspect" "a56661867725622667853cc16f5392f84f802195b2d8bd97d4850a0ac55525d3", kill_on_drop: false }`
[INFO] running `Command { std: "docker" "exec" "-e" "SOURCE_DIR=/opt/rustwide/workdir" "-e" "CARGO_HOME=/opt/rustwide/cargo-home" "-e" "RUSTUP_HOME=/opt/rustwide/rustup-home" "-e" "CARGO_TARGET_DIR=/opt/rustwide/target" "-w" "/opt/rustwide/workdir" "--user" "0:0" "a56661867725622667853cc16f5392f84f802195b2d8bd97d4850a0ac55525d3" "/opt/rustwide/cargo-home/bin/cargo" "+1.99.0-beta.8" "metadata" "--no-deps" "--format-version=1", kill_on_drop: false }`
[INFO] running `Command { std: "docker" "inspect" "a56661867725622667853cc16f5392f84f802195b2d8bd97d4850a0ac55525d3", kill_on_drop: false }`
[INFO] running `Command { std: "docker" "exec" "-e" "SOURCE_DIR=/opt/rustwide/workdir" "-e" "CARGO_HOME=/opt/rustwide/cargo-home" "-e" "RUSTUP_HOME=/opt/rustwide/rustup-home" "-e" "CARGO_TARGET_DIR=/opt/rustwide/target" "-e" "CARGO_INCREMENTAL=0" "-e" "RUST_BACKTRACE=full" "-e" "RUSTFLAGS=--cap-lints=warn" "-e" "RUSTDOCFLAGS=--cap-lints=warn" "-w" "/opt/rustwide/workdir" "--user" "0:0" "a56661867725622667853cc16f5392f84f802195b2d8bd97d4850a0ac55525d3" "/opt/rustwide/cargo-home/bin/cargo" "+1.99.0-beta.8" "build" "--frozen" "--message-format=json", kill_on_drop: false }`
[INFO] [stderr]    Compiling proc-macro2 v1.0.93
[INFO] [stderr]    Compiling unicode-ident v1.0.16
[INFO] [stderr]    Compiling quote v1.0.38
[INFO] [stderr]    Compiling syn v2.0.98
[INFO] [stderr]    Compiling simd-bmh-macro v0.1.1
[INFO] [stderr]    Compiling simd-bmh v0.1.3 (/opt/rustwide/workdir)
[INFO] [stdout] error[E0432]: unresolved imports `core::simd::LaneCount`, `core::simd::SupportedLaneCount`
[INFO] [stdout]   --> src/lib.rs:10:44
[INFO] [stdout]    |
[INFO] [stdout] 10 | use core::simd::{Simd, cmp::SimdPartialEq, LaneCount, SupportedLaneCount};
[INFO] [stdout]    |                                            ^^^^^^^^^  ^^^^^^^^^^^^^^^^^^ no `SupportedLaneCount` in `simd`
[INFO] [stdout]    |                                            |
[INFO] [stdout]    |                                            no `LaneCount` in `simd`
[INFO] [stdout] 
[INFO] [stdout] 
[INFO] [stdout] error[E0554]: `#![feature]` may not be used on the beta release channel
[INFO] [stdout]  --> src/lib.rs:2:1
[INFO] [stdout]   |
[INFO] [stdout] 2 | #![feature(portable_simd)]
[INFO] [stdout]   | ^^^^^^^^^^^^^^^^^^^^^^^^^^
[INFO] [stdout] 
[INFO] [stdout] 
[INFO] [stdout] error[E0635]: unknown feature `maybe_uninit_uninit_array`
[INFO] [stdout]  --> src/lib.rs:5:12
[INFO] [stdout]   |
[INFO] [stdout] 5 | #![feature(maybe_uninit_uninit_array)]
[INFO] [stdout]   |            ^^^^^^^^^^^^^^^^^^^^^^^^^
[INFO] [stdout] 
[INFO] [stdout] 
[INFO] [stdout] Some errors have detailed explanations: E0432, E0554, E0635.
[INFO] [stdout] 
[INFO] [stdout] For more information about an error, try `rustc --explain E0432`.
[INFO] [stdout] 
[INFO] [stderr] error: could not compile `simd-bmh` (lib) due to 3 previous errors
[INFO] running `Command { std: "docker" "inspect" "a56661867725622667853cc16f5392f84f802195b2d8bd97d4850a0ac55525d3", kill_on_drop: false }`
[INFO] running `Command { std: "docker" "rm" "-f" "a56661867725622667853cc16f5392f84f802195b2d8bd97d4850a0ac55525d3", kill_on_drop: false }`
[INFO] [stdout] a56661867725622667853cc16f5392f84f802195b2d8bd97d4850a0ac55525d3
