[INFO] fetching crate signal-hook 0.4.4...
[INFO] testing signal-hook-0.4.4 against 1.99.0-beta.8 for beta-1.100-2
[INFO] extracting crate signal-hook 0.4.4 into /workspace/builds/worker-0-tc1/source
[INFO] started tweaking crates.io crate signal-hook 0.4.4
[INFO] removed 0 missing examples
[INFO] removed 0 missing tests
[INFO] finished tweaking crates.io crate signal-hook 0.4.4
[INFO] tweaked toml for crates.io crate signal-hook 0.4.4 written to /workspace/builds/worker-0-tc1/source/Cargo.toml
[INFO] validating manifest of crates.io crate signal-hook 0.4.4 on toolchain 1.99.0-beta.8
[INFO] running `Command { std: CARGO_HOME="/workspace/cargo-home" RUSTUP_HOME="/workspace/rustup-home" "/workspace/cargo-home/bin/cargo" "+1.99.0-beta.8" "metadata" "--manifest-path" "Cargo.toml" "--no-deps", kill_on_drop: false }`
[INFO] crate crates.io crate signal-hook 0.4.4 already has a lockfile, it will not be regenerated
[INFO] running `Command { std: CARGO_HOME="/workspace/cargo-home" RUSTUP_HOME="/workspace/rustup-home" "/workspace/cargo-home/bin/cargo" "+1.99.0-beta.8" "fetch" "--manifest-path" "Cargo.toml", kill_on_drop: false }`
[INFO] running `Command { std: "docker" "create" "-v" "/var/lib/crater-agent-workspace/builds/worker-0-tc1/source:/opt/rustwide/workdir:ro,Z" "-v" "/var/lib/crater-agent-workspace/builds/worker-0-tc1/target:/opt/rustwide/target:rw,Z" "-v" "/var/lib/crater-agent-workspace/cargo-home:/opt/rustwide/cargo-home:ro,Z" "-v" "/var/lib/crater-agent-workspace/rustup-home:/opt/rustwide/rustup-home:ro,Z" "-m" "1610612736" "--network" "none" "ghcr.io/rust-lang/crates-build-env/linux@sha256:3111399a4047eeb3a02b7a90e478d715f38a8c6669b5c4b49d30a17385265909" "sleep" "infinity", kill_on_drop: false }`
[INFO] [stdout] 254bd7c48c80f32bd5b6c6787e19c41574f3bac48d4d49096e0f91e3cd8a9d4a
[INFO] running `Command { std: "docker" "start" "254bd7c48c80f32bd5b6c6787e19c41574f3bac48d4d49096e0f91e3cd8a9d4a", kill_on_drop: false }`
[INFO] running `Command { std: "docker" "inspect" "254bd7c48c80f32bd5b6c6787e19c41574f3bac48d4d49096e0f91e3cd8a9d4a", kill_on_drop: false }`
[INFO] running `Command { std: "docker" "exec" "-e" "SOURCE_DIR=/opt/rustwide/workdir" "-e" "CARGO_HOME=/opt/rustwide/cargo-home" "-e" "RUSTUP_HOME=/opt/rustwide/rustup-home" "-e" "CARGO_TARGET_DIR=/opt/rustwide/target" "-w" "/opt/rustwide/workdir" "--user" "0:0" "254bd7c48c80f32bd5b6c6787e19c41574f3bac48d4d49096e0f91e3cd8a9d4a" "/opt/rustwide/cargo-home/bin/cargo" "+1.99.0-beta.8" "metadata" "--no-deps" "--format-version=1", kill_on_drop: false }`
[INFO] running `Command { std: "docker" "inspect" "254bd7c48c80f32bd5b6c6787e19c41574f3bac48d4d49096e0f91e3cd8a9d4a", kill_on_drop: false }`
[INFO] running `Command { std: "docker" "exec" "-e" "SOURCE_DIR=/opt/rustwide/workdir" "-e" "CARGO_HOME=/opt/rustwide/cargo-home" "-e" "RUSTUP_HOME=/opt/rustwide/rustup-home" "-e" "CARGO_TARGET_DIR=/opt/rustwide/target" "-e" "CARGO_INCREMENTAL=0" "-e" "RUST_BACKTRACE=full" "-e" "RUSTFLAGS=--cap-lints=warn" "-e" "RUSTDOCFLAGS=--cap-lints=warn" "-w" "/opt/rustwide/workdir" "--user" "0:0" "254bd7c48c80f32bd5b6c6787e19c41574f3bac48d4d49096e0f91e3cd8a9d4a" "/opt/rustwide/cargo-home/bin/cargo" "+1.99.0-beta.8" "build" "--frozen" "--message-format=json", kill_on_drop: false }`
[INFO] [stderr]    Compiling signal-hook v0.4.4 (/opt/rustwide/workdir)
[INFO] [stderr]     Finished `dev` profile [unoptimized + debuginfo] target(s) in 0.83s
[INFO] running `Command { std: "docker" "inspect" "254bd7c48c80f32bd5b6c6787e19c41574f3bac48d4d49096e0f91e3cd8a9d4a", kill_on_drop: false }`
[INFO] running `Command { std: "docker" "exec" "-e" "SOURCE_DIR=/opt/rustwide/workdir" "-e" "CARGO_HOME=/opt/rustwide/cargo-home" "-e" "RUSTUP_HOME=/opt/rustwide/rustup-home" "-e" "CARGO_TARGET_DIR=/opt/rustwide/target" "-e" "CARGO_INCREMENTAL=0" "-e" "RUST_BACKTRACE=full" "-e" "RUSTFLAGS=--cap-lints=warn" "-e" "RUSTDOCFLAGS=--cap-lints=warn" "-w" "/opt/rustwide/workdir" "--user" "0:0" "254bd7c48c80f32bd5b6c6787e19c41574f3bac48d4d49096e0f91e3cd8a9d4a" "/opt/rustwide/cargo-home/bin/cargo" "+1.99.0-beta.8" "test" "--frozen" "--no-run" "--message-format=json", kill_on_drop: false }`
[INFO] [stderr]    Compiling signal-hook v0.4.4 (/opt/rustwide/workdir)
[INFO] [stdout] error[E0433]: cannot find module or crate `serial_test` in this scope
[INFO] [stdout]   --> tests/iterator.rs:52:17
[INFO] [stdout]    |
[INFO] [stdout] 52 |     let _lock = serial_test::lock();
[INFO] [stdout]    |                 ^^^^^^^^^^^ use of unresolved module or unlinked crate `serial_test`
[INFO] [stdout]    |
[INFO] [stdout]    = help: if you wanted to use a crate named `serial_test`, use `cargo add serial_test` to add it to your `Cargo.toml`
[INFO] [stdout] 
[INFO] [stdout] 
[INFO] [stdout] error[E0433]: cannot find module or crate `serial_test` in this scope
[INFO] [stdout]   --> tests/iterator.rs:85:17
[INFO] [stdout]    |
[INFO] [stdout] 85 |     let _lock = serial_test::lock();
[INFO] [stdout]    |                 ^^^^^^^^^^^ use of unresolved module or unlinked crate `serial_test`
[INFO] [stdout]    |
[INFO] [stdout]    = help: if you wanted to use a crate named `serial_test`, use `cargo add serial_test` to add it to your `Cargo.toml`
[INFO] [stdout] 
[INFO] [stdout] 
[INFO] [stdout] error[E0433]: cannot find module or crate `serial_test` in this scope
[INFO] [stdout]    --> tests/iterator.rs:151:17
[INFO] [stdout]     |
[INFO] [stdout] 151 |     let _lock = serial_test::lock();
[INFO] [stdout]     |                 ^^^^^^^^^^^ use of unresolved module or unlinked crate `serial_test`
[INFO] [stdout]     |
[INFO] [stdout]     = help: if you wanted to use a crate named `serial_test`, use `cargo add serial_test` to add it to your `Cargo.toml`
[INFO] [stdout] 
[INFO] [stdout] 
[INFO] [stdout] error[E0433]: cannot find module or crate `serial_test` in this scope
[INFO] [stdout]    --> tests/iterator.rs:162:17
[INFO] [stdout]     |
[INFO] [stdout] 162 |     let _lock = serial_test::lock();
[INFO] [stdout]     |                 ^^^^^^^^^^^ use of unresolved module or unlinked crate `serial_test`
[INFO] [stdout]     |
[INFO] [stdout]     = help: if you wanted to use a crate named `serial_test`, use `cargo add serial_test` to add it to your `Cargo.toml`
[INFO] [stdout] 
[INFO] [stdout] 
[INFO] [stdout] error[E0433]: cannot find module or crate `serial_test` in this scope
[INFO] [stdout]    --> tests/iterator.rs:174:17
[INFO] [stdout]     |
[INFO] [stdout] 174 |     let _lock = serial_test::lock();
[INFO] [stdout]     |                 ^^^^^^^^^^^ use of unresolved module or unlinked crate `serial_test`
[INFO] [stdout]     |
[INFO] [stdout]     = help: if you wanted to use a crate named `serial_test`, use `cargo add serial_test` to add it to your `Cargo.toml`
[INFO] [stdout] 
[INFO] [stdout] 
[INFO] [stdout] error[E0433]: cannot find module or crate `serial_test` in this scope
[INFO] [stdout]    --> tests/iterator.rs:186:17
[INFO] [stdout]     |
[INFO] [stdout] 186 |     let _lock = serial_test::lock();
[INFO] [stdout]     |                 ^^^^^^^^^^^ use of unresolved module or unlinked crate `serial_test`
[INFO] [stdout]     |
[INFO] [stdout]     = help: if you wanted to use a crate named `serial_test`, use `cargo add serial_test` to add it to your `Cargo.toml`
[INFO] [stdout] 
[INFO] [stdout] 
[INFO] [stdout] error[E0433]: cannot find module or crate `serial_test` in this scope
[INFO] [stdout]    --> tests/iterator.rs:198:17
[INFO] [stdout]     |
[INFO] [stdout] 198 |     let _lock = serial_test::lock();
[INFO] [stdout]     |                 ^^^^^^^^^^^ use of unresolved module or unlinked crate `serial_test`
[INFO] [stdout]     |
[INFO] [stdout]     = help: if you wanted to use a crate named `serial_test`, use `cargo add serial_test` to add it to your `Cargo.toml`
[INFO] [stdout] 
[INFO] [stdout] 
[INFO] [stdout] error[E0433]: cannot find module or crate `serial_test` in this scope
[INFO] [stdout]    --> tests/iterator.rs:213:17
[INFO] [stdout]     |
[INFO] [stdout] 213 |     let _lock = serial_test::lock();
[INFO] [stdout]     |                 ^^^^^^^^^^^ use of unresolved module or unlinked crate `serial_test`
[INFO] [stdout]     |
[INFO] [stdout]     = help: if you wanted to use a crate named `serial_test`, use `cargo add serial_test` to add it to your `Cargo.toml`
[INFO] [stdout] 
[INFO] [stdout] 
[INFO] [stdout] error[E0433]: cannot find module or crate `serial_test` in this scope
[INFO] [stdout]    --> tests/iterator.rs:225:17
[INFO] [stdout]     |
[INFO] [stdout] 225 |     let _lock = serial_test::lock();
[INFO] [stdout]     |                 ^^^^^^^^^^^ use of unresolved module or unlinked crate `serial_test`
[INFO] [stdout]     |
[INFO] [stdout]     = help: if you wanted to use a crate named `serial_test`, use `cargo add serial_test` to add it to your `Cargo.toml`
[INFO] [stdout] 
[INFO] [stdout] 
[INFO] [stdout] error[E0433]: cannot find module or crate `serial_test` in this scope
[INFO] [stdout]    --> tests/iterator.rs:237:17
[INFO] [stdout]     |
[INFO] [stdout] 237 |     let _lock = serial_test::lock();
[INFO] [stdout]     |                 ^^^^^^^^^^^ use of unresolved module or unlinked crate `serial_test`
[INFO] [stdout]     |
[INFO] [stdout]     = help: if you wanted to use a crate named `serial_test`, use `cargo add serial_test` to add it to your `Cargo.toml`
[INFO] [stdout] 
[INFO] [stdout] 
[INFO] [stdout] error[E0433]: cannot find module or crate `serial_test` in this scope
[INFO] [stdout]    --> tests/iterator.rs:257:17
[INFO] [stdout]     |
[INFO] [stdout] 257 |     let _lock = serial_test::lock();
[INFO] [stdout]     |                 ^^^^^^^^^^^ use of unresolved module or unlinked crate `serial_test`
[INFO] [stdout]     |
[INFO] [stdout]     = help: if you wanted to use a crate named `serial_test`, use `cargo add serial_test` to add it to your `Cargo.toml`
[INFO] [stdout] 
[INFO] [stdout] 
[INFO] [stdout] error[E0433]: cannot find module or crate `serial_test` in this scope
[INFO] [stdout]    --> tests/iterator.rs:266:17
[INFO] [stdout]     |
[INFO] [stdout] 266 |     let _lock = serial_test::lock();
[INFO] [stdout]     |                 ^^^^^^^^^^^ use of unresolved module or unlinked crate `serial_test`
[INFO] [stdout]     |
[INFO] [stdout]     = help: if you wanted to use a crate named `serial_test`, use `cargo add serial_test` to add it to your `Cargo.toml`
[INFO] [stdout] 
[INFO] [stdout] 
[INFO] [stdout] For more information about this error, try `rustc --explain E0433`.
[INFO] [stdout] 
[INFO] [stderr] error: could not compile `signal-hook` (test "iterator") due to 12 previous errors
[INFO] [stderr] warning: build failed, waiting for other jobs to finish...
[INFO] running `Command { std: "docker" "inspect" "254bd7c48c80f32bd5b6c6787e19c41574f3bac48d4d49096e0f91e3cd8a9d4a", kill_on_drop: false }`
[INFO] running `Command { std: "docker" "rm" "-f" "254bd7c48c80f32bd5b6c6787e19c41574f3bac48d4d49096e0f91e3cd8a9d4a", kill_on_drop: false }`
[INFO] [stdout] 254bd7c48c80f32bd5b6c6787e19c41574f3bac48d4d49096e0f91e3cd8a9d4a
