[INFO] fetching crate shiplog-workstreams 0.6.0...
[INFO] testing shiplog-workstreams-0.6.0 against 1.100.0-beta.1 for beta-1.100-2
[INFO] extracting crate shiplog-workstreams 0.6.0 into /workspace/builds/worker-4-tc2/source
[INFO] started tweaking crates.io crate shiplog-workstreams 0.6.0
[INFO] removed 0 missing tests
[INFO] finished tweaking crates.io crate shiplog-workstreams 0.6.0
[INFO] tweaked toml for crates.io crate shiplog-workstreams 0.6.0 written to /workspace/builds/worker-4-tc2/source/Cargo.toml
[INFO] validating manifest of crates.io crate shiplog-workstreams 0.6.0 on toolchain 1.100.0-beta.1
[INFO] running `Command { std: CARGO_HOME="/workspace/cargo-home" RUSTUP_HOME="/workspace/rustup-home" "/workspace/cargo-home/bin/cargo" "+1.100.0-beta.1" "metadata" "--manifest-path" "Cargo.toml" "--no-deps", kill_on_drop: false }`
[INFO] crate crates.io crate shiplog-workstreams 0.6.0 already has a lockfile, it will not be regenerated
[INFO] running `Command { std: CARGO_HOME="/workspace/cargo-home" RUSTUP_HOME="/workspace/rustup-home" "/workspace/cargo-home/bin/cargo" "+1.100.0-beta.1" "fetch" "--manifest-path" "Cargo.toml", kill_on_drop: false }`
[INFO] running `Command { std: "docker" "create" "-v" "/var/lib/crater-agent-workspace/builds/worker-4-tc2/source:/opt/rustwide/workdir:ro,Z" "-v" "/var/lib/crater-agent-workspace/builds/worker-4-tc2/target:/opt/rustwide/target:rw,Z" "-v" "/var/lib/crater-agent-workspace/cargo-home:/opt/rustwide/cargo-home:ro,Z" "-v" "/var/lib/crater-agent-workspace/rustup-home:/opt/rustwide/rustup-home:ro,Z" "-m" "1610612736" "--network" "none" "ghcr.io/rust-lang/crates-build-env/linux@sha256:3111399a4047eeb3a02b7a90e478d715f38a8c6669b5c4b49d30a17385265909" "sleep" "infinity", kill_on_drop: false }`
[INFO] [stdout] 05092ecfeaad5153d40b1f3f9843309652000df5b0b5ed4ca2a284dfb8fe9439
[INFO] running `Command { std: "docker" "start" "05092ecfeaad5153d40b1f3f9843309652000df5b0b5ed4ca2a284dfb8fe9439", kill_on_drop: false }`
[INFO] running `Command { std: "docker" "inspect" "05092ecfeaad5153d40b1f3f9843309652000df5b0b5ed4ca2a284dfb8fe9439", kill_on_drop: false }`
[INFO] running `Command { std: "docker" "exec" "-e" "SOURCE_DIR=/opt/rustwide/workdir" "-e" "CARGO_HOME=/opt/rustwide/cargo-home" "-e" "RUSTUP_HOME=/opt/rustwide/rustup-home" "-e" "CARGO_TARGET_DIR=/opt/rustwide/target" "-w" "/opt/rustwide/workdir" "--user" "0:0" "05092ecfeaad5153d40b1f3f9843309652000df5b0b5ed4ca2a284dfb8fe9439" "/opt/rustwide/cargo-home/bin/cargo" "+1.100.0-beta.1" "metadata" "--no-deps" "--format-version=1", kill_on_drop: false }`
[INFO] running `Command { std: "docker" "inspect" "05092ecfeaad5153d40b1f3f9843309652000df5b0b5ed4ca2a284dfb8fe9439", kill_on_drop: false }`
[INFO] running `Command { std: "docker" "exec" "-e" "SOURCE_DIR=/opt/rustwide/workdir" "-e" "CARGO_HOME=/opt/rustwide/cargo-home" "-e" "RUSTUP_HOME=/opt/rustwide/rustup-home" "-e" "CARGO_TARGET_DIR=/opt/rustwide/target" "-e" "CARGO_INCREMENTAL=0" "-e" "RUST_BACKTRACE=full" "-e" "RUSTFLAGS=--cap-lints=warn" "-e" "RUSTDOCFLAGS=--cap-lints=warn" "-w" "/opt/rustwide/workdir" "--user" "0:0" "05092ecfeaad5153d40b1f3f9843309652000df5b0b5ed4ca2a284dfb8fe9439" "/opt/rustwide/cargo-home/bin/cargo" "+1.100.0-beta.1" "build" "--frozen" "--message-format=json", kill_on_drop: false }`
[INFO] [stderr]    Compiling proc-macro2 v1.0.106
[INFO] [stderr]    Compiling unicode-ident v1.0.23
[INFO] [stderr]    Compiling quote v1.0.45
[INFO] [stderr]    Compiling serde_core v1.0.228
[INFO] [stderr]    Compiling typenum v1.20.0
[INFO] [stderr]    Compiling serde v1.0.228
[INFO] [stderr]    Compiling autocfg v1.5.0
[INFO] [stderr]    Compiling const-oid v0.10.2
[INFO] [stderr]    Compiling zmij v1.0.20
[INFO] [stderr]    Compiling itoa v1.0.17
[INFO] [stderr]    Compiling serde_json v1.0.149
[INFO] [stderr]    Compiling cpufeatures v0.3.0
[INFO] [stderr]    Compiling hex v0.4.3
[INFO] [stderr]    Compiling iana-time-zone v0.1.65
[INFO] [stderr]    Compiling anyhow v1.0.102
[INFO] [stderr]    Compiling num-traits v0.2.19
[INFO] [stderr]    Compiling memchr v2.8.0
[INFO] [stderr]    Compiling hashbrown v0.16.1
[INFO] [stderr]    Compiling unsafe-libyaml v0.2.11
[INFO] [stderr]    Compiling syn v2.0.117
[INFO] [stderr]    Compiling ryu v1.0.23
[INFO] [stderr]    Compiling indexmap v2.13.0
[INFO] [stderr]    Compiling hybrid-array v0.4.11
[INFO] [stderr]    Compiling block-buffer v0.12.0
[INFO] [stderr]    Compiling crypto-common v0.2.1
[INFO] [stderr]    Compiling digest v0.11.3
[INFO] [stderr]    Compiling serde_derive v1.0.228
[INFO] [stderr]    Compiling sha2 v0.11.0
[INFO] [stderr]    Compiling shiplog-ids v0.6.0
[INFO] [stderr]    Compiling chrono v0.4.44
[INFO] [stderr]    Compiling serde_yaml_ng v0.10.0
[INFO] [stderr]    Compiling shiplog-schema v0.6.0
[INFO] [stderr]    Compiling shiplog-ports v0.6.0
[INFO] [stderr]    Compiling shiplog-workstreams v0.6.0 (/opt/rustwide/workdir)
[INFO] [stderr]     Finished `dev` profile [unoptimized + debuginfo] target(s) in 25.26s
[INFO] running `Command { std: "docker" "inspect" "05092ecfeaad5153d40b1f3f9843309652000df5b0b5ed4ca2a284dfb8fe9439", kill_on_drop: false }`
[INFO] running `Command { std: "docker" "exec" "-e" "SOURCE_DIR=/opt/rustwide/workdir" "-e" "CARGO_HOME=/opt/rustwide/cargo-home" "-e" "RUSTUP_HOME=/opt/rustwide/rustup-home" "-e" "CARGO_TARGET_DIR=/opt/rustwide/target" "-e" "CARGO_INCREMENTAL=0" "-e" "RUST_BACKTRACE=full" "-e" "RUSTFLAGS=--cap-lints=warn" "-e" "RUSTDOCFLAGS=--cap-lints=warn" "-w" "/opt/rustwide/workdir" "--user" "0:0" "05092ecfeaad5153d40b1f3f9843309652000df5b0b5ed4ca2a284dfb8fe9439" "/opt/rustwide/cargo-home/bin/cargo" "+1.100.0-beta.1" "test" "--frozen" "--no-run" "--message-format=json", kill_on_drop: false }`
[INFO] [stderr]    Compiling num-traits v0.2.19
[INFO] [stderr]    Compiling getrandom v0.4.1
[INFO] [stderr]    Compiling zerocopy v0.8.39
[INFO] [stderr]    Compiling bitflags v2.10.0
[INFO] [stderr]    Compiling fastrand v2.3.0
[INFO] [stderr]    Compiling once_cell v1.21.3
[INFO] [stderr]    Compiling rand v0.9.4
[INFO] [stderr]    Compiling console v0.16.3
[INFO] [stderr]    Compiling regex-syntax v0.8.9
[INFO] [stderr]    Compiling rustix v1.1.4
[INFO] [stderr]    Compiling similar v2.7.0
[INFO] [stderr]    Compiling chrono v0.4.44
[INFO] [stderr]    Compiling tempfile v3.27.0
[INFO] [stderr]    Compiling rusty-fork v0.3.1
[INFO] [stderr]    Compiling insta v1.47.2
[INFO] [stderr]    Compiling shiplog-schema v0.6.0
[INFO] [stderr]    Compiling shiplog-ports v0.6.0
[INFO] [stderr]    Compiling shiplog-workstreams v0.6.0 (/opt/rustwide/workdir)
[INFO] [stderr]    Compiling ppv-lite86 v0.2.21
[INFO] [stderr]    Compiling rand_chacha v0.9.0
[INFO] [stderr]    Compiling proptest v1.11.0
[INFO] [stdout] error[E0433]: cannot find module or crate `shiplog_testkit` in this scope
[INFO] [stdout]   --> tests/bdd.rs:11:5
[INFO] [stdout]    |
[INFO] [stdout] 11 | use shiplog_testkit::bdd::assertions::*;
[INFO] [stdout]    |     ^^^^^^^^^^^^^^^ use of unresolved module or unlinked crate `shiplog_testkit`
[INFO] [stdout]    |
[INFO] [stdout]    = help: if you wanted to use a crate named `shiplog_testkit`, use `cargo add shiplog_testkit` to add it to your `Cargo.toml`
[INFO] [stdout] 
[INFO] [stdout] 
[INFO] [stdout] error[E0433]: cannot find module or crate `shiplog_testkit` in this scope
[INFO] [stdout]   --> tests/bdd.rs:10:5
[INFO] [stdout]    |
[INFO] [stdout] 10 | use shiplog_testkit::bdd::Scenario;
[INFO] [stdout]    |     ^^^^^^^^^^^^^^^ use of unresolved module or unlinked crate `shiplog_testkit`
[INFO] [stdout]    |
[INFO] [stdout]    = help: if you wanted to use a crate named `shiplog_testkit`, use `cargo add shiplog_testkit` to add it to your `Cargo.toml`
[INFO] [stdout] 
[INFO] [stdout] 
[INFO] [stdout] error[E0432]: unresolved import `shiplog_testkit::bdd::Scenario`
[INFO] [stdout]   --> tests/bdd.rs:10:5
[INFO] [stdout]    |
[INFO] [stdout] 10 | use shiplog_testkit::bdd::Scenario;
[INFO] [stdout]    |     ^^^^^^^^^^^^^^^^^^^^^^^^^^^^^^
[INFO] [stdout] 
[INFO] [stdout] 
[INFO] [stdout] error[E0425]: cannot find function `assert_present` in this scope
[INFO] [stdout]    --> tests/bdd.rs:132:25
[INFO] [stdout]     |
[INFO] [stdout] 132 |             let count = assert_present(ctx.number("workstream_count"), "workstream count")?;
[INFO] [stdout]     |                         ^^^^^^^^^^^^^^ not found in this scope
[INFO] [stdout] 
[INFO] [stdout] 
[INFO] [stdout] error[E0423]: cannot find function `assert_eq` in this scope
[INFO] [stdout]    --> tests/bdd.rs:133:13
[INFO] [stdout]     |
[INFO] [stdout] 133 |             assert_eq(count, 3, "workstream count")
[INFO] [stdout]     |             ^^^^^^^^^ not found in this scope
[INFO] [stdout]     |
[INFO] [stdout]     = note: a macro named `assert_eq` exists in another namespace
[INFO] [stdout] help: use `!` to invoke the macro
[INFO] [stdout]     |
[INFO] [stdout] 133 |             assert_eq!(count, 3, "workstream count")
[INFO] [stdout]     |                      +
[INFO] [stdout] 
[INFO] [stdout] 
[INFO] [stdout] error[E0425]: cannot find function `assert_present` in this scope
[INFO] [stdout]    --> tests/bdd.rs:136:25
[INFO] [stdout]     |
[INFO] [stdout] 136 |             let total = assert_present(ctx.number("clustered_events"), "clustered events")?;
[INFO] [stdout]     |                         ^^^^^^^^^^^^^^ not found in this scope
[INFO] [stdout] 
[INFO] [stdout] 
[INFO] [stdout] error[E0423]: cannot find function `assert_eq` in this scope
[INFO] [stdout]    --> tests/bdd.rs:137:13
[INFO] [stdout]     |
[INFO] [stdout] 137 |             assert_eq(total, 5, "total clustered events")
[INFO] [stdout]     |             ^^^^^^^^^ not found in this scope
[INFO] [stdout]     |
[INFO] [stdout]     = note: a macro named `assert_eq` exists in another namespace
[INFO] [stdout] help: use `!` to invoke the macro
[INFO] [stdout]     |
[INFO] [stdout] 137 |             assert_eq!(total, 5, "total clustered events")
[INFO] [stdout]     |                      +
[INFO] [stdout] 
[INFO] [stdout] 
[INFO] [stdout] error[E0425]: cannot find function `assert_true` in this scope
[INFO] [stdout]    --> tests/bdd.rs:140:13
[INFO] [stdout]     |
[INFO] [stdout] 140 |             assert_true(ctx.flag("has_api").unwrap_or(false), "org/api workstream")?;
[INFO] [stdout]     |             ^^^^^^^^^^^ not found in this scope
[INFO] [stdout] 
[INFO] [stdout] 
[INFO] [stdout] error[E0425]: cannot find function `assert_true` in this scope
[INFO] [stdout]    --> tests/bdd.rs:141:13
[INFO] [stdout]     |
[INFO] [stdout] 141 |             assert_true(ctx.flag("has_web").unwrap_or(false), "org/web workstream")?;
[INFO] [stdout]     |             ^^^^^^^^^^^ not found in this scope
[INFO] [stdout] 
[INFO] [stdout] 
[INFO] [stdout] error[E0425]: cannot find function `assert_true` in this scope
[INFO] [stdout]    --> tests/bdd.rs:142:13
[INFO] [stdout]     |
[INFO] [stdout] 142 |             assert_true(
[INFO] [stdout]     |             ^^^^^^^^^^^ not found in this scope
[INFO] [stdout] 
[INFO] [stdout] 
[INFO] [stdout] error[E0425]: cannot find function `assert_true` in this scope
[INFO] [stdout]    --> tests/bdd.rs:148:13
[INFO] [stdout]     |
[INFO] [stdout] 148 |             assert_true(
[INFO] [stdout]     |             ^^^^^^^^^^^ not found in this scope
[INFO] [stdout] 
[INFO] [stdout] 
[INFO] [stdout] error[E0425]: cannot find function `assert_present` in this scope
[INFO] [stdout]    --> tests/bdd.rs:193:25
[INFO] [stdout]     |
[INFO] [stdout] 193 |             let count = assert_present(ctx.number("pr_count"), "PR count")?;
[INFO] [stdout]     |                         ^^^^^^^^^^^^^^ not found in this scope
[INFO] [stdout] 
[INFO] [stdout] 
[INFO] [stdout] error[E0423]: cannot find function `assert_eq` in this scope
[INFO] [stdout]    --> tests/bdd.rs:194:13
[INFO] [stdout]     |
[INFO] [stdout] 194 |             assert_eq(count, 2, "PR count in stats")
[INFO] [stdout]     |             ^^^^^^^^^ not found in this scope
[INFO] [stdout]     |
[INFO] [stdout]     = note: a macro named `assert_eq` exists in another namespace
[INFO] [stdout] help: use `!` to invoke the macro
[INFO] [stdout]     |
[INFO] [stdout] 194 |             assert_eq!(count, 2, "PR count in stats")
[INFO] [stdout]     |                      +
[INFO] [stdout] 
[INFO] [stdout] 
[INFO] [stdout] error[E0425]: cannot find function `assert_present` in this scope
[INFO] [stdout]    --> tests/bdd.rs:197:25
[INFO] [stdout]     |
[INFO] [stdout] 197 |             let count = assert_present(ctx.number("review_count"), "review count")?;
[INFO] [stdout]     |                         ^^^^^^^^^^^^^^ not found in this scope
[INFO] [stdout] 
[INFO] [stdout] 
[INFO] [stdout] error[E0423]: cannot find function `assert_eq` in this scope
[INFO] [stdout]    --> tests/bdd.rs:198:13
[INFO] [stdout]     |
[INFO] [stdout] 198 |             assert_eq(count, 1, "review count in stats")
[INFO] [stdout]     |             ^^^^^^^^^ not found in this scope
[INFO] [stdout]     |
[INFO] [stdout]     = note: a macro named `assert_eq` exists in another namespace
[INFO] [stdout] help: use `!` to invoke the macro
[INFO] [stdout]     |
[INFO] [stdout] 198 |             assert_eq!(count, 1, "review count in stats")
[INFO] [stdout]     |                      +
[INFO] [stdout] 
[INFO] [stdout] 
[INFO] [stdout] error[E0425]: cannot find function `assert_present` in this scope
[INFO] [stdout]    --> tests/bdd.rs:201:25
[INFO] [stdout]     |
[INFO] [stdout] 201 |             let count = assert_present(ctx.number("manual_count"), "manual count")?;
[INFO] [stdout]     |                         ^^^^^^^^^^^^^^ not found in this scope
[INFO] [stdout] 
[INFO] [stdout] 
[INFO] [stdout] error[E0423]: cannot find function `assert_eq` in this scope
[INFO] [stdout]    --> tests/bdd.rs:202:13
[INFO] [stdout]     |
[INFO] [stdout] 202 |             assert_eq(count, 3, "manual event count in stats")
[INFO] [stdout]     |             ^^^^^^^^^ not found in this scope
[INFO] [stdout]     |
[INFO] [stdout]     = note: a macro named `assert_eq` exists in another namespace
[INFO] [stdout] help: use `!` to invoke the macro
[INFO] [stdout]     |
[INFO] [stdout] 202 |             assert_eq!(count, 3, "manual event count in stats")
[INFO] [stdout]     |                      +
[INFO] [stdout] 
[INFO] [stdout] 
[INFO] [stdout] error[E0425]: cannot find function `assert_present` in this scope
[INFO] [stdout]    --> tests/bdd.rs:205:25
[INFO] [stdout]     |
[INFO] [stdout] 205 |             let total = assert_present(ctx.number("total_events"), "total events")?;
[INFO] [stdout]     |                         ^^^^^^^^^^^^^^ not found in this scope
[INFO] [stdout] 
[INFO] [stdout] 
[INFO] [stdout] error[E0423]: cannot find function `assert_eq` in this scope
[INFO] [stdout]    --> tests/bdd.rs:206:13
[INFO] [stdout]     |
[INFO] [stdout] 206 |             assert_eq(total, 6, "total events in workstream")
[INFO] [stdout]     |             ^^^^^^^^^ not found in this scope
[INFO] [stdout]     |
[INFO] [stdout]     = note: a macro named `assert_eq` exists in another namespace
[INFO] [stdout] help: use `!` to invoke the macro
[INFO] [stdout]     |
[INFO] [stdout] 206 |             assert_eq!(total, 6, "total events in workstream")
[INFO] [stdout]     |                      +
[INFO] [stdout] 
[INFO] [stdout] 
[INFO] [stdout] error[E0425]: cannot find function `assert_present` in this scope
[INFO] [stdout]    --> tests/bdd.rs:240:25
[INFO] [stdout]     |
[INFO] [stdout] 240 |             let title = assert_present(ctx.string("loaded_title"), "loaded title")?;
[INFO] [stdout]     |                         ^^^^^^^^^^^^^^ not found in this scope
[INFO] [stdout] 
[INFO] [stdout] 
[INFO] [stdout] error[E0423]: cannot find function `assert_eq` in this scope
[INFO] [stdout]    --> tests/bdd.rs:241:13
[INFO] [stdout]     |
[INFO] [stdout] 241 |             assert_eq(title, "Curated Auth Overhaul", "workstream title")
[INFO] [stdout]     |             ^^^^^^^^^ not found in this scope
[INFO] [stdout]     |
[INFO] [stdout]     = note: a macro named `assert_eq` exists in another namespace
[INFO] [stdout] help: use `!` to invoke the macro
[INFO] [stdout]     |
[INFO] [stdout] 241 |             assert_eq!(title, "Curated Auth Overhaul", "workstream title")
[INFO] [stdout]     |                      +
[INFO] [stdout] 
[INFO] [stdout] 
[INFO] [stdout] error[E0425]: cannot find function `assert_present` in this scope
[INFO] [stdout]    --> tests/bdd.rs:280:25
[INFO] [stdout]     |
[INFO] [stdout] 280 |             let count = assert_present(ctx.number("ws_count"), "workstream count")?;
[INFO] [stdout]     |                         ^^^^^^^^^^^^^^ not found in this scope
[INFO] [stdout] 
[INFO] [stdout] 
[INFO] [stdout] error[E0423]: cannot find function `assert_eq` in this scope
[INFO] [stdout]    --> tests/bdd.rs:281:13
[INFO] [stdout]     |
[INFO] [stdout] 281 |             assert_eq(count, 1, "generated workstream count")
[INFO] [stdout]     |             ^^^^^^^^^ not found in this scope
[INFO] [stdout]     |
[INFO] [stdout]     = note: a macro named `assert_eq` exists in another namespace
[INFO] [stdout] help: use `!` to invoke the macro
[INFO] [stdout]     |
[INFO] [stdout] 281 |             assert_eq!(count, 1, "generated workstream count")
[INFO] [stdout]     |                      +
[INFO] [stdout] 
[INFO] [stdout] 
[INFO] [stdout] error[E0425]: cannot find function `assert_present` in this scope
[INFO] [stdout]    --> tests/bdd.rs:284:25
[INFO] [stdout]     |
[INFO] [stdout] 284 |             let title = assert_present(ctx.string("ws_title"), "workstream title")?;
[INFO] [stdout]     |                         ^^^^^^^^^^^^^^ not found in this scope
[INFO] [stdout] 
[INFO] [stdout] 
[INFO] [stdout] error[E0423]: cannot find function `assert_eq` in this scope
[INFO] [stdout]    --> tests/bdd.rs:285:13
[INFO] [stdout]     |
[INFO] [stdout] 285 |             assert_eq(title, "acme/fallback", "generated workstream title")
[INFO] [stdout]     |             ^^^^^^^^^ not found in this scope
[INFO] [stdout]     |
[INFO] [stdout]     = note: a macro named `assert_eq` exists in another namespace
[INFO] [stdout] help: use `!` to invoke the macro
[INFO] [stdout]     |
[INFO] [stdout] 285 |             assert_eq!(title, "acme/fallback", "generated workstream title")
[INFO] [stdout]     |                      +
[INFO] [stdout] 
[INFO] [stdout] 
[INFO] [stdout] error[E0425]: cannot find function `assert_true` in this scope
[INFO] [stdout]    --> tests/bdd.rs:288:13
[INFO] [stdout]     |
[INFO] [stdout] 288 |             assert_true(
[INFO] [stdout]     |             ^^^^^^^^^^^ not found in this scope
[INFO] [stdout] 
[INFO] [stdout] 
[INFO] [stdout] error[E0425]: cannot find function `assert_present` in this scope
[INFO] [stdout]    --> tests/bdd.rs:315:25
[INFO] [stdout]     |
[INFO] [stdout] 315 |             let count = assert_present(ctx.number("ws_count"), "workstream count")?;
[INFO] [stdout]     |                         ^^^^^^^^^^^^^^ not found in this scope
[INFO] [stdout] 
[INFO] [stdout] 
[INFO] [stdout] error[E0423]: cannot find function `assert_eq` in this scope
[INFO] [stdout]    --> tests/bdd.rs:316:13
[INFO] [stdout]     |
[INFO] [stdout] 316 |             assert_eq(count, 0, "workstream count for empty events")
[INFO] [stdout]     |             ^^^^^^^^^ not found in this scope
[INFO] [stdout]     |
[INFO] [stdout]     = note: a macro named `assert_eq` exists in another namespace
[INFO] [stdout] help: use `!` to invoke the macro
[INFO] [stdout]     |
[INFO] [stdout] 316 |             assert_eq!(count, 0, "workstream count for empty events")
[INFO] [stdout]     |                      +
[INFO] [stdout] 
[INFO] [stdout] 
[INFO] [stdout] error[E0425]: cannot find function `assert_present` in this scope
[INFO] [stdout]    --> tests/bdd.rs:319:23
[INFO] [stdout]     |
[INFO] [stdout] 319 |             let ver = assert_present(ctx.number("version"), "version")?;
[INFO] [stdout]     |                       ^^^^^^^^^^^^^^ not found in this scope
[INFO] [stdout] 
[INFO] [stdout] 
[INFO] [stdout] error[E0423]: cannot find function `assert_eq` in this scope
[INFO] [stdout]    --> tests/bdd.rs:320:13
[INFO] [stdout]     |
[INFO] [stdout] 320 |             assert_eq(ver, 1, "workstreams file version")
[INFO] [stdout]     |             ^^^^^^^^^ not found in this scope
[INFO] [stdout]     |
[INFO] [stdout]     = note: a macro named `assert_eq` exists in another namespace
[INFO] [stdout] help: use `!` to invoke the macro
[INFO] [stdout]     |
[INFO] [stdout] 320 |             assert_eq!(ver, 1, "workstreams file version")
[INFO] [stdout]     |                      +
[INFO] [stdout] 
[INFO] [stdout] 
[INFO] [stdout] error[E0425]: cannot find function `assert_present` in this scope
[INFO] [stdout]    --> tests/bdd.rs:350:28
[INFO] [stdout]     |
[INFO] [stdout] 350 |             let expected = assert_present(ctx.string("expected_order"), "expected order")?;
[INFO] [stdout]     |                            ^^^^^^^^^^^^^^ not found in this scope
[INFO] [stdout] 
[INFO] [stdout] 
[INFO] [stdout] error[E0425]: cannot find function `assert_present` in this scope
[INFO] [stdout]    --> tests/bdd.rs:351:26
[INFO] [stdout]     |
[INFO] [stdout] 351 |             let actual = assert_present(ctx.string("actual_order"), "actual order")?;
[INFO] [stdout]     |                          ^^^^^^^^^^^^^^ not found in this scope
[INFO] [stdout] 
[INFO] [stdout] 
[INFO] [stdout] error[E0423]: cannot find function `assert_eq` in this scope
[INFO] [stdout]    --> tests/bdd.rs:352:13
[INFO] [stdout]     |
[INFO] [stdout] 352 |             assert_eq(actual, expected, "workstream sort order")
[INFO] [stdout]     |             ^^^^^^^^^ not found in this scope
[INFO] [stdout]     |
[INFO] [stdout]     = note: a macro named `assert_eq` exists in another namespace
[INFO] [stdout] help: use `!` to invoke the macro
[INFO] [stdout]     |
[INFO] [stdout] 352 |             assert_eq!(actual, expected, "workstream sort order")
[INFO] [stdout]     |                      +
[INFO] [stdout] 
[INFO] [stdout] 
[INFO] [stdout] error[E0425]: cannot find function `assert_present` in this scope
[INFO] [stdout]    --> tests/bdd.rs:385:23
[INFO] [stdout]     |
[INFO] [stdout] 385 |             let id1 = assert_present(ctx.string("id_1"), "first ID")?;
[INFO] [stdout]     |                       ^^^^^^^^^^^^^^ not found in this scope
[INFO] [stdout] 
[INFO] [stdout] 
[INFO] [stdout] error[E0425]: cannot find function `assert_present` in this scope
[INFO] [stdout]    --> tests/bdd.rs:386:23
[INFO] [stdout]     |
[INFO] [stdout] 386 |             let id2 = assert_present(ctx.string("id_2"), "second ID")?;
[INFO] [stdout]     |                       ^^^^^^^^^^^^^^ not found in this scope
[INFO] [stdout] 
[INFO] [stdout] 
[INFO] [stdout] error[E0423]: cannot find function `assert_eq` in this scope
[INFO] [stdout]    --> tests/bdd.rs:387:13
[INFO] [stdout]     |
[INFO] [stdout] 387 |             assert_eq(id1, id2, "workstream IDs should be deterministic")
[INFO] [stdout]     |             ^^^^^^^^^ not found in this scope
[INFO] [stdout]     |
[INFO] [stdout]     = note: a macro named `assert_eq` exists in another namespace
[INFO] [stdout] help: use `!` to invoke the macro
[INFO] [stdout]     |
[INFO] [stdout] 387 |             assert_eq!(id1, id2, "workstream IDs should be deterministic")
[INFO] [stdout]     |                      +
[INFO] [stdout] 
[INFO] [stdout] 
[INFO] [stdout] Some errors have detailed explanations: E0423, E0425, E0432, E0433.
[INFO] [stdout] 
[INFO] [stdout] For more information about an error, try `rustc --explain E0423`.
[INFO] [stdout] 
[INFO] [stderr] error: could not compile `shiplog-workstreams` (test "bdd") due to 36 previous errors
[INFO] [stderr] warning: build failed, waiting for other jobs to finish...
[INFO] [stdout] error[E0433]: cannot find module or crate `shiplog_testkit` in this scope
[INFO] [stdout]   --> tests/determinism.rs:13:9
[INFO] [stdout]    |
[INFO] [stdout] 13 |         shiplog_testkit::pr_event("acme/frontend", 1, "Add login page"),
[INFO] [stdout]    |         ^^^^^^^^^^^^^^^ use of unresolved module or unlinked crate `shiplog_testkit`
[INFO] [stdout]    |
[INFO] [stdout]    = help: if you wanted to use a crate named `shiplog_testkit`, use `cargo add shiplog_testkit` to add it to your `Cargo.toml`
[INFO] [stdout] 
[INFO] [stdout] 
[INFO] [stdout] error[E0433]: cannot find module or crate `shiplog_testkit` in this scope
[INFO] [stdout]   --> tests/determinism.rs:14:9
[INFO] [stdout]    |
[INFO] [stdout] 14 |         shiplog_testkit::pr_event("acme/frontend", 2, "Fix CSS layout"),
[INFO] [stdout]    |         ^^^^^^^^^^^^^^^ use of unresolved module or unlinked crate `shiplog_testkit`
[INFO] [stdout]    |
[INFO] [stdout]    = help: if you wanted to use a crate named `shiplog_testkit`, use `cargo add shiplog_testkit` to add it to your `Cargo.toml`
[INFO] [stdout] 
[INFO] [stdout] 
[INFO] [stdout] error[E0433]: cannot find module or crate `shiplog_testkit` in this scope
[INFO] [stdout]   --> tests/determinism.rs:15:9
[INFO] [stdout]    |
[INFO] [stdout] 15 |         shiplog_testkit::pr_event("acme/backend", 3, "Add REST API"),
[INFO] [stdout]    |         ^^^^^^^^^^^^^^^ use of unresolved module or unlinked crate `shiplog_testkit`
[INFO] [stdout]    |
[INFO] [stdout]    = help: if you wanted to use a crate named `shiplog_testkit`, use `cargo add shiplog_testkit` to add it to your `Cargo.toml`
[INFO] [stdout] 
[INFO] [stdout] 
[INFO] [stdout] error[E0433]: cannot find module or crate `shiplog_testkit` in this scope
[INFO] [stdout]   --> tests/determinism.rs:16:9
[INFO] [stdout]    |
[INFO] [stdout] 16 |         shiplog_testkit::pr_event("acme/backend", 4, "Fix auth middleware"),
[INFO] [stdout]    |         ^^^^^^^^^^^^^^^ use of unresolved module or unlinked crate `shiplog_testkit`
[INFO] [stdout]    |
[INFO] [stdout]    = help: if you wanted to use a crate named `shiplog_testkit`, use `cargo add shiplog_testkit` to add it to your `Cargo.toml`
[INFO] [stdout] 
[INFO] [stdout] 
[INFO] [stdout] error[E0433]: cannot find module or crate `shiplog_testkit` in this scope
[INFO] [stdout]   --> tests/determinism.rs:17:9
[INFO] [stdout]    |
[INFO] [stdout] 17 |         shiplog_testkit::pr_event("acme/infra", 5, "Setup CI pipeline"),
[INFO] [stdout]    |         ^^^^^^^^^^^^^^^ use of unresolved module or unlinked crate `shiplog_testkit`
[INFO] [stdout]    |
[INFO] [stdout]    = help: if you wanted to use a crate named `shiplog_testkit`, use `cargo add shiplog_testkit` to add it to your `Cargo.toml`
[INFO] [stdout] 
[INFO] [stdout] 
[INFO] [stdout] error[E0433]: cannot find module or crate `shiplog_testkit` in this scope
[INFO] [stdout]   --> tests/determinism.rs:18:9
[INFO] [stdout]    |
[INFO] [stdout] 18 |         shiplog_testkit::pr_event("acme/frontend", 6, "Add signup form"),
[INFO] [stdout]    |         ^^^^^^^^^^^^^^^ use of unresolved module or unlinked crate `shiplog_testkit`
[INFO] [stdout]    |
[INFO] [stdout]    = help: if you wanted to use a crate named `shiplog_testkit`, use `cargo add shiplog_testkit` to add it to your `Cargo.toml`
[INFO] [stdout] 
[INFO] [stdout] 
[INFO] [stdout] error[E0433]: cannot find module or crate `shiplog_testkit` in this scope
[INFO] [stdout]   --> tests/determinism.rs:19:9
[INFO] [stdout]    |
[INFO] [stdout] 19 |         shiplog_testkit::pr_event("acme/backend", 7, "Add rate limiter"),
[INFO] [stdout]    |         ^^^^^^^^^^^^^^^ use of unresolved module or unlinked crate `shiplog_testkit`
[INFO] [stdout]    |
[INFO] [stdout]    = help: if you wanted to use a crate named `shiplog_testkit`, use `cargo add shiplog_testkit` to add it to your `Cargo.toml`
[INFO] [stdout] 
[INFO] [stdout] 
[INFO] [stdout] error[E0433]: cannot find module or crate `shiplog_testkit` in this scope
[INFO] [stdout]    --> tests/determinism.rs:122:13
[INFO] [stdout]     |
[INFO] [stdout] 122 |             shiplog_testkit::pr_event(
[INFO] [stdout]     |             ^^^^^^^^^^^^^^^ use of unresolved module or unlinked crate `shiplog_testkit`
[INFO] [stdout]     |
[INFO] [stdout]     = help: if you wanted to use a crate named `shiplog_testkit`, use `cargo add shiplog_testkit` to add it to your `Cargo.toml`
[INFO] [stdout] 
[INFO] [stdout] 
[INFO] [stdout] error[E0433]: cannot find module or crate `shiplog_testkit` in this scope
[INFO] [stdout]    --> tests/determinism.rs:157:23
[INFO] [stdout]     |
[INFO] [stdout] 157 |     let events = vec![shiplog_testkit::pr_event("acme/solo", 1, "Only PR")];
[INFO] [stdout]     |                       ^^^^^^^^^^^^^^^ use of unresolved module or unlinked crate `shiplog_testkit`
[INFO] [stdout]     |
[INFO] [stdout]     = help: if you wanted to use a crate named `shiplog_testkit`, use `cargo add shiplog_testkit` to add it to your `Cargo.toml`
[INFO] [stdout] 
[INFO] [stdout] 
[INFO] [stdout] For more information about this error, try `rustc --explain E0433`.
[INFO] [stdout] 
[INFO] [stderr] error: could not compile `shiplog-workstreams` (test "determinism") due to 9 previous errors
[INFO] running `Command { std: "docker" "inspect" "05092ecfeaad5153d40b1f3f9843309652000df5b0b5ed4ca2a284dfb8fe9439", kill_on_drop: false }`
[INFO] running `Command { std: "docker" "rm" "-f" "05092ecfeaad5153d40b1f3f9843309652000df5b0b5ed4ca2a284dfb8fe9439", kill_on_drop: false }`
[INFO] [stdout] 05092ecfeaad5153d40b1f3f9843309652000df5b0b5ed4ca2a284dfb8fe9439
