[INFO] fetching crate shiplog-render-md 0.6.0...
[INFO] testing shiplog-render-md-0.6.0 against 1.99.0-beta.8 for beta-1.100-2
[INFO] extracting crate shiplog-render-md 0.6.0 into /workspace/builds/worker-6-tc1/source
[INFO] started tweaking crates.io crate shiplog-render-md 0.6.0
[INFO] removed 0 missing tests
[INFO] finished tweaking crates.io crate shiplog-render-md 0.6.0
[INFO] tweaked toml for crates.io crate shiplog-render-md 0.6.0 written to /workspace/builds/worker-6-tc1/source/Cargo.toml
[INFO] validating manifest of crates.io crate shiplog-render-md 0.6.0 on toolchain 1.99.0-beta.8
[INFO] running `Command { std: CARGO_HOME="/workspace/cargo-home" RUSTUP_HOME="/workspace/rustup-home" "/workspace/cargo-home/bin/cargo" "+1.99.0-beta.8" "metadata" "--manifest-path" "Cargo.toml" "--no-deps", kill_on_drop: false }`
[INFO] crate crates.io crate shiplog-render-md 0.6.0 already has a lockfile, it will not be regenerated
[INFO] running `Command { std: CARGO_HOME="/workspace/cargo-home" RUSTUP_HOME="/workspace/rustup-home" "/workspace/cargo-home/bin/cargo" "+1.99.0-beta.8" "fetch" "--manifest-path" "Cargo.toml", kill_on_drop: false }`
[INFO] [stderr]     Updating crates.io index
[INFO] [stderr]  Downloading crates ...
[INFO] [stderr]   Downloaded shiplog-ids v0.6.0
[INFO] [stderr]   Downloaded shiplog-schema v0.6.0
[INFO] [stderr]   Downloaded shiplog-workstreams v0.6.0
[INFO] [stderr]   Downloaded shiplog-ports v0.6.0
[INFO] [stderr]   Downloaded hybrid-array v0.4.11
[INFO] running `Command { std: "docker" "create" "-v" "/var/lib/crater-agent-workspace/builds/worker-6-tc1/source:/opt/rustwide/workdir:ro,Z" "-v" "/var/lib/crater-agent-workspace/builds/worker-6-tc1/target:/opt/rustwide/target:rw,Z" "-v" "/var/lib/crater-agent-workspace/cargo-home:/opt/rustwide/cargo-home:ro,Z" "-v" "/var/lib/crater-agent-workspace/rustup-home:/opt/rustwide/rustup-home:ro,Z" "-m" "1610612736" "--network" "none" "ghcr.io/rust-lang/crates-build-env/linux@sha256:3111399a4047eeb3a02b7a90e478d715f38a8c6669b5c4b49d30a17385265909" "sleep" "infinity", kill_on_drop: false }`
[INFO] [stdout] a3892671ae165f81cd6ba12afb19e7da857436958a6add8403f974ce6dda6584
[INFO] running `Command { std: "docker" "start" "a3892671ae165f81cd6ba12afb19e7da857436958a6add8403f974ce6dda6584", kill_on_drop: false }`
[INFO] running `Command { std: "docker" "inspect" "a3892671ae165f81cd6ba12afb19e7da857436958a6add8403f974ce6dda6584", kill_on_drop: false }`
[INFO] running `Command { std: "docker" "exec" "-e" "SOURCE_DIR=/opt/rustwide/workdir" "-e" "CARGO_HOME=/opt/rustwide/cargo-home" "-e" "RUSTUP_HOME=/opt/rustwide/rustup-home" "-e" "CARGO_TARGET_DIR=/opt/rustwide/target" "-w" "/opt/rustwide/workdir" "--user" "0:0" "a3892671ae165f81cd6ba12afb19e7da857436958a6add8403f974ce6dda6584" "/opt/rustwide/cargo-home/bin/cargo" "+1.99.0-beta.8" "metadata" "--no-deps" "--format-version=1", kill_on_drop: false }`
[INFO] running `Command { std: "docker" "inspect" "a3892671ae165f81cd6ba12afb19e7da857436958a6add8403f974ce6dda6584", kill_on_drop: false }`
[INFO] running `Command { std: "docker" "exec" "-e" "SOURCE_DIR=/opt/rustwide/workdir" "-e" "CARGO_HOME=/opt/rustwide/cargo-home" "-e" "RUSTUP_HOME=/opt/rustwide/rustup-home" "-e" "CARGO_TARGET_DIR=/opt/rustwide/target" "-e" "CARGO_INCREMENTAL=0" "-e" "RUST_BACKTRACE=full" "-e" "RUSTFLAGS=--cap-lints=warn" "-e" "RUSTDOCFLAGS=--cap-lints=warn" "-w" "/opt/rustwide/workdir" "--user" "0:0" "a3892671ae165f81cd6ba12afb19e7da857436958a6add8403f974ce6dda6584" "/opt/rustwide/cargo-home/bin/cargo" "+1.99.0-beta.8" "build" "--frozen" "--message-format=json", kill_on_drop: false }`
[INFO] [stderr]    Compiling typenum v1.20.0
[INFO] [stderr]    Compiling const-oid v0.10.2
[INFO] [stderr]    Compiling proc-macro2 v1.0.106
[INFO] [stderr]    Compiling serde_json v1.0.149
[INFO] [stderr]    Compiling quote v1.0.45
[INFO] [stderr]    Compiling syn v2.0.117
[INFO] [stderr]    Compiling hybrid-array v0.4.11
[INFO] [stderr]    Compiling block-buffer v0.12.0
[INFO] [stderr]    Compiling crypto-common v0.2.1
[INFO] [stderr]    Compiling digest v0.11.3
[INFO] [stderr]    Compiling serde_derive v1.0.228
[INFO] [stderr]    Compiling sha2 v0.11.0
[INFO] [stderr]    Compiling serde v1.0.228
[INFO] [stderr]    Compiling shiplog-ids v0.6.0
[INFO] [stderr]    Compiling chrono v0.4.44
[INFO] [stderr]    Compiling serde_yaml_ng v0.10.0
[INFO] [stderr]    Compiling shiplog-schema v0.6.0
[INFO] [stderr]    Compiling shiplog-ports v0.6.0
[INFO] [stderr]    Compiling shiplog-workstreams v0.6.0
[INFO] [stderr]    Compiling shiplog-render-md v0.6.0 (/opt/rustwide/workdir)
[INFO] [stderr]     Finished `dev` profile [unoptimized + debuginfo] target(s) in 12.43s
[INFO] running `Command { std: "docker" "inspect" "a3892671ae165f81cd6ba12afb19e7da857436958a6add8403f974ce6dda6584", kill_on_drop: false }`
[INFO] running `Command { std: "docker" "exec" "-e" "SOURCE_DIR=/opt/rustwide/workdir" "-e" "CARGO_HOME=/opt/rustwide/cargo-home" "-e" "RUSTUP_HOME=/opt/rustwide/rustup-home" "-e" "CARGO_TARGET_DIR=/opt/rustwide/target" "-e" "CARGO_INCREMENTAL=0" "-e" "RUST_BACKTRACE=full" "-e" "RUSTFLAGS=--cap-lints=warn" "-e" "RUSTDOCFLAGS=--cap-lints=warn" "-w" "/opt/rustwide/workdir" "--user" "0:0" "a3892671ae165f81cd6ba12afb19e7da857436958a6add8403f974ce6dda6584" "/opt/rustwide/cargo-home/bin/cargo" "+1.99.0-beta.8" "test" "--frozen" "--no-run" "--message-format=json", kill_on_drop: false }`
[INFO] [stderr]    Compiling num-traits v0.2.19
[INFO] [stderr]    Compiling getrandom v0.4.1
[INFO] [stderr]    Compiling bitflags v2.10.0
[INFO] [stderr]    Compiling console v0.16.3
[INFO] [stderr]    Compiling similar v2.7.0
[INFO] [stderr]    Compiling ppv-lite86 v0.2.21
[INFO] [stderr]    Compiling rand v0.9.4
[INFO] [stderr]    Compiling regex-syntax v0.8.9
[INFO] [stderr]    Compiling rustix v1.1.4
[INFO] [stderr]    Compiling rand_chacha v0.9.0
[INFO] [stderr]    Compiling chrono v0.4.44
[INFO] [stderr]    Compiling tempfile v3.27.0
[INFO] [stderr]    Compiling shiplog-schema v0.6.0
[INFO] [stderr]    Compiling rusty-fork v0.3.1
[INFO] [stderr]    Compiling insta v1.47.2
[INFO] [stderr]    Compiling proptest v1.11.0
[INFO] [stderr]    Compiling shiplog-ports v0.6.0
[INFO] [stderr]    Compiling shiplog-workstreams v0.6.0
[INFO] [stderr]    Compiling shiplog-render-md v0.6.0 (/opt/rustwide/workdir)
[INFO] [stdout] error[E0433]: cannot find module or crate `shiplog_testkit` in this scope
[INFO] [stdout]   --> tests/snapshot.rs:10:5
[INFO] [stdout]    |
[INFO] [stdout] 10 | use shiplog_testkit::{
[INFO] [stdout]    |     ^^^^^^^^^^^^^^^ use of unresolved module or unlinked crate `shiplog_testkit`
[INFO] [stdout]    |
[INFO] [stdout]    = help: if you wanted to use a crate named `shiplog_testkit`, use `cargo add shiplog_testkit` to add it to your `Cargo.toml`
[INFO] [stdout] 
[INFO] [stdout] 
[INFO] [stdout] error[E0433]: cannot find module or crate `shiplog_testkit` in this scope
[INFO] [stdout]  --> tests/receipt_bdd_tests.rs:7:5
[INFO] [stdout]   |
[INFO] [stdout] 7 | use shiplog_testkit::bdd::assertions::{assert_contains, assert_eq, assert_present, assert_true};
[INFO] [stdout]   |     ^^^^^^^^^^^^^^^ use of unresolved module or unlinked crate `shiplog_testkit`
[INFO] [stdout]   |
[INFO] [stdout]   = help: if you wanted to use a crate named `shiplog_testkit`, use `cargo add shiplog_testkit` to add it to your `Cargo.toml`
[INFO] [stdout] 
[INFO] [stdout] 
[INFO] [stdout] error[E0433]: cannot find module or crate `shiplog_testkit` in this scope
[INFO] [stdout]  --> tests/receipt_bdd_tests.rs:8:5
[INFO] [stdout]   |
[INFO] [stdout] 8 | use shiplog_testkit::bdd::{Scenario, ScenarioContext};
[INFO] [stdout]   |     ^^^^^^^^^^^^^^^ use of unresolved module or unlinked crate `shiplog_testkit`
[INFO] [stdout]   |
[INFO] [stdout]   = help: if you wanted to use a crate named `shiplog_testkit`, use `cargo add shiplog_testkit` to add it to your `Cargo.toml`
[INFO] [stdout] 
[INFO] [stdout] 
[INFO] [stdout] error[E0432]: unresolved import `shiplog_testkit`
[INFO] [stdout]   --> tests/snapshot.rs:10:5
[INFO] [stdout]    |
[INFO] [stdout] 10 | use shiplog_testkit::{
[INFO] [stdout]    |     ^^^^^^^^^^^^^^^ use of unresolved module or unlinked crate `shiplog_testkit`
[INFO] [stdout]    |
[INFO] [stdout]    = help: if you wanted to use a crate named `shiplog_testkit`, use `cargo add shiplog_testkit` to add it to your `Cargo.toml`
[INFO] [stdout] 
[INFO] [stdout] 
[INFO] [stdout] For more information about this error, try `rustc --explain E0433`.
[INFO] [stdout] 
[INFO] [stderr] error: could not compile `shiplog-render-md` (test "receipt_bdd_tests") due to 2 previous errors
[INFO] [stderr] warning: build failed, waiting for other jobs to finish...
[INFO] [stdout] error[E0432]: unresolved import `shiplog_testkit`
[INFO] [stdout]  --> tests/receipt_integration_tests.rs:7:5
[INFO] [stdout]   |
[INFO] [stdout] 7 | use shiplog_testkit::pr_event;
[INFO] [stdout]   |     ^^^^^^^^^^^^^^^ use of unresolved module or unlinked crate `shiplog_testkit`
[INFO] [stdout]   |
[INFO] [stdout]   = help: if you wanted to use a crate named `shiplog_testkit`, use `cargo add shiplog_testkit` to add it to your `Cargo.toml`
[INFO] [stdout] 
[INFO] [stdout] 
[INFO] [stdout] error[E0433]: cannot find module or crate `shiplog_testkit` in this scope
[INFO] [stdout]  --> tests/property.rs:5:5
[INFO] [stdout]   |
[INFO] [stdout] 5 | use shiplog_testkit::proptest::{
[INFO] [stdout]   |     ^^^^^^^^^^^^^^^ use of unresolved module or unlinked crate `shiplog_testkit`
[INFO] [stdout]   |
[INFO] [stdout]   = help: if you wanted to use a crate named `shiplog_testkit`, use `cargo add shiplog_testkit` to add it to your `Cargo.toml`
[INFO] [stdout] 
[INFO] [stdout] 
[INFO] [stdout] error[E0433]: cannot find module or crate `shiplog_testkit` in this scope
[INFO] [stdout]   --> tests/output_quality.rs:15:5
[INFO] [stdout]    |
[INFO] [stdout] 15 | use shiplog_testkit::{fixtures::WorkstreamFixture, pr_event};
[INFO] [stdout]    |     ^^^^^^^^^^^^^^^ use of unresolved module or unlinked crate `shiplog_testkit`
[INFO] [stdout]    |
[INFO] [stdout]    = help: if you wanted to use a crate named `shiplog_testkit`, use `cargo add shiplog_testkit` to add it to your `Cargo.toml`
[INFO] [stdout] 
[INFO] [stdout] 
[INFO] [stdout] error[E0432]: unresolved import `shiplog_testkit`
[INFO] [stdout]   --> tests/output_quality.rs:15:5
[INFO] [stdout]    |
[INFO] [stdout] 15 | use shiplog_testkit::{fixtures::WorkstreamFixture, pr_event};
[INFO] [stdout]    |     ^^^^^^^^^^^^^^^ use of unresolved module or unlinked crate `shiplog_testkit`
[INFO] [stdout]    |
[INFO] [stdout]    = help: if you wanted to use a crate named `shiplog_testkit`, use `cargo add shiplog_testkit` to add it to your `Cargo.toml`
[INFO] [stdout] 
[INFO] [stdout] 
[INFO] [stdout] For more information about this error, try `rustc --explain E0432`.
[INFO] [stdout] 
[INFO] [stderr] error: could not compile `shiplog-render-md` (test "receipt_integration_tests") due to 1 previous error
[INFO] [stdout] error[E0277]: the size for values of type `[EventEnvelope]` cannot be known at compilation time
[INFO] [stdout]   --> tests/property.rs:27:9
[INFO] [stdout]    |
[INFO] [stdout] 27 |         events in strategy_event_vec(20),
[INFO] [stdout]    |         ^^^^^^ doesn't have a size known at compile-time
[INFO] [stdout]    |
[INFO] [stdout]    = help: the trait `Sized` is not implemented for `[EventEnvelope]`
[INFO] [stdout]    = note: all local variables must have a statically known size
[INFO] [stdout] 
[INFO] [stdout] 
[INFO] [stdout] error[E0277]: the size for values of type `[EventEnvelope]` cannot be known at compilation time
[INFO] [stdout]   --> tests/property.rs:45:9
[INFO] [stdout]    |
[INFO] [stdout] 45 |         events in strategy_event_vec(10),
[INFO] [stdout]    |         ^^^^^^ doesn't have a size known at compile-time
[INFO] [stdout]    |
[INFO] [stdout]    = help: the trait `Sized` is not implemented for `[EventEnvelope]`
[INFO] [stdout]    = note: all local variables must have a statically known size
[INFO] [stdout] 
[INFO] [stdout] 
[INFO] [stdout] error[E0277]: the size for values of type `[EventEnvelope]` cannot be known at compilation time
[INFO] [stdout]   --> tests/property.rs:62:9
[INFO] [stdout]    |
[INFO] [stdout] 62 |         events in strategy_event_vec(15),
[INFO] [stdout]    |         ^^^^^^ doesn't have a size known at compile-time
[INFO] [stdout]    |
[INFO] [stdout]    = help: the trait `Sized` is not implemented for `[EventEnvelope]`
[INFO] [stdout]    = note: all local variables must have a statically known size
[INFO] [stdout] 
[INFO] [stdout] 
[INFO] [stdout] error[E0277]: the size for values of type `[EventEnvelope]` cannot be known at compilation time
[INFO] [stdout]   --> tests/property.rs:99:9
[INFO] [stdout]    |
[INFO] [stdout] 99 |         events in strategy_event_vec(5),
[INFO] [stdout]    |         ^^^^^^ doesn't have a size known at compile-time
[INFO] [stdout]    |
[INFO] [stdout]    = help: the trait `Sized` is not implemented for `[EventEnvelope]`
[INFO] [stdout]    = note: all local variables must have a statically known size
[INFO] [stdout] 
[INFO] [stdout] 
[INFO] [stdout] error[E0277]: the size for values of type `[EventEnvelope]` cannot be known at compilation time
[INFO] [stdout]    --> tests/property.rs:119:9
[INFO] [stdout]     |
[INFO] [stdout] 119 |         events in strategy_event_vec(5),
[INFO] [stdout]     |         ^^^^^^ doesn't have a size known at compile-time
[INFO] [stdout]     |
[INFO] [stdout]     = help: the trait `Sized` is not implemented for `[EventEnvelope]`
[INFO] [stdout]     = note: all local variables must have a statically known size
[INFO] [stdout] 
[INFO] [stdout] 
[INFO] [stdout] error[E0277]: the size for values of type `[EventEnvelope]` cannot be known at compilation time
[INFO] [stdout]    --> tests/property.rs:156:9
[INFO] [stdout]     |
[INFO] [stdout] 156 |         events in strategy_event_vec(20),
[INFO] [stdout]     |         ^^^^^^ doesn't have a size known at compile-time
[INFO] [stdout]     |
[INFO] [stdout]     = help: the trait `Sized` is not implemented for `[EventEnvelope]`
[INFO] [stdout]     = note: all local variables must have a statically known size
[INFO] [stdout] 
[INFO] [stdout] 
[INFO] [stdout] Some errors have detailed explanations: E0277, E0433.
[INFO] [stdout] 
[INFO] [stdout] For more information about an error, try `rustc --explain E0277`.
[INFO] [stdout] 
[INFO] [stderr] error: could not compile `shiplog-render-md` (test "property") due to 7 previous errors
[INFO] [stdout] Some errors have detailed explanations: E0432, E0433.
[INFO] [stdout] 
[INFO] [stdout] For more information about an error, try `rustc --explain E0432`.
[INFO] [stdout] 
[INFO] [stderr] error: could not compile `shiplog-render-md` (test "output_quality") due to 2 previous errors
[INFO] [stdout] Some errors have detailed explanations: E0432, E0433.
[INFO] [stdout] 
[INFO] [stdout] For more information about an error, try `rustc --explain E0432`.
[INFO] [stdout] 
[INFO] [stderr] error: could not compile `shiplog-render-md` (test "snapshot") due to 2 previous errors
[INFO] running `Command { std: "docker" "inspect" "a3892671ae165f81cd6ba12afb19e7da857436958a6add8403f974ce6dda6584", kill_on_drop: false }`
[INFO] running `Command { std: "docker" "rm" "-f" "a3892671ae165f81cd6ba12afb19e7da857436958a6add8403f974ce6dda6584", kill_on_drop: false }`
[INFO] [stdout] a3892671ae165f81cd6ba12afb19e7da857436958a6add8403f974ce6dda6584
