[INFO] fetching crate shiplog-redact 0.6.0...
[INFO] testing shiplog-redact-0.6.0 against 1.99.0-beta.8 for beta-1.100-2
[INFO] extracting crate shiplog-redact 0.6.0 into /workspace/builds/worker-1-tc1/source
[INFO] started tweaking crates.io crate shiplog-redact 0.6.0
[INFO] removed 0 missing tests
[INFO] finished tweaking crates.io crate shiplog-redact 0.6.0
[INFO] tweaked toml for crates.io crate shiplog-redact 0.6.0 written to /workspace/builds/worker-1-tc1/source/Cargo.toml
[INFO] validating manifest of crates.io crate shiplog-redact 0.6.0 on toolchain 1.99.0-beta.8
[INFO] running `Command { std: CARGO_HOME="/workspace/cargo-home" RUSTUP_HOME="/workspace/rustup-home" "/workspace/cargo-home/bin/cargo" "+1.99.0-beta.8" "metadata" "--manifest-path" "Cargo.toml" "--no-deps", kill_on_drop: false }`
[INFO] crate crates.io crate shiplog-redact 0.6.0 already has a lockfile, it will not be regenerated
[INFO] running `Command { std: CARGO_HOME="/workspace/cargo-home" RUSTUP_HOME="/workspace/rustup-home" "/workspace/cargo-home/bin/cargo" "+1.99.0-beta.8" "fetch" "--manifest-path" "Cargo.toml", kill_on_drop: false }`
[INFO] [stderr]     Updating crates.io index
[INFO] [stderr]  Downloading crates ...
[INFO] [stderr]   Downloaded shiplog-ids v0.6.0
[INFO] [stderr]   Downloaded unicode-ident v1.0.23
[INFO] [stderr]   Downloaded shiplog-schema v0.6.0
[INFO] [stderr]   Downloaded shiplog-ports v0.6.0
[INFO] [stderr]   Downloaded zmij v1.0.20
[INFO] [stderr]   Downloaded getrandom v0.4.1
[INFO] [stderr]   Downloaded crypto-common v0.2.1
[INFO] [stderr]   Downloaded block-buffer v0.12.0
[INFO] [stderr]   Downloaded hybrid-array v0.4.11
[INFO] [stderr]   Downloaded zerocopy-derive v0.8.39
[INFO] [stderr]   Downloaded zerocopy v0.8.39
[INFO] [stderr]   Downloaded regex-syntax v0.8.9
[INFO] running `Command { std: "docker" "create" "-v" "/var/lib/crater-agent-workspace/builds/worker-1-tc1/source:/opt/rustwide/workdir:ro,Z" "-v" "/var/lib/crater-agent-workspace/builds/worker-1-tc1/target:/opt/rustwide/target:rw,Z" "-v" "/var/lib/crater-agent-workspace/cargo-home:/opt/rustwide/cargo-home:ro,Z" "-v" "/var/lib/crater-agent-workspace/rustup-home:/opt/rustwide/rustup-home:ro,Z" "-m" "1610612736" "--network" "none" "ghcr.io/rust-lang/crates-build-env/linux@sha256:3111399a4047eeb3a02b7a90e478d715f38a8c6669b5c4b49d30a17385265909" "sleep" "infinity", kill_on_drop: false }`
[INFO] [stdout] 673225216d469a85a26cf52c95f5a0daa11e0a56cadbf475ed351ced5b6c579e
[INFO] running `Command { std: "docker" "start" "673225216d469a85a26cf52c95f5a0daa11e0a56cadbf475ed351ced5b6c579e", kill_on_drop: false }`
[INFO] running `Command { std: "docker" "inspect" "673225216d469a85a26cf52c95f5a0daa11e0a56cadbf475ed351ced5b6c579e", kill_on_drop: false }`
[INFO] running `Command { std: "docker" "exec" "-e" "SOURCE_DIR=/opt/rustwide/workdir" "-e" "CARGO_HOME=/opt/rustwide/cargo-home" "-e" "RUSTUP_HOME=/opt/rustwide/rustup-home" "-e" "CARGO_TARGET_DIR=/opt/rustwide/target" "-w" "/opt/rustwide/workdir" "--user" "0:0" "673225216d469a85a26cf52c95f5a0daa11e0a56cadbf475ed351ced5b6c579e" "/opt/rustwide/cargo-home/bin/cargo" "+1.99.0-beta.8" "metadata" "--no-deps" "--format-version=1", kill_on_drop: false }`
[INFO] running `Command { std: "docker" "inspect" "673225216d469a85a26cf52c95f5a0daa11e0a56cadbf475ed351ced5b6c579e", kill_on_drop: false }`
[INFO] running `Command { std: "docker" "exec" "-e" "SOURCE_DIR=/opt/rustwide/workdir" "-e" "CARGO_HOME=/opt/rustwide/cargo-home" "-e" "RUSTUP_HOME=/opt/rustwide/rustup-home" "-e" "CARGO_TARGET_DIR=/opt/rustwide/target" "-e" "CARGO_INCREMENTAL=0" "-e" "RUST_BACKTRACE=full" "-e" "RUSTFLAGS=--cap-lints=warn" "-e" "RUSTDOCFLAGS=--cap-lints=warn" "-w" "/opt/rustwide/workdir" "--user" "0:0" "673225216d469a85a26cf52c95f5a0daa11e0a56cadbf475ed351ced5b6c579e" "/opt/rustwide/cargo-home/bin/cargo" "+1.99.0-beta.8" "build" "--frozen" "--message-format=json", kill_on_drop: false }`
[INFO] [stderr]    Compiling unicode-ident v1.0.23
[INFO] [stderr]    Compiling typenum v1.20.0
[INFO] [stderr]    Compiling zmij v1.0.20
[INFO] [stderr]    Compiling iana-time-zone v0.1.65
[INFO] [stderr]    Compiling num-traits v0.2.19
[INFO] [stderr]    Compiling proc-macro2 v1.0.106
[INFO] [stderr]    Compiling serde_json v1.0.149
[INFO] [stderr]    Compiling quote v1.0.45
[INFO] [stderr]    Compiling syn v2.0.117
[INFO] [stderr]    Compiling hybrid-array v0.4.11
[INFO] [stderr]    Compiling crypto-common v0.2.1
[INFO] [stderr]    Compiling block-buffer v0.12.0
[INFO] [stderr]    Compiling digest v0.11.3
[INFO] [stderr]    Compiling sha2 v0.11.0
[INFO] [stderr]    Compiling serde_derive v1.0.228
[INFO] [stderr]    Compiling serde v1.0.228
[INFO] [stderr]    Compiling chrono v0.4.44
[INFO] [stderr]    Compiling shiplog-ids v0.6.0
[INFO] [stderr]    Compiling shiplog-schema v0.6.0
[INFO] [stderr]    Compiling shiplog-ports v0.6.0
[INFO] [stderr]    Compiling shiplog-redact v0.6.0 (/opt/rustwide/workdir)
[INFO] [stderr]     Finished `dev` profile [unoptimized + debuginfo] target(s) in 12.59s
[INFO] running `Command { std: "docker" "inspect" "673225216d469a85a26cf52c95f5a0daa11e0a56cadbf475ed351ced5b6c579e", kill_on_drop: false }`
[INFO] running `Command { std: "docker" "exec" "-e" "SOURCE_DIR=/opt/rustwide/workdir" "-e" "CARGO_HOME=/opt/rustwide/cargo-home" "-e" "RUSTUP_HOME=/opt/rustwide/rustup-home" "-e" "CARGO_TARGET_DIR=/opt/rustwide/target" "-e" "CARGO_INCREMENTAL=0" "-e" "RUST_BACKTRACE=full" "-e" "RUSTFLAGS=--cap-lints=warn" "-e" "RUSTDOCFLAGS=--cap-lints=warn" "-w" "/opt/rustwide/workdir" "--user" "0:0" "673225216d469a85a26cf52c95f5a0daa11e0a56cadbf475ed351ced5b6c579e" "/opt/rustwide/cargo-home/bin/cargo" "+1.99.0-beta.8" "test" "--frozen" "--no-run" "--message-format=json", kill_on_drop: false }`
[INFO] [stderr]    Compiling proc-macro2 v1.0.106
[INFO] [stderr]    Compiling zerocopy v0.8.39
[INFO] [stderr]    Compiling getrandom v0.4.1
[INFO] [stderr]    Compiling regex-syntax v0.8.9
[INFO] [stderr]    Compiling cc v1.2.55
[INFO] [stderr]    Compiling serde_json v1.0.149
[INFO] [stderr]    Compiling rustix v1.1.4
[INFO] [stderr]    Compiling clap_lex v1.0.0
[INFO] [stderr]    Compiling itertools v0.13.0
[INFO] [stderr]    Compiling wait-timeout v0.2.1
[INFO] [stderr]    Compiling quick-error v1.2.3
[INFO] [stderr]    Compiling bit-vec v0.8.0
[INFO] [stderr]    Compiling rand v0.9.4
[INFO] [stderr]    Compiling rand_xorshift v0.4.0
[INFO] [stderr]    Compiling page_size v0.6.0
[INFO] [stderr]    Compiling unarray v0.1.4
[INFO] [stderr]    Compiling clap_builder v4.6.0
[INFO] [stderr]    Compiling bit-set v0.8.0
[INFO] [stderr]    Compiling quote v1.0.45
[INFO] [stderr]    Compiling syn v2.0.117
[INFO] [stderr]    Compiling alloca v0.4.0
[INFO] [stderr]    Compiling criterion-plot v0.8.2
[INFO] [stderr]    Compiling tempfile v3.27.0
[INFO] [stderr]    Compiling rusty-fork v0.3.1
[INFO] [stderr]    Compiling regex-automata v0.4.14
[INFO] [stderr]    Compiling clap v4.6.1
[INFO] [stderr]    Compiling regex v1.12.3
[INFO] [stderr]    Compiling serde_derive v1.0.228
[INFO] [stderr]    Compiling zerocopy-derive v0.8.39
[INFO] [stderr]    Compiling serde v1.0.228
[INFO] [stderr]    Compiling shiplog-ids v0.6.0
[INFO] [stderr]    Compiling chrono v0.4.44
[INFO] [stderr]    Compiling tinytemplate v1.2.1
[INFO] [stderr]    Compiling shiplog-schema v0.6.0
[INFO] [stderr]    Compiling shiplog-ports v0.6.0
[INFO] [stderr]    Compiling shiplog-redact v0.6.0 (/opt/rustwide/workdir)
[INFO] [stderr]    Compiling half v2.7.1
[INFO] [stderr]    Compiling ppv-lite86 v0.2.21
[INFO] [stderr]    Compiling ciborium-ll v0.2.2
[INFO] [stderr]    Compiling rand_chacha v0.9.0
[INFO] [stderr]    Compiling ciborium v0.2.2
[INFO] [stderr]    Compiling proptest v1.11.0
[INFO] [stderr]    Compiling criterion v0.8.2
[INFO] [stdout] error[E0433]: cannot find module or crate `shiplog_testkit` in this scope
[INFO] [stdout]  --> tests/bdd.rs:6:5
[INFO] [stdout]   |
[INFO] [stdout] 6 | use shiplog_testkit::bdd::Scenario;
[INFO] [stdout]   |     ^^^^^^^^^^^^^^^ use of unresolved module or unlinked crate `shiplog_testkit`
[INFO] [stdout]   |
[INFO] [stdout] help: there is a crate or module with a similar name
[INFO] [stdout]   |
[INFO] [stdout] 6 - use shiplog_testkit::bdd::Scenario;
[INFO] [stdout] 6 + use shiplog_redact::bdd::Scenario;
[INFO] [stdout]   |
[INFO] [stdout] 
[INFO] [stdout] 
[INFO] [stdout] error[E0433]: cannot find module or crate `shiplog_testkit` in this scope
[INFO] [stdout]  --> tests/property_tests.rs:9:5
[INFO] [stdout]   |
[INFO] [stdout] 9 | use shiplog_testkit::proptest::*;
[INFO] [stdout]   |     ^^^^^^^^^^^^^^^ use of unresolved module or unlinked crate `shiplog_testkit`
[INFO] [stdout]   |
[INFO] [stdout] help: there is a crate or module with a similar name
[INFO] [stdout]   |
[INFO] [stdout] 9 - use shiplog_testkit::proptest::*;
[INFO] [stdout] 9 + use shiplog_redact::proptest::*;
[INFO] [stdout]   |
[INFO] [stdout] 
[INFO] [stdout] 
[INFO] [stdout] error[E0433]: cannot find module or crate `shiplog_testkit` in this scope
[INFO] [stdout]   --> tests/determinism.rs:13:9
[INFO] [stdout]    |
[INFO] [stdout] 13 |         shiplog_testkit::pr_event("acme/frontend", 1, "Add login page"),
[INFO] [stdout]    |         ^^^^^^^^^^^^^^^ use of unresolved module or unlinked crate `shiplog_testkit`
[INFO] [stdout]    |
[INFO] [stdout] help: there is a crate or module with a similar name
[INFO] [stdout]    |
[INFO] [stdout] 13 -         shiplog_testkit::pr_event("acme/frontend", 1, "Add login page"),
[INFO] [stdout] 13 +         shiplog_redact::pr_event("acme/frontend", 1, "Add login page"),
[INFO] [stdout]    |
[INFO] [stdout] 
[INFO] [stdout] 
[INFO] [stdout] error[E0433]: cannot find module or crate `shiplog_testkit` in this scope
[INFO] [stdout]   --> tests/determinism.rs:14:9
[INFO] [stdout]    |
[INFO] [stdout] 14 |         shiplog_testkit::pr_event("acme/frontend", 2, "Fix CSS layout"),
[INFO] [stdout]    |         ^^^^^^^^^^^^^^^ use of unresolved module or unlinked crate `shiplog_testkit`
[INFO] [stdout]    |
[INFO] [stdout] help: there is a crate or module with a similar name
[INFO] [stdout]    |
[INFO] [stdout] 14 -         shiplog_testkit::pr_event("acme/frontend", 2, "Fix CSS layout"),
[INFO] [stdout] 14 +         shiplog_redact::pr_event("acme/frontend", 2, "Fix CSS layout"),
[INFO] [stdout]    |
[INFO] [stdout] 
[INFO] [stdout] 
[INFO] [stdout] error[E0433]: cannot find module or crate `shiplog_testkit` in this scope
[INFO] [stdout]   --> tests/determinism.rs:15:9
[INFO] [stdout]    |
[INFO] [stdout] 15 |         shiplog_testkit::pr_event("acme/backend", 3, "Add REST API"),
[INFO] [stdout]    |         ^^^^^^^^^^^^^^^ use of unresolved module or unlinked crate `shiplog_testkit`
[INFO] [stdout]    |
[INFO] [stdout] help: there is a crate or module with a similar name
[INFO] [stdout]    |
[INFO] [stdout] 15 -         shiplog_testkit::pr_event("acme/backend", 3, "Add REST API"),
[INFO] [stdout] 15 +         shiplog_redact::pr_event("acme/backend", 3, "Add REST API"),
[INFO] [stdout]    |
[INFO] [stdout] 
[INFO] [stdout] 
[INFO] [stdout] error[E0433]: cannot find module or crate `shiplog_testkit` in this scope
[INFO] [stdout]   --> tests/determinism.rs:16:9
[INFO] [stdout]    |
[INFO] [stdout] 16 |         shiplog_testkit::pr_event("secret-org/private-repo", 4, "Sensitive change"),
[INFO] [stdout]    |         ^^^^^^^^^^^^^^^ use of unresolved module or unlinked crate `shiplog_testkit`
[INFO] [stdout]    |
[INFO] [stdout] help: there is a crate or module with a similar name
[INFO] [stdout]    |
[INFO] [stdout] 16 -         shiplog_testkit::pr_event("secret-org/private-repo", 4, "Sensitive change"),
[INFO] [stdout] 16 +         shiplog_redact::pr_event("secret-org/private-repo", 4, "Sensitive change"),
[INFO] [stdout]    |
[INFO] [stdout] 
[INFO] [stdout] 
[INFO] [stdout] error[E0433]: cannot find module or crate `shiplog_testkit` in this scope
[INFO] [stdout]   --> tests/stress.rs:12:18
[INFO] [stdout]    |
[INFO] [stdout] 12 |         .map(|i| shiplog_testkit::pr_event(&format!("org/repo-{i}"), i as u64, &format!("PR {i}")))
[INFO] [stdout]    |                  ^^^^^^^^^^^^^^^ use of unresolved module or unlinked crate `shiplog_testkit`
[INFO] [stdout]    |
[INFO] [stdout] help: there is a crate or module with a similar name
[INFO] [stdout]    |
[INFO] [stdout] 12 -         .map(|i| shiplog_testkit::pr_event(&format!("org/repo-{i}"), i as u64, &format!("PR {i}")))
[INFO] [stdout] 12 +         .map(|i| shiplog_redact::pr_event(&format!("org/repo-{i}"), i as u64, &format!("PR {i}")))
[INFO] [stdout]    |
[INFO] [stdout] 
[INFO] [stdout] 
[INFO] [stdout] For more information about this error, try `rustc --explain E0433`.
[INFO] [stdout] 
[INFO] [stderr] error: could not compile `shiplog-redact` (test "bdd") due to 1 previous error
[INFO] [stderr] warning: build failed, waiting for other jobs to finish...
[INFO] [stdout] error[E0433]: cannot find module or crate `shiplog_testkit` in this scope
[INFO] [stdout]    --> tests/property_tests.rs:277:45
[INFO] [stdout]     |
[INFO] [stdout] 277 |         events in proptest::collection::vec(shiplog_testkit::proptest::strategy_event_envelope(), 1..5),
[INFO] [stdout]     |                                             ^^^^^^^^^^^^^^^ use of unresolved module or unlinked crate `shiplog_testkit`
[INFO] [stdout]     |
[INFO] [stdout] help: there is a crate or module with a similar name
[INFO] [stdout]     |
[INFO] [stdout] 277 -         events in proptest::collection::vec(shiplog_testkit::proptest::strategy_event_envelope(), 1..5),
[INFO] [stdout] 277 +         events in proptest::collection::vec(shiplog_redact::proptest::strategy_event_envelope(), 1..5),
[INFO] [stdout]     |
[INFO] [stdout] 
[INFO] [stdout] 
[INFO] [stdout] For more information about this error, try `rustc --explain E0433`.
[INFO] [stdout] 
[INFO] [stderr] error: could not compile `shiplog-redact` (test "determinism") due to 4 previous errors
[INFO] [stdout] error[E0433]: cannot find module or crate `shiplog_testkit` in this scope
[INFO] [stdout]   --> tests/stress.rs:42:9
[INFO] [stdout]    |
[INFO] [stdout] 42 |         shiplog_testkit::pr_event("org/secret", 1, "Secret PR"),
[INFO] [stdout]    |         ^^^^^^^^^^^^^^^ use of unresolved module or unlinked crate `shiplog_testkit`
[INFO] [stdout]    |
[INFO] [stdout] help: there is a crate or module with a similar name
[INFO] [stdout]    |
[INFO] [stdout] 42 -         shiplog_testkit::pr_event("org/secret", 1, "Secret PR"),
[INFO] [stdout] 42 +         shiplog_redact::pr_event("org/secret", 1, "Secret PR"),
[INFO] [stdout]    |
[INFO] [stdout] 
[INFO] [stdout] 
[INFO] [stdout] error[E0433]: cannot find module or crate `shiplog_testkit` in this scope
[INFO] [stdout]   --> tests/stress.rs:43:9
[INFO] [stdout]    |
[INFO] [stdout] 43 |         shiplog_testkit::pr_event("org/public", 2, "Public PR"),
[INFO] [stdout]    |         ^^^^^^^^^^^^^^^ use of unresolved module or unlinked crate `shiplog_testkit`
[INFO] [stdout]    |
[INFO] [stdout] help: there is a crate or module with a similar name
[INFO] [stdout]    |
[INFO] [stdout] 43 -         shiplog_testkit::pr_event("org/public", 2, "Public PR"),
[INFO] [stdout] 43 +         shiplog_redact::pr_event("org/public", 2, "Public PR"),
[INFO] [stdout]    |
[INFO] [stdout] 
[INFO] [stdout] 
[INFO] [stdout] error[E0433]: cannot find module or crate `shiplog_testkit` in this scope
[INFO] [stdout]   --> tests/stress.rs:72:18
[INFO] [stdout]    |
[INFO] [stdout] 72 |         .map(|i| shiplog_testkit::pr_event("same/repo", i as u64 + 1, &format!("PR {i}")))
[INFO] [stdout]    |                  ^^^^^^^^^^^^^^^ use of unresolved module or unlinked crate `shiplog_testkit`
[INFO] [stdout]    |
[INFO] [stdout] help: there is a crate or module with a similar name
[INFO] [stdout]    |
[INFO] [stdout] 72 -         .map(|i| shiplog_testkit::pr_event("same/repo", i as u64 + 1, &format!("PR {i}")))
[INFO] [stdout] 72 +         .map(|i| shiplog_redact::pr_event("same/repo", i as u64 + 1, &format!("PR {i}")))
[INFO] [stdout]    |
[INFO] [stdout] 
[INFO] [stdout] 
[INFO] [stdout] error[E0425]: cannot find function `strategy_event_vec` in this scope
[INFO] [stdout]   --> tests/property_tests.rs:19:19
[INFO] [stdout]    |
[INFO] [stdout] 19 |         events in strategy_event_vec(20),
[INFO] [stdout]    |                   ^^^^^^^^^^^^^^^^^^ not found in this scope
[INFO] [stdout] 
[INFO] [stdout] 
[INFO] [stdout] For more information about this error, try `rustc --explain E0433`.
[INFO] [stdout] 
[INFO] [stdout] error[E0277]: the size for values of type `[EventEnvelope]` cannot be known at compilation time
[INFO] [stdout]   --> tests/property_tests.rs:19:9
[INFO] [stdout]    |
[INFO] [stdout] 19 |         events in strategy_event_vec(20),
[INFO] [stdout]    |         ^^^^^^ doesn't have a size known at compile-time
[INFO] [stdout]    |
[INFO] [stdout]    = help: the trait `Sized` is not implemented for `[EventEnvelope]`
[INFO] [stdout]    = note: all local variables must have a statically known size
[INFO] [stdout] 
[INFO] [stdout] 
[INFO] [stderr] error: could not compile `shiplog-redact` (test "stress") due to 4 previous errors
[INFO] [stdout] error[E0425]: cannot find function `strategy_workstreams_file` in this scope
[INFO] [stdout]   --> tests/property_tests.rs:56:20
[INFO] [stdout]    |
[INFO] [stdout] 56 |         ws_file in strategy_workstreams_file(),
[INFO] [stdout]    |                    ^^^^^^^^^^^^^^^^^^^^^^^^^ not found in this scope
[INFO] [stdout] 
[INFO] [stdout] 
[INFO] [stdout] error[E0425]: cannot find function `strategy_event_vec` in this scope
[INFO] [stdout]   --> tests/property_tests.rs:82:19
[INFO] [stdout]    |
[INFO] [stdout] 82 |         events in strategy_event_vec(20),
[INFO] [stdout]    |                   ^^^^^^^^^^^^^^^^^^ not found in this scope
[INFO] [stdout] 
[INFO] [stdout] 
[INFO] [stdout] error[E0277]: the size for values of type `[EventEnvelope]` cannot be known at compilation time
[INFO] [stdout]   --> tests/property_tests.rs:82:9
[INFO] [stdout]    |
[INFO] [stdout] 82 |         events in strategy_event_vec(20),
[INFO] [stdout]    |         ^^^^^^ doesn't have a size known at compile-time
[INFO] [stdout]    |
[INFO] [stdout]    = help: the trait `Sized` is not implemented for `[EventEnvelope]`
[INFO] [stdout]    = note: all local variables must have a statically known size
[INFO] [stdout] 
[INFO] [stdout] 
[INFO] [stdout] error[E0425]: cannot find function `strategy_event_vec` in this scope
[INFO] [stdout]    --> tests/property_tests.rs:112:19
[INFO] [stdout]     |
[INFO] [stdout] 112 |         events in strategy_event_vec(20),
[INFO] [stdout]     |                   ^^^^^^^^^^^^^^^^^^ not found in this scope
[INFO] [stdout] 
[INFO] [stdout] 
[INFO] [stdout] error[E0277]: the size for values of type `[EventEnvelope]` cannot be known at compilation time
[INFO] [stdout]    --> tests/property_tests.rs:112:9
[INFO] [stdout]     |
[INFO] [stdout] 112 |         events in strategy_event_vec(20),
[INFO] [stdout]     |         ^^^^^^ doesn't have a size known at compile-time
[INFO] [stdout]     |
[INFO] [stdout]     = help: the trait `Sized` is not implemented for `[EventEnvelope]`
[INFO] [stdout]     = note: all local variables must have a statically known size
[INFO] [stdout] 
[INFO] [stdout] 
[INFO] [stdout] error[E0277]: the size for values of type `[EventEnvelope]` cannot be known at compilation time
[INFO] [stdout]    --> tests/property_tests.rs:118:9
[INFO] [stdout]     |
[INFO] [stdout] 118 |         prop_assert_eq!(events, redacted);
[INFO] [stdout]     |         ^^^^^^^^^^^^^^^^^^^^^^^^^^^^^^^^^ doesn't have a size known at compile-time
[INFO] [stdout]     |
[INFO] [stdout]     = help: the trait `Sized` is not implemented for `[EventEnvelope]`
[INFO] [stdout]     = note: all local variables must have a statically known size
[INFO] [stdout]     = note: this error originates in the macro `prop_assert_eq` (in Nightly builds, run with -Z macro-backtrace for more info)
[INFO] [stdout] 
[INFO] [stdout] 
[INFO] [stdout] error[E0277]: the size for values of type `[EventEnvelope]` cannot be known at compilation time
[INFO] [stdout]    --> tests/property_tests.rs:118:9
[INFO] [stdout]     |
[INFO] [stdout] 118 |         prop_assert_eq!(events, redacted);
[INFO] [stdout]     |         ^^^^^^^^^^^^^^^^^^^^^^^^^^^^^^^^^
[INFO] [stdout]     |         |
[INFO] [stdout]     |         doesn't have a size known at compile-time
[INFO] [stdout]     |         required by this formatting parameter
[INFO] [stdout]     |
[INFO] [stdout]     = help: the trait `Sized` is not implemented for `[EventEnvelope]`
[INFO] [stdout]     = note: this error originates in the macro `$crate::__export::format_args` which comes from the expansion of the macro `prop_assert_eq` (in Nightly builds, run with -Z macro-backtrace for more info)
[INFO] [stdout] 
[INFO] [stdout] 
[INFO] [stdout] error[E0425]: cannot find function `strategy_event_vec` in this scope
[INFO] [stdout]    --> tests/property_tests.rs:124:19
[INFO] [stdout]     |
[INFO] [stdout] 124 |         events in strategy_event_vec(20),
[INFO] [stdout]     |                   ^^^^^^^^^^^^^^^^^^ not found in this scope
[INFO] [stdout] 
[INFO] [stdout] 
[INFO] [stdout] error[E0277]: the size for values of type `[EventEnvelope]` cannot be known at compilation time
[INFO] [stdout]    --> tests/property_tests.rs:124:9
[INFO] [stdout]     |
[INFO] [stdout] 124 |         events in strategy_event_vec(20),
[INFO] [stdout]     |         ^^^^^^ doesn't have a size known at compile-time
[INFO] [stdout]     |
[INFO] [stdout]     = help: the trait `Sized` is not implemented for `[EventEnvelope]`
[INFO] [stdout]     = note: all local variables must have a statically known size
[INFO] [stdout] 
[INFO] [stdout] 
[INFO] [stdout] error[E0425]: cannot find function `strategy_event_vec` in this scope
[INFO] [stdout]    --> tests/property_tests.rs:145:19
[INFO] [stdout]     |
[INFO] [stdout] 145 |         events in strategy_event_vec(10),
[INFO] [stdout]     |                   ^^^^^^^^^^^^^^^^^^ not found in this scope
[INFO] [stdout] 
[INFO] [stdout] 
[INFO] [stdout] error[E0277]: the size for values of type `[EventEnvelope]` cannot be known at compilation time
[INFO] [stdout]    --> tests/property_tests.rs:145:9
[INFO] [stdout]     |
[INFO] [stdout] 145 |         events in strategy_event_vec(10),
[INFO] [stdout]     |         ^^^^^^ doesn't have a size known at compile-time
[INFO] [stdout]     |
[INFO] [stdout]     = help: the trait `Sized` is not implemented for `[EventEnvelope]`
[INFO] [stdout]     = note: all local variables must have a statically known size
[INFO] [stdout] 
[INFO] [stdout] 
[INFO] [stdout] error[E0425]: cannot find function `strategy_event_vec` in this scope
[INFO] [stdout]    --> tests/property_tests.rs:177:19
[INFO] [stdout]     |
[INFO] [stdout] 177 |         events in strategy_event_vec(10),
[INFO] [stdout]     |                   ^^^^^^^^^^^^^^^^^^ not found in this scope
[INFO] [stdout] 
[INFO] [stdout] 
[INFO] [stdout] error[E0277]: the size for values of type `[EventEnvelope]` cannot be known at compilation time
[INFO] [stdout]    --> tests/property_tests.rs:177:9
[INFO] [stdout]     |
[INFO] [stdout] 177 |         events in strategy_event_vec(10),
[INFO] [stdout]     |         ^^^^^^ doesn't have a size known at compile-time
[INFO] [stdout]     |
[INFO] [stdout]     = help: the trait `Sized` is not implemented for `[EventEnvelope]`
[INFO] [stdout]     = note: all local variables must have a statically known size
[INFO] [stdout] 
[INFO] [stdout] 
[INFO] [stdout] error[E0425]: cannot find function `strategy_event_vec` in this scope
[INFO] [stdout]    --> tests/property_tests.rs:202:19
[INFO] [stdout]     |
[INFO] [stdout] 202 |         events in strategy_event_vec(20),
[INFO] [stdout]     |                   ^^^^^^^^^^^^^^^^^^ not found in this scope
[INFO] [stdout] 
[INFO] [stdout] 
[INFO] [stdout] error[E0277]: the size for values of type `[EventEnvelope]` cannot be known at compilation time
[INFO] [stdout]    --> tests/property_tests.rs:202:9
[INFO] [stdout]     |
[INFO] [stdout] 202 |         events in strategy_event_vec(20),
[INFO] [stdout]     |         ^^^^^^ doesn't have a size known at compile-time
[INFO] [stdout]     |
[INFO] [stdout]     = help: the trait `Sized` is not implemented for `[EventEnvelope]`
[INFO] [stdout]     = note: all local variables must have a statically known size
[INFO] [stdout] 
[INFO] [stdout] 
[INFO] [stdout] error[E0425]: cannot find function `strategy_workstreams_file` in this scope
[INFO] [stdout]    --> tests/property_tests.rs:214:20
[INFO] [stdout]     |
[INFO] [stdout] 214 |         ws_file in strategy_workstreams_file(),
[INFO] [stdout]     |                    ^^^^^^^^^^^^^^^^^^^^^^^^^ not found in this scope
[INFO] [stdout] 
[INFO] [stdout] 
[INFO] [stdout] error[E0425]: cannot find function `strategy_event_vec` in this scope
[INFO] [stdout]    --> tests/property_tests.rs:230:19
[INFO] [stdout]     |
[INFO] [stdout] 230 |         events in strategy_event_vec(10),
[INFO] [stdout]     |                   ^^^^^^^^^^^^^^^^^^ not found in this scope
[INFO] [stdout] 
[INFO] [stdout] 
[INFO] [stdout] error[E0277]: the size for values of type `[EventEnvelope]` cannot be known at compilation time
[INFO] [stdout]    --> tests/property_tests.rs:230:9
[INFO] [stdout]     |
[INFO] [stdout] 230 |         events in strategy_event_vec(10),
[INFO] [stdout]     |         ^^^^^^ doesn't have a size known at compile-time
[INFO] [stdout]     |
[INFO] [stdout]     = help: the trait `Sized` is not implemented for `[EventEnvelope]`
[INFO] [stdout]     = note: all local variables must have a statically known size
[INFO] [stdout] 
[INFO] [stdout] 
[INFO] [stdout] error[E0425]: cannot find function `strategy_event_vec` in this scope
[INFO] [stdout]    --> tests/property_tests.rs:251:19
[INFO] [stdout]     |
[INFO] [stdout] 251 |         events in strategy_event_vec(10),
[INFO] [stdout]     |                   ^^^^^^^^^^^^^^^^^^ not found in this scope
[INFO] [stdout] 
[INFO] [stdout] 
[INFO] [stdout] error[E0277]: the size for values of type `[EventEnvelope]` cannot be known at compilation time
[INFO] [stdout]    --> tests/property_tests.rs:251:9
[INFO] [stdout]     |
[INFO] [stdout] 251 |         events in strategy_event_vec(10),
[INFO] [stdout]     |         ^^^^^^ doesn't have a size known at compile-time
[INFO] [stdout]     |
[INFO] [stdout]     = help: the trait `Sized` is not implemented for `[EventEnvelope]`
[INFO] [stdout]     = note: all local variables must have a statically known size
[INFO] [stdout] 
[INFO] [stdout] 
[INFO] [stdout] error[E0277]: the size for values of type `[EventEnvelope]` cannot be known at compilation time
[INFO] [stdout]    --> tests/property_tests.rs:277:9
[INFO] [stdout]     |
[INFO] [stdout] 277 |         events in proptest::collection::vec(shiplog_testkit::proptest::strategy_event_envelope(), 1..5),
[INFO] [stdout]     |         ^^^^^^ doesn't have a size known at compile-time
[INFO] [stdout]     |
[INFO] [stdout]     = help: the trait `Sized` is not implemented for `[EventEnvelope]`
[INFO] [stdout]     = note: all local variables must have a statically known size
[INFO] [stdout] 
[INFO] [stdout] 
[INFO] [stdout] error[E0425]: cannot find function `strategy_event_vec` in this scope
[INFO] [stdout]    --> tests/property_tests.rs:303:19
[INFO] [stdout]     |
[INFO] [stdout] 303 |         events in strategy_event_vec(10),
[INFO] [stdout]     |                   ^^^^^^^^^^^^^^^^^^ not found in this scope
[INFO] [stdout] 
[INFO] [stdout] 
[INFO] [stdout] error[E0277]: the size for values of type `[EventEnvelope]` cannot be known at compilation time
[INFO] [stdout]    --> tests/property_tests.rs:303:9
[INFO] [stdout]     |
[INFO] [stdout] 303 |         events in strategy_event_vec(10),
[INFO] [stdout]     |         ^^^^^^ doesn't have a size known at compile-time
[INFO] [stdout]     |
[INFO] [stdout]     = help: the trait `Sized` is not implemented for `[EventEnvelope]`
[INFO] [stdout]     = note: all local variables must have a statically known size
[INFO] [stdout] 
[INFO] [stdout] 
[INFO] [stdout] error[E0425]: cannot find function `strategy_event_vec` in this scope
[INFO] [stdout]    --> tests/property_tests.rs:317:19
[INFO] [stdout]     |
[INFO] [stdout] 317 |         events in strategy_event_vec(15),
[INFO] [stdout]     |                   ^^^^^^^^^^^^^^^^^^ not found in this scope
[INFO] [stdout] 
[INFO] [stdout] 
[INFO] [stdout] error[E0277]: the size for values of type `[EventEnvelope]` cannot be known at compilation time
[INFO] [stdout]    --> tests/property_tests.rs:317:9
[INFO] [stdout]     |
[INFO] [stdout] 317 |         events in strategy_event_vec(15),
[INFO] [stdout]     |         ^^^^^^ doesn't have a size known at compile-time
[INFO] [stdout]     |
[INFO] [stdout]     = help: the trait `Sized` is not implemented for `[EventEnvelope]`
[INFO] [stdout]     = note: all local variables must have a statically known size
[INFO] [stdout] 
[INFO] [stdout] 
[INFO] [stdout] error[E0425]: cannot find function `strategy_event_vec` in this scope
[INFO] [stdout]    --> tests/property_tests.rs:332:19
[INFO] [stdout]     |
[INFO] [stdout] 332 |         events in strategy_event_vec(20),
[INFO] [stdout]     |                   ^^^^^^^^^^^^^^^^^^ not found in this scope
[INFO] [stdout] 
[INFO] [stdout] 
[INFO] [stdout] error[E0277]: the size for values of type `[EventEnvelope]` cannot be known at compilation time
[INFO] [stdout]    --> tests/property_tests.rs:332:9
[INFO] [stdout]     |
[INFO] [stdout] 332 |         events in strategy_event_vec(20),
[INFO] [stdout]     |         ^^^^^^ doesn't have a size known at compile-time
[INFO] [stdout]     |
[INFO] [stdout]     = help: the trait `Sized` is not implemented for `[EventEnvelope]`
[INFO] [stdout]     = note: all local variables must have a statically known size
[INFO] [stdout] 
[INFO] [stdout] 
[INFO] [stdout] Some errors have detailed explanations: E0277, E0425, E0433.
[INFO] [stdout] 
[INFO] [stdout] For more information about an error, try `rustc --explain E0277`.
[INFO] [stdout] 
[INFO] [stderr] error: could not compile `shiplog-redact` (test "property_tests") due to 31 previous errors
[INFO] running `Command { std: "docker" "inspect" "673225216d469a85a26cf52c95f5a0daa11e0a56cadbf475ed351ced5b6c579e", kill_on_drop: false }`
[INFO] running `Command { std: "docker" "rm" "-f" "673225216d469a85a26cf52c95f5a0daa11e0a56cadbf475ed351ced5b6c579e", kill_on_drop: false }`
[INFO] [stdout] 673225216d469a85a26cf52c95f5a0daa11e0a56cadbf475ed351ced5b6c579e
