[INFO] fetching crate shiplog-engine 0.6.0...
[INFO] testing shiplog-engine-0.6.0 against 1.99.0-beta.8 for beta-1.100-2
[INFO] extracting crate shiplog-engine 0.6.0 into /workspace/builds/worker-0-tc1/source
[INFO] started tweaking crates.io crate shiplog-engine 0.6.0
[INFO] removed 0 missing tests
[INFO] finished tweaking crates.io crate shiplog-engine 0.6.0
[INFO] tweaked toml for crates.io crate shiplog-engine 0.6.0 written to /workspace/builds/worker-0-tc1/source/Cargo.toml
[INFO] validating manifest of crates.io crate shiplog-engine 0.6.0 on toolchain 1.99.0-beta.8
[INFO] running `Command { std: CARGO_HOME="/workspace/cargo-home" RUSTUP_HOME="/workspace/rustup-home" "/workspace/cargo-home/bin/cargo" "+1.99.0-beta.8" "metadata" "--manifest-path" "Cargo.toml" "--no-deps", kill_on_drop: false }`
[INFO] crate crates.io crate shiplog-engine 0.6.0 already has a lockfile, it will not be regenerated
[INFO] running `Command { std: CARGO_HOME="/workspace/cargo-home" RUSTUP_HOME="/workspace/rustup-home" "/workspace/cargo-home/bin/cargo" "+1.99.0-beta.8" "fetch" "--manifest-path" "Cargo.toml", kill_on_drop: false }`
[INFO] [stderr]     Updating crates.io index
[INFO] [stderr]  Downloading crates ...
[INFO] [stderr]   Downloaded bitflags v2.10.0
[INFO] [stderr]   Downloaded crypto-common v0.2.1
[INFO] [stderr]   Downloaded zmij v1.0.20
[INFO] [stderr]   Downloaded block-buffer v0.12.0
[INFO] [stderr]   Downloaded semver v1.0.27
[INFO] [stderr]   Downloaded shiplog-merge v0.6.0
[INFO] [stderr]   Downloaded num-conv v0.2.0
[INFO] [stderr]   Downloaded sha1 v0.11.0
[INFO] [stderr]   Downloaded crc v3.3.0
[INFO] [stderr]   Downloaded cpubits v0.1.1
[INFO] [stderr]   Downloaded getrandom v0.4.1
[INFO] [stderr]   Downloaded wasip2 v1.0.2+wasi-0.2.9
[INFO] [stderr]   Downloaded fastrand v2.3.0
[INFO] [stderr]   Downloaded cmov v0.5.3
[INFO] [stderr]   Downloaded shiplog-ports v0.6.0
[INFO] [stderr]   Downloaded inout v0.2.2
[INFO] [stderr]   Downloaded shiplog-render-json v0.6.0
[INFO] [stderr]   Downloaded shiplog-bundle v0.6.0
[INFO] [stderr]   Downloaded zstd v0.13.3
[INFO] [stderr]   Downloaded zstd-safe v7.2.4
[INFO] [stderr]   Downloaded deranged v0.5.5
[INFO] [stderr]   Downloaded cipher v0.5.1
[INFO] [stderr]   Downloaded shiplog-ids v0.6.0
[INFO] [stderr]   Downloaded ctutils v0.4.2
[INFO] [stderr]   Downloaded shiplog-ingest-json v0.6.0
[INFO] [stderr]   Downloaded pkg-config v0.3.32
[INFO] [stderr]   Downloaded shiplog-render-md v0.6.0
[INFO] [stderr]   Downloaded pbkdf2 v0.13.0
[INFO] [stderr]   Downloaded deflate64 v0.1.10
[INFO] [stderr]   Downloaded libbz2-rs-sys v0.2.2
[INFO] [stderr]   Downloaded shiplog-workstreams v0.6.0
[INFO] [stderr]   Downloaded sha2 v0.11.0
[INFO] [stderr]   Downloaded hybrid-array v0.4.11
[INFO] [stderr]   Downloaded const-oid v0.10.2
[INFO] [stderr]   Downloaded shiplog-redact v0.6.0
[INFO] [stderr]   Downloaded zopfli v0.8.3
[INFO] [stderr]   Downloaded bzip2 v0.6.1
[INFO] [stderr]   Downloaded ppmd-rust v1.4.0
[INFO] [stderr]   Downloaded hmac v0.13.0
[INFO] [stderr]   Downloaded shiplog-schema v0.6.0
[INFO] [stderr]   Downloaded cc v1.2.55
[INFO] [stderr]   Downloaded serde_yaml_ng v0.10.0
[INFO] [stderr]   Downloaded zerocopy-derive v0.8.39
[INFO] [stderr]   Downloaded typed-path v0.12.2
[INFO] [stderr]   Downloaded aes v0.9.0
[INFO] [stderr]   Downloaded zip v8.6.0
[INFO] [stderr]   Downloaded zlib-rs v0.6.0
[INFO] [stderr]   Downloaded zerocopy v0.8.39
[INFO] [stderr]   Downloaded lzma-rust2 v0.16.1
[INFO] [stderr]   Downloaded zstd-sys v2.0.16+zstd.1.5.7
[INFO] running `Command { std: "docker" "create" "-v" "/var/lib/crater-agent-workspace/builds/worker-0-tc1/source:/opt/rustwide/workdir:ro,Z" "-v" "/var/lib/crater-agent-workspace/builds/worker-0-tc1/target:/opt/rustwide/target:rw,Z" "-v" "/var/lib/crater-agent-workspace/cargo-home:/opt/rustwide/cargo-home:ro,Z" "-v" "/var/lib/crater-agent-workspace/rustup-home:/opt/rustwide/rustup-home:ro,Z" "-m" "1610612736" "--network" "none" "ghcr.io/rust-lang/crates-build-env/linux@sha256:3111399a4047eeb3a02b7a90e478d715f38a8c6669b5c4b49d30a17385265909" "sleep" "infinity", kill_on_drop: false }`
[INFO] [stdout] a265cf8093661b7827cb6d36b706acb9765ac18033accbe38517cbcbb3a0a436
[INFO] running `Command { std: "docker" "start" "a265cf8093661b7827cb6d36b706acb9765ac18033accbe38517cbcbb3a0a436", kill_on_drop: false }`
[INFO] running `Command { std: "docker" "inspect" "a265cf8093661b7827cb6d36b706acb9765ac18033accbe38517cbcbb3a0a436", kill_on_drop: false }`
[INFO] running `Command { std: "docker" "exec" "-e" "SOURCE_DIR=/opt/rustwide/workdir" "-e" "CARGO_HOME=/opt/rustwide/cargo-home" "-e" "RUSTUP_HOME=/opt/rustwide/rustup-home" "-e" "CARGO_TARGET_DIR=/opt/rustwide/target" "-w" "/opt/rustwide/workdir" "--user" "0:0" "a265cf8093661b7827cb6d36b706acb9765ac18033accbe38517cbcbb3a0a436" "/opt/rustwide/cargo-home/bin/cargo" "+1.99.0-beta.8" "metadata" "--no-deps" "--format-version=1", kill_on_drop: false }`
[INFO] running `Command { std: "docker" "inspect" "a265cf8093661b7827cb6d36b706acb9765ac18033accbe38517cbcbb3a0a436", kill_on_drop: false }`
[INFO] running `Command { std: "docker" "exec" "-e" "SOURCE_DIR=/opt/rustwide/workdir" "-e" "CARGO_HOME=/opt/rustwide/cargo-home" "-e" "RUSTUP_HOME=/opt/rustwide/rustup-home" "-e" "CARGO_TARGET_DIR=/opt/rustwide/target" "-e" "CARGO_INCREMENTAL=0" "-e" "RUST_BACKTRACE=full" "-e" "RUSTFLAGS=--cap-lints=warn" "-e" "RUSTDOCFLAGS=--cap-lints=warn" "-w" "/opt/rustwide/workdir" "--user" "0:0" "a265cf8093661b7827cb6d36b706acb9765ac18033accbe38517cbcbb3a0a436" "/opt/rustwide/cargo-home/bin/cargo" "+1.99.0-beta.8" "build" "--frozen" "--message-format=json", kill_on_drop: false }`
[INFO] [stderr]    Compiling typenum v1.20.0
[INFO] [stderr]    Compiling cfg-if v1.0.4
[INFO] [stderr]    Compiling proc-macro2 v1.0.106
[INFO] [stderr]    Compiling cmov v0.5.3
[INFO] [stderr]    Compiling unicode-ident v1.0.23
[INFO] [stderr]    Compiling zeroize v1.8.2
[INFO] [stderr]    Compiling quote v1.0.45
[INFO] [stderr]    Compiling serde_core v1.0.228
[INFO] [stderr]    Compiling const-oid v0.10.2
[INFO] [stderr]    Compiling serde v1.0.228
[INFO] [stderr]    Compiling cpufeatures v0.3.0
[INFO] [stderr]    Compiling libc v0.2.186
[INFO] [stderr]    Compiling autocfg v1.5.0
[INFO] [stderr]    Compiling zmij v1.0.20
[INFO] [stderr]    Compiling memchr v2.8.0
[INFO] [stderr]    Compiling ctutils v0.4.2
[INFO] [stderr]    Compiling itoa v1.0.17
[INFO] [stderr]    Compiling num-traits v0.2.19
[INFO] [stderr]    Compiling serde_json v1.0.149
[INFO] [stderr]    Compiling anyhow v1.0.102
[INFO] [stderr]    Compiling hex v0.4.3
[INFO] [stderr]    Compiling shlex v1.3.0
[INFO] [stderr]    Compiling find-msvc-tools v0.1.9
[INFO] [stderr]    Compiling syn v2.0.117
[INFO] [stderr]    Compiling iana-time-zone v0.1.65
[INFO] [stderr]    Compiling pkg-config v0.3.32
[INFO] [stderr]    Compiling hybrid-array v0.4.11
[INFO] [stderr]    Compiling generic-array v0.14.7
[INFO] [stderr]    Compiling jobserver v0.1.34
[INFO] [stderr]    Compiling equivalent v1.0.2
[INFO] [stderr]    Compiling hashbrown v0.16.1
[INFO] [stderr]    Compiling zstd-safe v7.2.4
[INFO] [stderr]    Compiling cc v1.2.55
[INFO] [stderr]    Compiling crc32fast v1.5.0
[INFO] [stderr]    Compiling crc-catalog v2.4.0
[INFO] [stderr]    Compiling powerfmt v0.2.0
[INFO] [stderr]    Compiling block-buffer v0.10.4
[INFO] [stderr]    Compiling crypto-common v0.1.7
[INFO] [stderr]    Compiling digest v0.10.7
[INFO] [stderr]    Compiling getrandom v0.4.1
[INFO] [stderr]    Compiling crypto-common v0.2.1
[INFO] [stderr]    Compiling block-buffer v0.12.0
[INFO] [stderr]    Compiling inout v0.2.2
[INFO] [stderr]    Compiling sha2 v0.10.9
[INFO] [stderr]    Compiling deranged v0.5.5
[INFO] [stderr]    Compiling crc v3.3.0
[INFO] [stderr]    Compiling indexmap v2.13.0
[INFO] [stderr]    Compiling cpubits v0.1.1
[INFO] [stderr]    Compiling simd-adler32 v0.3.8
[INFO] [stderr]    Compiling libbz2-rs-sys v0.2.2
[INFO] [stderr]    Compiling digest v0.11.3
[INFO] [stderr]    Compiling sha2 v0.11.0
[INFO] [stderr]    Compiling hmac v0.13.0
[INFO] [stderr]    Compiling cipher v0.5.1
[INFO] [stderr]    Compiling zstd-sys v2.0.16+zstd.1.5.7
[INFO] [stderr]    Compiling log v0.4.29
[INFO] [stderr]    Compiling bumpalo v3.19.1
[INFO] [stderr]    Compiling serde_derive v1.0.228
[INFO] [stderr]    Compiling num-conv v0.2.0
[INFO] [stderr]    Compiling time-core v0.1.8
[INFO] [stderr]    Compiling unsafe-libyaml v0.2.11
[INFO] [stderr]    Compiling zlib-rs v0.6.0
[INFO] [stderr]    Compiling ryu v1.0.23
[INFO] [stderr]    Compiling zopfli v0.8.3
[INFO] [stderr]    Compiling time v0.3.47
[INFO] [stderr]    Compiling aes v0.9.0
[INFO] [stderr]    Compiling pbkdf2 v0.13.0
[INFO] [stderr]    Compiling bzip2 v0.6.1
[INFO] [stderr]    Compiling sha1 v0.11.0
[INFO] [stderr]    Compiling lzma-rust2 v0.16.1
[INFO] [stderr]    Compiling constant_time_eq v0.4.2
[INFO] [stderr]    Compiling deflate64 v0.1.10
[INFO] [stderr]    Compiling either v1.15.0
[INFO] [stderr]    Compiling ppmd-rust v1.4.0
[INFO] [stderr]    Compiling typed-path v0.12.2
[INFO] [stderr]    Compiling itertools v0.14.0
[INFO] [stderr]    Compiling chrono v0.4.44
[INFO] [stderr]    Compiling shiplog-ids v0.6.0
[INFO] [stderr]    Compiling serde_yaml_ng v0.10.0
[INFO] [stderr]    Compiling flate2 v1.1.9
[INFO] [stderr]    Compiling shiplog-schema v0.6.0
[INFO] [stderr]    Compiling shiplog-ports v0.6.0
[INFO] [stderr]    Compiling shiplog-render-json v0.6.0
[INFO] [stderr]    Compiling shiplog-workstreams v0.6.0
[INFO] [stderr]    Compiling shiplog-merge v0.6.0
[INFO] [stderr]    Compiling shiplog-redact v0.6.0
[INFO] [stderr]    Compiling shiplog-render-md v0.6.0
[INFO] [stderr]    Compiling zstd v0.13.3
[INFO] [stderr]    Compiling zip v8.6.0
[INFO] [stderr]    Compiling shiplog-bundle v0.6.0
[INFO] [stderr]    Compiling shiplog-engine v0.6.0 (/opt/rustwide/workdir)
[INFO] [stderr]     Finished `dev` profile [unoptimized + debuginfo] target(s) in 1m 03s
[INFO] running `Command { std: "docker" "inspect" "a265cf8093661b7827cb6d36b706acb9765ac18033accbe38517cbcbb3a0a436", kill_on_drop: false }`
[INFO] running `Command { std: "docker" "exec" "-e" "SOURCE_DIR=/opt/rustwide/workdir" "-e" "CARGO_HOME=/opt/rustwide/cargo-home" "-e" "RUSTUP_HOME=/opt/rustwide/rustup-home" "-e" "CARGO_TARGET_DIR=/opt/rustwide/target" "-e" "CARGO_INCREMENTAL=0" "-e" "RUST_BACKTRACE=full" "-e" "RUSTFLAGS=--cap-lints=warn" "-e" "RUSTDOCFLAGS=--cap-lints=warn" "-w" "/opt/rustwide/workdir" "--user" "0:0" "a265cf8093661b7827cb6d36b706acb9765ac18033accbe38517cbcbb3a0a436" "/opt/rustwide/cargo-home/bin/cargo" "+1.99.0-beta.8" "test" "--frozen" "--no-run" "--message-format=json", kill_on_drop: false }`
[INFO] [stderr]    Compiling libc v0.2.186
[INFO] [stderr]    Compiling num-traits v0.2.19
[INFO] [stderr]    Compiling getrandom v0.3.4
[INFO] [stderr]    Compiling rustix v1.1.4
[INFO] [stderr]    Compiling zerocopy v0.8.39
[INFO] [stderr]    Compiling linux-raw-sys v0.12.1
[INFO] [stderr]    Compiling bitflags v2.10.0
[INFO] [stderr]    Compiling once_cell v1.21.3
[INFO] [stderr]    Compiling fastrand v2.3.0
[INFO] [stderr]    Compiling bit-vec v0.8.0
[INFO] [stderr]    Compiling quick-error v1.2.3
[INFO] [stderr]    Compiling fnv v1.0.7
[INFO] [stderr]    Compiling regex-syntax v0.8.9
[INFO] [stderr]    Compiling unarray v0.1.4
[INFO] [stderr]    Compiling bit-set v0.8.0
[INFO] [stderr]    Compiling chrono v0.4.44
[INFO] [stderr]    Compiling jobserver v0.1.34
[INFO] [stderr]    Compiling getrandom v0.4.1
[INFO] [stderr]    Compiling wait-timeout v0.2.1
[INFO] [stderr]    Compiling rand_core v0.9.5
[INFO] [stderr]    Compiling cc v1.2.55
[INFO] [stderr]    Compiling rand_xorshift v0.4.0
[INFO] [stderr]    Compiling rand v0.9.4
[INFO] [stderr]    Compiling shiplog-schema v0.6.0
[INFO] [stderr]    Compiling tempfile v3.27.0
[INFO] [stderr]    Compiling rusty-fork v0.3.1
[INFO] [stderr]    Compiling zstd-sys v2.0.16+zstd.1.5.7
[INFO] [stderr]    Compiling shiplog-ports v0.6.0
[INFO] [stderr]    Compiling shiplog-render-json v0.6.0
[INFO] [stderr]    Compiling shiplog-workstreams v0.6.0
[INFO] [stderr]    Compiling shiplog-merge v0.6.0
[INFO] [stderr]    Compiling shiplog-redact v0.6.0
[INFO] [stderr]    Compiling shiplog-ingest-json v0.6.0
[INFO] [stderr]    Compiling shiplog-render-md v0.6.0
[INFO] [stderr]    Compiling ppv-lite86 v0.2.21
[INFO] [stderr]    Compiling rand_chacha v0.9.0
[INFO] [stderr]    Compiling proptest v1.11.0
[INFO] [stderr]    Compiling zstd-safe v7.2.4
[INFO] [stderr]    Compiling zstd v0.13.3
[INFO] [stderr]    Compiling zip v8.6.0
[INFO] [stderr]    Compiling shiplog-bundle v0.6.0
[INFO] [stderr]    Compiling shiplog-engine v0.6.0 (/opt/rustwide/workdir)
[INFO] [stdout] error[E0433]: cannot find module or crate `shiplog_testkit` in this scope
[INFO] [stdout]   --> tests/bdd.rs:16:5
[INFO] [stdout]    |
[INFO] [stdout] 16 | use shiplog_testkit::bdd::assertions::*;
[INFO] [stdout]    |     ^^^^^^^^^^^^^^^ use of unresolved module or unlinked crate `shiplog_testkit`
[INFO] [stdout]    |
[INFO] [stdout] help: there is a crate or module with a similar name
[INFO] [stdout]    |
[INFO] [stdout] 16 - use shiplog_testkit::bdd::assertions::*;
[INFO] [stdout] 16 + use shiplog_redact::bdd::assertions::*;
[INFO] [stdout]    |
[INFO] [stdout] 
[INFO] [stdout] 
[INFO] [stdout] error[E0433]: cannot find module or crate `shiplog_testkit` in this scope
[INFO] [stdout]   --> tests/bdd.rs:15:5
[INFO] [stdout]    |
[INFO] [stdout] 15 | use shiplog_testkit::bdd::Scenario;
[INFO] [stdout]    |     ^^^^^^^^^^^^^^^ use of unresolved module or unlinked crate `shiplog_testkit`
[INFO] [stdout]    |
[INFO] [stdout] help: there is a crate or module with a similar name
[INFO] [stdout]    |
[INFO] [stdout] 15 - use shiplog_testkit::bdd::Scenario;
[INFO] [stdout] 15 + use shiplog_redact::bdd::Scenario;
[INFO] [stdout]    |
[INFO] [stdout] 
[INFO] [stdout] 
[INFO] [stdout] error[E0432]: unresolved import `shiplog_testkit::bdd::Scenario`
[INFO] [stdout]   --> tests/bdd.rs:15:5
[INFO] [stdout]    |
[INFO] [stdout] 15 | use shiplog_testkit::bdd::Scenario;
[INFO] [stdout]    |     ^^^^^^^^^^^^^^^^^^^^^^^^^^^^^^
[INFO] [stdout] 
[INFO] [stdout] 
[INFO] [stdout] error[E0433]: cannot find module or crate `shiplog_testkit` in this scope
[INFO] [stdout]   --> tests/bdd_workflows.rs:18:5
[INFO] [stdout]    |
[INFO] [stdout] 18 | use shiplog_testkit::bdd::assertions::*;
[INFO] [stdout]    |     ^^^^^^^^^^^^^^^ use of unresolved module or unlinked crate `shiplog_testkit`
[INFO] [stdout]    |
[INFO] [stdout] help: there is a crate or module with a similar name
[INFO] [stdout]    |
[INFO] [stdout] 18 - use shiplog_testkit::bdd::assertions::*;
[INFO] [stdout] 18 + use shiplog_redact::bdd::assertions::*;
[INFO] [stdout]    |
[INFO] [stdout] 
[INFO] [stdout] 
[INFO] [stdout] error[E0433]: cannot find module or crate `shiplog_testkit` in this scope
[INFO] [stdout]   --> tests/bdd_workflows.rs:17:5
[INFO] [stdout]    |
[INFO] [stdout] 17 | use shiplog_testkit::bdd::Scenario;
[INFO] [stdout]    |     ^^^^^^^^^^^^^^^ use of unresolved module or unlinked crate `shiplog_testkit`
[INFO] [stdout]    |
[INFO] [stdout] help: there is a crate or module with a similar name
[INFO] [stdout]    |
[INFO] [stdout] 17 - use shiplog_testkit::bdd::Scenario;
[INFO] [stdout] 17 + use shiplog_redact::bdd::Scenario;
[INFO] [stdout]    |
[INFO] [stdout] 
[INFO] [stdout] 
[INFO] [stdout] error[E0432]: unresolved import `shiplog_testkit::bdd::Scenario`
[INFO] [stdout]   --> tests/bdd_workflows.rs:17:5
[INFO] [stdout]    |
[INFO] [stdout] 17 | use shiplog_testkit::bdd::Scenario;
[INFO] [stdout]    |     ^^^^^^^^^^^^^^^^^^^^^^^^^^^^^^
[INFO] [stdout] 
[INFO] [stdout] 
[INFO] [stdout] error[E0433]: cannot find module or crate `shiplog_testkit` in this scope
[INFO] [stdout]   --> tests/property.rs:10:5
[INFO] [stdout]    |
[INFO] [stdout] 10 | use shiplog_testkit::proptest::strategies::{strategy_coverage_manifest, strategy_event_vec};
[INFO] [stdout]    |     ^^^^^^^^^^^^^^^ use of unresolved module or unlinked crate `shiplog_testkit`
[INFO] [stdout]    |
[INFO] [stdout] help: there is a crate or module with a similar name
[INFO] [stdout]    |
[INFO] [stdout] 10 - use shiplog_testkit::proptest::strategies::{strategy_coverage_manifest, strategy_event_vec};
[INFO] [stdout] 10 + use shiplog_redact::proptest::strategies::{strategy_coverage_manifest, strategy_event_vec};
[INFO] [stdout]    |
[INFO] [stdout] 
[INFO] [stdout] 
[INFO] [stdout] error[E0433]: cannot find module or crate `shiplog_testkit` in this scope
[INFO] [stdout]   --> tests/cross_platform_paths.rs:19:5
[INFO] [stdout]    |
[INFO] [stdout] 19 |     shiplog_testkit::pr_event(repo, number, title)
[INFO] [stdout]    |     ^^^^^^^^^^^^^^^ use of unresolved module or unlinked crate `shiplog_testkit`
[INFO] [stdout]    |
[INFO] [stdout] help: there is a crate or module with a similar name
[INFO] [stdout]    |
[INFO] [stdout] 19 -     shiplog_testkit::pr_event(repo, number, title)
[INFO] [stdout] 19 +     shiplog_redact::pr_event(repo, number, title)
[INFO] [stdout]    |
[INFO] [stdout] 
[INFO] [stdout] 
[INFO] [stdout] error[E0433]: cannot find module or crate `shiplog_testkit` in this scope
[INFO] [stdout]   --> tests/e2e_pipeline.rs:29:5
[INFO] [stdout]    |
[INFO] [stdout] 29 |     shiplog_testkit::pr_event(repo, number, title)
[INFO] [stdout]    |     ^^^^^^^^^^^^^^^ use of unresolved module or unlinked crate `shiplog_testkit`
[INFO] [stdout]    |
[INFO] [stdout] help: there is a crate or module with a similar name
[INFO] [stdout]    |
[INFO] [stdout] 29 -     shiplog_testkit::pr_event(repo, number, title)
[INFO] [stdout] 29 +     shiplog_redact::pr_event(repo, number, title)
[INFO] [stdout]    |
[INFO] [stdout] 
[INFO] [stdout] 
[INFO] [stdout] error[E0433]: cannot find module or crate `shiplog_testkit` in this scope
[INFO] [stdout]   --> tests/integration.rs:23:5
[INFO] [stdout]    |
[INFO] [stdout] 23 |     shiplog_testkit::pr_event(repo, number, title)
[INFO] [stdout]    |     ^^^^^^^^^^^^^^^ use of unresolved module or unlinked crate `shiplog_testkit`
[INFO] [stdout]    |
[INFO] [stdout] help: there is a crate or module with a similar name
[INFO] [stdout]    |
[INFO] [stdout] 23 -     shiplog_testkit::pr_event(repo, number, title)
[INFO] [stdout] 23 +     shiplog_redact::pr_event(repo, number, title)
[INFO] [stdout]    |
[INFO] [stdout] 
[INFO] [stdout] 
[INFO] [stdout] error[E0433]: cannot find module or crate `shiplog_testkit` in this scope
[INFO] [stdout]   --> tests/determinism.rs:21:9
[INFO] [stdout]    |
[INFO] [stdout] 21 |         shiplog_testkit::pr_event("acme/frontend", 1, "Add login page"),
[INFO] [stdout]    |         ^^^^^^^^^^^^^^^ use of unresolved module or unlinked crate `shiplog_testkit`
[INFO] [stdout]    |
[INFO] [stdout] help: there is a crate or module with a similar name
[INFO] [stdout]    |
[INFO] [stdout] 21 -         shiplog_testkit::pr_event("acme/frontend", 1, "Add login page"),
[INFO] [stdout] 21 +         shiplog_redact::pr_event("acme/frontend", 1, "Add login page"),
[INFO] [stdout]    |
[INFO] [stdout] 
[INFO] [stdout] 
[INFO] [stdout] error[E0433]: cannot find module or crate `shiplog_testkit` in this scope
[INFO] [stdout]   --> tests/determinism.rs:22:9
[INFO] [stdout]    |
[INFO] [stdout] 22 |         shiplog_testkit::pr_event("acme/frontend", 2, "Fix CSS layout"),
[INFO] [stdout]    |         ^^^^^^^^^^^^^^^ use of unresolved module or unlinked crate `shiplog_testkit`
[INFO] [stdout]    |
[INFO] [stdout] help: there is a crate or module with a similar name
[INFO] [stdout]    |
[INFO] [stdout] 22 -         shiplog_testkit::pr_event("acme/frontend", 2, "Fix CSS layout"),
[INFO] [stdout] 22 +         shiplog_redact::pr_event("acme/frontend", 2, "Fix CSS layout"),
[INFO] [stdout]    |
[INFO] [stdout] 
[INFO] [stdout] 
[INFO] [stdout] error[E0433]: cannot find module or crate `shiplog_testkit` in this scope
[INFO] [stdout]   --> tests/determinism.rs:23:9
[INFO] [stdout]    |
[INFO] [stdout] 23 |         shiplog_testkit::pr_event("acme/backend", 3, "Add REST API"),
[INFO] [stdout]    |         ^^^^^^^^^^^^^^^ use of unresolved module or unlinked crate `shiplog_testkit`
[INFO] [stdout]    |
[INFO] [stdout] help: there is a crate or module with a similar name
[INFO] [stdout]    |
[INFO] [stdout] 23 -         shiplog_testkit::pr_event("acme/backend", 3, "Add REST API"),
[INFO] [stdout] 23 +         shiplog_redact::pr_event("acme/backend", 3, "Add REST API"),
[INFO] [stdout]    |
[INFO] [stdout] 
[INFO] [stdout] 
[INFO] [stdout] error[E0433]: cannot find module or crate `shiplog_testkit` in this scope
[INFO] [stdout]   --> tests/determinism.rs:24:9
[INFO] [stdout]    |
[INFO] [stdout] 24 |         shiplog_testkit::pr_event("acme/backend", 4, "Fix auth middleware"),
[INFO] [stdout]    |         ^^^^^^^^^^^^^^^ use of unresolved module or unlinked crate `shiplog_testkit`
[INFO] [stdout]    |
[INFO] [stdout] help: there is a crate or module with a similar name
[INFO] [stdout]    |
[INFO] [stdout] 24 -         shiplog_testkit::pr_event("acme/backend", 4, "Fix auth middleware"),
[INFO] [stdout] 24 +         shiplog_redact::pr_event("acme/backend", 4, "Fix auth middleware"),
[INFO] [stdout]    |
[INFO] [stdout] 
[INFO] [stdout] 
[INFO] [stdout] error[E0433]: cannot find module or crate `shiplog_testkit` in this scope
[INFO] [stdout]   --> tests/determinism.rs:25:9
[INFO] [stdout]    |
[INFO] [stdout] 25 |         shiplog_testkit::pr_event("acme/infra", 5, "Setup CI pipeline"),
[INFO] [stdout]    |         ^^^^^^^^^^^^^^^ use of unresolved module or unlinked crate `shiplog_testkit`
[INFO] [stdout]    |
[INFO] [stdout] help: there is a crate or module with a similar name
[INFO] [stdout]    |
[INFO] [stdout] 25 -         shiplog_testkit::pr_event("acme/infra", 5, "Setup CI pipeline"),
[INFO] [stdout] 25 +         shiplog_redact::pr_event("acme/infra", 5, "Setup CI pipeline"),
[INFO] [stdout]    |
[INFO] [stdout] 
[INFO] [stdout] 
[INFO] [stdout] error[E0425]: cannot find function `assert_true` in this scope
[INFO] [stdout]    --> tests/bdd.rs:163:13
[INFO] [stdout]     |
[INFO] [stdout] 163 |             assert_true(ctx.flag("packet_exists").unwrap_or(false), "packet.md")
[INFO] [stdout]     |             ^^^^^^^^^^^ not found in this scope
[INFO] [stdout] 
[INFO] [stdout] 
[INFO] [stdout] error[E0425]: cannot find function `assert_true` in this scope
[INFO] [stdout]    --> tests/bdd.rs:166:13
[INFO] [stdout]     |
[INFO] [stdout] 166 |             assert_true(
[INFO] [stdout]     |             ^^^^^^^^^^^ not found in this scope
[INFO] [stdout] 
[INFO] [stdout] 
[INFO] [stdout] error[E0425]: cannot find function `assert_true` in this scope
[INFO] [stdout]    --> tests/bdd.rs:172:13
[INFO] [stdout]     |
[INFO] [stdout] 172 |             assert_true(
[INFO] [stdout]     |             ^^^^^^^^^^^ not found in this scope
[INFO] [stdout] 
[INFO] [stdout] 
[INFO] [stdout] error[E0425]: cannot find function `assert_true` in this scope
[INFO] [stdout]    --> tests/bdd.rs:178:13
[INFO] [stdout]     |
[INFO] [stdout] 178 |             assert_true(
[INFO] [stdout]     |             ^^^^^^^^^^^ not found in this scope
[INFO] [stdout] 
[INFO] [stdout] 
[INFO] [stdout] error[E0425]: cannot find function `assert_true` in this scope
[INFO] [stdout]    --> tests/bdd.rs:184:13
[INFO] [stdout]     |
[INFO] [stdout] 184 |             assert_true(
[INFO] [stdout]     |             ^^^^^^^^^^^ not found in this scope
[INFO] [stdout] 
[INFO] [stdout] 
[INFO] [stdout] error[E0425]: cannot find function `assert_true` in this scope
[INFO] [stdout]    --> tests/bdd.rs:190:13
[INFO] [stdout]     |
[INFO] [stdout] 190 |             assert_true(
[INFO] [stdout]     |             ^^^^^^^^^^^ not found in this scope
[INFO] [stdout] 
[INFO] [stdout] 
[INFO] [stdout] error[E0425]: cannot find function `assert_true` in this scope
[INFO] [stdout]    --> tests/bdd.rs:250:13
[INFO] [stdout]     |
[INFO] [stdout] 250 |             assert_true(
[INFO] [stdout]     |             ^^^^^^^^^^^ not found in this scope
[INFO] [stdout] 
[INFO] [stdout] 
[INFO] [stdout] error[E0425]: cannot find function `assert_true` in this scope
[INFO] [stdout]    --> tests/bdd.rs:256:13
[INFO] [stdout]     |
[INFO] [stdout] 256 |             assert_true(
[INFO] [stdout]     |             ^^^^^^^^^^^ not found in this scope
[INFO] [stdout] 
[INFO] [stdout] 
[INFO] [stdout] error[E0425]: cannot find function `assert_true` in this scope
[INFO] [stdout]    --> tests/bdd.rs:262:13
[INFO] [stdout]     |
[INFO] [stdout] 262 |             assert_true(
[INFO] [stdout]     |             ^^^^^^^^^^^ not found in this scope
[INFO] [stdout] 
[INFO] [stdout] 
[INFO] [stdout] error[E0425]: cannot find function `assert_true` in this scope
[INFO] [stdout]    --> tests/bdd.rs:268:13
[INFO] [stdout]     |
[INFO] [stdout] 268 |             assert_true(
[INFO] [stdout]     |             ^^^^^^^^^^^ not found in this scope
[INFO] [stdout] 
[INFO] [stdout] 
[INFO] [stdout] error[E0425]: cannot find function `assert_true` in this scope
[INFO] [stdout]    --> tests/bdd.rs:383:13
[INFO] [stdout]     |
[INFO] [stdout] 383 |             assert_true(
[INFO] [stdout]     |             ^^^^^^^^^^^ not found in this scope
[INFO] [stdout] 
[INFO] [stdout] 
[INFO] [stdout] error[E0425]: cannot find function `assert_true` in this scope
[INFO] [stdout]    --> tests/bdd.rs:389:13
[INFO] [stdout]     |
[INFO] [stdout] 389 |             assert_true(
[INFO] [stdout]     |             ^^^^^^^^^^^ not found in this scope
[INFO] [stdout] 
[INFO] [stdout] 
[INFO] [stdout] For more information about this error, try `rustc --explain E0433`.
[INFO] [stdout] 
[INFO] [stderr] error: could not compile `shiplog-engine` (test "property") due to 1 previous error
[INFO] [stdout] Some errors have detailed explanations: E0425, E0432, E0433.
[INFO] [stdout] 
[INFO] [stderr] warning: build failed, waiting for other jobs to finish...
[INFO] [stdout] For more information about an error, try `rustc --explain E0425`.
[INFO] [stdout] 
[INFO] [stderr] error: could not compile `shiplog-engine` (test "bdd") due to 15 previous errors
[INFO] [stdout] For more information about this error, try `rustc --explain E0433`.
[INFO] [stdout] 
[INFO] [stderr] error: could not compile `shiplog-engine` (test "cross_platform_paths") due to 1 previous error
[INFO] [stdout] For more information about this error, try `rustc --explain E0433`.
[INFO] [stdout] 
[INFO] [stderr] error: could not compile `shiplog-engine` (test "determinism") due to 5 previous errors
[INFO] [stdout] For more information about this error, try `rustc --explain E0433`.
[INFO] [stdout] 
[INFO] [stderr] error: could not compile `shiplog-engine` (test "e2e_pipeline") due to 1 previous error
[INFO] [stdout] For more information about this error, try `rustc --explain E0433`.
[INFO] [stdout] 
[INFO] [stderr] error: could not compile `shiplog-engine` (test "integration") due to 1 previous error
[INFO] [stdout] error[E0425]: cannot find function `assert_present` in this scope
[INFO] [stdout]    --> tests/bdd_workflows.rs:201:32
[INFO] [stdout]     |
[INFO] [stdout] 201 |             let completeness = assert_present(ctx.string("completeness"), "completeness")?;
[INFO] [stdout]     |                                ^^^^^^^^^^^^^^ not found in this scope
[INFO] [stdout] 
[INFO] [stdout] 
[INFO] [stdout] error[E0423]: cannot find function `assert_eq` in this scope
[INFO] [stdout]    --> tests/bdd_workflows.rs:202:13
[INFO] [stdout]     |
[INFO] [stdout] 202 |             assert_eq(completeness, "Complete", "coverage completeness")
[INFO] [stdout]     |             ^^^^^^^^^ not found in this scope
[INFO] [stdout]     |
[INFO] [stdout]     = note: a macro named `assert_eq` exists in another namespace
[INFO] [stdout] help: use `!` to invoke the macro
[INFO] [stdout]     |
[INFO] [stdout] 202 |             assert_eq!(completeness, "Complete", "coverage completeness")
[INFO] [stdout]     |                      +
[INFO] [stdout] 
[INFO] [stdout] 
[INFO] [stdout] error[E0425]: cannot find function `assert_present` in this scope
[INFO] [stdout]    --> tests/bdd_workflows.rs:205:25
[INFO] [stdout]     |
[INFO] [stdout] 205 |             let count = assert_present(ctx.number("ledger_event_count"), "ledger event count")?;
[INFO] [stdout]     |                         ^^^^^^^^^^^^^^ not found in this scope
[INFO] [stdout] 
[INFO] [stdout] 
[INFO] [stdout] error[E0423]: cannot find function `assert_eq` in this scope
[INFO] [stdout]    --> tests/bdd_workflows.rs:206:13
[INFO] [stdout]     |
[INFO] [stdout] 206 |             assert_eq(count, 5, "ledger event count")
[INFO] [stdout]     |             ^^^^^^^^^ not found in this scope
[INFO] [stdout]     |
[INFO] [stdout]     = note: a macro named `assert_eq` exists in another namespace
[INFO] [stdout] help: use `!` to invoke the macro
[INFO] [stdout]     |
[INFO] [stdout] 206 |             assert_eq!(count, 5, "ledger event count")
[INFO] [stdout]     |                      +
[INFO] [stdout] 
[INFO] [stdout] 
[INFO] [stdout] error[E0425]: cannot find function `assert_true` in this scope
[INFO] [stdout]    --> tests/bdd_workflows.rs:209:13
[INFO] [stdout]     |
[INFO] [stdout] 209 |             assert_true(ctx.flag("packet_exists").unwrap_or(false), "packet.md")?;
[INFO] [stdout]     |             ^^^^^^^^^^^ not found in this scope
[INFO] [stdout] 
[INFO] [stdout] 
[INFO] [stdout] error[E0425]: cannot find function `assert_true` in this scope
[INFO] [stdout]    --> tests/bdd_workflows.rs:210:13
[INFO] [stdout]     |
[INFO] [stdout] 210 |             assert_true(
[INFO] [stdout]     |             ^^^^^^^^^^^ not found in this scope
[INFO] [stdout] 
[INFO] [stdout] 
[INFO] [stdout] error[E0425]: cannot find function `assert_true` in this scope
[INFO] [stdout]    --> tests/bdd_workflows.rs:214:13
[INFO] [stdout]     |
[INFO] [stdout] 214 |             assert_true(
[INFO] [stdout]     |             ^^^^^^^^^^^ not found in this scope
[INFO] [stdout] 
[INFO] [stdout] 
[INFO] [stdout] error[E0425]: cannot find function `assert_true` in this scope
[INFO] [stdout]    --> tests/bdd_workflows.rs:220:13
[INFO] [stdout]     |
[INFO] [stdout] 220 |             assert_true(
[INFO] [stdout]     |             ^^^^^^^^^^^ not found in this scope
[INFO] [stdout] 
[INFO] [stdout] 
[INFO] [stdout] error[E0425]: cannot find function `assert_true` in this scope
[INFO] [stdout]    --> tests/bdd_workflows.rs:224:13
[INFO] [stdout]     |
[INFO] [stdout] 224 |             assert_true(
[INFO] [stdout]     |             ^^^^^^^^^^^ not found in this scope
[INFO] [stdout] 
[INFO] [stdout] 
[INFO] [stdout] error[E0425]: cannot find function `assert_true` in this scope
[INFO] [stdout]    --> tests/bdd_workflows.rs:228:13
[INFO] [stdout]     |
[INFO] [stdout] 228 |             assert_true(
[INFO] [stdout]     |             ^^^^^^^^^^^ not found in this scope
[INFO] [stdout] 
[INFO] [stdout] 
[INFO] [stdout] error[E0425]: cannot find function `assert_true` in this scope
[INFO] [stdout]    --> tests/bdd_workflows.rs:334:17
[INFO] [stdout]     |
[INFO] [stdout] 334 |                 assert_true(
[INFO] [stdout]     |                 ^^^^^^^^^^^ not found in this scope
[INFO] [stdout] 
[INFO] [stdout] 
[INFO] [stdout] error[E0425]: cannot find function `assert_present` in this scope
[INFO] [stdout]    --> tests/bdd_workflows.rs:341:26
[INFO] [stdout]     |
[INFO] [stdout] 341 |             let packet = assert_present(ctx.string("packet_content"), "packet content")?;
[INFO] [stdout]     |                          ^^^^^^^^^^^^^^ not found in this scope
[INFO] [stdout] 
[INFO] [stdout] 
[INFO] [stdout] error[E0425]: cannot find function `assert_contains` in this scope
[INFO] [stdout]    --> tests/bdd_workflows.rs:342:13
[INFO] [stdout]     |
[INFO] [stdout] 342 |             assert_contains(
[INFO] [stdout]     |             ^^^^^^^^^^^^^^^ not found in this scope
[INFO] [stdout] 
[INFO] [stdout] 
[INFO] [stdout] error[E0425]: cannot find function `assert_present` in this scope
[INFO] [stdout]    --> tests/bdd_workflows.rs:416:26
[INFO] [stdout]     |
[INFO] [stdout] 416 |             let packet = assert_present(ctx.string("internal_packet"), "internal packet")?;
[INFO] [stdout]     |                          ^^^^^^^^^^^^^^ not found in this scope
[INFO] [stdout] 
[INFO] [stdout] 
[INFO] [stdout] error[E0425]: cannot find function `assert_contains` in this scope
[INFO] [stdout]    --> tests/bdd_workflows.rs:417:13
[INFO] [stdout]     |
[INFO] [stdout] 417 |             assert_contains(
[INFO] [stdout]     |             ^^^^^^^^^^^^^^^ not found in this scope
[INFO] [stdout] 
[INFO] [stdout] 
[INFO] [stdout] error[E0425]: cannot find function `assert_present` in this scope
[INFO] [stdout]    --> tests/bdd_workflows.rs:426:30
[INFO] [stdout]     |
[INFO] [stdout] 426 |                 let packet = assert_present(ctx.string("public_packet"), "public packet")?;
[INFO] [stdout]     |                              ^^^^^^^^^^^^^^ not found in this scope
[INFO] [stdout] 
[INFO] [stdout] 
[INFO] [stdout] error[E0425]: cannot find function `assert_not_contains` in this scope
[INFO] [stdout]    --> tests/bdd_workflows.rs:427:17
[INFO] [stdout]     |
[INFO] [stdout] 427 |                 assert_not_contains(packet, "CVE-2025-9999", "CVE in public packet")?;
[INFO] [stdout]     |                 ^^^^^^^^^^^^^^^^^^^ not found in this scope
[INFO] [stdout] 
[INFO] [stdout] 
[INFO] [stdout] error[E0425]: cannot find function `assert_not_contains` in this scope
[INFO] [stdout]    --> tests/bdd_workflows.rs:428:17
[INFO] [stdout]     |
[INFO] [stdout] 428 |                 assert_not_contains(
[INFO] [stdout]     |                 ^^^^^^^^^^^^^^^^^^^ not found in this scope
[INFO] [stdout] 
[INFO] [stdout] 
[INFO] [stdout] error[E0425]: cannot find function `assert_present` in this scope
[INFO] [stdout]    --> tests/bdd_workflows.rs:436:26
[INFO] [stdout]     |
[INFO] [stdout] 436 |             let packet = assert_present(ctx.string("public_packet"), "public packet")?;
[INFO] [stdout]     |                          ^^^^^^^^^^^^^^ not found in this scope
[INFO] [stdout] 
[INFO] [stdout] 
[INFO] [stdout] error[E0425]: cannot find function `assert_not_contains` in this scope
[INFO] [stdout]    --> tests/bdd_workflows.rs:437:13
[INFO] [stdout]     |
[INFO] [stdout] 437 |             assert_not_contains(packet, "payment-gateway", "repo name in public packet")
[INFO] [stdout]     |             ^^^^^^^^^^^^^^^^^^^ not found in this scope
[INFO] [stdout] 
[INFO] [stdout] 
[INFO] [stdout] error[E0425]: cannot find function `assert_present` in this scope
[INFO] [stdout]    --> tests/bdd_workflows.rs:440:26
[INFO] [stdout]     |
[INFO] [stdout] 440 |             let packet = assert_present(ctx.string("public_packet"), "public packet")?;
[INFO] [stdout]     |                          ^^^^^^^^^^^^^^ not found in this scope
[INFO] [stdout] 
[INFO] [stdout] 
[INFO] [stdout] error[E0425]: cannot find function `assert_not_contains` in this scope
[INFO] [stdout]    --> tests/bdd_workflows.rs:441:13
[INFO] [stdout]     |
[INFO] [stdout] 441 |             assert_not_contains(
[INFO] [stdout]     |             ^^^^^^^^^^^^^^^^^^^ not found in this scope
[INFO] [stdout] 
[INFO] [stdout] 
[INFO] [stdout] error[E0425]: cannot find function `assert_present` in this scope
[INFO] [stdout]    --> tests/bdd_workflows.rs:538:25
[INFO] [stdout]     |
[INFO] [stdout] 538 |             let count = assert_present(ctx.number("ledger_event_count"), "ledger event count")?;
[INFO] [stdout]     |                         ^^^^^^^^^^^^^^ not found in this scope
[INFO] [stdout] 
[INFO] [stdout] 
[INFO] [stdout] error[E0423]: cannot find function `assert_eq` in this scope
[INFO] [stdout]    --> tests/bdd_workflows.rs:539:13
[INFO] [stdout]     |
[INFO] [stdout] 539 |             assert_eq(count, 3, "refreshed ledger event count")
[INFO] [stdout]     |             ^^^^^^^^^ not found in this scope
[INFO] [stdout]     |
[INFO] [stdout]     = note: a macro named `assert_eq` exists in another namespace
[INFO] [stdout] help: use `!` to invoke the macro
[INFO] [stdout]     |
[INFO] [stdout] 539 |             assert_eq!(count, 3, "refreshed ledger event count")
[INFO] [stdout]     |                      +
[INFO] [stdout] 
[INFO] [stdout] 
[INFO] [stdout] error[E0425]: cannot find function `assert_true` in this scope
[INFO] [stdout]    --> tests/bdd_workflows.rs:542:13
[INFO] [stdout]     |
[INFO] [stdout] 542 |             assert_true(
[INFO] [stdout]     |             ^^^^^^^^^^^ not found in this scope
[INFO] [stdout] 
[INFO] [stdout] 
[INFO] [stdout] error[E0425]: cannot find function `assert_true` in this scope
[INFO] [stdout]    --> tests/bdd_workflows.rs:548:13
[INFO] [stdout]     |
[INFO] [stdout] 548 |             assert_true(
[INFO] [stdout]     |             ^^^^^^^^^^^ not found in this scope
[INFO] [stdout] 
[INFO] [stdout] 
[INFO] [stdout] error[E0425]: cannot find function `assert_true` in this scope
[INFO] [stdout]    --> tests/bdd_workflows.rs:624:17
[INFO] [stdout]     |
[INFO] [stdout] 624 |                 assert_true(
[INFO] [stdout]     |                 ^^^^^^^^^^^ not found in this scope
[INFO] [stdout] 
[INFO] [stdout] 
[INFO] [stdout] error[E0425]: cannot find function `assert_true` in this scope
[INFO] [stdout]    --> tests/bdd_workflows.rs:628:17
[INFO] [stdout]     |
[INFO] [stdout] 628 |                 assert_true(
[INFO] [stdout]     |                 ^^^^^^^^^^^ not found in this scope
[INFO] [stdout] 
[INFO] [stdout] 
[INFO] [stdout] error[E0425]: cannot find function `assert_true` in this scope
[INFO] [stdout]    --> tests/bdd_workflows.rs:635:13
[INFO] [stdout]     |
[INFO] [stdout] 635 |             assert_true(
[INFO] [stdout]     |             ^^^^^^^^^^^ not found in this scope
[INFO] [stdout] 
[INFO] [stdout] 
[INFO] [stdout] error[E0425]: cannot find function `assert_present` in this scope
[INFO] [stdout]    --> tests/bdd_workflows.rs:641:25
[INFO] [stdout]     |
[INFO] [stdout] 641 |             let count = assert_present(ctx.number("jsonl_event_count"), "JSONL event count")?;
[INFO] [stdout]     |                         ^^^^^^^^^^^^^^ not found in this scope
[INFO] [stdout] 
[INFO] [stdout] 
[INFO] [stdout] error[E0423]: cannot find function `assert_eq` in this scope
[INFO] [stdout]    --> tests/bdd_workflows.rs:642:13
[INFO] [stdout]     |
[INFO] [stdout] 642 |             assert_eq(count, 2, "JSONL event count matches input")
[INFO] [stdout]     |             ^^^^^^^^^ not found in this scope
[INFO] [stdout]     |
[INFO] [stdout]     = note: a macro named `assert_eq` exists in another namespace
[INFO] [stdout] help: use `!` to invoke the macro
[INFO] [stdout]     |
[INFO] [stdout] 642 |             assert_eq!(count, 2, "JSONL event count matches input")
[INFO] [stdout]     |                      +
[INFO] [stdout] 
[INFO] [stdout] 
[INFO] [stdout] error[E0425]: cannot find function `assert_true` in this scope
[INFO] [stdout]    --> tests/bdd_workflows.rs:645:13
[INFO] [stdout]     |
[INFO] [stdout] 645 |             assert_true(
[INFO] [stdout]     |             ^^^^^^^^^^^ not found in this scope
[INFO] [stdout] 
[INFO] [stdout] 
[INFO] [stdout] Some errors have detailed explanations: E0423, E0425, E0432, E0433.
[INFO] [stdout] 
[INFO] [stdout] For more information about an error, try `rustc --explain E0423`.
[INFO] [stdout] 
[INFO] [stderr] error: could not compile `shiplog-engine` (test "bdd_workflows") due to 35 previous errors
[INFO] running `Command { std: "docker" "inspect" "a265cf8093661b7827cb6d36b706acb9765ac18033accbe38517cbcbb3a0a436", kill_on_drop: false }`
[INFO] running `Command { std: "docker" "rm" "-f" "a265cf8093661b7827cb6d36b706acb9765ac18033accbe38517cbcbb3a0a436", kill_on_drop: false }`
[INFO] [stdout] a265cf8093661b7827cb6d36b706acb9765ac18033accbe38517cbcbb3a0a436
