[INFO] fetching crate shep-core 0.12.3...
[INFO] testing shep-core-0.12.3 against 1.100.0-beta.1 for beta-1.100-2
[INFO] extracting crate shep-core 0.12.3 into /workspace/builds/worker-0-tc2/source
[INFO] started tweaking crates.io crate shep-core 0.12.3
[INFO] removed 0 missing tests
[INFO] finished tweaking crates.io crate shep-core 0.12.3
[INFO] tweaked toml for crates.io crate shep-core 0.12.3 written to /workspace/builds/worker-0-tc2/source/Cargo.toml
[INFO] validating manifest of crates.io crate shep-core 0.12.3 on toolchain 1.100.0-beta.1
[INFO] running `Command { std: CARGO_HOME="/workspace/cargo-home" RUSTUP_HOME="/workspace/rustup-home" "/workspace/cargo-home/bin/cargo" "+1.100.0-beta.1" "metadata" "--manifest-path" "Cargo.toml" "--no-deps", kill_on_drop: false }`
[INFO] crate crates.io crate shep-core 0.12.3 already has a lockfile, it will not be regenerated
[INFO] running `Command { std: CARGO_HOME="/workspace/cargo-home" RUSTUP_HOME="/workspace/rustup-home" "/workspace/cargo-home/bin/cargo" "+1.100.0-beta.1" "fetch" "--manifest-path" "Cargo.toml", kill_on_drop: false }`
[INFO] running `Command { std: "docker" "create" "-v" "/var/lib/crater-agent-workspace/builds/worker-0-tc2/source:/opt/rustwide/workdir:ro,Z" "-v" "/var/lib/crater-agent-workspace/builds/worker-0-tc2/target:/opt/rustwide/target:rw,Z" "-v" "/var/lib/crater-agent-workspace/cargo-home:/opt/rustwide/cargo-home:ro,Z" "-v" "/var/lib/crater-agent-workspace/rustup-home:/opt/rustwide/rustup-home:ro,Z" "-m" "1610612736" "--network" "none" "ghcr.io/rust-lang/crates-build-env/linux@sha256:3111399a4047eeb3a02b7a90e478d715f38a8c6669b5c4b49d30a17385265909" "sleep" "infinity", kill_on_drop: false }`
[INFO] [stdout] f20afb3f7bcfd2ae5eefeff55250b9926dd6c3eefe3c54b983b442d310572e43
[INFO] running `Command { std: "docker" "start" "f20afb3f7bcfd2ae5eefeff55250b9926dd6c3eefe3c54b983b442d310572e43", kill_on_drop: false }`
[INFO] running `Command { std: "docker" "inspect" "f20afb3f7bcfd2ae5eefeff55250b9926dd6c3eefe3c54b983b442d310572e43", kill_on_drop: false }`
[INFO] running `Command { std: "docker" "exec" "-e" "SOURCE_DIR=/opt/rustwide/workdir" "-e" "CARGO_HOME=/opt/rustwide/cargo-home" "-e" "RUSTUP_HOME=/opt/rustwide/rustup-home" "-e" "CARGO_TARGET_DIR=/opt/rustwide/target" "-w" "/opt/rustwide/workdir" "--user" "0:0" "f20afb3f7bcfd2ae5eefeff55250b9926dd6c3eefe3c54b983b442d310572e43" "/opt/rustwide/cargo-home/bin/cargo" "+1.100.0-beta.1" "metadata" "--no-deps" "--format-version=1", kill_on_drop: false }`
[INFO] running `Command { std: "docker" "inspect" "f20afb3f7bcfd2ae5eefeff55250b9926dd6c3eefe3c54b983b442d310572e43", kill_on_drop: false }`
[INFO] running `Command { std: "docker" "exec" "-e" "SOURCE_DIR=/opt/rustwide/workdir" "-e" "CARGO_HOME=/opt/rustwide/cargo-home" "-e" "RUSTUP_HOME=/opt/rustwide/rustup-home" "-e" "CARGO_TARGET_DIR=/opt/rustwide/target" "-e" "CARGO_INCREMENTAL=0" "-e" "RUST_BACKTRACE=full" "-e" "RUSTFLAGS=--cap-lints=warn" "-e" "RUSTDOCFLAGS=--cap-lints=warn" "-w" "/opt/rustwide/workdir" "--user" "0:0" "f20afb3f7bcfd2ae5eefeff55250b9926dd6c3eefe3c54b983b442d310572e43" "/opt/rustwide/cargo-home/bin/cargo" "+1.100.0-beta.1" "build" "--frozen" "--message-format=json", kill_on_drop: false }`
[INFO] [stderr]    Compiling aho-corasick v1.1.5
[INFO] [stderr]    Compiling regex-syntax v0.8.11
[INFO] [stderr]    Compiling phf_shared v0.12.1
[INFO] [stderr]    Compiling nix v0.29.0
[INFO] [stderr]    Compiling syn v2.0.119
[INFO] [stderr]    Compiling syn v3.0.3
[INFO] [stderr]    Compiling socket2 v0.6.5
[INFO] [stderr]    Compiling mio v1.2.2
[INFO] [stderr]    Compiling serde_json v1.0.151
[INFO] [stderr]    Compiling chrono-tz v0.10.4
[INFO] [stderr]    Compiling arraydeque v0.5.1
[INFO] [stderr]    Compiling anstyle v1.0.14
[INFO] [stderr]    Compiling chrono v0.4.45
[INFO] [stderr]    Compiling encoding_rs_io v0.1.8
[INFO] [stderr]    Compiling bstr v1.13.0
[INFO] [stderr]    Compiling futures-sink v0.3.33
[INFO] [stderr]    Compiling tempfile v3.27.0
[INFO] [stderr]    Compiling serde_ignored v0.1.14
[INFO] [stderr]    Compiling phf v0.12.1
[INFO] [stderr]    Compiling annotate-snippets v0.12.16
[INFO] [stderr]    Compiling granit-parser v1.0.1
[INFO] [stderr]    Compiling serde-saphyr v1.0.1
[INFO] [stderr]    Compiling regex-automata v0.4.18
[INFO] [stderr]    Compiling serde_derive v1.0.229
[INFO] [stderr]    Compiling tokio-macros v2.7.2
[INFO] [stderr]    Compiling tokio v1.53.1
[INFO] [stderr]    Compiling darling_core v0.20.11
[INFO] [stderr]    Compiling pest_generator v2.8.8
[INFO] [stderr]    Compiling globset v0.4.20
[INFO] [stderr]    Compiling regex v1.13.1
[INFO] [stderr]    Compiling strum_macros v0.27.2
[INFO] [stderr]    Compiling pest_derive v2.8.8
[INFO] [stderr]    Compiling strum v0.27.2
[INFO] [stderr]    Compiling serde v1.0.229
[INFO] [stderr]    Compiling darling_macro v0.20.11
[INFO] [stderr]    Compiling darling v0.20.11
[INFO] [stderr]    Compiling derive_builder_core v0.20.2
[INFO] [stderr]    Compiling serde_spanned v0.6.9
[INFO] [stderr]    Compiling toml_datetime v0.6.11
[INFO] [stderr]    Compiling json5 v0.4.1
[INFO] [stderr]    Compiling shep-channel v0.12.3
[INFO] [stderr]    Compiling toml_edit v0.22.27
[INFO] [stderr]    Compiling derive_builder_macro v0.20.2
[INFO] [stderr]    Compiling derive_builder v0.20.2
[INFO] [stderr]    Compiling croner v3.0.1
[INFO] [stderr]    Compiling tokio-util v0.7.19
[INFO] [stderr]    Compiling toml v0.8.23
[INFO] [stderr]    Compiling shep-core v0.12.3 (/opt/rustwide/workdir)
[INFO] [stderr]     Finished `dev` profile [unoptimized + debuginfo] target(s) in 48.93s
[INFO] running `Command { std: "docker" "inspect" "f20afb3f7bcfd2ae5eefeff55250b9926dd6c3eefe3c54b983b442d310572e43", kill_on_drop: false }`
[INFO] running `Command { std: "docker" "exec" "-e" "SOURCE_DIR=/opt/rustwide/workdir" "-e" "CARGO_HOME=/opt/rustwide/cargo-home" "-e" "RUSTUP_HOME=/opt/rustwide/rustup-home" "-e" "CARGO_TARGET_DIR=/opt/rustwide/target" "-e" "CARGO_INCREMENTAL=0" "-e" "RUST_BACKTRACE=full" "-e" "RUSTFLAGS=--cap-lints=warn" "-e" "RUSTDOCFLAGS=--cap-lints=warn" "-w" "/opt/rustwide/workdir" "--user" "0:0" "f20afb3f7bcfd2ae5eefeff55250b9926dd6c3eefe3c54b983b442d310572e43" "/opt/rustwide/cargo-home/bin/cargo" "+1.100.0-beta.1" "test" "--frozen" "--no-run" "--message-format=json", kill_on_drop: false }`
[INFO] [stderr]    Compiling regex-automata v0.4.18
[INFO] [stderr]    Compiling getrandom v0.3.4
[INFO] [stderr]    Compiling getrandom v0.4.3
[INFO] [stderr]    Compiling tokio v1.53.1
[INFO] [stderr]    Compiling ppv-lite86 v0.2.21
[INFO] [stderr]    Compiling unarray v0.1.4
[INFO] [stderr]    Compiling futures-task v0.3.33
[INFO] [stderr]    Compiling rand_core v0.9.5
[INFO] [stderr]    Compiling tempfile v3.27.0
[INFO] [stderr]    Compiling rand v0.9.5
[INFO] [stderr]    Compiling rand_xorshift v0.4.0
[INFO] [stderr]    Compiling futures-util v0.3.33
[INFO] [stderr]    Compiling insta v1.48.0
[INFO] [stderr]    Compiling rand_chacha v0.9.0
[INFO] [stderr]    Compiling proptest v1.11.0
[INFO] [stderr]    Compiling regex v1.13.1
[INFO] [stderr]    Compiling globset v0.4.20
[INFO] [stderr]    Compiling tokio-util v0.7.19
[INFO] [stderr]    Compiling shep-core v0.12.3 (/opt/rustwide/workdir)
[INFO] [stdout] error[E0425]: cannot find function `flockfile_schema_json` in module `crate::config`
[INFO] [stdout]    --> src/config/app/schema.rs:849:37
[INFO] [stdout]     |
[INFO] [stdout] 849 |         let schema = crate::config::flockfile_schema_json().to_value();
[INFO] [stdout]     |                                     ^^^^^^^^^^^^^^^^^^^^^ not found in `crate::config`
[INFO] [stdout]     |
[INFO] [stdout] note: found an item that was configured out
[INFO] [stdout]    --> src/config/mod.rs:28:21
[INFO] [stdout]     |
[INFO] [stdout]  27 | #[cfg(feature = "schema")]
[INFO] [stdout]     |       ------------------ the item is gated behind the `schema` feature
[INFO] [stdout]  28 | pub use flockfile::{flockfile_schema_json, flockfile_schema_string};
[INFO] [stdout]     |                     ^^^^^^^^^^^^^^^^^^^^^
[INFO] [stdout] 
[INFO] [stdout] 
[INFO] [stdout] error[E0425]: cannot find function `flockfile_schema_json` in module `crate::config`
[INFO] [stdout]    --> src/config/app/schema.rs:866:37
[INFO] [stdout]     |
[INFO] [stdout] 866 |         let schema = crate::config::flockfile_schema_json().to_value();
[INFO] [stdout]     |                                     ^^^^^^^^^^^^^^^^^^^^^ not found in `crate::config`
[INFO] [stdout]     |
[INFO] [stdout] note: found an item that was configured out
[INFO] [stdout]    --> src/config/mod.rs:28:21
[INFO] [stdout]     |
[INFO] [stdout]  27 | #[cfg(feature = "schema")]
[INFO] [stdout]     |       ------------------ the item is gated behind the `schema` feature
[INFO] [stdout]  28 | pub use flockfile::{flockfile_schema_json, flockfile_schema_string};
[INFO] [stdout]     |                     ^^^^^^^^^^^^^^^^^^^^^
[INFO] [stdout] 
[INFO] [stdout] 
[INFO] [stdout] error[E0425]: cannot find function `flockfile_schema_json` in module `crate::config`
[INFO] [stdout]    --> src/config/app/schema.rs:916:37
[INFO] [stdout]     |
[INFO] [stdout] 916 |         let schema = crate::config::flockfile_schema_json().to_value();
[INFO] [stdout]     |                                     ^^^^^^^^^^^^^^^^^^^^^ not found in `crate::config`
[INFO] [stdout]     |
[INFO] [stdout] note: found an item that was configured out
[INFO] [stdout]    --> src/config/mod.rs:28:21
[INFO] [stdout]     |
[INFO] [stdout]  27 | #[cfg(feature = "schema")]
[INFO] [stdout]     |       ------------------ the item is gated behind the `schema` feature
[INFO] [stdout]  28 | pub use flockfile::{flockfile_schema_json, flockfile_schema_string};
[INFO] [stdout]     |                     ^^^^^^^^^^^^^^^^^^^^^
[INFO] [stdout] 
[INFO] [stdout] 
[INFO] [stdout] error[E0425]: cannot find function `flockfile_schema_json` in module `crate::config`
[INFO] [stdout]    --> src/config/app/schema.rs:945:37
[INFO] [stdout]     |
[INFO] [stdout] 945 |         let schema = crate::config::flockfile_schema_json().to_value();
[INFO] [stdout]     |                                     ^^^^^^^^^^^^^^^^^^^^^ not found in `crate::config`
[INFO] [stdout]     |
[INFO] [stdout] note: found an item that was configured out
[INFO] [stdout]    --> src/config/mod.rs:28:21
[INFO] [stdout]     |
[INFO] [stdout]  27 | #[cfg(feature = "schema")]
[INFO] [stdout]     |       ------------------ the item is gated behind the `schema` feature
[INFO] [stdout]  28 | pub use flockfile::{flockfile_schema_json, flockfile_schema_string};
[INFO] [stdout]     |                     ^^^^^^^^^^^^^^^^^^^^^
[INFO] [stdout] 
[INFO] [stdout] 
[INFO] [stdout] For more information about this error, try `rustc --explain E0425`.
[INFO] [stdout] 
[INFO] [stderr] error: could not compile `shep-core` (lib test) due to 4 previous errors
[INFO] [stderr] warning: build failed, waiting for other jobs to finish...
[INFO] running `Command { std: "docker" "inspect" "f20afb3f7bcfd2ae5eefeff55250b9926dd6c3eefe3c54b983b442d310572e43", kill_on_drop: false }`
[INFO] running `Command { std: "docker" "rm" "-f" "f20afb3f7bcfd2ae5eefeff55250b9926dd6c3eefe3c54b983b442d310572e43", kill_on_drop: false }`
[INFO] [stdout] f20afb3f7bcfd2ae5eefeff55250b9926dd6c3eefe3c54b983b442d310572e43
