[INFO] fetching crate shapers 0.3.3...
[INFO] testing shapers-0.3.3 against 1.100.0-beta.1 for beta-1.100-2
[INFO] extracting crate shapers 0.3.3 into /workspace/builds/worker-3-tc2/source
[INFO] started tweaking crates.io crate shapers 0.3.3
[INFO] finished tweaking crates.io crate shapers 0.3.3
[INFO] tweaked toml for crates.io crate shapers 0.3.3 written to /workspace/builds/worker-3-tc2/source/Cargo.toml
[INFO] validating manifest of crates.io crate shapers 0.3.3 on toolchain 1.100.0-beta.1
[INFO] running `Command { std: CARGO_HOME="/workspace/cargo-home" RUSTUP_HOME="/workspace/rustup-home" "/workspace/cargo-home/bin/cargo" "+1.100.0-beta.1" "metadata" "--manifest-path" "Cargo.toml" "--no-deps", kill_on_drop: false }`
[INFO] crate crates.io crate shapers 0.3.3 already has a lockfile, it will not be regenerated
[INFO] running `Command { std: CARGO_HOME="/workspace/cargo-home" RUSTUP_HOME="/workspace/rustup-home" "/workspace/cargo-home/bin/cargo" "+1.100.0-beta.1" "fetch" "--manifest-path" "Cargo.toml", kill_on_drop: false }`
[INFO] running `Command { std: "docker" "create" "-v" "/var/lib/crater-agent-workspace/builds/worker-3-tc2/source:/opt/rustwide/workdir:ro,Z" "-v" "/var/lib/crater-agent-workspace/builds/worker-3-tc2/target:/opt/rustwide/target:rw,Z" "-v" "/var/lib/crater-agent-workspace/cargo-home:/opt/rustwide/cargo-home:ro,Z" "-v" "/var/lib/crater-agent-workspace/rustup-home:/opt/rustwide/rustup-home:ro,Z" "-m" "1610612736" "--network" "none" "ghcr.io/rust-lang/crates-build-env/linux@sha256:3111399a4047eeb3a02b7a90e478d715f38a8c6669b5c4b49d30a17385265909" "sleep" "infinity", kill_on_drop: false }`
[INFO] [stdout] ad4ea001b43d946e77e0509e80347bd63660095c43f704a48df71c4442ee2f65
[INFO] running `Command { std: "docker" "start" "ad4ea001b43d946e77e0509e80347bd63660095c43f704a48df71c4442ee2f65", kill_on_drop: false }`
[INFO] running `Command { std: "docker" "inspect" "ad4ea001b43d946e77e0509e80347bd63660095c43f704a48df71c4442ee2f65", kill_on_drop: false }`
[INFO] running `Command { std: "docker" "exec" "-e" "SOURCE_DIR=/opt/rustwide/workdir" "-e" "CARGO_HOME=/opt/rustwide/cargo-home" "-e" "RUSTUP_HOME=/opt/rustwide/rustup-home" "-e" "CARGO_TARGET_DIR=/opt/rustwide/target" "-w" "/opt/rustwide/workdir" "--user" "0:0" "ad4ea001b43d946e77e0509e80347bd63660095c43f704a48df71c4442ee2f65" "/opt/rustwide/cargo-home/bin/cargo" "+1.100.0-beta.1" "metadata" "--no-deps" "--format-version=1", kill_on_drop: false }`
[INFO] running `Command { std: "docker" "inspect" "ad4ea001b43d946e77e0509e80347bd63660095c43f704a48df71c4442ee2f65", kill_on_drop: false }`
[INFO] running `Command { std: "docker" "exec" "-e" "SOURCE_DIR=/opt/rustwide/workdir" "-e" "CARGO_HOME=/opt/rustwide/cargo-home" "-e" "RUSTUP_HOME=/opt/rustwide/rustup-home" "-e" "CARGO_TARGET_DIR=/opt/rustwide/target" "-e" "CARGO_INCREMENTAL=0" "-e" "RUST_BACKTRACE=full" "-e" "RUSTFLAGS=--cap-lints=warn" "-e" "RUSTDOCFLAGS=--cap-lints=warn" "-w" "/opt/rustwide/workdir" "--user" "0:0" "ad4ea001b43d946e77e0509e80347bd63660095c43f704a48df71c4442ee2f65" "/opt/rustwide/cargo-home/bin/cargo" "+1.100.0-beta.1" "build" "--frozen" "--message-format=json", kill_on_drop: false }`
[INFO] [stderr]    Compiling proc-macro2 v1.0.93
[INFO] [stderr]    Compiling unicode-ident v1.0.17
[INFO] [stderr]    Compiling libc v0.2.170
[INFO] [stderr]    Compiling cfg-if v1.0.0
[INFO] [stderr]    Compiling autocfg v1.4.0
[INFO] [stderr]    Compiling stable_deref_trait v1.2.0
[INFO] [stderr]    Compiling once_cell v1.20.3
[INFO] [stderr]    Compiling litemap v0.7.5
[INFO] [stderr]    Compiling target-lexicon v0.13.2
[INFO] [stderr]    Compiling writeable v0.5.5
[INFO] [stderr]    Compiling serde v1.0.218
[INFO] [stderr]    Compiling shlex v1.3.0
[INFO] [stderr]    Compiling strsim v0.11.1
[INFO] [stderr]    Compiling ident_case v1.0.1
[INFO] [stderr]    Compiling fnv v1.0.7
[INFO] [stderr]    Compiling typenum v1.18.0
[INFO] [stderr]    Compiling cc v1.2.33
[INFO] [stderr]    Compiling icu_locid_transform_data v1.5.0
[INFO] [stderr]    Compiling generic-array v0.14.7
[INFO] [stderr]    Compiling num-traits v0.2.19
[INFO] [stderr]    Compiling icu_properties_data v1.5.0
[INFO] [stderr]    Compiling memchr v2.7.5
[INFO] [stderr]    Compiling smallvec v1.14.0
[INFO] [stderr]    Compiling thiserror v1.0.69
[INFO] [stderr]    Compiling quote v1.0.38
[INFO] [stderr]    Compiling utf16_iter v1.0.5
[INFO] [stderr]    Compiling syn v2.0.98
[INFO] [stderr]    Compiling pyo3-build-config v0.25.1
[INFO] [stderr]    Compiling getrandom v0.2.15
[INFO] [stderr]    Compiling utf8_iter v1.0.4
[INFO] [stderr]    Compiling heck v0.5.0
[INFO] [stderr]    Compiling write16 v1.0.0
[INFO] [stderr]    Compiling rand_core v0.6.4
[INFO] [stderr]    Compiling icu_normalizer_data v1.5.0
[INFO] [stderr]    Compiling rustls-pki-types v1.11.0
[INFO] [stderr]    Compiling rustix v0.38.44
[INFO] [stderr]    Compiling serde_json v1.0.139
[INFO] [stderr]    Compiling anyhow v1.0.96
[INFO] [stderr]    Compiling rustversion v1.0.19
[INFO] [stderr]    Compiling untrusted v0.9.0
[INFO] [stderr]    Compiling proc-macro-error-attr2 v2.0.0
[INFO] [stderr]    Compiling bitflags v2.8.0
[INFO] [stderr]    Compiling ring v0.17.11
[INFO] [stderr]    Compiling adler2 v2.0.1
[INFO] [stderr]    Compiling linux-raw-sys v0.4.15
[INFO] [stderr]    Compiling hashbrown v0.15.5
[INFO] [stderr]    Compiling percent-encoding v2.3.1
[INFO] [stderr]    Compiling getrandom v0.3.3
[INFO] [stderr]    Compiling equivalent v1.0.2
[INFO] [stderr]    Compiling itoa v1.0.14
[INFO] [stderr]    Compiling rustls v0.23.23
[INFO] [stderr]    Compiling ryu v1.0.19
[INFO] [stderr]    Compiling log v0.4.26
[INFO] [stderr]    Compiling form_urlencoded v1.2.1
[INFO] [stderr]    Compiling crypto-common v0.1.6
[INFO] [stderr]    Compiling block-buffer v0.10.4
[INFO] [stderr]    Compiling miniz_oxide v0.8.9
[INFO] [stderr]    Compiling indexmap v2.7.1
[INFO] [stderr]    Compiling aho-corasick v1.1.3
[INFO] [stderr]    Compiling crc32fast v1.4.2
[INFO] [stderr]    Compiling winnow v0.7.3
[INFO] [stderr]    Compiling option-ext v0.2.0
[INFO] [stderr]    Compiling zeroize v1.8.1
[INFO] [stderr]    Compiling same-file v1.0.6
[INFO] [stderr]    Compiling regex-syntax v0.8.5
[INFO] [stderr]    Compiling subtle v2.6.1
[INFO] [stderr]    Compiling walkdir v2.5.0
[INFO] [stderr]    Compiling flate2 v1.1.0
[INFO] [stderr]    Compiling dirs-sys v0.4.1
[INFO] [stderr]    Compiling xattr v1.4.0
[INFO] [stderr]    Compiling digest v0.10.7
[INFO] [stderr]    Compiling webpki-roots v0.26.8
[INFO] [stderr]    Compiling filetime v0.2.25
[INFO] [stderr]    Compiling base64 v0.22.1
[INFO] [stderr]    Compiling iana-time-zone v0.1.61
[INFO] [stderr]    Compiling strum v0.26.3
[INFO] [stderr]    Compiling regex-automata v0.4.9
[INFO] [stderr]    Compiling cpufeatures v0.2.17
[INFO] [stderr]    Compiling chrono v0.4.40
[INFO] [stderr]    Compiling synstructure v0.13.1
[INFO] [stderr]    Compiling darling_core v0.20.10
[INFO] [stderr]    Compiling proc-macro-error2 v2.0.1
[INFO] [stderr]    Compiling sha2 v0.10.8
[INFO] [stderr]    Compiling tar v0.4.44
[INFO] [stderr]    Compiling uuid v1.15.1
[INFO] [stderr]    Compiling directories v5.0.1
[INFO] [stderr]    Compiling base16ct v0.2.0
[INFO] [stderr]    Compiling lazy_static v1.5.0
[INFO] [stderr]    Compiling intel-mkl-tool v0.8.1
[INFO] [stderr]    Compiling num-integer v0.1.46
[INFO] [stderr]    Compiling rustls-webpki v0.102.8
[INFO] [stderr]    Compiling matrixmultiply v0.3.9
[INFO] [stderr]    Compiling syn v1.0.109
[INFO] [stderr]    Compiling pyo3-ffi v0.25.1
[INFO] [stderr]    Compiling zerofrom-derive v0.1.6
[INFO] [stderr]    Compiling yoke-derive v0.7.5
[INFO] [stderr]    Compiling zerovec-derive v0.10.3
[INFO] [stderr]    Compiling displaydoc v0.2.5
[INFO] [stderr]    Compiling icu_provider_macros v1.5.0
[INFO] [stderr]    Compiling serde_derive v1.0.218
[INFO] [stderr]    Compiling zerocopy-derive v0.7.35
[INFO] [stderr]    Compiling thiserror-impl v1.0.69
[INFO] [stderr]    Compiling darling_macro v0.20.10
[INFO] [stderr]    Compiling getset v0.1.4
[INFO] [stderr]    Compiling zerocopy v0.7.35
[INFO] [stderr]    Compiling darling v0.20.10
[INFO] [stderr]    Compiling zerofrom v0.1.6
[INFO] [stderr]    Compiling derive_builder_core v0.20.2
[INFO] [stderr]    Compiling yoke v0.7.5
[INFO] [stderr]    Compiling strum_macros v0.26.4
[INFO] [stderr]    Compiling zerovec v0.10.4
[INFO] [stderr]    Compiling ppv-lite86 v0.2.20
[INFO] [stderr]    Compiling regex v1.11.1
[INFO] [stderr]    Compiling pyo3-macros-backend v0.25.1
[INFO] [stderr]    Compiling rawpointer v0.2.1
[INFO] [stderr]    Compiling rand_chacha v0.3.1
[INFO] [stderr]    Compiling derive_builder_macro v0.20.2
[INFO] [stderr]    Compiling rand v0.8.5
[INFO] [stderr]    Compiling derive_builder v0.20.2
[INFO] [stderr]    Compiling approx v0.4.0
[INFO] [stderr]    Compiling tinystr v0.7.6
[INFO] [stderr]    Compiling icu_collections v1.5.0
[INFO] [stderr]    Compiling icu_locid v1.5.0
[INFO] [stderr]    Compiling cblas-sys v0.1.4
[INFO] [stderr]    Compiling memoffset v0.9.1
[INFO] [stderr]    Compiling num-complex v0.4.6
[INFO] [stderr]    Compiling pyo3 v0.25.1
[INFO] [stderr]    Compiling lapack-sys v0.14.0
[INFO] [stderr]    Compiling rand_xoshiro v0.6.0
[INFO] [stderr]    Compiling icu_provider v1.5.0
[INFO] [stderr]    Compiling cauchy v0.4.0
[INFO] [stderr]    Compiling ndarray v0.15.6
[INFO] [stderr]    Compiling argmin-math v0.4.0
[INFO] [stderr]    Compiling instant v0.1.13
[INFO] [stderr]    Compiling indoc v2.0.5
[INFO] [stderr]    Compiling icu_locid_transform v1.5.0
[INFO] [stderr]    Compiling unindent v0.2.3
[INFO] [stderr]    Compiling icu_properties v1.5.1
[INFO] [stderr]    Compiling argmin v0.10.0
[INFO] [stderr]    Compiling katexit v0.1.4
[INFO] [stderr]    Compiling serde_spanned v0.6.8
[INFO] [stderr]    Compiling toml_datetime v0.6.8
[INFO] [stderr]    Compiling toml_edit v0.22.24
[INFO] [stderr]    Compiling icu_normalizer v1.5.0
[INFO] [stderr]    Compiling finitediff v0.1.4
[INFO] [stderr]    Compiling pyo3-macros v0.25.1
[INFO] [stderr]    Compiling idna_adapter v1.2.0
[INFO] [stderr]    Compiling idna v1.0.3
[INFO] [stderr]    Compiling oci-spec v0.6.7
[INFO] [stderr]    Compiling url v2.5.4
[INFO] [stderr]    Compiling ureq v2.12.1
[INFO] [stderr]    Compiling toml v0.8.20
[INFO] [stderr]    Compiling ocipkg v0.2.9
[INFO] [stderr]    Compiling intel-mkl-src v0.8.1
[INFO] [stderr]    Compiling lax v0.16.0
[INFO] [stderr]    Compiling ndarray-linalg v0.16.0
[INFO] [stderr]    Compiling shapers v0.3.3 (/opt/rustwide/workdir)
[INFO] [stdout] warning: unused import: `observers::ObserverMode`
[INFO] [stdout]  --> src/circle_fit.rs:3:12
[INFO] [stdout]   |
[INFO] [stdout] 3 |     core::{observers::ObserverMode, CostFunction, Error, State, Executor, OptimizationResult, Gradient},
[INFO] [stdout]   |            ^^^^^^^^^^^^^^^^^^^^^^^
[INFO] [stdout]   |
[INFO] [stdout]   = note: `#[warn(unused_imports)]` (part of `#[warn(unused)]`) on by default
[INFO] [stdout] 
[INFO] [stdout] 
[INFO] [stdout] warning: unused import: `observers::ObserverMode`
[INFO] [stdout]  --> src/ellipsoids.rs:3:12
[INFO] [stdout]   |
[INFO] [stdout] 3 |     core::{observers::ObserverMode, CostFunction, Error, Executor},
[INFO] [stdout]   |            ^^^^^^^^^^^^^^^^^^^^^^^
[INFO] [stdout] 
[INFO] [stdout] 
[INFO] [stdout] warning: function `get_distance` is never used
[INFO] [stdout]  --> src/aux_funcs.rs:1:8
[INFO] [stdout]   |
[INFO] [stdout] 1 | pub fn get_distance(v0: Vec<f64>, v1: Vec<f64>) -> f64 {
[INFO] [stdout]   |        ^^^^^^^^^^^^
[INFO] [stdout]   |
[INFO] [stdout]   = note: `#[warn(dead_code)]` (part of `#[warn(unused)]`) on by default
[INFO] [stdout] 
[INFO] [stdout] 
[INFO] [stdout] warning: missing documentation for an associated function
[INFO] [stdout]   --> src/circle_fit.rs:80:5
[INFO] [stdout]    |
[INFO] [stdout] 80 |     pub fn py_new() -> Self {
[INFO] [stdout]    |     ^^^^^^^^^^^^^^^^^^^^^^^
[INFO] [stdout]    |
[INFO] [stdout] note: the lint level is defined here
[INFO] [stdout]   --> src/lib.rs:1:9
[INFO] [stdout]    |
[INFO] [stdout]  1 | #![warn(missing_docs)]
[INFO] [stdout]    |         ^^^^^^^^^^^^
[INFO] [stdout] 
[INFO] [stdout] 
[INFO] [stdout] warning: missing documentation for an associated function
[INFO] [stdout]   --> src/ellipsoids.rs:30:5
[INFO] [stdout]    |
[INFO] [stdout] 30 |     pub fn py_new(x: f64, y: f64, major_axis: f64, minor_axis: f64, angle: f64) -> Self {
[INFO] [stdout]    |     ^^^^^^^^^^^^^^^^^^^^^^^^^^^^^^^^^^^^^^^^^^^^^^^^^^^^^^^^^^^^^^^^^^^^^^^^^^^^^^^^^^^
[INFO] [stdout] 
[INFO] [stdout] 
[INFO] [stdout] warning: missing documentation for an associated function
[INFO] [stdout]    --> src/ellipsoids.rs:148:5
[INFO] [stdout]     |
[INFO] [stdout] 148 |     pub fn py_new() -> Self {
[INFO] [stdout]     |     ^^^^^^^^^^^^^^^^^^^^^^^
[INFO] [stdout] 
[INFO] [stdout] 
[INFO] [stdout] warning: missing documentation for a struct
[INFO] [stdout]  --> src/errors.rs:5:1
[INFO] [stdout]   |
[INFO] [stdout] 5 | pub struct LSQError(argmin::core::Error);
[INFO] [stdout]   | ^^^^^^^^^^^^^^^^^^^
[INFO] [stdout] 
[INFO] [stdout] 
[INFO] [stdout] warning: unused variable: `ellipse3`
[INFO] [stdout]   --> src/main.rs:10:9
[INFO] [stdout]    |
[INFO] [stdout] 10 |     let ellipse3 = Ellipsoid::new(0.0, 0.0, 2.0, 1.0, 0.0);
[INFO] [stdout]    |         ^^^^^^^^ help: if this is intentional, prefix it with an underscore: `_ellipse3`
[INFO] [stdout]    |
[INFO] [stdout]    = note: `#[warn(unused_variables)]` (part of `#[warn(unused)]`) on by default
[INFO] [stdout] 
[INFO] [stdout] 
[INFO] [stdout] warning: unused variable: `ellipse4`
[INFO] [stdout]   --> src/main.rs:11:9
[INFO] [stdout]    |
[INFO] [stdout] 11 |     let ellipse4 = Ellipsoid::new(2.0, 0.0, 2.0, 1.0, 0.0);
[INFO] [stdout]    |         ^^^^^^^^ help: if this is intentional, prefix it with an underscore: `_ellipse4`
[INFO] [stdout] 
[INFO] [stdout] 
[INFO] [stdout] warning: unused variable: `parameters`
[INFO] [stdout]   --> src/main.rs:27:9
[INFO] [stdout]    |
[INFO] [stdout] 27 |     let parameters = FitCircleParams::new()
[INFO] [stdout]    |         ^^^^^^^^^^ help: if this is intentional, prefix it with an underscore: `_parameters`
[INFO] [stdout] 
[INFO] [stdout] 
[INFO] [stdout] warning: unused variable: `xs`
[INFO] [stdout]   --> src/main.rs:52:9
[INFO] [stdout]    |
[INFO] [stdout] 52 |     let xs = all_angles.clone().iter().map(|theta| circle_center[0] + circle_radius * theta.cos()).collect::<Vec<f64>>();
[INFO] [stdout]    |         ^^ help: if this is intentional, prefix it with an underscore: `_xs`
[INFO] [stdout] 
[INFO] [stdout] 
[INFO] [stdout] warning: unused variable: `ys`
[INFO] [stdout]   --> src/main.rs:53:9
[INFO] [stdout]    |
[INFO] [stdout] 53 |     let ys = all_angles.iter().map(|theta| circle_center[1] + circle_radius * theta.sin()).collect::<Vec<f64>>();
[INFO] [stdout]    |         ^^ help: if this is intentional, prefix it with an underscore: `_ys`
[INFO] [stdout] 
[INFO] [stdout] 
[INFO] [stdout] warning: function `test_lsq` is never used
[INFO] [stdout]   --> src/main.rs:24:4
[INFO] [stdout]    |
[INFO] [stdout] 24 | fn test_lsq() {
[INFO] [stdout]    |    ^^^^^^^^
[INFO] [stdout]    |
[INFO] [stdout]    = note: `#[warn(dead_code)]` (part of `#[warn(unused)]`) on by default
[INFO] [stdout] 
[INFO] [stdout] 
[INFO] [stdout] warning: function `test_example_circle` is never used
[INFO] [stdout]   --> src/main.rs:42:4
[INFO] [stdout]    |
[INFO] [stdout] 42 | fn test_example_circle() {
[INFO] [stdout]    |    ^^^^^^^^^^^^^^^^^^^
[INFO] [stdout] 
[INFO] [stdout] 
[INFO] [stdout] warning: function `test_example_small` is never used
[INFO] [stdout]   --> src/main.rs:58:4
[INFO] [stdout]    |
[INFO] [stdout] 58 | fn test_example_small() {
[INFO] [stdout]    |    ^^^^^^^^^^^^^^^^^^
[INFO] [stdout] 
[INFO] [stdout] 
[INFO] [stdout] warning: unused `Result` that must be used
[INFO] [stdout]   --> src/main.rs:20:5
[INFO] [stdout]    |
[INFO] [stdout] 20 |     dbg!(intersection);
[INFO] [stdout]    |     ^^^^^^^^^^^^^^^^^^
[INFO] [stdout]    |
[INFO] [stdout]    = note: this `Result` may be an `Err` variant, which should be handled
[INFO] [stdout]    = note: `#[warn(unused_must_use)]` (part of `#[warn(unused)]`) on by default
[INFO] [stdout] help: use `let _ = ...` to ignore the resulting value
[INFO] [stdout]    |
[INFO] [stdout] 20 |     let _ = dbg!(intersection);
[INFO] [stdout]    |     +++++++
[INFO] [stdout] 
[INFO] [stdout] 
[INFO] [stdout] error: linking with `cc` failed: exit status: 1
[INFO] [stdout]   |
[INFO] [stdout]   = note:  "cc" "-m64" "/opt/rustwide/target/debug/build/shapers/c868bdb701aa7d6a/out/rustc8jNLzL/symbols.o" "<2 object files omitted>" "-Wl,--as-needed" "-Wl,-Bstatic" "/opt/rustwide/target/debug/build/shapers/50575e81993481ec/out/libshapers.rlib" "/opt/rustwide/target/debug/build/pyo3/4ffe81c5d65c858f/out/libpyo3-4ffe81c5d65c858f.rlib" "/opt/rustwide/target/debug/build/memoffset/e75ffd4da71b9c45/out/libmemoffset-e75ffd4da71b9c45.rlib" "/opt/rustwide/target/debug/build/once_cell/87ad594b4fdd0b3c/out/libonce_cell-87ad594b4fdd0b3c.rlib" "/opt/rustwide/target/debug/build/pyo3-ffi/4ce22b8b3366129f/out/libpyo3_ffi-4ce22b8b3366129f.rlib" "/opt/rustwide/target/debug/build/unindent/ba611b0c58f2b27f/out/libunindent-ba611b0c58f2b27f.rlib" "/opt/rustwide/target/debug/build/ndarray-linalg/de2dbcab88f28c97/out/libndarray_linalg-de2dbcab88f28c97.rlib" "/opt/rustwide/target/debug/build/lax/2f12566e42594046/out/liblax-2f12566e42594046.rlib" "/opt/rustwide/target/debug/build/lapack-sys/a6d2e70fd9617555/out/liblapack_sys-a6d2e70fd9617555.rlib" "/opt/rustwide/target/debug/build/cauchy/6b4ad245ec6792ac/out/libcauchy-6b4ad245ec6792ac.rlib" "/opt/rustwide/target/debug/build/intel-mkl-src/1b95ff1e522d4f81/out/libintel_mkl_src-1b95ff1e522d4f81.rlib" "/opt/rustwide/target/debug/build/finitediff/db11383d868652a2/out/libfinitediff-db11383d868652a2.rlib" "/opt/rustwide/target/debug/build/ndarray/158a077d9338385c/out/libndarray-158a077d9338385c.rlib" "/opt/rustwide/target/debug/build/matrixmultiply/371e6008b60f8b59/out/libmatrixmultiply-371e6008b60f8b59.rlib" "/opt/rustwide/target/debug/build/approx/ad3be6136a2368c7/out/libapprox-ad3be6136a2368c7.rlib" "/opt/rustwide/target/debug/build/rawpointer/10d892ea69c462d6/out/librawpointer-10d892ea69c462d6.rlib" "/opt/rustwide/target/debug/build/cblas-sys/4f452a9447e113e0/out/libcblas_sys-4f452a9447e113e0.rlib" "/opt/rustwide/target/debug/build/argmin/f58b27d974b90852/out/libargmin-f58b27d974b90852.rlib" "/opt/rustwide/target/debug/build/rand_xoshiro/e7c156e5bfa1f1eb/out/librand_xoshiro-e7c156e5bfa1f1eb.rlib" "/opt/rustwide/target/debug/build/argmin-math/c93968129c61ac76/out/libargmin_math-c93968129c61ac76.rlib" "/opt/rustwide/target/debug/build/num-complex/64a2349336fc3622/out/libnum_complex-64a2349336fc3622.rlib" "/opt/rustwide/target/debug/build/serde/be1435f5c26c105e/out/libserde-be1435f5c26c105e.rlib" "/opt/rustwide/target/debug/build/num-integer/f71fedd87cb22f01/out/libnum_integer-f71fedd87cb22f01.rlib" "/opt/rustwide/target/debug/build/rand/d8db3e0cbe2edd46/out/librand-d8db3e0cbe2edd46.rlib" "/opt/rustwide/target/debug/build/rand_chacha/ac480969341f23e2/out/librand_chacha-ac480969341f23e2.rlib" "/opt/rustwide/target/debug/build/ppv-lite86/0d79c5527d629f75/out/libppv_lite86-0d79c5527d629f75.rlib" "/opt/rustwide/target/debug/build/zerocopy/0c9ac908d8d52a4e/out/libzerocopy-0c9ac908d8d52a4e.rlib" "/opt/rustwide/target/debug/build/byteorder/9f6ac6743e38a88c/out/libbyteorder-9f6ac6743e38a88c.rlib" "/opt/rustwide/target/debug/build/rand_core/91db7bd8e3129dba/out/librand_core-91db7bd8e3129dba.rlib" "/opt/rustwide/target/debug/build/getrandom/a2e5fe8dd2144477/out/libgetrandom-a2e5fe8dd2144477.rlib" "/opt/rustwide/target/debug/build/libc/7a80d50d68ecb6ed/out/liblibc-7a80d50d68ecb6ed.rlib" "/opt/rustwide/target/debug/build/anyhow/c6e97af11c1a5c41/out/libanyhow-c6e97af11c1a5c41.rlib" "/opt/rustwide/target/debug/build/num-traits/42959e071cc51d13/out/libnum_traits-42959e071cc51d13.rlib" "/opt/rustwide/target/debug/build/instant/38d60975c0c43666/out/libinstant-38d60975c0c43666.rlib" "/opt/rustwide/target/debug/build/cfg-if/3e7fc4e38d4a72b5/out/libcfg_if-3e7fc4e38d4a72b5.rlib" "/opt/rustwide/target/debug/build/thiserror/de16c6684283b376/out/libthiserror-de16c6684283b376.rlib" "<sysroot>/lib/rustlib/x86_64-unknown-linux-gnu/lib/{libstd-*,libpanic_unwind-*,libobject-*,libmemchr-*,libaddr2line-*,libgimli-*,libcfg_if-*,librustc_demangle-*,libstd_detect-*,libhashbrown-*,librustc_std_workspace_alloc-*,libminiz_oxide-*,libadler2-*,libunwind-*,liblibc-*,librustc_std_workspace_core-*,liballoc-*,libcore-*,libcompiler_builtins-*}.rlib" "-Wl,-Bdynamic" "-lgcc_s" "-lutil" "-lrt" "-lpthread" "-lm" "-ldl" "-lc" "-L" "/opt/rustwide/target/debug/build/shapers/c868bdb701aa7d6a/out/rustc8jNLzL/raw-dylibs" "-B<sysroot>/lib/rustlib/x86_64-unknown-linux-gnu/bin/gcc-ld" "-fuse-ld=lld" "-Wl,--eh-frame-hdr" "-Wl,-z,noexecstack" "-L" "<sysroot>/lib/rustlib/x86_64-unknown-linux-gnu/lib" "-o" "/opt/rustwide/target/debug/build/shapers/c868bdb701aa7d6a/out/shapers" "-Wl,--gc-sections" "-pie" "-Wl,-z,relro,-z,now" "-nodefaultlibs"
[INFO] [stdout]   = note: some arguments are omitted. use `--verbose` to show all linker arguments
[INFO] [stdout]   = note: rust-lld: error: undefined symbol: cblas_ddot
[INFO] [stdout]           >>> referenced by impl_linalg.rs:122 (/opt/rustwide/cargo-home/registry/src/index.crates.io-1949cf8c6b5b557f/ndarray-0.15.6/src/linalg/impl_linalg.rs:122)
[INFO] [stdout]           >>>               shapers.shapers.37646eeb754e0dc4-cgu.01.rcgu.o:(<ndarray::ArrayBase<ndarray::ViewRepr<&f64>, ndarray::dimension::dim::Dim<[usize; 1]>>>::dot_impl::<ndarray::ViewRepr<&f64>>) in archive /opt/rustwide/target/debug/build/shapers/50575e81993481ec/out/libshapers.rlib
[INFO] [stdout]           >>> referenced by impl_linalg.rs:122 (/opt/rustwide/cargo-home/registry/src/index.crates.io-1949cf8c6b5b557f/ndarray-0.15.6/src/linalg/impl_linalg.rs:122)
[INFO] [stdout]           >>>               shapers.shapers.37646eeb754e0dc4-cgu.01.rcgu.o:(<ndarray::ArrayBase<ndarray::data_repr::OwnedRepr<f64>, ndarray::dimension::dim::Dim<[usize; 1]>>>::dot_impl::<ndarray::data_repr::OwnedRepr<f64>>) in archive /opt/rustwide/target/debug/build/shapers/50575e81993481ec/out/libshapers.rlib
[INFO] [stdout]           
[INFO] [stdout]           rust-lld: error: undefined symbol: cblas_sdot
[INFO] [stdout]           >>> referenced by impl_linalg.rs:122 (/opt/rustwide/cargo-home/registry/src/index.crates.io-1949cf8c6b5b557f/ndarray-0.15.6/src/linalg/impl_linalg.rs:122)
[INFO] [stdout]           >>>               shapers.shapers.37646eeb754e0dc4-cgu.01.rcgu.o:(<ndarray::ArrayBase<ndarray::ViewRepr<&f64>, ndarray::dimension::dim::Dim<[usize; 1]>>>::dot_impl::<ndarray::ViewRepr<&f64>>) in archive /opt/rustwide/target/debug/build/shapers/50575e81993481ec/out/libshapers.rlib
[INFO] [stdout]           >>> referenced by impl_linalg.rs:122 (/opt/rustwide/cargo-home/registry/src/index.crates.io-1949cf8c6b5b557f/ndarray-0.15.6/src/linalg/impl_linalg.rs:122)
[INFO] [stdout]           >>>               shapers.shapers.37646eeb754e0dc4-cgu.01.rcgu.o:(<ndarray::ArrayBase<ndarray::data_repr::OwnedRepr<f64>, ndarray::dimension::dim::Dim<[usize; 1]>>>::dot_impl::<ndarray::data_repr::OwnedRepr<f64>>) in archive /opt/rustwide/target/debug/build/shapers/50575e81993481ec/out/libshapers.rlib
[INFO] [stdout]           
[INFO] [stdout]           rust-lld: error: undefined symbol: cblas_zgemm
[INFO] [stdout]           >>> referenced by impl_linalg.rs:459 (/opt/rustwide/cargo-home/registry/src/index.crates.io-1949cf8c6b5b557f/ndarray-0.15.6/src/linalg/impl_linalg.rs:459)
[INFO] [stdout]           >>>               shapers.shapers.37646eeb754e0dc4-cgu.12.rcgu.o:(ndarray::linalg::impl_linalg::mat_mul_impl::<f64>) in archive /opt/rustwide/target/debug/build/shapers/50575e81993481ec/out/libshapers.rlib
[INFO] [stdout]           
[INFO] [stdout]           rust-lld: error: undefined symbol: cblas_cgemm
[INFO] [stdout]           >>> referenced by impl_linalg.rs:459 (/opt/rustwide/cargo-home/registry/src/index.crates.io-1949cf8c6b5b557f/ndarray-0.15.6/src/linalg/impl_linalg.rs:459)
[INFO] [stdout]           >>>               shapers.shapers.37646eeb754e0dc4-cgu.12.rcgu.o:(ndarray::linalg::impl_linalg::mat_mul_impl::<f64>) in archive /opt/rustwide/target/debug/build/shapers/50575e81993481ec/out/libshapers.rlib
[INFO] [stdout]           
[INFO] [stdout]           rust-lld: error: undefined symbol: cblas_dgemm
[INFO] [stdout]           >>> referenced by impl_linalg.rs:459 (/opt/rustwide/cargo-home/registry/src/index.crates.io-1949cf8c6b5b557f/ndarray-0.15.6/src/linalg/impl_linalg.rs:459)
[INFO] [stdout]           >>>               shapers.shapers.37646eeb754e0dc4-cgu.12.rcgu.o:(ndarray::linalg::impl_linalg::mat_mul_impl::<f64>) in archive /opt/rustwide/target/debug/build/shapers/50575e81993481ec/out/libshapers.rlib
[INFO] [stdout]           
[INFO] [stdout]           rust-lld: error: undefined symbol: cblas_sgemm
[INFO] [stdout]           >>> referenced by impl_linalg.rs:459 (/opt/rustwide/cargo-home/registry/src/index.crates.io-1949cf8c6b5b557f/ndarray-0.15.6/src/linalg/impl_linalg.rs:459)
[INFO] [stdout]           >>>               shapers.shapers.37646eeb754e0dc4-cgu.12.rcgu.o:(ndarray::linalg::impl_linalg::mat_mul_impl::<f64>) in archive /opt/rustwide/target/debug/build/shapers/50575e81993481ec/out/libshapers.rlib
[INFO] [stdout]           
[INFO] [stdout]           rust-lld: error: undefined symbol: cblas_sgemv
[INFO] [stdout]           >>> referenced by impl_linalg.rs:731 (/opt/rustwide/cargo-home/registry/src/index.crates.io-1949cf8c6b5b557f/ndarray-0.15.6/src/linalg/impl_linalg.rs:731)
[INFO] [stdout]           >>>               shapers.shapers.37646eeb754e0dc4-cgu.12.rcgu.o:(ndarray::linalg::impl_linalg::general_mat_vec_mul_impl::<f64, ndarray::ViewRepr<&f64>, ndarray::ViewRepr<&f64>>) in archive /opt/rustwide/target/debug/build/shapers/50575e81993481ec/out/libshapers.rlib
[INFO] [stdout]           
[INFO] [stdout]           rust-lld: error: undefined symbol: cblas_dgemv
[INFO] [stdout]           >>> referenced by impl_linalg.rs:731 (/opt/rustwide/cargo-home/registry/src/index.crates.io-1949cf8c6b5b557f/ndarray-0.15.6/src/linalg/impl_linalg.rs:731)
[INFO] [stdout]           >>>               shapers.shapers.37646eeb754e0dc4-cgu.12.rcgu.o:(ndarray::linalg::impl_linalg::general_mat_vec_mul_impl::<f64, ndarray::ViewRepr<&f64>, ndarray::ViewRepr<&f64>>) in archive /opt/rustwide/target/debug/build/shapers/50575e81993481ec/out/libshapers.rlib
[INFO] [stdout]           
[INFO] [stdout]           rust-lld: error: undefined symbol: dgetrf_
[INFO] [stdout]           >>> referenced by solve.rs:34 (src/solve.rs:34)
[INFO] [stdout]           >>>               lax-2f12566e42594046.lax.8494db79ef0fca5-cgu.6.rcgu.o:(<f64 as lax::solve::LuImpl>::lu) in archive /opt/rustwide/target/debug/build/lax/2f12566e42594046/out/liblax-2f12566e42594046.rlib
[INFO] [stdout]           
[INFO] [stdout]           rust-lld: error: undefined symbol: dgetri_
[INFO] [stdout]           >>> referenced by solve.rs:181 (src/solve.rs:181)
[INFO] [stdout]           >>>               lax-2f12566e42594046.lax.8494db79ef0fca5-cgu.6.rcgu.o:(<lax::solve::InvWork<f64> as lax::solve::InvWorkImpl>::new) in archive /opt/rustwide/target/debug/build/lax/2f12566e42594046/out/liblax-2f12566e42594046.rlib
[INFO] [stdout]           >>> referenced by solve.rs:204 (src/solve.rs:204)
[INFO] [stdout]           >>>               lax-2f12566e42594046.lax.8494db79ef0fca5-cgu.6.rcgu.o:(<lax::solve::InvWork<f64> as lax::solve::InvWorkImpl>::calc) in archive /opt/rustwide/target/debug/build/lax/2f12566e42594046/out/liblax-2f12566e42594046.rlib
[INFO] [stdout]           collect2: error: ld returned 1 exit status
[INFO] [stdout]           
[INFO] [stdout] 
[INFO] [stdout] 
[INFO] [stderr] error: could not compile `shapers` (bin "shapers") due to 1 previous error; 9 warnings emitted
[INFO] running `Command { std: "docker" "inspect" "ad4ea001b43d946e77e0509e80347bd63660095c43f704a48df71c4442ee2f65", kill_on_drop: false }`
[INFO] running `Command { std: "docker" "rm" "-f" "ad4ea001b43d946e77e0509e80347bd63660095c43f704a48df71c4442ee2f65", kill_on_drop: false }`
[INFO] [stdout] ad4ea001b43d946e77e0509e80347bd63660095c43f704a48df71c4442ee2f65
