[INFO] fetching crate shannon-nu-protocol 0.111.4...
[INFO] testing shannon-nu-protocol-0.111.4 against 1.99.0-beta.8 for beta-1.100-2
[INFO] extracting crate shannon-nu-protocol 0.111.4 into /workspace/builds/worker-3-tc1/source
[INFO] started tweaking crates.io crate shannon-nu-protocol 0.111.4
[INFO] removed 0 missing tests
[INFO] finished tweaking crates.io crate shannon-nu-protocol 0.111.4
[INFO] tweaked toml for crates.io crate shannon-nu-protocol 0.111.4 written to /workspace/builds/worker-3-tc1/source/Cargo.toml
[INFO] validating manifest of crates.io crate shannon-nu-protocol 0.111.4 on toolchain 1.99.0-beta.8
[INFO] running `Command { std: CARGO_HOME="/workspace/cargo-home" RUSTUP_HOME="/workspace/rustup-home" "/workspace/cargo-home/bin/cargo" "+1.99.0-beta.8" "metadata" "--manifest-path" "Cargo.toml" "--no-deps", kill_on_drop: false }`
[INFO] crate crates.io crate shannon-nu-protocol 0.111.4 already has a lockfile, it will not be regenerated
[INFO] running `Command { std: CARGO_HOME="/workspace/cargo-home" RUSTUP_HOME="/workspace/rustup-home" "/workspace/cargo-home/bin/cargo" "+1.99.0-beta.8" "fetch" "--manifest-path" "Cargo.toml", kill_on_drop: false }`
[INFO] [stderr]     Updating crates.io index
[INFO] [stderr]  Downloading crates ...
[INFO] [stderr]   Downloaded windows-future v0.3.2
[INFO] [stderr]   Downloaded windows-numerics v0.3.1
[INFO] [stderr]   Downloaded windows-collections v0.3.2
[INFO] [stderr]   Downloaded windows-threading v0.2.1
[INFO] [stderr]   Downloaded intl-memoizer v0.5.3
[INFO] [stderr]   Downloaded strip-ansi-escapes v0.2.1
[INFO] [stderr]   Downloaded intl_pluralrules v7.0.2
[INFO] [stderr]   Downloaded unic-langid v0.9.6
[INFO] [stderr]   Downloaded wild v2.2.1
[INFO] [stderr]   Downloaded uucore_procs v0.7.0
[INFO] [stderr]   Downloaded fluent v0.17.0
[INFO] [stderr]   Downloaded terminal_size v0.4.3
[INFO] [stderr]   Downloaded buf-trait v0.4.1
[INFO] [stderr]   Downloaded byteyarn v0.5.1
[INFO] [stderr]   Downloaded fluent-langneg v0.13.1
[INFO] [stderr]   Downloaded omnipath v0.1.6
[INFO] [stderr]   Downloaded shannon-nu-experimental v0.111.4
[INFO] [stderr]   Downloaded os_pipe v1.2.3
[INFO] [stderr]   Downloaded supports-hyperlinks v3.2.0
[INFO] [stderr]   Downloaded typetag-impl v0.2.21
[INFO] [stderr]   Downloaded inventory v0.3.22
[INFO] [stderr]   Downloaded lscolors v0.21.0
[INFO] [stderr]   Downloaded fluent-bundle v0.16.0
[INFO] [stderr]   Downloaded pwd v1.4.0
[INFO] [stderr]   Downloaded shannon-nu-derive-value v0.111.4
[INFO] [stderr]   Downloaded fluent-syntax v0.12.0
[INFO] [stderr]   Downloaded supports-unicode v3.0.0
[INFO] [stderr]   Downloaded typetag v0.2.21
[INFO] [stderr]   Downloaded chrono-humanize v0.2.3
[INFO] [stderr]   Downloaded shannon-nu-system v0.111.4
[INFO] [stderr]   Downloaded mach2 v0.6.0
[INFO] [stderr]   Downloaded os_display v0.1.4
[INFO] [stderr]   Downloaded shannon-nu-path v0.111.4
[INFO] [stderr]   Downloaded shannon-nu-glob v0.111.4
[INFO] [stderr]   Downloaded miette-derive v7.6.0
[INFO] [stderr]   Downloaded shannon-nu-utils v0.111.4
[INFO] [stderr]   Downloaded lean_string v0.5.1
[INFO] [stderr]   Downloaded vte v0.14.1
[INFO] [stderr]   Downloaded erased-serde v0.4.10
[INFO] [stderr]   Downloaded owo-colors v4.3.0
[INFO] [stderr]   Downloaded num-format v0.4.4
[INFO] [stderr]   Downloaded textwrap v0.16.2
[INFO] [stderr]   Downloaded procfs v0.18.0
[INFO] [stderr]   Downloaded libproc v0.14.11
[INFO] [stderr]   Downloaded unic-langid-impl v0.9.6
[INFO] [stderr]   Downloaded procfs-core v0.18.0
[INFO] [stderr]   Downloaded miette v7.6.0
[INFO] [stderr]   Downloaded fancy-regex v0.17.0
[INFO] [stderr]   Downloaded ntapi v0.4.3
[INFO] [stderr]   Downloaded crossterm v0.29.0
[INFO] [stderr]   Downloaded pure-rust-locales v0.8.2
[INFO] [stderr]   Downloaded brotli-decompressor v5.0.0
[INFO] [stderr]   Downloaded sysinfo v0.38.4
[INFO] [stderr]   Downloaded uucore v0.7.0
[INFO] [stderr]   Downloaded brotli v8.0.2
[INFO] [stderr]   Downloaded windows v0.62.2
[INFO] running `Command { std: "docker" "create" "-v" "/var/lib/crater-agent-workspace/builds/worker-3-tc1/source:/opt/rustwide/workdir:ro,Z" "-v" "/var/lib/crater-agent-workspace/builds/worker-3-tc1/target:/opt/rustwide/target:rw,Z" "-v" "/var/lib/crater-agent-workspace/cargo-home:/opt/rustwide/cargo-home:ro,Z" "-v" "/var/lib/crater-agent-workspace/rustup-home:/opt/rustwide/rustup-home:ro,Z" "-m" "1610612736" "--network" "none" "ghcr.io/rust-lang/crates-build-env/linux@sha256:3111399a4047eeb3a02b7a90e478d715f38a8c6669b5c4b49d30a17385265909" "sleep" "infinity", kill_on_drop: false }`
[INFO] [stdout] 5a31490b017a460d71ebe1c07b7a8e513bc5d29ffb1160d3a9be9f7587c13345
[INFO] running `Command { std: "docker" "start" "5a31490b017a460d71ebe1c07b7a8e513bc5d29ffb1160d3a9be9f7587c13345", kill_on_drop: false }`
[INFO] running `Command { std: "docker" "inspect" "5a31490b017a460d71ebe1c07b7a8e513bc5d29ffb1160d3a9be9f7587c13345", kill_on_drop: false }`
[INFO] running `Command { std: "docker" "exec" "-e" "SOURCE_DIR=/opt/rustwide/workdir" "-e" "CARGO_HOME=/opt/rustwide/cargo-home" "-e" "RUSTUP_HOME=/opt/rustwide/rustup-home" "-e" "CARGO_TARGET_DIR=/opt/rustwide/target" "-w" "/opt/rustwide/workdir" "--user" "0:0" "5a31490b017a460d71ebe1c07b7a8e513bc5d29ffb1160d3a9be9f7587c13345" "/opt/rustwide/cargo-home/bin/cargo" "+1.99.0-beta.8" "metadata" "--no-deps" "--format-version=1", kill_on_drop: false }`
[INFO] running `Command { std: "docker" "inspect" "5a31490b017a460d71ebe1c07b7a8e513bc5d29ffb1160d3a9be9f7587c13345", kill_on_drop: false }`
[INFO] running `Command { std: "docker" "exec" "-e" "SOURCE_DIR=/opt/rustwide/workdir" "-e" "CARGO_HOME=/opt/rustwide/cargo-home" "-e" "RUSTUP_HOME=/opt/rustwide/rustup-home" "-e" "CARGO_TARGET_DIR=/opt/rustwide/target" "-e" "CARGO_INCREMENTAL=0" "-e" "RUST_BACKTRACE=full" "-e" "RUSTFLAGS=--cap-lints=warn" "-e" "RUSTDOCFLAGS=--cap-lints=warn" "-w" "/opt/rustwide/workdir" "--user" "0:0" "5a31490b017a460d71ebe1c07b7a8e513bc5d29ffb1160d3a9be9f7587c13345" "/opt/rustwide/cargo-home/bin/cargo" "+1.99.0-beta.8" "build" "--frozen" "--message-format=json", kill_on_drop: false }`
[INFO] [stderr]    Compiling syn v2.0.117
[INFO] [stderr]    Compiling libc v0.2.178
[INFO] [stderr]    Compiling memchr v2.8.0
[INFO] [stderr]    Compiling serde_core v1.0.228
[INFO] [stderr]    Compiling bitflags v2.11.0
[INFO] [stderr]    Compiling rustix v1.1.3
[INFO] [stderr]    Compiling linux-raw-sys v0.11.0
[INFO] [stderr]    Compiling serde v1.0.228
[INFO] [stderr]    Compiling autocfg v1.5.0
[INFO] [stderr]    Compiling rustc-hash v2.1.1
[INFO] [stderr]    Compiling log v0.4.29
[INFO] [stderr]    Compiling anstyle-parse v0.2.7
[INFO] [stderr]    Compiling nix v0.30.1
[INFO] [stderr]    Compiling signal-hook v0.3.18
[INFO] [stderr]    Compiling unicode-width v0.2.2
[INFO] [stderr]    Compiling crc32fast v1.5.0
[INFO] [stderr]    Compiling pure-rust-locales v0.8.2
[INFO] [stderr]    Compiling type-map v0.5.1
[INFO] [stderr]    Compiling rustversion v1.0.22
[INFO] [stderr]    Compiling anstyle v1.0.13
[INFO] [stderr]    Compiling colorchoice v1.0.4
[INFO] [stderr]    Compiling unicode-segmentation v1.12.0
[INFO] [stderr]    Compiling anstream v0.6.21
[INFO] [stderr]    Compiling self_cell v1.2.2
[INFO] [stderr]    Compiling zmij v1.0.21
[INFO] [stderr]    Compiling clap_lex v1.0.0
[INFO] [stderr]    Compiling typeid v1.0.3
[INFO] [stderr]    Compiling itoa v1.0.17
[INFO] [stderr]    Compiling simd-adler32 v0.3.8
[INFO] [stderr]    Compiling num-traits v0.2.19
[INFO] [stderr]    Compiling zerocopy v0.7.35
[INFO] [stderr]    Compiling foldhash v0.2.0
[INFO] [stderr]    Compiling either v1.15.0
[INFO] [stderr]    Compiling miniz_oxide v0.8.9
[INFO] [stderr]    Compiling owo-colors v4.3.0
[INFO] [stderr]    Compiling procfs v0.18.0
[INFO] [stderr]    Compiling uucore v0.7.0
[INFO] [stderr]    Compiling convert_case v0.10.0
[INFO] [stderr]    Compiling option-ext v0.2.0
[INFO] [stderr]    Compiling ref-cast v1.0.25
[INFO] [stderr]    Compiling erased-serde v0.4.10
[INFO] [stderr]    Compiling serde_json v1.0.149
[INFO] [stderr]    Compiling regex-syntax v0.8.10
[INFO] [stderr]    Compiling litrs v1.0.0
[INFO] [stderr]    Compiling bit-vec v0.8.0
[INFO] [stderr]    Compiling aho-corasick v1.1.4
[INFO] [stderr]    Compiling vte v0.14.1
[INFO] [stderr]    Compiling bit-set v0.8.0
[INFO] [stderr]    Compiling castaway v0.2.4
[INFO] [stderr]    Compiling hashbrown v0.16.1
[INFO] [stderr]    Compiling itertools v0.14.0
[INFO] [stderr]    Compiling os_display v0.1.4
[INFO] [stderr]    Compiling proc-macro-error-attr2 v2.0.0
[INFO] [stderr]    Compiling document-features v0.2.12
[INFO] [stderr]    Compiling buf-trait v0.4.1
[INFO] [stderr]    Compiling uucore_procs v0.7.0
[INFO] [stderr]    Compiling flate2 v1.1.9
[INFO] [stderr]    Compiling unicode-linebreak v0.1.5
[INFO] [stderr]    Compiling is_ci v1.2.0
[INFO] [stderr]    Compiling heck v0.5.0
[INFO] [stderr]    Compiling arrayvec v0.7.6
[INFO] [stderr]    Compiling typetag v0.2.21
[INFO] [stderr]    Compiling textwrap v0.16.2
[INFO] [stderr]    Compiling supports-color v3.0.2
[INFO] [stderr]    Compiling byteyarn v0.5.1
[INFO] [stderr]    Compiling strip-ansi-escapes v0.2.1
[INFO] [stderr]    Compiling num-format v0.4.4
[INFO] [stderr]    Compiling supports-unicode v3.0.0
[INFO] [stderr]    Compiling supports-hyperlinks v3.2.0
[INFO] [stderr]    Compiling web-time v1.1.0
[INFO] [stderr]    Compiling unicase v2.9.0
[INFO] [stderr]    Compiling sys-locale v0.3.2
[INFO] [stderr]    Compiling inventory v0.3.22
[INFO] [stderr]    Compiling once_cell v1.21.3
[INFO] [stderr]    Compiling indexmap v2.13.0
[INFO] [stderr]    Compiling lru v0.16.3
[INFO] [stderr]    Compiling bytes v1.11.1
[INFO] [stderr]    Compiling strum v0.27.2
[INFO] [stderr]    Compiling shannon-nu-glob v0.111.4
[INFO] [stderr]    Compiling errno v0.3.14
[INFO] [stderr]    Compiling mio v1.1.1
[INFO] [stderr]    Compiling parking_lot_core v0.9.12
[INFO] [stderr]    Compiling signal-hook-registry v1.4.8
[INFO] [stderr]    Compiling dirs-sys v0.5.0
[INFO] [stderr]    Compiling sysinfo v0.38.4
[INFO] [stderr]    Compiling parking_lot v0.12.5
[INFO] [stderr]    Compiling lscolors v0.21.0
[INFO] [stderr]    Compiling dirs v6.0.0
[INFO] [stderr]    Compiling os_pipe v1.2.3
[INFO] [stderr]    Compiling regex-automata v0.4.14
[INFO] [stderr]    Compiling signal-hook-mio v0.2.5
[INFO] [stderr]    Compiling proc-macro-error2 v2.0.1
[INFO] [stderr]    Compiling displaydoc v0.2.5
[INFO] [stderr]    Compiling serde_derive v1.0.228
[INFO] [stderr]    Compiling thiserror-impl v2.0.18
[INFO] [stderr]    Compiling derive_more-impl v2.1.1
[INFO] [stderr]    Compiling thiserror-impl v1.0.69
[INFO] [stderr]    Compiling ref-cast-impl v1.0.25
[INFO] [stderr]    Compiling typetag-impl v0.2.21
[INFO] [stderr]    Compiling miette-derive v7.6.0
[INFO] [stderr]    Compiling shannon-nu-derive-value v0.111.4
[INFO] [stderr]    Compiling strum_macros v0.27.2
[INFO] [stderr]    Compiling tinystr v0.8.2
[INFO] [stderr]    Compiling unic-langid-impl v0.9.6
[INFO] [stderr]    Compiling derive_more v2.1.1
[INFO] [stderr]    Compiling unic-langid v0.9.6
[INFO] [stderr]    Compiling intl-memoizer v0.5.3
[INFO] [stderr]    Compiling fluent-langneg v0.13.1
[INFO] [stderr]    Compiling intl_pluralrules v7.0.2
[INFO] [stderr]    Compiling thiserror v1.0.69
[INFO] [stderr]    Compiling pwd v1.4.0
[INFO] [stderr]    Compiling terminal_size v0.4.3
[INFO] [stderr]    Compiling crossterm v0.29.0
[INFO] [stderr]    Compiling clap_builder v4.5.60
[INFO] [stderr]    Compiling miette v7.6.0
[INFO] [stderr]    Compiling shannon-nu-path v0.111.4
[INFO] [stderr]    Compiling thiserror v2.0.18
[INFO] [stderr]    Compiling fluent-syntax v0.12.0
[INFO] [stderr]    Compiling shannon-nu-experimental v0.111.4
[INFO] [stderr]    Compiling fluent-bundle v0.16.0
[INFO] [stderr]    Compiling fluent v0.17.0
[INFO] [stderr]    Compiling fancy-regex v0.17.0
[INFO] [stderr]    Compiling chrono v0.4.41
[INFO] [stderr]    Compiling lean_string v0.5.1
[INFO] [stderr]    Compiling clap v4.5.60
[INFO] [stderr]    Compiling shannon-nu-utils v0.111.4
[INFO] [stderr]    Compiling procfs-core v0.18.0
[INFO] [stderr]    Compiling chrono-humanize v0.2.3
[INFO] [stderr]    Compiling shannon-nu-system v0.111.4
[INFO] [stderr]    Compiling shannon-nu-protocol v0.111.4 (/opt/rustwide/workdir)
[INFO] [stdout] warning: use of deprecated method `std::sync::atomic::Atomic::<usize>::fetch_update`: renamed to `try_update` for consistency
[INFO] [stdout]   --> src/engine/sequence.rs:18:14
[INFO] [stdout]    |
[INFO] [stdout] 18 |             .fetch_update(Relaxed, Relaxed, |current| current.checked_add(1))
[INFO] [stdout]    |              ^^^^^^^^^^^^
[INFO] [stdout]    |
[INFO] [stdout]    = note: `#[warn(deprecated)]` on by default
[INFO] [stdout] help: replace the use of the deprecated method
[INFO] [stdout]    |
[INFO] [stdout] 18 -             .fetch_update(Relaxed, Relaxed, |current| current.checked_add(1))
[INFO] [stdout] 18 +             .try_update(Relaxed, Relaxed, |current| current.checked_add(1))
[INFO] [stdout]    |
[INFO] [stdout] 
[INFO] [stdout] 
[INFO] [stderr]     Finished `dev` profile [unoptimized + debuginfo] target(s) in 1m 02s
[INFO] [stderr] warning: the following packages contain code that will be rejected by a future version of Rust: proc-macro-error2 v2.0.1
[INFO] [stderr] note: to see what the problems were, use the option `--future-incompat-report`, or run `cargo report future-incompatibilities --id 3`
[INFO] running `Command { std: "docker" "inspect" "5a31490b017a460d71ebe1c07b7a8e513bc5d29ffb1160d3a9be9f7587c13345", kill_on_drop: false }`
[INFO] running `Command { std: "docker" "exec" "-e" "SOURCE_DIR=/opt/rustwide/workdir" "-e" "CARGO_HOME=/opt/rustwide/cargo-home" "-e" "RUSTUP_HOME=/opt/rustwide/rustup-home" "-e" "CARGO_TARGET_DIR=/opt/rustwide/target" "-e" "CARGO_INCREMENTAL=0" "-e" "RUST_BACKTRACE=full" "-e" "RUSTFLAGS=--cap-lints=warn" "-e" "RUSTDOCFLAGS=--cap-lints=warn" "-w" "/opt/rustwide/workdir" "--user" "0:0" "5a31490b017a460d71ebe1c07b7a8e513bc5d29ffb1160d3a9be9f7587c13345" "/opt/rustwide/cargo-home/bin/cargo" "+1.99.0-beta.8" "test" "--frozen" "--no-run" "--message-format=json", kill_on_drop: false }`
[INFO] [stderr]    Compiling shannon-nu-protocol v0.111.4 (/opt/rustwide/workdir)
[INFO] [stdout] warning: use of deprecated method `std::sync::atomic::Atomic::<usize>::fetch_update`: renamed to `try_update` for consistency
[INFO] [stdout]   --> src/engine/sequence.rs:18:14
[INFO] [stdout]    |
[INFO] [stdout] 18 |             .fetch_update(Relaxed, Relaxed, |current| current.checked_add(1))
[INFO] [stdout]    |              ^^^^^^^^^^^^
[INFO] [stdout]    |
[INFO] [stdout]    = note: `#[warn(deprecated)]` on by default
[INFO] [stdout] help: replace the use of the deprecated method
[INFO] [stdout]    |
[INFO] [stdout] 18 -             .fetch_update(Relaxed, Relaxed, |current| current.checked_add(1))
[INFO] [stdout] 18 +             .try_update(Relaxed, Relaxed, |current| current.checked_add(1))
[INFO] [stdout]    |
[INFO] [stdout] 
[INFO] [stdout] 
[INFO] [stdout] error[E0463]: can't find crate for `nu_test_support`
[INFO] [stdout]  --> tests/main.rs:9:1
[INFO] [stdout]   |
[INFO] [stdout] 9 | extern crate nu_test_support;
[INFO] [stdout]   | ^^^^^^^^^^^^^^^^^^^^^^^^^^^^^ can't find crate
[INFO] [stdout] 
[INFO] [stdout] 
[INFO] [stdout] error[E0433]: cannot find module or crate `nu_protocol` in this scope
[INFO] [stdout]  --> tests/pipeline/byte_stream.rs:1:5
[INFO] [stdout]   |
[INFO] [stdout] 1 | use nu_protocol::{ByteStream, IntRange, Signals, Span, Value, ast::RangeInclusion};
[INFO] [stdout]   |     ^^^^^^^^^^^ use of unresolved module or unlinked crate `nu_protocol`
[INFO] [stdout]   |
[INFO] [stdout]   = help: if you wanted to use a crate named `nu_protocol`, use `cargo add nu_protocol` to add it to your `Cargo.toml`
[INFO] [stdout] 
[INFO] [stdout] 
[INFO] [stdout] error[E0432]: unresolved import `nu_protocol`
[INFO] [stdout]  --> tests/pipeline/byte_stream.rs:1:5
[INFO] [stdout]   |
[INFO] [stdout] 1 | use nu_protocol::{ByteStream, IntRange, Signals, Span, Value, ast::RangeInclusion};
[INFO] [stdout]   |     ^^^^^^^^^^^ use of unresolved module or unlinked crate `nu_protocol`
[INFO] [stdout]   |
[INFO] [stdout]   = help: if you wanted to use a crate named `nu_protocol`, use `cargo add nu_protocol` to add it to your `Cargo.toml`
[INFO] [stdout] 
[INFO] [stdout] 
[INFO] [stdout] error[E0432]: unresolved import `nu_protocol`
[INFO] [stdout]  --> tests/test_pipeline_data.rs:1:5
[INFO] [stdout]   |
[INFO] [stdout] 1 | use nu_protocol::{IntoPipelineData, Span, Value};
[INFO] [stdout]   |     ^^^^^^^^^^^ use of unresolved module or unlinked crate `nu_protocol`
[INFO] [stdout]   |
[INFO] [stdout]   = help: if you wanted to use a crate named `nu_protocol`, use `cargo add nu_protocol` to add it to your `Cargo.toml`
[INFO] [stdout] 
[INFO] [stdout] 
[INFO] [stdout] error[E0432]: unresolved import `nu_protocol`
[INFO] [stdout]  --> tests/test_signature.rs:1:5
[INFO] [stdout]   |
[INFO] [stdout] 1 | use nu_protocol::{Flag, PositionalArg, Signature, SyntaxShape};
[INFO] [stdout]   |     ^^^^^^^^^^^ use of unresolved module or unlinked crate `nu_protocol`
[INFO] [stdout]   |
[INFO] [stdout]   = help: if you wanted to use a crate named `nu_protocol`, use `cargo add nu_protocol` to add it to your `Cargo.toml`
[INFO] [stdout] 
[INFO] [stdout] 
[INFO] [stdout] error[E0433]: cannot find module or crate `nu_protocol` in this scope
[INFO] [stdout]  --> tests/test_value.rs:1:5
[INFO] [stdout]   |
[INFO] [stdout] 1 | use nu_protocol::{
[INFO] [stdout]   |     ^^^^^^^^^^^ use of unresolved module or unlinked crate `nu_protocol`
[INFO] [stdout]   |
[INFO] [stdout]   = help: if you wanted to use a crate named `nu_protocol`, use `cargo add nu_protocol` to add it to your `Cargo.toml`
[INFO] [stdout] 
[INFO] [stdout] 
[INFO] [stdout] error[E0432]: unresolved import `nu_protocol`
[INFO] [stdout]  --> tests/test_value.rs:1:5
[INFO] [stdout]   |
[INFO] [stdout] 1 | use nu_protocol::{
[INFO] [stdout]   |     ^^^^^^^^^^^ use of unresolved module or unlinked crate `nu_protocol`
[INFO] [stdout]   |
[INFO] [stdout]   = help: if you wanted to use a crate named `nu_protocol`, use `cargo add nu_protocol` to add it to your `Cargo.toml`
[INFO] [stdout] 
[INFO] [stdout] 
[INFO] [stdout] Some errors have detailed explanations: E0432, E0433, E0463.
[INFO] [stdout] 
[INFO] [stdout] For more information about an error, try `rustc --explain E0432`.
[INFO] [stdout] 
[INFO] [stderr] error: could not compile `shannon-nu-protocol` (test "tests") due to 7 previous errors
[INFO] [stderr] warning: build failed, waiting for other jobs to finish...
[INFO] [stdout] error[E0463]: can't find crate for `nu_test_support`
[INFO] [stdout]   --> src/lib.rs:65:1
[INFO] [stdout]    |
[INFO] [stdout] 65 | extern crate nu_test_support;
[INFO] [stdout]    | ^^^^^^^^^^^^^^^^^^^^^^^^^^^^^ can't find crate
[INFO] [stdout] 
[INFO] [stdout] 
[INFO] [stdout] error[E0432]: unresolved import `tempfile`
[INFO] [stdout]     --> src/engine/engine_state.rs:1240:9
[INFO] [stdout]      |
[INFO] [stdout] 1240 |     use tempfile::{NamedTempFile, TempDir};
[INFO] [stdout]      |         ^^^^^^^^ use of unresolved module or unlinked crate `tempfile`
[INFO] [stdout]      |
[INFO] [stdout]      = help: if you wanted to use a crate named `tempfile`, use `cargo add tempfile` to add it to your `Cargo.toml`
[INFO] [stdout] 
[INFO] [stdout] 
[INFO] [stdout] Some errors have detailed explanations: E0432, E0463.
[INFO] [stdout] 
[INFO] [stdout] For more information about an error, try `rustc --explain E0432`.
[INFO] [stdout] 
[INFO] [stderr] error: could not compile `shannon-nu-protocol` (lib test) due to 2 previous errors
[INFO] running `Command { std: "docker" "inspect" "5a31490b017a460d71ebe1c07b7a8e513bc5d29ffb1160d3a9be9f7587c13345", kill_on_drop: false }`
[INFO] running `Command { std: "docker" "rm" "-f" "5a31490b017a460d71ebe1c07b7a8e513bc5d29ffb1160d3a9be9f7587c13345", kill_on_drop: false }`
[INFO] [stdout] 5a31490b017a460d71ebe1c07b7a8e513bc5d29ffb1160d3a9be9f7587c13345
