[INFO] fetching crate shannon-nu-json 0.111.3...
[INFO] testing shannon-nu-json-0.111.3 against 1.100.0-beta.1 for beta-1.100-2
[INFO] extracting crate shannon-nu-json 0.111.3 into /workspace/builds/worker-6-tc2/source
[INFO] started tweaking crates.io crate shannon-nu-json 0.111.3
[INFO] removed 0 missing tests
[INFO] finished tweaking crates.io crate shannon-nu-json 0.111.3
[INFO] tweaked toml for crates.io crate shannon-nu-json 0.111.3 written to /workspace/builds/worker-6-tc2/source/Cargo.toml
[INFO] validating manifest of crates.io crate shannon-nu-json 0.111.3 on toolchain 1.100.0-beta.1
[INFO] running `Command { std: CARGO_HOME="/workspace/cargo-home" RUSTUP_HOME="/workspace/rustup-home" "/workspace/cargo-home/bin/cargo" "+1.100.0-beta.1" "metadata" "--manifest-path" "Cargo.toml" "--no-deps", kill_on_drop: false }`
[INFO] crate crates.io crate shannon-nu-json 0.111.3 already has a lockfile, it will not be regenerated
[INFO] running `Command { std: CARGO_HOME="/workspace/cargo-home" RUSTUP_HOME="/workspace/rustup-home" "/workspace/cargo-home/bin/cargo" "+1.100.0-beta.1" "fetch" "--manifest-path" "Cargo.toml", kill_on_drop: false }`
[INFO] running `Command { std: "docker" "create" "-v" "/var/lib/crater-agent-workspace/builds/worker-6-tc2/source:/opt/rustwide/workdir:ro,Z" "-v" "/var/lib/crater-agent-workspace/builds/worker-6-tc2/target:/opt/rustwide/target:rw,Z" "-v" "/var/lib/crater-agent-workspace/cargo-home:/opt/rustwide/cargo-home:ro,Z" "-v" "/var/lib/crater-agent-workspace/rustup-home:/opt/rustwide/rustup-home:ro,Z" "-m" "1610612736" "--network" "none" "ghcr.io/rust-lang/crates-build-env/linux@sha256:3111399a4047eeb3a02b7a90e478d715f38a8c6669b5c4b49d30a17385265909" "sleep" "infinity", kill_on_drop: false }`
[INFO] [stdout] be43eb2f8e35b61e226fc11a3665b3c5105448d7b723a9f4dee4f3318ab4a74d
[INFO] running `Command { std: "docker" "start" "be43eb2f8e35b61e226fc11a3665b3c5105448d7b723a9f4dee4f3318ab4a74d", kill_on_drop: false }`
[INFO] running `Command { std: "docker" "inspect" "be43eb2f8e35b61e226fc11a3665b3c5105448d7b723a9f4dee4f3318ab4a74d", kill_on_drop: false }`
[INFO] running `Command { std: "docker" "exec" "-e" "SOURCE_DIR=/opt/rustwide/workdir" "-e" "CARGO_HOME=/opt/rustwide/cargo-home" "-e" "RUSTUP_HOME=/opt/rustwide/rustup-home" "-e" "CARGO_TARGET_DIR=/opt/rustwide/target" "-w" "/opt/rustwide/workdir" "--user" "0:0" "be43eb2f8e35b61e226fc11a3665b3c5105448d7b723a9f4dee4f3318ab4a74d" "/opt/rustwide/cargo-home/bin/cargo" "+1.100.0-beta.1" "metadata" "--no-deps" "--format-version=1", kill_on_drop: false }`
[INFO] running `Command { std: "docker" "inspect" "be43eb2f8e35b61e226fc11a3665b3c5105448d7b723a9f4dee4f3318ab4a74d", kill_on_drop: false }`
[INFO] running `Command { std: "docker" "exec" "-e" "SOURCE_DIR=/opt/rustwide/workdir" "-e" "CARGO_HOME=/opt/rustwide/cargo-home" "-e" "RUSTUP_HOME=/opt/rustwide/rustup-home" "-e" "CARGO_TARGET_DIR=/opt/rustwide/target" "-e" "CARGO_INCREMENTAL=0" "-e" "RUST_BACKTRACE=full" "-e" "RUSTFLAGS=--cap-lints=warn" "-e" "RUSTDOCFLAGS=--cap-lints=warn" "-w" "/opt/rustwide/workdir" "--user" "0:0" "be43eb2f8e35b61e226fc11a3665b3c5105448d7b723a9f4dee4f3318ab4a74d" "/opt/rustwide/cargo-home/bin/cargo" "+1.100.0-beta.1" "build" "--frozen" "--message-format=json", kill_on_drop: false }`
[INFO] [stderr]    Compiling proc-macro2 v1.0.106
[INFO] [stderr]    Compiling memchr v2.8.0
[INFO] [stderr]    Compiling quote v1.0.45
[INFO] [stderr]    Compiling serde_core v1.0.228
[INFO] [stderr]    Compiling libc v0.2.178
[INFO] [stderr]    Compiling serde v1.0.228
[INFO] [stderr]    Compiling rustversion v1.0.22
[INFO] [stderr]    Compiling cfg_aliases v0.2.1
[INFO] [stderr]    Compiling byteorder v1.5.0
[INFO] [stderr]    Compiling itoa v1.0.17
[INFO] [stderr]    Compiling parking_lot_core v0.9.12
[INFO] [stderr]    Compiling zerocopy v0.7.35
[INFO] [stderr]    Compiling nix v0.30.1
[INFO] [stderr]    Compiling bit-vec v0.8.0
[INFO] [stderr]    Compiling scopeguard v1.2.0
[INFO] [stderr]    Compiling regex-syntax v0.8.10
[INFO] [stderr]    Compiling smallvec v1.15.1
[INFO] [stderr]    Compiling aho-corasick v1.1.4
[INFO] [stderr]    Compiling serde_json v1.0.149
[INFO] [stderr]    Compiling num-traits v0.2.19
[INFO] [stderr]    Compiling syn v2.0.117
[INFO] [stderr]    Compiling buf-trait v0.4.1
[INFO] [stderr]    Compiling castaway v0.2.4
[INFO] [stderr]    Compiling vte v0.14.1
[INFO] [stderr]    Compiling lock_api v0.4.14
[INFO] [stderr]    Compiling bit-set v0.8.0
[INFO] [stderr]    Compiling ryu v1.0.23
[INFO] [stderr]    Compiling arrayvec v0.7.6
[INFO] [stderr]    Compiling bitflags v2.11.0
[INFO] [stderr]    Compiling nu-ansi-term v0.50.3
[INFO] [stderr]    Compiling num-format v0.4.4
[INFO] [stderr]    Compiling strip-ansi-escapes v0.2.1
[INFO] [stderr]    Compiling byteyarn v0.5.1
[INFO] [stderr]    Compiling unicase v2.9.0
[INFO] [stderr]    Compiling sys-locale v0.3.2
[INFO] [stderr]    Compiling log v0.4.29
[INFO] [stderr]    Compiling lscolors v0.21.0
[INFO] [stderr]    Compiling regex-automata v0.4.14
[INFO] [stderr]    Compiling parking_lot v0.12.5
[INFO] [stderr]    Compiling serde_derive v1.0.228
[INFO] [stderr]    Compiling fancy-regex v0.17.0
[INFO] [stderr]    Compiling lean_string v0.5.1
[INFO] [stderr]    Compiling linked-hash-map v0.5.6
[INFO] [stderr]    Compiling shannon-nu-utils v0.111.3
[INFO] [stderr]    Compiling shannon-nu-json v0.111.3 (/opt/rustwide/workdir)
[INFO] [stderr]     Finished `dev` profile [unoptimized + debuginfo] target(s) in 39.90s
[INFO] [stderr] warning: the following packages contain code that will be rejected by a future version of Rust: nix v0.30.1
[INFO] [stderr] note: to see what the problems were, use the option `--future-incompat-report`, or run `cargo report future-incompatibilities --id 1`
[INFO] running `Command { std: "docker" "inspect" "be43eb2f8e35b61e226fc11a3665b3c5105448d7b723a9f4dee4f3318ab4a74d", kill_on_drop: false }`
[INFO] running `Command { std: "docker" "exec" "-e" "SOURCE_DIR=/opt/rustwide/workdir" "-e" "CARGO_HOME=/opt/rustwide/cargo-home" "-e" "RUSTUP_HOME=/opt/rustwide/rustup-home" "-e" "CARGO_TARGET_DIR=/opt/rustwide/target" "-e" "CARGO_INCREMENTAL=0" "-e" "RUST_BACKTRACE=full" "-e" "RUSTFLAGS=--cap-lints=warn" "-e" "RUSTDOCFLAGS=--cap-lints=warn" "-w" "/opt/rustwide/workdir" "--user" "0:0" "be43eb2f8e35b61e226fc11a3665b3c5105448d7b723a9f4dee4f3318ab4a74d" "/opt/rustwide/cargo-home/bin/cargo" "+1.100.0-beta.1" "test" "--frozen" "--no-run" "--message-format=json", kill_on_drop: false }`
[INFO] [stderr]    Compiling shannon-nu-json v0.111.3 (/opt/rustwide/workdir)
[INFO] [stdout] error[E0432]: unresolved import `nu_json`
[INFO] [stdout]  --> tests/main.rs:1:5
[INFO] [stdout]   |
[INFO] [stdout] 1 | use nu_json::Value;
[INFO] [stdout]   |     ^^^^^^^ use of unresolved module or unlinked crate `nu_json`
[INFO] [stdout]   |
[INFO] [stdout]   = help: if you wanted to use a crate named `nu_json`, use `cargo add nu_json` to add it to your `Cargo.toml`
[INFO] [stdout] 
[INFO] [stdout] 
[INFO] [stdout] error[E0432]: unresolved import `pretty_assertions`
[INFO] [stdout]  --> tests/main.rs:2:5
[INFO] [stdout]   |
[INFO] [stdout] 2 | use pretty_assertions::assert_eq;
[INFO] [stdout]   |     ^^^^^^^^^^^^^^^^^ use of unresolved module or unlinked crate `pretty_assertions`
[INFO] [stdout]   |
[INFO] [stdout]   = help: if you wanted to use a crate named `pretty_assertions`, use `cargo add pretty_assertions` to add it to your `Cargo.toml`
[INFO] [stdout] 
[INFO] [stdout] 
[INFO] [stdout] error[E0432]: unresolved import `rstest`
[INFO] [stdout]  --> tests/main.rs:3:5
[INFO] [stdout]   |
[INFO] [stdout] 3 | use rstest::rstest;
[INFO] [stdout]   |     ^^^^^^ use of unresolved module or unlinked crate `rstest`
[INFO] [stdout]   |
[INFO] [stdout] help: there is a crate or module with a similar name
[INFO] [stdout]   |
[INFO] [stdout] 3 - use rstest::rstest;
[INFO] [stdout] 3 + use test::rstest;
[INFO] [stdout]   |
[INFO] [stdout] 
[INFO] [stdout] 
[INFO] [stdout] error: cannot find attribute `files` in this scope
[INFO] [stdout]   --> tests/main.rs:29:33
[INFO] [stdout]    |
[INFO] [stdout] 29 | fn assert_rstest_finds_assets(#[files("../../tests/assets/nu_json/*")] rstest_supplied: PathBuf) {
[INFO] [stdout]    |                                 ^^^^^
[INFO] [stdout] 
[INFO] [stdout] 
[INFO] [stdout] error: cannot find attribute `files` in this scope
[INFO] [stdout]   --> tests/main.rs:46:23
[INFO] [stdout]    |
[INFO] [stdout] 46 | fn test_hjson_fails(#[files("../../tests/assets/nu_json/fail*_test.*")] file: PathBuf) {
[INFO] [stdout]    |                       ^^^^^
[INFO] [stdout] 
[INFO] [stdout] 
[INFO] [stdout] error: cannot find attribute `files` in this scope
[INFO] [stdout]   --> tests/main.rs:54:7
[INFO] [stdout]    |
[INFO] [stdout] 54 |     #[files("../../tests/assets/nu_json/*_test.*")]
[INFO] [stdout]    |       ^^^^^
[INFO] [stdout] 
[INFO] [stdout] 
[INFO] [stdout] error: cannot find attribute `exclude` in this scope
[INFO] [stdout]   --> tests/main.rs:55:7
[INFO] [stdout]    |
[INFO] [stdout] 55 |     #[exclude("fail*")]
[INFO] [stdout]    |       ^^^^^^^
[INFO] [stdout] 
[INFO] [stdout] 
[INFO] [stdout] error[E0433]: cannot find module or crate `nu_json` in this scope
[INFO] [stdout]   --> tests/main.rs:48:40
[INFO] [stdout]    |
[INFO] [stdout] 48 |     let data: nu_json::Result<Value> = nu_json::from_str(&contents);
[INFO] [stdout]    |                                        ^^^^^^^ use of unresolved module or unlinked crate `nu_json`
[INFO] [stdout]    |
[INFO] [stdout]    = help: if you wanted to use a crate named `nu_json`, use `cargo add nu_json` to add it to your `Cargo.toml`
[INFO] [stdout] 
[INFO] [stdout] 
[INFO] [stdout] error[E0433]: cannot find module or crate `nu_json` in this scope
[INFO] [stdout]   --> tests/main.rs:64:23
[INFO] [stdout]    |
[INFO] [stdout] 64 |     let data: Value = nu_json::from_str(fs::read_to_string(&test_file)?.as_str())?;
[INFO] [stdout]    |                       ^^^^^^^ use of unresolved module or unlinked crate `nu_json`
[INFO] [stdout]    |
[INFO] [stdout]    = help: if you wanted to use a crate named `nu_json`, use `cargo add nu_json` to add it to your `Cargo.toml`
[INFO] [stdout] 
[INFO] [stdout] 
[INFO] [stdout] error[E0433]: cannot find module or crate `nu_json` in this scope
[INFO] [stdout]   --> tests/main.rs:71:24
[INFO] [stdout]    |
[INFO] [stdout] 71 |     let actual_hjson = nu_json::to_string(&data).map(txt)?;
[INFO] [stdout]    |                        ^^^^^^^ use of unresolved module or unlinked crate `nu_json`
[INFO] [stdout]    |
[INFO] [stdout]    = help: if you wanted to use a crate named `nu_json`, use `cargo add nu_json` to add it to your `Cargo.toml`
[INFO] [stdout] 
[INFO] [stdout] 
[INFO] [stdout] error[E0433]: cannot find module or crate `nu_json` in this scope
[INFO] [stdout]   --> tests/main.rs:48:15
[INFO] [stdout]    |
[INFO] [stdout] 48 |     let data: nu_json::Result<Value> = nu_json::from_str(&contents);
[INFO] [stdout]    |               ^^^^^^^ use of unresolved module or unlinked crate `nu_json`
[INFO] [stdout]    |
[INFO] [stdout]    = help: if you wanted to use a crate named `nu_json`, use `cargo add nu_json` to add it to your `Cargo.toml`
[INFO] [stdout] 
[INFO] [stdout] 
[INFO] [stdout] Some errors have detailed explanations: E0432, E0433.
[INFO] [stdout] 
[INFO] [stdout] For more information about an error, try `rustc --explain E0432`.
[INFO] [stdout] 
[INFO] [stderr] error: could not compile `shannon-nu-json` (test "main") due to 11 previous errors
[INFO] [stderr] warning: build failed, waiting for other jobs to finish...
[INFO] running `Command { std: "docker" "inspect" "be43eb2f8e35b61e226fc11a3665b3c5105448d7b723a9f4dee4f3318ab4a74d", kill_on_drop: false }`
[INFO] running `Command { std: "docker" "rm" "-f" "be43eb2f8e35b61e226fc11a3665b3c5105448d7b723a9f4dee4f3318ab4a74d", kill_on_drop: false }`
[INFO] [stdout] be43eb2f8e35b61e226fc11a3665b3c5105448d7b723a9f4dee4f3318ab4a74d
