[INFO] fetching crate setback 0.2.1...
[INFO] testing setback-0.2.1 against 1.100.0-beta.1 for beta-1.100-2
[INFO] extracting crate setback 0.2.1 into /workspace/builds/worker-3-tc2/source
[INFO] started tweaking crates.io crate setback 0.2.1
[INFO] removed 0 missing tests
[INFO] finished tweaking crates.io crate setback 0.2.1
[INFO] tweaked toml for crates.io crate setback 0.2.1 written to /workspace/builds/worker-3-tc2/source/Cargo.toml
[INFO] validating manifest of crates.io crate setback 0.2.1 on toolchain 1.100.0-beta.1
[INFO] running `Command { std: CARGO_HOME="/workspace/cargo-home" RUSTUP_HOME="/workspace/rustup-home" "/workspace/cargo-home/bin/cargo" "+1.100.0-beta.1" "metadata" "--manifest-path" "Cargo.toml" "--no-deps", kill_on_drop: false }`
[INFO] crate crates.io crate setback 0.2.1 already has a lockfile, it will not be regenerated
[INFO] running `Command { std: CARGO_HOME="/workspace/cargo-home" RUSTUP_HOME="/workspace/rustup-home" "/workspace/cargo-home/bin/cargo" "+1.100.0-beta.1" "fetch" "--manifest-path" "Cargo.toml", kill_on_drop: false }`
[INFO] running `Command { std: "docker" "create" "-v" "/var/lib/crater-agent-workspace/builds/worker-3-tc2/source:/opt/rustwide/workdir:ro,Z" "-v" "/var/lib/crater-agent-workspace/builds/worker-3-tc2/target:/opt/rustwide/target:rw,Z" "-v" "/var/lib/crater-agent-workspace/cargo-home:/opt/rustwide/cargo-home:ro,Z" "-v" "/var/lib/crater-agent-workspace/rustup-home:/opt/rustwide/rustup-home:ro,Z" "-m" "1610612736" "--network" "none" "ghcr.io/rust-lang/crates-build-env/linux@sha256:3111399a4047eeb3a02b7a90e478d715f38a8c6669b5c4b49d30a17385265909" "sleep" "infinity", kill_on_drop: false }`
[INFO] [stdout] 291ab85f37c0cfa16d9f4dca6d22fa15f54859ad8a3fc94c3a13ea02edbd5059
[INFO] running `Command { std: "docker" "start" "291ab85f37c0cfa16d9f4dca6d22fa15f54859ad8a3fc94c3a13ea02edbd5059", kill_on_drop: false }`
[INFO] running `Command { std: "docker" "inspect" "291ab85f37c0cfa16d9f4dca6d22fa15f54859ad8a3fc94c3a13ea02edbd5059", kill_on_drop: false }`
[INFO] running `Command { std: "docker" "exec" "-e" "SOURCE_DIR=/opt/rustwide/workdir" "-e" "CARGO_HOME=/opt/rustwide/cargo-home" "-e" "RUSTUP_HOME=/opt/rustwide/rustup-home" "-e" "CARGO_TARGET_DIR=/opt/rustwide/target" "-w" "/opt/rustwide/workdir" "--user" "0:0" "291ab85f37c0cfa16d9f4dca6d22fa15f54859ad8a3fc94c3a13ea02edbd5059" "/opt/rustwide/cargo-home/bin/cargo" "+1.100.0-beta.1" "metadata" "--no-deps" "--format-version=1", kill_on_drop: false }`
[INFO] running `Command { std: "docker" "inspect" "291ab85f37c0cfa16d9f4dca6d22fa15f54859ad8a3fc94c3a13ea02edbd5059", kill_on_drop: false }`
[INFO] running `Command { std: "docker" "exec" "-e" "SOURCE_DIR=/opt/rustwide/workdir" "-e" "CARGO_HOME=/opt/rustwide/cargo-home" "-e" "RUSTUP_HOME=/opt/rustwide/rustup-home" "-e" "CARGO_TARGET_DIR=/opt/rustwide/target" "-e" "CARGO_INCREMENTAL=0" "-e" "RUST_BACKTRACE=full" "-e" "RUSTFLAGS=--cap-lints=warn" "-e" "RUSTDOCFLAGS=--cap-lints=warn" "-w" "/opt/rustwide/workdir" "--user" "0:0" "291ab85f37c0cfa16d9f4dca6d22fa15f54859ad8a3fc94c3a13ea02edbd5059" "/opt/rustwide/cargo-home/bin/cargo" "+1.100.0-beta.1" "build" "--frozen" "--message-format=json", kill_on_drop: false }`
[INFO] [stderr]    Compiling critical-section v1.2.0
[INFO] [stderr]    Compiling cc v1.2.65
[INFO] [stderr]    Compiling setback v0.2.1 (/opt/rustwide/workdir)
[INFO] [stderr]     Finished `dev` profile [unoptimized + debuginfo] target(s) in 2.47s
[INFO] running `Command { std: "docker" "inspect" "291ab85f37c0cfa16d9f4dca6d22fa15f54859ad8a3fc94c3a13ea02edbd5059", kill_on_drop: false }`
[INFO] running `Command { std: "docker" "exec" "-e" "SOURCE_DIR=/opt/rustwide/workdir" "-e" "CARGO_HOME=/opt/rustwide/cargo-home" "-e" "RUSTUP_HOME=/opt/rustwide/rustup-home" "-e" "CARGO_TARGET_DIR=/opt/rustwide/target" "-e" "CARGO_INCREMENTAL=0" "-e" "RUST_BACKTRACE=full" "-e" "RUSTFLAGS=--cap-lints=warn" "-e" "RUSTDOCFLAGS=--cap-lints=warn" "-w" "/opt/rustwide/workdir" "--user" "0:0" "291ab85f37c0cfa16d9f4dca6d22fa15f54859ad8a3fc94c3a13ea02edbd5059" "/opt/rustwide/cargo-home/bin/cargo" "+1.100.0-beta.1" "test" "--frozen" "--no-run" "--message-format=json", kill_on_drop: false }`
[INFO] [stderr]    Compiling setback v0.2.1 (/opt/rustwide/workdir)
[INFO] [stdout] error: linking with `cc` failed: exit status: 1
[INFO] [stdout]   |
[INFO] [stdout]   = note:  "cc" "-m64" "/opt/rustwide/target/debug/build/setback/8d8dbeef846b5a53/out/rustcJKhXsB/symbols.o" "<2 object files omitted>" "-Wl,--as-needed" "-Wl,-Bstatic" "<sysroot>/lib/rustlib/x86_64-unknown-linux-gnu/lib/{libtest-*,libgetopts-*,librustc_std_workspace_std-*}.rlib" "/opt/rustwide/target/debug/build/setback/3d83abdc7b986065/out/libsetback-3d83abdc7b986065.rlib" "/opt/rustwide/target/debug/build/critical-section/fb1ca78526e87a67/out/libcritical_section-fb1ca78526e87a67.rlib" "<sysroot>/lib/rustlib/x86_64-unknown-linux-gnu/lib/{libstd-*,libpanic_unwind-*,libobject-*,libmemchr-*,libaddr2line-*,libgimli-*,libcfg_if-*,librustc_demangle-*,libstd_detect-*,libhashbrown-*,librustc_std_workspace_alloc-*,libminiz_oxide-*,libadler2-*,libunwind-*,liblibc-*,librustc_std_workspace_core-*,liballoc-*,libcore-*,libcompiler_builtins-*}.rlib" "-Wl,-Bdynamic" "-lgcc_s" "-lutil" "-lrt" "-lpthread" "-lm" "-ldl" "-lc" "-L" "/opt/rustwide/target/debug/build/setback/8d8dbeef846b5a53/out/rustcJKhXsB/raw-dylibs" "-B<sysroot>/lib/rustlib/x86_64-unknown-linux-gnu/bin/gcc-ld" "-fuse-ld=lld" "-Wl,--eh-frame-hdr" "-Wl,-z,noexecstack" "-L" "/opt/rustwide/target/debug/build/setback/53566b39e320e723/out" "-L" "<sysroot>/lib/rustlib/x86_64-unknown-linux-gnu/lib" "-o" "/opt/rustwide/target/debug/build/setback/8d8dbeef846b5a53/out/recovery_stack-8d8dbeef846b5a53" "-Wl,--gc-sections" "-pie" "-Wl,-z,relro,-z,now" "-nodefaultlibs"
[INFO] [stdout]   = note: some arguments are omitted. use `--verbose` to show all linker arguments
[INFO] [stdout]   = note: rust-lld: error: undefined symbol: _critical_section_1_0_acquire
[INFO] [stdout]           >>> referenced by lib.rs:202 (/opt/rustwide/cargo-home/registry/src/index.crates.io-1949cf8c6b5b557f/critical-section-1.2.0/src/lib.rs:202)
[INFO] [stdout]           >>>               /opt/rustwide/target/debug/build/setback/8d8dbeef846b5a53/out/recovery_stack-8d8dbeef846b5a53.recovery_stack.59e1bba8397bcf19-cgu.0.rcgu.o:(critical_section::with::<(), setback::protect_inner<recovery_stack::prepared_recovery_drops_the_nested_scopes::{closure#0}::{closure#0}::{closure#0}, ()>::{closure#0}>)
[INFO] [stdout]           >>> referenced by lib.rs:202 (/opt/rustwide/cargo-home/registry/src/index.crates.io-1949cf8c6b5b557f/critical-section-1.2.0/src/lib.rs:202)
[INFO] [stdout]           >>>               /opt/rustwide/target/debug/build/setback/8d8dbeef846b5a53/out/recovery_stack-8d8dbeef846b5a53.recovery_stack.59e1bba8397bcf19-cgu.0.rcgu.o:(critical_section::with::<(), setback::protect_inner<recovery_stack::prepared_recovery_drops_the_nested_scopes::{closure#0}::{closure#0}::{closure#0}, ()>::{closure#1}>)
[INFO] [stdout]           >>> referenced by lib.rs:202 (/opt/rustwide/cargo-home/registry/src/index.crates.io-1949cf8c6b5b557f/critical-section-1.2.0/src/lib.rs:202)
[INFO] [stdout]           >>>               /opt/rustwide/target/debug/build/setback/8d8dbeef846b5a53/out/recovery_stack-8d8dbeef846b5a53.recovery_stack.59e1bba8397bcf19-cgu.0.rcgu.o:(critical_section::with::<(), setback::protect_inner<recovery_stack::prepared_recovery_drops_the_nested_scopes::{closure#0}::{closure#0}, ()>::{closure#0}>)
[INFO] [stdout]           >>> referenced 16 more times
[INFO] [stdout]           
[INFO] [stdout]           rust-lld: error: undefined symbol: _critical_section_1_0_release
[INFO] [stdout]           >>> referenced by lib.rs:219 (/opt/rustwide/cargo-home/registry/src/index.crates.io-1949cf8c6b5b557f/critical-section-1.2.0/src/lib.rs:219)
[INFO] [stdout]           >>>               setback-3d83abdc7b986065.setback.9acc3214ff606b7-cgu.0.rcgu.o:(core::ptr::drop_glue::<critical_section::with::Guard>) in archive /opt/rustwide/target/debug/build/setback/3d83abdc7b986065/out/libsetback-3d83abdc7b986065.rlib
[INFO] [stdout]           >>> referenced by lib.rs:219 (/opt/rustwide/cargo-home/registry/src/index.crates.io-1949cf8c6b5b557f/critical-section-1.2.0/src/lib.rs:219)
[INFO] [stdout]           >>>               setback-3d83abdc7b986065.setback.9acc3214ff606b7-cgu.0.rcgu.o:(<setback::PreparedRecovery>::recover) in archive /opt/rustwide/target/debug/build/setback/3d83abdc7b986065/out/libsetback-3d83abdc7b986065.rlib
[INFO] [stdout]           collect2: error: ld returned 1 exit status
[INFO] [stdout]           
[INFO] [stdout] 
[INFO] [stdout] 
[INFO] [stdout] error: linking with `cc` failed: exit status: 1
[INFO] [stdout]   |
[INFO] [stdout]   = note:  "cc" "-m64" "/opt/rustwide/target/debug/build/setback/a0056bbc995484e8/out/rustcwLGUNk/symbols.o" "<2 object files omitted>" "-Wl,--as-needed" "-Wl,-Bstatic" "<sysroot>/lib/rustlib/x86_64-unknown-linux-gnu/lib/{libtest-*,libgetopts-*,librustc_std_workspace_std-*}.rlib" "/opt/rustwide/target/debug/build/setback/3d83abdc7b986065/out/libsetback-3d83abdc7b986065.rlib" "/opt/rustwide/target/debug/build/critical-section/fb1ca78526e87a67/out/libcritical_section-fb1ca78526e87a67.rlib" "<sysroot>/lib/rustlib/x86_64-unknown-linux-gnu/lib/{libstd-*,libpanic_unwind-*,libobject-*,libmemchr-*,libaddr2line-*,libgimli-*,libcfg_if-*,librustc_demangle-*,libstd_detect-*,libhashbrown-*,librustc_std_workspace_alloc-*,libminiz_oxide-*,libadler2-*,libunwind-*,liblibc-*,librustc_std_workspace_core-*,liballoc-*,libcore-*,libcompiler_builtins-*}.rlib" "-Wl,-Bdynamic" "-lgcc_s" "-lutil" "-lrt" "-lpthread" "-lm" "-ldl" "-lc" "-L" "/opt/rustwide/target/debug/build/setback/a0056bbc995484e8/out/rustcwLGUNk/raw-dylibs" "-B<sysroot>/lib/rustlib/x86_64-unknown-linux-gnu/bin/gcc-ld" "-fuse-ld=lld" "-Wl,--eh-frame-hdr" "-Wl,-z,noexecstack" "-L" "/opt/rustwide/target/debug/build/setback/53566b39e320e723/out" "-L" "<sysroot>/lib/rustlib/x86_64-unknown-linux-gnu/lib" "-o" "/opt/rustwide/target/debug/build/setback/a0056bbc995484e8/out/can_recover-a0056bbc995484e8" "-Wl,--gc-sections" "-pie" "-Wl,-z,relro,-z,now" "-nodefaultlibs"
[INFO] [stdout]   = note: some arguments are omitted. use `--verbose` to show all linker arguments
[INFO] [stdout]   = note: rust-lld: error: undefined symbol: _critical_section_1_0_acquire
[INFO] [stdout]           >>> referenced by lib.rs:202 (/opt/rustwide/cargo-home/registry/src/index.crates.io-1949cf8c6b5b557f/critical-section-1.2.0/src/lib.rs:202)
[INFO] [stdout]           >>>               /opt/rustwide/target/debug/build/setback/a0056bbc995484e8/out/can_recover-a0056bbc995484e8.can_recover.f1a230415dc984eb-cgu.0.rcgu.o:(critical_section::with::<(), setback::protect_inner<can_recover::sees_past_a_rejecting_inner_scope::{closure#0}::{closure#0}, ()>::{closure#0}>)
[INFO] [stdout]           >>> referenced by lib.rs:202 (/opt/rustwide/cargo-home/registry/src/index.crates.io-1949cf8c6b5b557f/critical-section-1.2.0/src/lib.rs:202)
[INFO] [stdout]           >>>               /opt/rustwide/target/debug/build/setback/a0056bbc995484e8/out/can_recover-a0056bbc995484e8.can_recover.f1a230415dc984eb-cgu.0.rcgu.o:(critical_section::with::<(), setback::protect_inner<can_recover::sees_past_a_rejecting_inner_scope::{closure#0}::{closure#0}, ()>::{closure#1}>)
[INFO] [stdout]           >>> referenced by lib.rs:202 (/opt/rustwide/cargo-home/registry/src/index.crates.io-1949cf8c6b5b557f/critical-section-1.2.0/src/lib.rs:202)
[INFO] [stdout]           >>>               /opt/rustwide/target/debug/build/setback/a0056bbc995484e8/out/can_recover-a0056bbc995484e8.can_recover.f1a230415dc984eb-cgu.0.rcgu.o:(critical_section::with::<(), setback::protect_inner<can_recover::tracks_the_scope::{closure#0}, ()>::{closure#0}>)
[INFO] [stdout]           >>> referenced 12 more times
[INFO] [stdout]           
[INFO] [stdout]           rust-lld: error: undefined symbol: _critical_section_1_0_release
[INFO] [stdout]           >>> referenced by lib.rs:219 (/opt/rustwide/cargo-home/registry/src/index.crates.io-1949cf8c6b5b557f/critical-section-1.2.0/src/lib.rs:219)
[INFO] [stdout]           >>>               setback-3d83abdc7b986065.setback.9acc3214ff606b7-cgu.0.rcgu.o:(core::ptr::drop_glue::<critical_section::with::Guard>) in archive /opt/rustwide/target/debug/build/setback/3d83abdc7b986065/out/libsetback-3d83abdc7b986065.rlib
[INFO] [stdout]           >>> referenced by lib.rs:219 (/opt/rustwide/cargo-home/registry/src/index.crates.io-1949cf8c6b5b557f/critical-section-1.2.0/src/lib.rs:219)
[INFO] [stdout]           >>>               setback-3d83abdc7b986065.setback.9acc3214ff606b7-cgu.0.rcgu.o:(<setback::PreparedRecovery>::recover) in archive /opt/rustwide/target/debug/build/setback/3d83abdc7b986065/out/libsetback-3d83abdc7b986065.rlib
[INFO] [stdout]           collect2: error: ld returned 1 exit status
[INFO] [stdout]           
[INFO] [stdout] 
[INFO] [stdout] 
[INFO] [stdout] error: linking with `cc` failed: exit status: 1
[INFO] [stdout]   |
[INFO] [stdout]   = note:  "cc" "-m64" "/opt/rustwide/target/debug/build/setback/d4709afec1dddbe2/out/rustcMCECOY/symbols.o" "<2 object files omitted>" "-Wl,--as-needed" "-Wl,-Bstatic" "<sysroot>/lib/rustlib/x86_64-unknown-linux-gnu/lib/{libtest-*,libgetopts-*,librustc_std_workspace_std-*}.rlib" "/opt/rustwide/target/debug/build/setback/3d83abdc7b986065/out/libsetback-3d83abdc7b986065.rlib" "/opt/rustwide/target/debug/build/critical-section/fb1ca78526e87a67/out/libcritical_section-fb1ca78526e87a67.rlib" "<sysroot>/lib/rustlib/x86_64-unknown-linux-gnu/lib/{libstd-*,libpanic_unwind-*,libobject-*,libmemchr-*,libaddr2line-*,libgimli-*,libcfg_if-*,librustc_demangle-*,libstd_detect-*,libhashbrown-*,librustc_std_workspace_alloc-*,libminiz_oxide-*,libadler2-*,libunwind-*,liblibc-*,librustc_std_workspace_core-*,liballoc-*,libcore-*,libcompiler_builtins-*}.rlib" "-Wl,-Bdynamic" "-lgcc_s" "-lutil" "-lrt" "-lpthread" "-lm" "-ldl" "-lc" "-L" "/opt/rustwide/target/debug/build/setback/d4709afec1dddbe2/out/rustcMCECOY/raw-dylibs" "-B<sysroot>/lib/rustlib/x86_64-unknown-linux-gnu/bin/gcc-ld" "-fuse-ld=lld" "-Wl,--eh-frame-hdr" "-Wl,-z,noexecstack" "-L" "/opt/rustwide/target/debug/build/setback/53566b39e320e723/out" "-L" "<sysroot>/lib/rustlib/x86_64-unknown-linux-gnu/lib" "-o" "/opt/rustwide/target/debug/build/setback/d4709afec1dddbe2/out/cause_roundtrip-d4709afec1dddbe2" "-Wl,--gc-sections" "-pie" "-Wl,-z,relro,-z,now" "-nodefaultlibs"
[INFO] [stdout]   = note: some arguments are omitted. use `--verbose` to show all linker arguments
[INFO] [stdout]   = note: rust-lld: error: undefined symbol: _critical_section_1_0_acquire
[INFO] [stdout]           >>> referenced by lib.rs:202 (/opt/rustwide/cargo-home/registry/src/index.crates.io-1949cf8c6b5b557f/critical-section-1.2.0/src/lib.rs:202)
[INFO] [stdout]           >>>               /opt/rustwide/target/debug/build/setback/d4709afec1dddbe2/out/cause_roundtrip-d4709afec1dddbe2.cause_roundtrip.b9794baae83ac763-cgu.0.rcgu.o:(critical_section::with::<(), setback::protect_inner<cause_roundtrip::roundtrip::{closure#0}, ()>::{closure#0}>)
[INFO] [stdout]           >>> referenced by lib.rs:202 (/opt/rustwide/cargo-home/registry/src/index.crates.io-1949cf8c6b5b557f/critical-section-1.2.0/src/lib.rs:202)
[INFO] [stdout]           >>>               /opt/rustwide/target/debug/build/setback/d4709afec1dddbe2/out/cause_roundtrip-d4709afec1dddbe2.cause_roundtrip.b9794baae83ac763-cgu.0.rcgu.o:(critical_section::with::<(), setback::protect_inner<cause_roundtrip::roundtrip::{closure#0}, ()>::{closure#1}>)
[INFO] [stdout]           >>> referenced by lib.rs:202 (/opt/rustwide/cargo-home/registry/src/index.crates.io-1949cf8c6b5b557f/critical-section-1.2.0/src/lib.rs:202)
[INFO] [stdout]           >>>               setback-3d83abdc7b986065.setback.9acc3214ff606b7-cgu.0.rcgu.o:(critical_section::with::<core::option::Option<setback::PreparedRecovery>, setback::prepare_recovery::{closure#0}>) in archive /opt/rustwide/target/debug/build/setback/3d83abdc7b986065/out/libsetback-3d83abdc7b986065.rlib
[INFO] [stdout]           >>> referenced 1 more times
[INFO] [stdout]           
[INFO] [stdout]           rust-lld: error: undefined symbol: _critical_section_1_0_release
[INFO] [stdout]           >>> referenced by lib.rs:219 (/opt/rustwide/cargo-home/registry/src/index.crates.io-1949cf8c6b5b557f/critical-section-1.2.0/src/lib.rs:219)
[INFO] [stdout]           >>>               setback-3d83abdc7b986065.setback.9acc3214ff606b7-cgu.0.rcgu.o:(core::ptr::drop_glue::<critical_section::with::Guard>) in archive /opt/rustwide/target/debug/build/setback/3d83abdc7b986065/out/libsetback-3d83abdc7b986065.rlib
[INFO] [stdout]           >>> referenced by lib.rs:219 (/opt/rustwide/cargo-home/registry/src/index.crates.io-1949cf8c6b5b557f/critical-section-1.2.0/src/lib.rs:219)
[INFO] [stdout]           >>>               setback-3d83abdc7b986065.setback.9acc3214ff606b7-cgu.0.rcgu.o:(<setback::PreparedRecovery>::recover) in archive /opt/rustwide/target/debug/build/setback/3d83abdc7b986065/out/libsetback-3d83abdc7b986065.rlib
[INFO] [stdout]           collect2: error: ld returned 1 exit status
[INFO] [stdout]           
[INFO] [stdout] 
[INFO] [stdout] 
[INFO] [stdout] error: linking with `cc` failed: exit status: 1
[INFO] [stdout]   |
[INFO] [stdout]   = note:  "cc" "-m64" "/opt/rustwide/target/debug/build/setback/3c727a59064f1ac0/out/rustc5btb3Q/symbols.o" "<2 object files omitted>" "-Wl,--as-needed" "-Wl,-Bstatic" "<sysroot>/lib/rustlib/x86_64-unknown-linux-gnu/lib/{libtest-*,libgetopts-*,librustc_std_workspace_std-*}.rlib" "/opt/rustwide/target/debug/build/setback/3d83abdc7b986065/out/libsetback-3d83abdc7b986065.rlib" "/opt/rustwide/target/debug/build/critical-section/fb1ca78526e87a67/out/libcritical_section-fb1ca78526e87a67.rlib" "<sysroot>/lib/rustlib/x86_64-unknown-linux-gnu/lib/{libstd-*,libpanic_unwind-*,libobject-*,libmemchr-*,libaddr2line-*,libgimli-*,libcfg_if-*,librustc_demangle-*,libstd_detect-*,libhashbrown-*,librustc_std_workspace_alloc-*,libminiz_oxide-*,libadler2-*,libunwind-*,liblibc-*,librustc_std_workspace_core-*,liballoc-*,libcore-*,libcompiler_builtins-*}.rlib" "-Wl,-Bdynamic" "-lgcc_s" "-lutil" "-lrt" "-lpthread" "-lm" "-ldl" "-lc" "-L" "/opt/rustwide/target/debug/build/setback/3c727a59064f1ac0/out/rustc5btb3Q/raw-dylibs" "-B<sysroot>/lib/rustlib/x86_64-unknown-linux-gnu/bin/gcc-ld" "-fuse-ld=lld" "-Wl,--eh-frame-hdr" "-Wl,-z,noexecstack" "-L" "/opt/rustwide/target/debug/build/setback/53566b39e320e723/out" "-L" "<sysroot>/lib/rustlib/x86_64-unknown-linux-gnu/lib" "-o" "/opt/rustwide/target/debug/build/setback/3c727a59064f1ac0/out/cause_filter-3c727a59064f1ac0" "-Wl,--gc-sections" "-pie" "-Wl,-z,relro,-z,now" "-nodefaultlibs"
[INFO] [stdout]   = note: some arguments are omitted. use `--verbose` to show all linker arguments
[INFO] [stdout]   = note: rust-lld: error: undefined symbol: _critical_section_1_0_acquire
[INFO] [stdout]           >>> referenced by lib.rs:202 (/opt/rustwide/cargo-home/registry/src/index.crates.io-1949cf8c6b5b557f/critical-section-1.2.0/src/lib.rs:202)
[INFO] [stdout]           >>>               /opt/rustwide/target/debug/build/setback/3c727a59064f1ac0/out/cause_filter-3c727a59064f1ac0.cause_filter.f01d4e4d9bb593cd-cgu.0.rcgu.o:(critical_section::with::<(), setback::protect_inner<cause_filter::every_skipped_scope_leaves_the_list_not_just_the_innermost::{closure#0}::{closure#0}::{closure#0}, ()>::{closure#0}>)
[INFO] [stdout]           >>> referenced by lib.rs:202 (/opt/rustwide/cargo-home/registry/src/index.crates.io-1949cf8c6b5b557f/critical-section-1.2.0/src/lib.rs:202)
[INFO] [stdout]           >>>               /opt/rustwide/target/debug/build/setback/3c727a59064f1ac0/out/cause_filter-3c727a59064f1ac0.cause_filter.f01d4e4d9bb593cd-cgu.0.rcgu.o:(critical_section::with::<(), setback::protect_inner<cause_filter::every_skipped_scope_leaves_the_list_not_just_the_innermost::{closure#0}::{closure#0}::{closure#0}, ()>::{closure#1}>)
[INFO] [stdout]           >>> referenced by lib.rs:202 (/opt/rustwide/cargo-home/registry/src/index.crates.io-1949cf8c6b5b557f/critical-section-1.2.0/src/lib.rs:202)
[INFO] [stdout]           >>>               /opt/rustwide/target/debug/build/setback/3c727a59064f1ac0/out/cause_filter-3c727a59064f1ac0.cause_filter.f01d4e4d9bb593cd-cgu.0.rcgu.o:(critical_section::with::<(), setback::protect_inner<cause_filter::non_matching_inner_resolves_to_outer::{closure#0}::{closure#0}, ()>::{closure#0}>)
[INFO] [stdout]           >>> referenced 18 more times
[INFO] [stdout]           
[INFO] [stdout]           rust-lld: error: undefined symbol: _critical_section_1_0_release
[INFO] [stdout]           >>> referenced by lib.rs:219 (/opt/rustwide/cargo-home/registry/src/index.crates.io-1949cf8c6b5b557f/critical-section-1.2.0/src/lib.rs:219)
[INFO] [stdout]           >>>               setback-3d83abdc7b986065.setback.9acc3214ff606b7-cgu.0.rcgu.o:(core::ptr::drop_glue::<critical_section::with::Guard>) in archive /opt/rustwide/target/debug/build/setback/3d83abdc7b986065/out/libsetback-3d83abdc7b986065.rlib
[INFO] [stdout]           >>> referenced by lib.rs:219 (/opt/rustwide/cargo-home/registry/src/index.crates.io-1949cf8c6b5b557f/critical-section-1.2.0/src/lib.rs:219)
[INFO] [stdout]           >>>               setback-3d83abdc7b986065.setback.9acc3214ff606b7-cgu.0.rcgu.o:(<setback::PreparedRecovery>::recover) in archive /opt/rustwide/target/debug/build/setback/3d83abdc7b986065/out/libsetback-3d83abdc7b986065.rlib
[INFO] [stdout]           collect2: error: ld returned 1 exit status
[INFO] [stdout]           
[INFO] [stdout] 
[INFO] [stdout] 
[INFO] [stdout] error: linking with `cc` failed: exit status: 1
[INFO] [stdout]   |
[INFO] [stdout]   = note:  "cc" "-m64" "/opt/rustwide/target/debug/build/setback/94015656765f74b9/out/rustcPR9qNF/symbols.o" "<2 object files omitted>" "-Wl,--as-needed" "-Wl,-Bstatic" "-lsetback" "/opt/rustwide/target/debug/build/critical-section/fb1ca78526e87a67/out/libcritical_section-fb1ca78526e87a67.rlib" "<sysroot>/lib/rustlib/x86_64-unknown-linux-gnu/lib/{libtest-*,libgetopts-*,librustc_std_workspace_std-*,libstd-*,libpanic_unwind-*,libobject-*,libmemchr-*,libaddr2line-*,libgimli-*,libcfg_if-*,librustc_demangle-*,libstd_detect-*,libhashbrown-*,librustc_std_workspace_alloc-*,libminiz_oxide-*,libadler2-*,libunwind-*,liblibc-*,librustc_std_workspace_core-*,liballoc-*,libcore-*,libcompiler_builtins-*}.rlib" "-Wl,-Bdynamic" "-lgcc_s" "-lutil" "-lrt" "-lpthread" "-lm" "-ldl" "-lc" "-L" "/opt/rustwide/target/debug/build/setback/94015656765f74b9/out/rustcPR9qNF/raw-dylibs" "-B<sysroot>/lib/rustlib/x86_64-unknown-linux-gnu/bin/gcc-ld" "-fuse-ld=lld" "-Wl,--eh-frame-hdr" "-Wl,-z,noexecstack" "-L" "/opt/rustwide/target/debug/build/setback/53566b39e320e723/out" "-L" "<sysroot>/lib/rustlib/x86_64-unknown-linux-gnu/lib" "-o" "/opt/rustwide/target/debug/build/setback/94015656765f74b9/out/setback-94015656765f74b9" "-Wl,--gc-sections" "-pie" "-Wl,-z,relro,-z,now" "-nodefaultlibs"
[INFO] [stdout]   = note: some arguments are omitted. use `--verbose` to show all linker arguments
[INFO] [stdout]   = note: rust-lld: error: undefined symbol: _critical_section_1_0_acquire
[INFO] [stdout]           >>> referenced by lib.rs:202 (/opt/rustwide/cargo-home/registry/src/index.crates.io-1949cf8c6b5b557f/critical-section-1.2.0/src/lib.rs:202)
[INFO] [stdout]           >>>               /opt/rustwide/target/debug/build/setback/94015656765f74b9/out/setback-94015656765f74b9.setback.31c6fe578fee34e8-cgu.0.rcgu.o:(critical_section::with::<bool, setback::tests::a_linked_mark_is_ignored_until_it_is_armed::{closure#0}::{closure#0}>)
[INFO] [stdout]           >>> referenced by lib.rs:202 (/opt/rustwide/cargo-home/registry/src/index.crates.io-1949cf8c6b5b557f/critical-section-1.2.0/src/lib.rs:202)
[INFO] [stdout]           >>>               /opt/rustwide/target/debug/build/setback/94015656765f74b9/out/setback-94015656765f74b9.setback.31c6fe578fee34e8-cgu.0.rcgu.o:(critical_section::with::<(), setback::tests::a_linked_mark_is_ignored_until_it_is_armed::{closure#2}>)
[INFO] [stdout]           >>> referenced by lib.rs:202 (/opt/rustwide/cargo-home/registry/src/index.crates.io-1949cf8c6b5b557f/critical-section-1.2.0/src/lib.rs:202)
[INFO] [stdout]           >>>               /opt/rustwide/target/debug/build/setback/94015656765f74b9/out/setback-94015656765f74b9.setback.31c6fe578fee34e8-cgu.0.rcgu.o:(critical_section::with::<(), setback::tests::a_linked_mark_is_ignored_until_it_is_armed::{closure#1}>)
[INFO] [stdout]           
[INFO] [stdout]           rust-lld: error: undefined symbol: _critical_section_1_0_release
[INFO] [stdout]           >>> referenced by lib.rs:219 (/opt/rustwide/cargo-home/registry/src/index.crates.io-1949cf8c6b5b557f/critical-section-1.2.0/src/lib.rs:219)
[INFO] [stdout]           >>>               /opt/rustwide/target/debug/build/setback/94015656765f74b9/out/setback-94015656765f74b9.setback.31c6fe578fee34e8-cgu.0.rcgu.o:(core::ptr::drop_glue::<critical_section::with::Guard>)
[INFO] [stdout]           collect2: error: ld returned 1 exit status
[INFO] [stdout]           
[INFO] [stdout] 
[INFO] [stdout] 
[INFO] [stdout] error: linking with `cc` failed: exit status: 1
[INFO] [stdout]   |
[INFO] [stdout]   = note:  "cc" "-m64" "/opt/rustwide/target/debug/build/setback/eabcfcf4d27d49e4/out/rustcLc5gGE/symbols.o" "<5 object files omitted>" "-Wl,--as-needed" "-Wl,-Bstatic" "<sysroot>/lib/rustlib/x86_64-unknown-linux-gnu/lib/{libtest-*,libgetopts-*,librustc_std_workspace_std-*}.rlib" "/opt/rustwide/target/debug/build/setback/3d83abdc7b986065/out/libsetback-3d83abdc7b986065.rlib" "/opt/rustwide/target/debug/build/critical-section/fb1ca78526e87a67/out/libcritical_section-fb1ca78526e87a67.rlib" "<sysroot>/lib/rustlib/x86_64-unknown-linux-gnu/lib/{libstd-*,libpanic_unwind-*,libobject-*,libmemchr-*,libaddr2line-*,libgimli-*,libcfg_if-*,librustc_demangle-*,libstd_detect-*,libhashbrown-*,librustc_std_workspace_alloc-*,libminiz_oxide-*,libadler2-*,libunwind-*,liblibc-*,librustc_std_workspace_core-*,liballoc-*,libcore-*,libcompiler_builtins-*}.rlib" "-Wl,-Bdynamic" "-lgcc_s" "-lutil" "-lrt" "-lpthread" "-lm" "-ldl" "-lc" "-L" "/opt/rustwide/target/debug/build/setback/eabcfcf4d27d49e4/out/rustcLc5gGE/raw-dylibs" "-B<sysroot>/lib/rustlib/x86_64-unknown-linux-gnu/bin/gcc-ld" "-fuse-ld=lld" "-Wl,--eh-frame-hdr" "-Wl,-z,noexecstack" "-L" "/opt/rustwide/target/debug/build/setback/53566b39e320e723/out" "-L" "<sysroot>/lib/rustlib/x86_64-unknown-linux-gnu/lib" "-o" "/opt/rustwide/target/debug/build/setback/eabcfcf4d27d49e4/out/nesting-eabcfcf4d27d49e4" "-Wl,--gc-sections" "-pie" "-Wl,-z,relro,-z,now" "-nodefaultlibs"
[INFO] [stdout]   = note: some arguments are omitted. use `--verbose` to show all linker arguments
[INFO] [stdout]   = note: rust-lld: error: undefined symbol: _critical_section_1_0_acquire
[INFO] [stdout]           >>> referenced by lib.rs:202 (/opt/rustwide/cargo-home/registry/src/index.crates.io-1949cf8c6b5b557f/critical-section-1.2.0/src/lib.rs:202)
[INFO] [stdout]           >>>               /opt/rustwide/target/debug/build/setback/eabcfcf4d27d49e4/out/nesting-eabcfcf4d27d49e4.nesting.72ddf60f157e005f-cgu.3.rcgu.o:(critical_section::with::<(), setback::protect_inner<core::panic::unwind_safe::AssertUnwindSafe<nesting::a_skipping_jump_leaves_another_threads_mark_alone::{closure#0}::{closure#0}>, &str>::{closure#0}>)
[INFO] [stdout]           >>> referenced by lib.rs:202 (/opt/rustwide/cargo-home/registry/src/index.crates.io-1949cf8c6b5b557f/critical-section-1.2.0/src/lib.rs:202)
[INFO] [stdout]           >>>               /opt/rustwide/target/debug/build/setback/eabcfcf4d27d49e4/out/nesting-eabcfcf4d27d49e4.nesting.72ddf60f157e005f-cgu.3.rcgu.o:(critical_section::with::<(), setback::protect_inner<core::panic::unwind_safe::AssertUnwindSafe<nesting::a_skipping_jump_leaves_another_threads_mark_alone::{closure#0}::{closure#0}>, &str>::{closure#1}>)
[INFO] [stdout]           >>> referenced by lib.rs:202 (/opt/rustwide/cargo-home/registry/src/index.crates.io-1949cf8c6b5b557f/critical-section-1.2.0/src/lib.rs:202)
[INFO] [stdout]           >>>               /opt/rustwide/target/debug/build/setback/eabcfcf4d27d49e4/out/nesting-eabcfcf4d27d49e4.nesting.72ddf60f157e005f-cgu.3.rcgu.o:(critical_section::with::<(), setback::protect_inner<core::panic::unwind_safe::AssertUnwindSafe<nesting::a_skipping_jump_leaves_another_threads_mark_alone::{closure#1}::{closure#0}>, ()>::{closure#0}>)
[INFO] [stdout]           >>> referenced 24 more times
[INFO] [stdout]           
[INFO] [stdout]           rust-lld: error: undefined symbol: _critical_section_1_0_release
[INFO] [stdout]           >>> referenced by lib.rs:219 (/opt/rustwide/cargo-home/registry/src/index.crates.io-1949cf8c6b5b557f/critical-section-1.2.0/src/lib.rs:219)
[INFO] [stdout]           >>>               setback-3d83abdc7b986065.setback.9acc3214ff606b7-cgu.0.rcgu.o:(core::ptr::drop_glue::<critical_section::with::Guard>) in archive /opt/rustwide/target/debug/build/setback/3d83abdc7b986065/out/libsetback-3d83abdc7b986065.rlib
[INFO] [stdout]           >>> referenced by lib.rs:219 (/opt/rustwide/cargo-home/registry/src/index.crates.io-1949cf8c6b5b557f/critical-section-1.2.0/src/lib.rs:219)
[INFO] [stdout]           >>>               setback-3d83abdc7b986065.setback.9acc3214ff606b7-cgu.0.rcgu.o:(<setback::PreparedRecovery>::recover) in archive /opt/rustwide/target/debug/build/setback/3d83abdc7b986065/out/libsetback-3d83abdc7b986065.rlib
[INFO] [stdout]           collect2: error: ld returned 1 exit status
[INFO] [stdout]           
[INFO] [stdout] 
[INFO] [stdout] 
[INFO] [stderr] error: could not compile `setback` (test "recovery_stack") due to 1 previous error
[INFO] [stderr] warning: build failed, waiting for other jobs to finish...
[INFO] [stderr] error: could not compile `setback` (test "cause_filter") due to 1 previous error
[INFO] [stderr] error: could not compile `setback` (test "nesting") due to 1 previous error
[INFO] [stderr] error: could not compile `setback` (test "can_recover") due to 1 previous error
[INFO] [stderr] error: could not compile `setback` (lib test) due to 1 previous error
[INFO] [stderr] error: could not compile `setback` (test "cause_roundtrip") due to 1 previous error
[INFO] running `Command { std: "docker" "inspect" "291ab85f37c0cfa16d9f4dca6d22fa15f54859ad8a3fc94c3a13ea02edbd5059", kill_on_drop: false }`
[INFO] running `Command { std: "docker" "rm" "-f" "291ab85f37c0cfa16d9f4dca6d22fa15f54859ad8a3fc94c3a13ea02edbd5059", kill_on_drop: false }`
[INFO] [stdout] 291ab85f37c0cfa16d9f4dca6d22fa15f54859ad8a3fc94c3a13ea02edbd5059
