[INFO] fetching crate seshat 6.0.1...
[INFO] testing seshat-6.0.1 against 1.99.0-beta.8 for beta-1.100-2
[INFO] extracting crate seshat 6.0.1 into /workspace/builds/worker-4-tc1/source
[INFO] started tweaking crates.io crate seshat 6.0.1
[INFO] removed 0 missing tests
[INFO] finished tweaking crates.io crate seshat 6.0.1
[INFO] tweaked toml for crates.io crate seshat 6.0.1 written to /workspace/builds/worker-4-tc1/source/Cargo.toml
[INFO] validating manifest of crates.io crate seshat 6.0.1 on toolchain 1.99.0-beta.8
[INFO] running `Command { std: CARGO_HOME="/workspace/cargo-home" RUSTUP_HOME="/workspace/rustup-home" "/workspace/cargo-home/bin/cargo" "+1.99.0-beta.8" "metadata" "--manifest-path" "Cargo.toml" "--no-deps", kill_on_drop: false }`
[INFO] crate crates.io crate seshat 6.0.1 already has a lockfile, it will not be regenerated
[INFO] running `Command { std: CARGO_HOME="/workspace/cargo-home" RUSTUP_HOME="/workspace/rustup-home" "/workspace/cargo-home/bin/cargo" "+1.99.0-beta.8" "fetch" "--manifest-path" "Cargo.toml", kill_on_drop: false }`
[INFO] [stderr]     Updating crates.io index
[INFO] [stderr]     Blocking waiting for file lock on package cache
[INFO] [stderr]  Downloading crates ...
[INFO] [stderr]   Downloaded serde_derive v1.0.118
[INFO] [stderr]   Downloaded tantivy-query-grammar v0.12.0
[INFO] [stderr]   Downloaded utf8-ranges v1.0.5
[INFO] [stderr]   Downloaded serde v1.0.118
[INFO] [stderr]   Downloaded levenshtein_automata v0.1.1
[INFO] [stderr]   Downloaded owned-read v0.4.1
[INFO] [stderr]   Downloaded mio-extras v2.0.6
[INFO] [stderr]   Downloaded fsevent-sys v2.0.1
[INFO] [stderr]   Downloaded fsevent v0.4.0
[INFO] [stderr]   Downloaded murmurhash32 v0.2.0
[INFO] [stderr]   Downloaded owning_ref v0.4.1
[INFO] [stderr]   Downloaded memmap v0.7.0
[INFO] [stderr]   Downloaded snap v1.1.2
[INFO] [stderr]   Downloaded rand_xorshift v0.1.1
[INFO] [stderr]   Downloaded notify v4.0.18
[INFO] [stderr]   Downloaded failure_derive v0.1.8
[INFO] [stderr]   Downloaded htmlescape v0.3.1
[INFO] [stderr]   Downloaded rand_pcg v0.1.2
[INFO] [stderr]   Downloaded rand_hc v0.1.0
[INFO] [stderr]   Downloaded rand_chacha v0.1.1
[INFO] [stderr]   Downloaded inotify v0.7.1
[INFO] [stderr]   Downloaded itertools v0.8.2
[INFO] [stderr]   Downloaded fail v0.3.0
[INFO] [stderr]   Downloaded serde_json v1.0.61
[INFO] [stderr]   Downloaded autocfg v0.1.8
[INFO] [stderr]   Downloaded cloudabi v0.0.3
[INFO] [stderr]   Downloaded rand_jitter v0.1.4
[INFO] [stderr]   Downloaded rand_isaac v0.1.1
[INFO] [stderr]   Downloaded rand_os v0.1.3
[INFO] [stderr]   Downloaded regex-syntax v0.4.2
[INFO] [stderr]   Downloaded memoffset v0.5.6
[INFO] [stderr]   Downloaded census v0.4.2
[INFO] [stderr]   Downloaded crossbeam-queue v0.2.3
[INFO] [stderr]   Downloaded crossbeam-deque v0.7.4
[INFO] [stderr]   Downloaded bitpacking v0.8.4
[INFO] [stderr]   Downloaded atomicwrites v0.2.5
[INFO] [stderr]   Downloaded rand v0.6.5
[INFO] [stderr]   Downloaded crossbeam-channel v0.4.4
[INFO] [stderr]   Downloaded tantivy v0.12.0
[INFO] [stderr]   Downloaded cc v1.4.6
[INFO] [stderr]   Downloaded pbkdf2 v0.8.0
[INFO] [stderr]   Downloaded crypto-mac v0.11.1
[INFO] [stderr]   Downloaded r2d2_sqlite v0.24.0
[INFO] [stderr]   Downloaded password-hash v0.2.3
[INFO] [stderr]   Downloaded hmac v0.11.0
[INFO] [stderr]   Downloaded fake v2.10.0
[INFO] [stderr]   Downloaded nix v0.14.1
[INFO] [stderr]   Downloaded hkdf v0.11.0
[INFO] [stderr]   Downloaded deunicode v1.6.2
[INFO] [stderr]   Downloaded fst v0.3.5
[INFO] [stderr]   Downloaded tantivy-fst v0.2.1
[INFO] [stderr]   Downloaded rust-stemmers v1.2.0
[INFO] running `Command { std: "docker" "create" "-v" "/var/lib/crater-agent-workspace/builds/worker-4-tc1/source:/opt/rustwide/workdir:ro,Z" "-v" "/var/lib/crater-agent-workspace/builds/worker-4-tc1/target:/opt/rustwide/target:rw,Z" "-v" "/var/lib/crater-agent-workspace/cargo-home:/opt/rustwide/cargo-home:ro,Z" "-v" "/var/lib/crater-agent-workspace/rustup-home:/opt/rustwide/rustup-home:ro,Z" "-m" "1610612736" "--network" "none" "ghcr.io/rust-lang/crates-build-env/linux@sha256:3111399a4047eeb3a02b7a90e478d715f38a8c6669b5c4b49d30a17385265909" "sleep" "infinity", kill_on_drop: false }`
[INFO] [stdout] 41649ccc27da6d6e98b1c7a82120c2b27196b2744a884ad486481fbc08de6469
[INFO] running `Command { std: "docker" "start" "41649ccc27da6d6e98b1c7a82120c2b27196b2744a884ad486481fbc08de6469", kill_on_drop: false }`
[INFO] running `Command { std: "docker" "inspect" "41649ccc27da6d6e98b1c7a82120c2b27196b2744a884ad486481fbc08de6469", kill_on_drop: false }`
[INFO] running `Command { std: "docker" "exec" "-e" "SOURCE_DIR=/opt/rustwide/workdir" "-e" "CARGO_HOME=/opt/rustwide/cargo-home" "-e" "RUSTUP_HOME=/opt/rustwide/rustup-home" "-e" "CARGO_TARGET_DIR=/opt/rustwide/target" "-w" "/opt/rustwide/workdir" "--user" "0:0" "41649ccc27da6d6e98b1c7a82120c2b27196b2744a884ad486481fbc08de6469" "/opt/rustwide/cargo-home/bin/cargo" "+1.99.0-beta.8" "metadata" "--no-deps" "--format-version=1", kill_on_drop: false }`
[INFO] running `Command { std: "docker" "inspect" "41649ccc27da6d6e98b1c7a82120c2b27196b2744a884ad486481fbc08de6469", kill_on_drop: false }`
[INFO] running `Command { std: "docker" "exec" "-e" "SOURCE_DIR=/opt/rustwide/workdir" "-e" "CARGO_HOME=/opt/rustwide/cargo-home" "-e" "RUSTUP_HOME=/opt/rustwide/rustup-home" "-e" "CARGO_TARGET_DIR=/opt/rustwide/target" "-e" "CARGO_INCREMENTAL=0" "-e" "RUST_BACKTRACE=full" "-e" "RUSTFLAGS=--cap-lints=warn" "-e" "RUSTDOCFLAGS=--cap-lints=warn" "-w" "/opt/rustwide/workdir" "--user" "0:0" "41649ccc27da6d6e98b1c7a82120c2b27196b2744a884ad486481fbc08de6469" "/opt/rustwide/cargo-home/bin/cargo" "+1.99.0-beta.8" "build" "--frozen" "--message-format=json", kill_on_drop: false }`
[INFO] [stderr]    Compiling syn v1.0.109
[INFO] [stderr]    Compiling cfg-if v0.1.10
[INFO] [stderr]    Compiling autocfg v0.1.8
[INFO] [stderr]    Compiling rand_core v0.4.3
[INFO] [stderr]    Compiling serde_derive v1.0.118
[INFO] [stderr]    Compiling crossbeam-utils v0.7.2
[INFO] [stderr]    Compiling serde v1.0.118
[INFO] [stderr]    Compiling maybe-uninit v2.0.0
[INFO] [stderr]    Compiling crossbeam-utils v0.8.23
[INFO] [stderr]    Compiling memoffset v0.5.6
[INFO] [stderr]    Compiling crossbeam-epoch v0.9.21
[INFO] [stderr]    Compiling syn v3.0.5
[INFO] [stderr]    Compiling crossbeam-epoch v0.8.2
[INFO] [stderr]    Compiling object v0.37.3
[INFO] [stderr]    Compiling crossbeam-deque v0.8.8
[INFO] [stderr]    Compiling inotify-sys v0.1.8
[INFO] [stderr]    Compiling rand_chacha v0.1.1
[INFO] [stderr]    Compiling rand_pcg v0.1.2
[INFO] [stderr]    Compiling futures-core v0.3.34
[INFO] [stderr]    Compiling libsqlite3-sys v0.28.0
[INFO] [stderr]    Compiling net2 v0.2.39
[INFO] [stderr]    Compiling rand_core v0.3.2
[INFO] [stderr]    Compiling futures-channel v0.3.34
[INFO] [stderr]    Compiling rand v0.6.5
[INFO] [stderr]    Compiling ahash v0.8.12
[INFO] [stderr]    Compiling digest v0.9.0
[INFO] [stderr]    Compiling iovec v0.1.4
[INFO] [stderr]    Compiling gimli v0.32.3
[INFO] [stderr]    Compiling nix v0.14.1
[INFO] [stderr]    Compiling failure_derive v0.1.8
[INFO] [stderr]    Compiling miniz_oxide v0.8.9
[INFO] [stderr]    Compiling rand_chacha v0.9.0
[INFO] [stderr]    Compiling rand_xorshift v0.1.1
[INFO] [stderr]    Compiling rand_hc v0.1.0
[INFO] [stderr]    Compiling hashbrown v0.14.5
[INFO] [stderr]    Compiling rand_isaac v0.1.1
[INFO] [stderr]    Compiling rand_os v0.1.3
[INFO] [stderr]    Compiling rand_jitter v0.1.4
[INFO] [stderr]    Compiling fst v0.3.5
[INFO] [stderr]    Compiling mio v0.6.23
[INFO] [stderr]    Compiling crypto-mac v0.11.1
[INFO] [stderr]    Compiling inout v0.1.4
[INFO] [stderr]    Compiling aho-corasick v1.1.5
[INFO] [stderr]    Compiling crypto-common v0.1.7
[INFO] [stderr]    Compiling rand v0.4.6
[INFO] [stderr]    Compiling either v1.18.0
[INFO] [stderr]    Compiling stable_deref_trait v1.2.1
[INFO] [stderr]    Compiling snap v1.1.2
[INFO] [stderr]    Compiling remove_dir_all v0.5.3
[INFO] [stderr]    Compiling void v1.0.2
[INFO] [stderr]    Compiling lazycell v1.3.0
[INFO] [stderr]    Compiling rustc-demangle v0.1.28
[INFO] [stderr]    Compiling serde_json v1.0.61
[INFO] [stderr]    Compiling crc32fast v1.5.2
[INFO] [stderr]    Compiling rustix v1.1.4
[INFO] [stderr]    Compiling rayon-core v1.13.0
[INFO] [stderr]    Compiling mio-extras v2.0.6
[INFO] [stderr]    Compiling combine v4.6.8
[INFO] [stderr]    Compiling tempdir v0.3.7
[INFO] [stderr]    Compiling levenshtein_automata v0.1.1
[INFO] [stderr]    Compiling crossbeam-deque v0.7.4
[INFO] [stderr]    Compiling hashlink v0.9.1
[INFO] [stderr]    Compiling hmac v0.11.0
[INFO] [stderr]    Compiling cipher v0.4.4
[INFO] [stderr]    Compiling rand v0.9.5
[INFO] [stderr]    Compiling inotify v0.7.1
[INFO] [stderr]    Compiling crossbeam-queue v0.2.3
[INFO] [stderr]    Compiling crossbeam-channel v0.4.4
[INFO] [stderr]    Compiling scheduled-thread-pool v0.2.7
[INFO] [stderr]    Compiling block-buffer v0.9.0
[INFO] [stderr]    Compiling syn v2.0.119
[INFO] [stderr]    Compiling filetime v0.2.29
[INFO] [stderr]    Compiling itoa v0.4.8
[INFO] [stderr]    Compiling regex-syntax v0.4.2
[INFO] [stderr]    Compiling base64ct v1.8.3
[INFO] [stderr]    Compiling utf8-ranges v1.0.5
[INFO] [stderr]    Compiling rusqlite v0.31.0
[INFO] [stderr]    Compiling crossbeam v0.7.3
[INFO] [stderr]    Compiling regex-automata v0.4.18
[INFO] [stderr]    Compiling password-hash v0.2.3
[INFO] [stderr]    Compiling chrono v0.4.45
[INFO] [stderr]    Compiling fail v0.3.0
[INFO] [stderr]    Compiling tantivy-fst v0.2.1
[INFO] [stderr]    Compiling addr2line v0.25.1
[INFO] [stderr]    Compiling tempfile v3.27.0
[INFO] [stderr]    Compiling sha2 v0.9.9
[INFO] [stderr]    Compiling r2d2 v0.8.10
[INFO] [stderr]    Compiling notify v4.0.18
[INFO] [stderr]    Compiling bitpacking v0.8.4
[INFO] [stderr]    Compiling rayon v1.12.0
[INFO] [stderr]    Compiling synstructure v0.12.6
[INFO] [stderr]    Compiling itertools v0.8.2
[INFO] [stderr]    Compiling owned-read v0.4.1
[INFO] [stderr]    Compiling owning_ref v0.4.1
[INFO] [stderr]    Compiling murmurhash32 v0.2.0
[INFO] [stderr]    Compiling memmap v0.7.0
[INFO] [stderr]    Compiling fs2 v0.4.3
[INFO] [stderr]    Compiling census v0.4.2
[INFO] [stderr]    Compiling atomicwrites v0.2.5
[INFO] [stderr]    Compiling htmlescape v0.3.1
[INFO] [stderr]    Compiling base64 v0.11.0
[INFO] [stderr]    Compiling lru-cache v0.1.2
[INFO] [stderr]    Compiling pbkdf2 v0.8.0
[INFO] [stderr]    Compiling aes v0.8.4
[INFO] [stderr]    Compiling ctr v0.9.2
[INFO] [stderr]    Compiling hkdf v0.11.0
[INFO] [stderr]    Compiling fs_extra v1.3.0
[INFO] [stderr]    Compiling backtrace v0.3.76
[INFO] [stderr]    Compiling failure v0.1.8
[INFO] [stderr]    Compiling futures-macro v0.3.34
[INFO] [stderr]    Compiling regex v1.13.1
[INFO] [stderr]    Compiling futures-util v0.3.34
[INFO] [stderr]    Compiling thiserror-impl v1.0.69
[INFO] [stderr]    Compiling thiserror v1.0.69
[INFO] [stderr]    Compiling tantivy-query-grammar v0.12.0
[INFO] [stderr]    Compiling futures-executor v0.3.34
[INFO] [stderr]    Compiling futures v0.3.34
[INFO] [stderr]    Compiling uuid v1.18.1
[INFO] [stderr]    Compiling rust-stemmers v1.2.0
[INFO] [stderr]    Compiling uuid v0.8.2
[INFO] [stderr]    Compiling r2d2_sqlite v0.24.0
[INFO] [stderr]    Compiling tantivy v0.12.0
[INFO] [stderr]    Compiling seshat v6.0.1 (/opt/rustwide/workdir)
[INFO] [stderr]     Finished `dev` profile [unoptimized + debuginfo] target(s) in 57.21s
[INFO] running `Command { std: "docker" "inspect" "41649ccc27da6d6e98b1c7a82120c2b27196b2744a884ad486481fbc08de6469", kill_on_drop: false }`
[INFO] running `Command { std: "docker" "exec" "-e" "SOURCE_DIR=/opt/rustwide/workdir" "-e" "CARGO_HOME=/opt/rustwide/cargo-home" "-e" "RUSTUP_HOME=/opt/rustwide/rustup-home" "-e" "CARGO_TARGET_DIR=/opt/rustwide/target" "-e" "CARGO_INCREMENTAL=0" "-e" "RUST_BACKTRACE=full" "-e" "RUSTFLAGS=--cap-lints=warn" "-e" "RUSTDOCFLAGS=--cap-lints=warn" "-w" "/opt/rustwide/workdir" "--user" "0:0" "41649ccc27da6d6e98b1c7a82120c2b27196b2744a884ad486481fbc08de6469" "/opt/rustwide/cargo-home/bin/cargo" "+1.99.0-beta.8" "test" "--frozen" "--no-run" "--message-format=json", kill_on_drop: false }`
[INFO] [stderr]    Compiling is-terminal v0.4.17
[INFO] [stderr]    Compiling termcolor v1.4.1
[INFO] [stderr]    Compiling deunicode v1.6.2
[INFO] [stderr]    Compiling fake v2.10.0
[INFO] [stderr]    Compiling env_logger v0.10.2
[INFO] [stderr]    Compiling seshat v6.0.1 (/opt/rustwide/workdir)
[INFO] [stdout] error: linking with `cc` failed: exit status: 1
[INFO] [stdout]   |
[INFO] [stdout]   = note:  "cc" "-m64" "/opt/rustwide/target/debug/deps/rustcPlrCwT/symbols.o" "<6 object files omitted>" "-Wl,--as-needed" "-Wl,-Bstatic" "/opt/rustwide/target/debug/deps/{libenv_logger-4142522bc93592cd,libtermcolor-cbafc8825e041b3d,libis_terminal-6371ae0d3d3202ee,libhumantime-3655dba90411f1bd}.rlib" "<sysroot>/lib/rustlib/x86_64-unknown-linux-gnu/lib/{libtest-*,libgetopts-*,librustc_std_workspace_std-*}.rlib" "/opt/rustwide/target/debug/deps/{libfake-d1439e9bfd8fcefc,libdeunicode-638c5e76498a40ca,libseshat-d1a5e36dfb70968b,libctr-22d8ecec0bbe08e4,liblru_cache-2ad3bbc5c06cfe11,liblinked_hash_map-7d04f0e6cc440adb,libtantivy-ffea1efd010057d7,libhtmlescape-ad2c4b6e7b98740e,libsnap-03a10d87127fb6e4,libbase64-0c3384f7166fe80f,libregex-86ddd004a770f26b,libregex_automata-c5122fe2f9518b02,libaho_corasick-d1ae79b76a6f7869,libregex_syntax-5fd254360f3be2ca,libtantivy_query_grammar-fd5d0498ee14dae5,libcombine-767c8ac61fd6c755,libbytes-5f66263ae3d5daa8,libmurmurhash32-ffe97bb779364e17,libtantivy_fst-8318bbdf04adf0ea,liblevenshtein_automata-14f648ceb4c4d19a,libfst-cdbeb3a6fe82e65f,libutf8_ranges-1b945f0f2a9ee30e,libregex_syntax-6491fa432f8653a8,libbitpacking-e2820d910cb9c7ef,libowning_ref-915c039b0c7fa187,libcrc32fast-6b264a381827aeb8,libtempfile-7f4cc023dbab38be,libgetrandom-6feb49a1110d2dab,libfastrand-bab015aa83fcde07,librustix-ea693d73d42fe773,liblinux_raw_sys-0b6cde911e9a3109,libmemmap-1a23a2495d5a44de,libatomicwrites-f6953c852204e7d5,libnix-c6a9bed18a9a2e54,libvoid-eb7ae209523c4fe2,libtempdir-a0cb9a5115830d77,libremove_dir_all-5156da311761ea29,librand-470e4531f161c992,libnotify-f0be53e8b905bb59,libwalkdir-7cc6f300a6f0bf06,libsame_file-ff49545450c0b63c,libinotify-a6fcc3b0dc2b19bc,libinotify_sys-7ef37f8a01e8ad18,libmio_extras-6b312ffefeeba447,liblazycell-24027d197569389e,libmio-6a99ab5eeff16cc8,libiovec-bcdb9e5056b8fd77,libnet2-faadcdaf12b474c5,libfiletime-a127cf53b44d1b4b,libbitflags-dde12b0d7d495b50,libfs2-b5c5b06c13424d05,libdowncast_rs-9143b3ab1f004153,libfnv-79e2cbfbe03dcd16,librust_stemmers-fb765ce1246650ca,libitertools-c45c096b99ea2bec,libfutures-874d9943c2b62035,libfutures_executor-db2ab170bc1f85a5,libfutures_util-a427e921e651cb05,libfutures_io-2de19dd835d0513d,libslab-0582d648e59ab406,libfutures_channel-2dc41537f4299223,libpin_project_lite-0a15d51c77964692,libfutures_sink-409332721b5d54fd,libfutures_task-06c0578367ad4cff,libfutures_core-7329789085bca638,libfail-7e9c13dacde0d62c,librand-ee74c64175726041,librand_xorshift-418a9b1e1f81bd63,librand_pcg-34f0725ef2d7e49a,librand_hc-8688cccbad657afb,librand_chacha-82a7bf6b1ba3f552,librand_isaac-af745f0be499ac38,librand_core-549cd6fca684880c,librand_os-04352e1d7991b284,librand_jitter-76845f4e37cf3d00,librand_core-c3fef02cc894d5bf,libuuid-82927a96eefdb1cd,libowned_read-9413746f7e8641b2,libstable_deref_trait-8f5d1ea34607785b,libcensus-10133b0f3f8ab67c,libnum_cpus-4f04293a826bf90a,librayon-bdd2d2909649dbe1,librayon_core-7a0f25d355d0e40b,libcrossbeam_deque-5efa23ddfe237181,libcrossbeam_epoch-e96f732a673912e5,libcrossbeam_utils-7ff32d1cfd9997e2,libeither-a0accc955833bfc1,libcrossbeam-371f7d64a027f01c,libcrossbeam_queue-d1e8ad31eb404df5,libcrossbeam_channel-b200ccbf86a46ac8,libcrossbeam_deque-447dd9030db20dce,libcrossbeam_epoch-c3da7b62e2332c76,libmemoffset-c7a2b2be253d689b,libcrossbeam_utils-97e1b58f3c2a252f,libmaybe_uninit-38edb5828e56ba48,libcfg_if-5debf92116708c19,libchrono-784120cdf6b0bcd0,libiana_time_zone-bcd81aefedc374a6,libnum_traits-040817c80e4d7434,libfailure-43c1abeaa260b291,libbacktrace-474ff598f97f5f5f,libminiz_oxide-bfb5ea78b3a5c7a8,libadler2-1712579794513681,libobject-56128f9c88cd9080,libmemchr-a932478bde794617,libaddr2line-f3d67c68df15d143,libgimli-e1b664456e926008,librustc_demangle-4a84bd0d7922f081,libpbkdf2-ef08a5226328f527,libsha2-de0e6584119fbb18,libopaque_debug-90e66d859d53ff28,libblock_buffer-ae2adaeb280d0621,libpassword_hash-b3921ed36f93a0fc,libbase64ct-6dbb23a5d6f5e146,libhkdf-6fec8e0c63776743,libhmac-869dd9641d368af0,libcrypto_mac-51a8d22057cfcc07,libsubtle-e8a5d4b550a2b725,libdigest-b70431083a648aae,libaes-f78aca66fea6bc95,libcpufeatures-e04321643d03190d,libcipher-75f416b0ae1efca7,libinout-8d21a13f43326a23,libcrypto_common-8a9f1b13bd5e50cd,libgeneric_array-745cace30f1ed372,libtypenum-ed2b1c93b2a4333a,libbyteorder-8f59b6d1bfdaa844,librand-43fa9df6e1476509,librand_chacha-a8cd8026c2f99e8a,librand_core-d20af9607fe7e9bd,libgetrandom-39a4c550247d09ec,libthiserror-d72c5301bd44dda5,libserde_json-231f5fd4b0119a05,libryu-1f4f40e4352371e5,libitoa-d6a6fd2f1bda390a,libr2d2_sqlite-49f73d7ff51c3273,librusqlite-102518df177c6a2e,libbitflags-d493ea957e921aab,libfallible_streaming_iterator-4b12442690f53239,libfallible_iterator-6e888fb96d72e3e0,libhashlink-15552015bfa51dbb,libhashbrown-8407651eeec46745,libahash-dee33eeb5bfb67d0,libonce_cell-b5bdc597ed9676b3,liblibsqlite3_sys-27dcdc5abf4d5d49,libr2d2-429e99901a6d371f,libscheduled_thread_pool-dbc8fc4d2636bdbf,libparking_lot-8bf7670d9d9dad70,libparking_lot_core-40c5e6936a528612,libsmallvec-9c1e0f6a5f393f83,liblock_api-16d46fed645f7bff,libscopeguard-7ec2214574194454,liblog-431c2e66b4ed7b91,libfs_extra-c3cf423e9394b5f9,libzeroize-37b2a6e0a2742c6a,libuuid-cf5ecf48e898fed5,librand-07860709029767e7,librand_chacha-aa758776ac45f661,libppv_lite86-22439ba0124f7084,libzerocopy-414819c61bb6394d,librand_core-c83eaed7defe7a9e,libgetrandom-1e62ef079fef2f0f,liblibc-32464e1b8391e223,libcfg_if-83060ec5685761ae,libserde-4d27287ef744b11b,liblazy_static-3674be3f4245d19b}.rlib" "<sysroot>/lib/rustlib/x86_64-unknown-linux-gnu/lib/{libstd-*,libpanic_unwind-*,libobject-*,libmemchr-*,libaddr2line-*,libgimli-*,libcfg_if-*,librustc_demangle-*,libstd_detect-*,libhashbrown-*,librustc_std_workspace_alloc-*,libminiz_oxide-*,libadler2-*,libunwind-*,liblibc-*,librustc_std_workspace_core-*,liballoc-*,libcore-*,libcompiler_builtins-*}.rlib" "-Wl,-Bdynamic" "-lsqlcipher" "-lgcc_s" "-lutil" "-lrt" "-lpthread" "-lm" "-ldl" "-lc" "-L" "/opt/rustwide/target/debug/deps/rustcPlrCwT/raw-dylibs" "-B<sysroot>/lib/rustlib/x86_64-unknown-linux-gnu/bin/gcc-ld" "-fuse-ld=lld" "-Wl,--eh-frame-hdr" "-Wl,-z,noexecstack" "-L" "<sysroot>/lib/rustlib/x86_64-unknown-linux-gnu/lib" "-o" "/opt/rustwide/target/debug/deps/integration_test-96e2e226e877c20a" "-Wl,--gc-sections" "-pie" "-Wl,-z,relro,-z,now" "-nodefaultlibs"
[INFO] [stdout]   = note: some arguments are omitted. use `--verbose` to show all linker arguments
[INFO] [stdout]   = note: rust-lld: error: unable to find library -lsqlcipher
[INFO] [stdout]           collect2: error: ld returned 1 exit status
[INFO] [stdout]           
[INFO] [stdout] 
[INFO] [stdout] 
[INFO] [stderr] error: could not compile `seshat` (test "integration_test") due to 1 previous error
[INFO] [stderr] warning: build failed, waiting for other jobs to finish...
[INFO] [stdout] error: linking with `cc` failed: exit status: 1
[INFO] [stdout]   |
[INFO] [stdout]   = note:  "cc" "-m64" "/opt/rustwide/target/debug/deps/rustcjeolul/symbols.o" "<17 object files omitted>" "-Wl,--as-needed" "-Wl,-Bstatic" "/opt/rustwide/target/debug/deps/libctr-22d8ecec0bbe08e4.rlib" "<sysroot>/lib/rustlib/x86_64-unknown-linux-gnu/lib/{libtest-*,libgetopts-*,librustc_std_workspace_std-*}.rlib" "/opt/rustwide/target/debug/deps/{liblru_cache-2ad3bbc5c06cfe11,liblinked_hash_map-7d04f0e6cc440adb,libtantivy-ffea1efd010057d7,libhtmlescape-ad2c4b6e7b98740e,libsnap-03a10d87127fb6e4,libbase64-0c3384f7166fe80f,libregex-86ddd004a770f26b,libregex_automata-c5122fe2f9518b02,libaho_corasick-d1ae79b76a6f7869,libregex_syntax-5fd254360f3be2ca,libtantivy_query_grammar-fd5d0498ee14dae5,libcombine-767c8ac61fd6c755,libbytes-5f66263ae3d5daa8,libmurmurhash32-ffe97bb779364e17,libtantivy_fst-8318bbdf04adf0ea,liblevenshtein_automata-14f648ceb4c4d19a,libfst-cdbeb3a6fe82e65f,libutf8_ranges-1b945f0f2a9ee30e,libregex_syntax-6491fa432f8653a8,libbitpacking-e2820d910cb9c7ef,libowning_ref-915c039b0c7fa187,libcrc32fast-6b264a381827aeb8,libmemmap-1a23a2495d5a44de,libatomicwrites-f6953c852204e7d5,libnix-c6a9bed18a9a2e54,libvoid-eb7ae209523c4fe2,libtempdir-a0cb9a5115830d77,libremove_dir_all-5156da311761ea29,librand-470e4531f161c992,libnotify-f0be53e8b905bb59,libwalkdir-7cc6f300a6f0bf06,libsame_file-ff49545450c0b63c,libinotify-a6fcc3b0dc2b19bc,libinotify_sys-7ef37f8a01e8ad18,libmio_extras-6b312ffefeeba447,liblazycell-24027d197569389e,libmio-6a99ab5eeff16cc8,libiovec-bcdb9e5056b8fd77,libnet2-faadcdaf12b474c5,libfiletime-a127cf53b44d1b4b,libbitflags-dde12b0d7d495b50,libfs2-b5c5b06c13424d05,libdowncast_rs-9143b3ab1f004153,libfnv-79e2cbfbe03dcd16,librust_stemmers-fb765ce1246650ca,libitertools-c45c096b99ea2bec,libfutures-874d9943c2b62035,libfutures_executor-db2ab170bc1f85a5,libfutures_util-a427e921e651cb05,libfutures_io-2de19dd835d0513d,libslab-0582d648e59ab406,libfutures_channel-2dc41537f4299223,libpin_project_lite-0a15d51c77964692,libfutures_sink-409332721b5d54fd,libfutures_task-06c0578367ad4cff,libfutures_core-7329789085bca638,libfail-7e9c13dacde0d62c,librand-ee74c64175726041,librand_xorshift-418a9b1e1f81bd63,librand_pcg-34f0725ef2d7e49a,librand_hc-8688cccbad657afb,librand_chacha-82a7bf6b1ba3f552,librand_isaac-af745f0be499ac38,librand_core-549cd6fca684880c,librand_os-04352e1d7991b284,librand_jitter-76845f4e37cf3d00,librand_core-c3fef02cc894d5bf,libuuid-82927a96eefdb1cd,libowned_read-9413746f7e8641b2,libstable_deref_trait-8f5d1ea34607785b,libcensus-10133b0f3f8ab67c,libnum_cpus-4f04293a826bf90a,librayon-bdd2d2909649dbe1,librayon_core-7a0f25d355d0e40b,libcrossbeam_deque-5efa23ddfe237181,libcrossbeam_epoch-e96f732a673912e5,libcrossbeam_utils-7ff32d1cfd9997e2,libeither-a0accc955833bfc1,libcrossbeam-371f7d64a027f01c,libcrossbeam_queue-d1e8ad31eb404df5,libcrossbeam_channel-b200ccbf86a46ac8,libcrossbeam_deque-447dd9030db20dce,libcrossbeam_epoch-c3da7b62e2332c76,libmemoffset-c7a2b2be253d689b,libcrossbeam_utils-97e1b58f3c2a252f,libmaybe_uninit-38edb5828e56ba48,libcfg_if-5debf92116708c19,libchrono-784120cdf6b0bcd0,libiana_time_zone-bcd81aefedc374a6,libnum_traits-040817c80e4d7434,libfailure-43c1abeaa260b291,libbacktrace-474ff598f97f5f5f,libminiz_oxide-bfb5ea78b3a5c7a8,libadler2-1712579794513681,libobject-56128f9c88cd9080,libmemchr-a932478bde794617,libaddr2line-f3d67c68df15d143,libgimli-e1b664456e926008,librustc_demangle-4a84bd0d7922f081,libpbkdf2-ef08a5226328f527,libsha2-de0e6584119fbb18,libopaque_debug-90e66d859d53ff28,libblock_buffer-ae2adaeb280d0621,libpassword_hash-b3921ed36f93a0fc,libbase64ct-6dbb23a5d6f5e146,libhkdf-6fec8e0c63776743,libhmac-869dd9641d368af0,libcrypto_mac-51a8d22057cfcc07,libsubtle-e8a5d4b550a2b725,libdigest-b70431083a648aae,libaes-f78aca66fea6bc95,libcpufeatures-e04321643d03190d,libcipher-75f416b0ae1efca7,libinout-8d21a13f43326a23,libcrypto_common-8a9f1b13bd5e50cd,libgeneric_array-745cace30f1ed372,libtypenum-ed2b1c93b2a4333a,libbyteorder-8f59b6d1bfdaa844,libthiserror-d72c5301bd44dda5,libtempfile-7f4cc023dbab38be,libgetrandom-6feb49a1110d2dab,libfastrand-bab015aa83fcde07,librustix-ea693d73d42fe773,liblinux_raw_sys-0b6cde911e9a3109,libfake-d1439e9bfd8fcefc,libdeunicode-638c5e76498a40ca,librand-43fa9df6e1476509,librand_chacha-a8cd8026c2f99e8a,librand_core-d20af9607fe7e9bd,libgetrandom-39a4c550247d09ec,libserde_json-231f5fd4b0119a05,libryu-1f4f40e4352371e5,libitoa-d6a6fd2f1bda390a,libr2d2_sqlite-49f73d7ff51c3273,librusqlite-102518df177c6a2e,libbitflags-d493ea957e921aab,libfallible_streaming_iterator-4b12442690f53239,libfallible_iterator-6e888fb96d72e3e0,libhashlink-15552015bfa51dbb,libhashbrown-8407651eeec46745,libahash-dee33eeb5bfb67d0,libonce_cell-b5bdc597ed9676b3,liblibsqlite3_sys-27dcdc5abf4d5d49,libr2d2-429e99901a6d371f,libscheduled_thread_pool-dbc8fc4d2636bdbf,libparking_lot-8bf7670d9d9dad70,libparking_lot_core-40c5e6936a528612,libsmallvec-9c1e0f6a5f393f83,liblock_api-16d46fed645f7bff,libscopeguard-7ec2214574194454,liblog-431c2e66b4ed7b91,libfs_extra-c3cf423e9394b5f9,libzeroize-37b2a6e0a2742c6a,libuuid-cf5ecf48e898fed5,librand-07860709029767e7,librand_chacha-aa758776ac45f661,libppv_lite86-22439ba0124f7084,libzerocopy-414819c61bb6394d,librand_core-c83eaed7defe7a9e,libgetrandom-1e62ef079fef2f0f,liblibc-32464e1b8391e223,libcfg_if-83060ec5685761ae,libserde-4d27287ef744b11b,liblazy_static-3674be3f4245d19b}.rlib" "<sysroot>/lib/rustlib/x86_64-unknown-linux-gnu/lib/{libstd-*,libpanic_unwind-*,libobject-*,libmemchr-*,libaddr2line-*,libgimli-*,libcfg_if-*,librustc_demangle-*,libstd_detect-*,libhashbrown-*,librustc_std_workspace_alloc-*,libminiz_oxide-*,libadler2-*,libunwind-*,liblibc-*,librustc_std_workspace_core-*,liballoc-*,libcore-*,libcompiler_builtins-*}.rlib" "-Wl,-Bdynamic" "-lsqlcipher" "-lgcc_s" "-lutil" "-lrt" "-lpthread" "-lm" "-ldl" "-lc" "-L" "/opt/rustwide/target/debug/deps/rustcjeolul/raw-dylibs" "-B<sysroot>/lib/rustlib/x86_64-unknown-linux-gnu/bin/gcc-ld" "-fuse-ld=lld" "-Wl,--eh-frame-hdr" "-Wl,-z,noexecstack" "-L" "<sysroot>/lib/rustlib/x86_64-unknown-linux-gnu/lib" "-o" "/opt/rustwide/target/debug/deps/seshat-fe2b7554ae0fa664" "-Wl,--gc-sections" "-pie" "-Wl,-z,relro,-z,now" "-nodefaultlibs"
[INFO] [stdout]   = note: some arguments are omitted. use `--verbose` to show all linker arguments
[INFO] [stdout]   = note: rust-lld: error: unable to find library -lsqlcipher
[INFO] [stdout]           collect2: error: ld returned 1 exit status
[INFO] [stdout]           
[INFO] [stdout] 
[INFO] [stdout] 
[INFO] [stderr] error: could not compile `seshat` (lib test) due to 1 previous error
[INFO] running `Command { std: "docker" "inspect" "41649ccc27da6d6e98b1c7a82120c2b27196b2744a884ad486481fbc08de6469", kill_on_drop: false }`
[INFO] running `Command { std: "docker" "rm" "-f" "41649ccc27da6d6e98b1c7a82120c2b27196b2744a884ad486481fbc08de6469", kill_on_drop: false }`
[INFO] [stdout] 41649ccc27da6d6e98b1c7a82120c2b27196b2744a884ad486481fbc08de6469
