[INFO] fetching crate serverust-auth 0.5.0...
[INFO] testing serverust-auth-0.5.0 against 1.99.0-beta.8 for beta-1.100-2
[INFO] extracting crate serverust-auth 0.5.0 into /workspace/builds/worker-6-tc1/source
[INFO] started tweaking crates.io crate serverust-auth 0.5.0
[INFO] removed 0 missing tests
[INFO] finished tweaking crates.io crate serverust-auth 0.5.0
[INFO] tweaked toml for crates.io crate serverust-auth 0.5.0 written to /workspace/builds/worker-6-tc1/source/Cargo.toml
[INFO] validating manifest of crates.io crate serverust-auth 0.5.0 on toolchain 1.99.0-beta.8
[INFO] running `Command { std: CARGO_HOME="/workspace/cargo-home" RUSTUP_HOME="/workspace/rustup-home" "/workspace/cargo-home/bin/cargo" "+1.99.0-beta.8" "metadata" "--manifest-path" "Cargo.toml" "--no-deps", kill_on_drop: false }`
[INFO] crate crates.io crate serverust-auth 0.5.0 already has a lockfile, it will not be regenerated
[INFO] running `Command { std: CARGO_HOME="/workspace/cargo-home" RUSTUP_HOME="/workspace/rustup-home" "/workspace/cargo-home/bin/cargo" "+1.99.0-beta.8" "fetch" "--manifest-path" "Cargo.toml", kill_on_drop: false }`
[INFO] [stderr]     Blocking waiting for file lock on package cache
[INFO] [stderr]     Updating crates.io index
[INFO] [stderr]     Blocking waiting for file lock on package cache
[INFO] [stderr]  Downloading crates ...
[INFO] [stderr]   Downloaded quote v1.0.47
[INFO] [stderr]   Downloaded sync_wrapper v1.0.2
[INFO] [stderr]   Downloaded unicode-ident v1.0.26
[INFO] [stderr]   Downloaded serde_spanned v0.6.9
[INFO] [stderr]   Downloaded utoipa v5.5.0
[INFO] [stderr]   Downloaded zerocopy-derive v0.8.59
[INFO] [stderr]   Downloaded proc-macro2-diagnostics v0.10.1
[INFO] [stderr]   Downloaded num-iter v0.1.46
[INFO] [stderr]   Downloaded lazy_static v1.5.0
[INFO] [stderr]   Downloaded indexmap v2.14.2
[INFO] [stderr]   Downloaded proc-macro-error-attr3 v3.1.1
[INFO] [stderr]   Downloaded darling_macro v0.23.0
[INFO] [stderr]   Downloaded zerofrom-derive v0.1.8
[INFO] [stderr]   Downloaded utf8_iter v1.0.4
[INFO] [stderr]   Downloaded zerofrom v0.1.8
[INFO] [stderr]   Downloaded zerovec-derive v0.11.6
[INFO] [stderr]   Downloaded synstructure v0.14.0
[INFO] [stderr]   Downloaded curve25519-dalek-derive v0.1.1
[INFO] [stderr]   Downloaded lru-slab v0.1.3
[INFO] [stderr]   Downloaded atomic v0.6.1
[INFO] [stderr]   Downloaded rand_pcg v0.10.2
[INFO] [stderr]   Downloaded windows-targets v0.52.6
[INFO] [stderr]   Downloaded ff v0.13.1
[INFO] [stderr]   Downloaded ed25519 v2.2.3
[INFO] [stderr]   Downloaded inlinable_string v0.1.15
[INFO] [stderr]   Downloaded yoke-derive v0.8.3
[INFO] [stderr]   Downloaded futures-core v0.3.34
[INFO] [stderr]   Downloaded futures-task v0.3.34
[INFO] [stderr]   Downloaded validator_derive v0.20.1
[INFO] [stderr]   Downloaded potential_utf v0.1.6
[INFO] [stderr]   Downloaded spin v0.9.9
[INFO] [stderr]   Downloaded tower-service v0.3.3
[INFO] [stderr]   Downloaded validator v0.20.0
[INFO] [stderr]   Downloaded yoke v0.8.3
[INFO] [stderr]   Downloaded cfg-if v1.0.5
[INFO] [stderr]   Downloaded pear_codegen v0.2.9
[INFO] [stderr]   Downloaded httparse v1.10.1
[INFO] [stderr]   Downloaded axum-core v0.5.6
[INFO] [stderr]   Downloaded web-time v1.1.0
[INFO] [stderr]   Downloaded subtle v2.6.1
[INFO] [stderr]   Downloaded thiserror v2.0.21
[INFO] [stderr]   Downloaded chacha20 v0.10.2
[INFO] [stderr]   Downloaded equivalent v1.0.2
[INFO] [stderr]   Downloaded tower-layer v0.3.3
[INFO] [stderr]   Downloaded tokio-macros v2.7.2
[INFO] [stderr]   Downloaded strsim v0.11.1
[INFO] [stderr]   Downloaded percent-encoding v2.3.2
[INFO] [stderr]   Downloaded idna_adapter v1.2.2
[INFO] [stderr]   Downloaded wasm-bindgen-shared v0.2.129
[INFO] [stderr]   Downloaded wasm-bindgen-macro v0.2.129
[INFO] [stderr]   Downloaded version_check v0.9.5
[INFO] [stderr]   Downloaded uncased v0.9.10
[INFO] [stderr]   Downloaded toml_datetime v0.6.11
[INFO] [stderr]   Downloaded powerfmt v0.2.0
[INFO] [stderr]   Downloaded mime v0.3.17
[INFO] [stderr]   Downloaded num-conv v0.2.2
[INFO] [stderr]   Downloaded want v0.3.1
[INFO] [stderr]   Downloaded http-body v1.1.0
[INFO] [stderr]   Downloaded untrusted v0.9.0
[INFO] [stderr]   Downloaded cfg_aliases v0.2.2
[INFO] [stderr]   Downloaded base16ct v0.2.0
[INFO] [stderr]   Downloaded ryu v1.0.23
[INFO] [stderr]   Downloaded httpdate v1.0.3
[INFO] [stderr]   Downloaded zeroize_derive v1.5.0
[INFO] [stderr]   Downloaded wasm-bindgen-futures v0.4.79
[INFO] [stderr]   Downloaded time-core v0.1.9
[INFO] [stderr]   Downloaded cpufeatures v0.2.17
[INFO] [stderr]   Downloaded elliptic-curve v0.13.8
[INFO] [stderr]   Downloaded rfc6979 v0.4.0
[INFO] [stderr]   Downloaded p256 v0.13.2
[INFO] [stderr]   Downloaded stable_deref_trait v1.2.1
[INFO] [stderr]   Downloaded cpufeatures v0.3.1
[INFO] [stderr]   Downloaded utoipa-gen v5.5.0
[INFO] [stderr]   Downloaded itoa v1.0.18
[INFO] [stderr]   Downloaded wasi v0.11.1+wasi-snapshot-preview1
[INFO] [stderr]   Downloaded thiserror v1.0.69
[INFO] [stderr]   Downloaded thiserror-impl v1.0.69
[INFO] [stderr]   Downloaded smallvec v1.16.2
[INFO] [stderr]   Downloaded displaydoc v0.2.7
[INFO] [stderr]   Downloaded form_urlencoded v1.2.2
[INFO] [stderr]   Downloaded rustversion v1.0.23
[INFO] [stderr]   Downloaded rand_core v0.10.1
[INFO] [stderr]   Downloaded toml v0.8.23
[INFO] [stderr]   Downloaded toml_edit v0.22.27
[INFO] [stderr]   Downloaded pear v0.2.9
[INFO] [stderr]   Downloaded bytemuck v1.25.2
[INFO] [stderr]   Downloaded try-lock v0.2.5
[INFO] [stderr]   Downloaded atomic-waker v1.1.2
[INFO] [stderr]   Downloaded zeroize v1.9.0
[INFO] [stderr]   Downloaded tokio-rustls v0.26.5
[INFO] [stderr]   Downloaded find-msvc-tools v0.1.14
[INFO] [stderr]   Downloaded thiserror-impl v2.0.21
[INFO] [stderr]   Downloaded rustc-hash v2.1.3
[INFO] [stderr]   Downloaded hyper-rustls v0.27.10
[INFO] [stderr]   Downloaded autocfg v1.5.1
[INFO] [stderr]   Downloaded rand_core v0.6.4
[INFO] [stderr]   Downloaded generic-array v0.14.9
[INFO] [stderr]   Downloaded rustc_version v0.4.1
[INFO] [stderr]   Downloaded zmij v1.0.23
[INFO] [stderr]   Downloaded once_cell v1.21.4
[INFO] [stderr]   Downloaded pin-project-lite v0.2.17
[INFO] [stderr]   Downloaded bytes v1.12.1
[INFO] [stderr]   Downloaded slab v0.4.12
[INFO] [stderr]   Downloaded serverust-core v0.5.0
[INFO] [stderr]   Downloaded proc-macro-error3 v3.1.1
[INFO] [stderr]   Downloaded darling v0.23.0
[INFO] [stderr]   Downloaded tinystr v0.8.4
[INFO] [stderr]   Downloaded litemap v0.8.3
[INFO] [stderr]   Downloaded icu_normalizer_data v2.3.0
[INFO] [stderr]   Downloaded uuid v1.26.1
[INFO] [stderr]   Downloaded getrandom v0.4.3
[INFO] [stderr]   Downloaded r-efi v6.0.0
[INFO] [stderr]   Downloaded toml_write v0.1.2
[INFO] [stderr]   Downloaded serde_path_to_error v0.1.20
[INFO] [stderr]   Downloaded futures-sink v0.3.34
[INFO] [stderr]   Downloaded jsonwebtoken v11.1.0
[INFO] [stderr]   Downloaded signature v2.2.0
[INFO] [stderr]   Downloaded block-buffer v0.10.4
[INFO] [stderr]   Downloaded primeorder v0.13.6
[INFO] [stderr]   Downloaded sec1 v0.7.3
[INFO] [stderr]   Downloaded group v0.13.0
[INFO] [stderr]   Downloaded ecdsa v0.16.9
[INFO] [stderr]   Downloaded serde_core v1.0.229
[INFO] [stderr]   Downloaded serde_derive v1.0.229
[INFO] [stderr]   Downloaded tracing-core v0.1.36
[INFO] [stderr]   Downloaded log v0.4.34
[INFO] [stderr]   Downloaded socket2 v0.6.5
[INFO] [stderr]   Downloaded matchit v0.8.4
[INFO] [stderr]   Downloaded http-body-util v0.1.5
[INFO] [stderr]   Downloaded quinn-udp v0.5.15
[INFO] [stderr]   Downloaded base64ct v1.8.3
[INFO] [stderr]   Downloaded pem v3.0.6
[INFO] [stderr]   Downloaded proc-macro2 v1.0.107
[INFO] [stderr]   Downloaded icu_provider v2.3.1
[INFO] [stderr]   Downloaded ipnet v2.12.2
[INFO] [stderr]   Downloaded simple_asn1 v0.6.4
[INFO] [stderr]   Downloaded time-macros v0.2.32
[INFO] [stderr]   Downloaded num-integer v0.1.47
[INFO] [stderr]   Downloaded crypto-common v0.1.6
[INFO] [stderr]   Downloaded pem-rfc7468 v0.7.0
[INFO] [stderr]   Downloaded semver v1.0.28
[INFO] [stderr]   Downloaded darling_core v0.23.0
[INFO] [stderr]   Downloaded writeable v0.6.4
[INFO] [stderr]   Downloaded wasm-bindgen v0.2.129
[INFO] [stderr]   Downloaded figment v0.10.19
[INFO] [stderr]   Downloaded yansi v1.0.1
[INFO] [stderr]   Downloaded futures-channel v0.3.34
[INFO] [stderr]   Downloaded rustls-pki-types v1.15.1
[INFO] [stderr]   Downloaded bitflags v2.13.2
[INFO] [stderr]   Downloaded getrandom v0.2.17
[INFO] [stderr]   Downloaded rand v0.10.3
[INFO] [stderr]   Downloaded deranged v0.5.8
[INFO] [stderr]   Downloaded digest v0.10.7
[INFO] [stderr]   Downloaded sha2 v0.10.9
[INFO] [stderr]   Downloaded pkcs1 v0.7.5
[INFO] [stderr]   Downloaded crypto-bigint v0.5.5
[INFO] [stderr]   Downloaded serde v1.0.229
[INFO] [stderr]   Downloaded url v2.5.8
[INFO] [stderr]   Downloaded zerotrie v0.2.5
[INFO] [stderr]   Downloaded icu_locale_core v2.3.0
[INFO] [stderr]   Downloaded icu_collections v2.3.0
[INFO] [stderr]   Downloaded http v1.5.0
[INFO] [stderr]   Downloaded const-oid v0.9.6
[INFO] [stderr]   Downloaded pkcs8 v0.10.2
[INFO] [stderr]   Downloaded tower v0.5.3
[INFO] [stderr]   Downloaded mio v1.2.3
[INFO] [stderr]   Downloaded icu_properties v2.3.0
[INFO] [stderr]   Downloaded bumpalo v3.20.3
[INFO] [stderr]   Downloaded js-sys v0.3.106
[INFO] [stderr]   Downloaded base64 v0.23.1
[INFO] [stderr]   Downloaded tinyvec v1.13.3
[INFO] [stderr]   Downloaded base64 v0.22.1
[INFO] [stderr]   Downloaded num-traits v0.2.19
[INFO] [stderr]   Downloaded zerovec v0.11.8
[INFO] [stderr]   Downloaded icu_properties_data v2.3.0
[INFO] [stderr]   Downloaded wasm-bindgen-macro-support v0.2.129
[INFO] [stderr]   Downloaded idna v1.1.0
[INFO] [stderr]   Downloaded rand_chacha v0.3.1
[INFO] [stderr]   Downloaded serde_json v1.0.151
[INFO] [stderr]   Downloaded hashbrown v0.17.1
[INFO] [stderr]   Downloaded num-bigint v0.4.8
[INFO] [stderr]   Downloaded ppv-lite86 v0.2.21
[INFO] [stderr]   Downloaded syn v2.0.119
[INFO] [stderr]   Downloaded futures-util v0.3.34
[INFO] [stderr]   Downloaded winnow v0.7.15
[INFO] [stderr]   Downloaded libm v0.2.16
[INFO] [stderr]   Downloaded rustls-webpki v0.103.15
[INFO] [stderr]   Downloaded spki v0.7.3
[INFO] [stderr]   Downloaded num-bigint-dig v0.8.6
[INFO] [stderr]   Downloaded syn v3.0.6
[INFO] [stderr]   Downloaded rsa v0.9.10
[INFO] [stderr]   Downloaded ed25519-dalek v2.2.0
[INFO] [stderr]   Downloaded cc v1.5.1
[INFO] [stderr]   Downloaded quinn v0.11.12
[INFO] [stderr]   Downloaded der v0.7.10
[INFO] [stderr]   Downloaded axum v0.8.9
[INFO] [stderr]   Downloaded tokio-util v0.7.19
[INFO] [stderr]   Downloaded typenum v1.20.1
[INFO] [stderr]   Downloaded rand v0.8.8
[INFO] [stderr]   Downloaded hyper-util v0.1.21
[INFO] [stderr]   Downloaded hkdf v0.12.4
[INFO] [stderr]   Downloaded h2 v0.4.19
[INFO] [stderr]   Downloaded reqwest v0.12.28
[INFO] [stderr]   Downloaded tower-http v0.6.11
[INFO] [stderr]   Downloaded hyper v1.11.1
[INFO] [stderr]   Downloaded p384 v0.13.1
[INFO] [stderr]   Downloaded webpki-roots v1.0.9
[INFO] [stderr]   Downloaded zerocopy v0.8.59
[INFO] [stderr]   Downloaded quinn-proto v0.11.18
[INFO] [stderr]   Downloaded tracing v0.1.44
[INFO] [stderr]   Downloaded icu_normalizer v2.3.0
[INFO] [stderr]   Downloaded time v0.3.55
[INFO] [stderr]   Downloaded curve25519-dalek v4.1.3
[INFO] [stderr]   Downloaded rustls v0.23.45
[INFO] [stderr]   Downloaded windows_x86_64_gnullvm v0.52.6
[INFO] [stderr]   Downloaded windows_aarch64_gnullvm v0.52.6
[INFO] [stderr]   Downloaded fiat-crypto v0.2.9
[INFO] [stderr]   Downloaded windows_i686_gnullvm v0.52.6
[INFO] [stderr]   Downloaded tokio v1.53.1
[INFO] [stderr]   Downloaded web-sys v0.3.106
[INFO] [stderr]   Downloaded windows_i686_gnu v0.52.6
[INFO] [stderr]   Downloaded windows_aarch64_msvc v0.52.6
[INFO] [stderr]   Downloaded windows_x86_64_msvc v0.52.6
[INFO] [stderr]   Downloaded windows_x86_64_gnu v0.52.6
[INFO] [stderr]   Downloaded windows_i686_msvc v0.52.6
[INFO] [stderr]   Downloaded ring v0.17.14
[INFO] [stderr]   Downloaded windows-sys v0.61.2
[INFO] [stderr]   Downloaded windows-sys v0.52.0
[INFO] running `Command { std: "docker" "create" "-v" "/var/lib/crater-agent-workspace/builds/worker-6-tc1/source:/opt/rustwide/workdir:ro,Z" "-v" "/var/lib/crater-agent-workspace/builds/worker-6-tc1/target:/opt/rustwide/target:rw,Z" "-v" "/var/lib/crater-agent-workspace/cargo-home:/opt/rustwide/cargo-home:ro,Z" "-v" "/var/lib/crater-agent-workspace/rustup-home:/opt/rustwide/rustup-home:ro,Z" "-m" "1610612736" "--network" "none" "ghcr.io/rust-lang/crates-build-env/linux@sha256:3111399a4047eeb3a02b7a90e478d715f38a8c6669b5c4b49d30a17385265909" "sleep" "infinity", kill_on_drop: false }`
[INFO] [stdout] c95ac97261895518294a0bbba8d344aecfb15acd1179abea70a6191e608ea152
[INFO] running `Command { std: "docker" "start" "c95ac97261895518294a0bbba8d344aecfb15acd1179abea70a6191e608ea152", kill_on_drop: false }`
[INFO] running `Command { std: "docker" "inspect" "c95ac97261895518294a0bbba8d344aecfb15acd1179abea70a6191e608ea152", kill_on_drop: false }`
[INFO] running `Command { std: "docker" "exec" "-e" "SOURCE_DIR=/opt/rustwide/workdir" "-e" "CARGO_HOME=/opt/rustwide/cargo-home" "-e" "RUSTUP_HOME=/opt/rustwide/rustup-home" "-e" "CARGO_TARGET_DIR=/opt/rustwide/target" "-w" "/opt/rustwide/workdir" "--user" "0:0" "c95ac97261895518294a0bbba8d344aecfb15acd1179abea70a6191e608ea152" "/opt/rustwide/cargo-home/bin/cargo" "+1.99.0-beta.8" "metadata" "--no-deps" "--format-version=1", kill_on_drop: false }`
[INFO] running `Command { std: "docker" "inspect" "c95ac97261895518294a0bbba8d344aecfb15acd1179abea70a6191e608ea152", kill_on_drop: false }`
[INFO] running `Command { std: "docker" "exec" "-e" "SOURCE_DIR=/opt/rustwide/workdir" "-e" "CARGO_HOME=/opt/rustwide/cargo-home" "-e" "RUSTUP_HOME=/opt/rustwide/rustup-home" "-e" "CARGO_TARGET_DIR=/opt/rustwide/target" "-e" "CARGO_INCREMENTAL=0" "-e" "RUST_BACKTRACE=full" "-e" "RUSTFLAGS=--cap-lints=warn" "-e" "RUSTDOCFLAGS=--cap-lints=warn" "-w" "/opt/rustwide/workdir" "--user" "0:0" "c95ac97261895518294a0bbba8d344aecfb15acd1179abea70a6191e608ea152" "/opt/rustwide/cargo-home/bin/cargo" "+1.99.0-beta.8" "build" "--frozen" "--message-format=json", kill_on_drop: false }`
[INFO] [stderr]    Compiling proc-macro2 v1.0.107
[INFO] [stderr]    Compiling quote v1.0.47
[INFO] [stderr]    Compiling unicode-ident v1.0.26
[INFO] [stderr]    Compiling version_check v0.9.5
[INFO] [stderr]    Compiling libc v0.2.189
[INFO] [stderr]    Compiling cfg-if v1.0.5
[INFO] [stderr]    Compiling typenum v1.20.1
[INFO] [stderr]    Compiling const-oid v0.9.6
[INFO] [stderr]    Compiling subtle v2.6.1
[INFO] [stderr]    Compiling serde_core v1.0.229
[INFO] [stderr]    Compiling base64ct v1.8.3
[INFO] [stderr]    Compiling stable_deref_trait v1.2.1
[INFO] [stderr]    Compiling itoa v1.0.18
[INFO] [stderr]    Compiling generic-array v0.14.9
[INFO] [stderr]    Compiling serde v1.0.229
[INFO] [stderr]    Compiling pem-rfc7468 v0.7.0
[INFO] [stderr]    Compiling smallvec v1.16.2
[INFO] [stderr]    Compiling pin-project-lite v0.2.17
[INFO] [stderr]    Compiling autocfg v1.5.1
[INFO] [stderr]    Compiling libm v0.2.16
[INFO] [stderr]    Compiling writeable v0.6.4
[INFO] [stderr]    Compiling futures-core v0.3.34
[INFO] [stderr]    Compiling litemap v0.8.3
[INFO] [stderr]    Compiling num-traits v0.2.19
[INFO] [stderr]    Compiling syn v2.0.119
[INFO] [stderr]    Compiling syn v3.0.6
[INFO] [stderr]    Compiling icu_normalizer_data v2.3.0
[INFO] [stderr]    Compiling utf8_iter v1.0.4
[INFO] [stderr]    Compiling icu_properties_data v2.3.0
[INFO] [stderr]    Compiling zerocopy v0.8.59
[INFO] [stderr]    Compiling getrandom v0.2.17
[INFO] [stderr]    Compiling bytes v1.12.1
[INFO] [stderr]    Compiling zmij v1.0.23
[INFO] [stderr]    Compiling rand_core v0.6.4
[INFO] [stderr]    Compiling once_cell v1.21.4
[INFO] [stderr]    Compiling base16ct v0.2.0
[INFO] [stderr]    Compiling ff v0.13.1
[INFO] [stderr]    Compiling serde_json v1.0.151
[INFO] [stderr]    Compiling group v0.13.0
[INFO] [stderr]    Compiling http v1.5.0
[INFO] [stderr]    Compiling http-body v1.1.0
[INFO] [stderr]    Compiling socket2 v0.6.5
[INFO] [stderr]    Compiling mio v1.2.3
[INFO] [stderr]    Compiling num-integer v0.1.47
[INFO] [stderr]    Compiling proc-macro2-diagnostics v0.10.1
[INFO] [stderr]    Compiling memchr v2.8.3
[INFO] [stderr]    Compiling strsim v0.11.1
[INFO] [stderr]    Compiling ident_case v1.0.1
[INFO] [stderr]    Compiling semver v1.0.28
[INFO] [stderr]    Compiling percent-encoding v2.3.2
[INFO] [stderr]    Compiling cpufeatures v0.2.17
[INFO] [stderr]    Compiling equivalent v1.0.2
[INFO] [stderr]    Compiling hashbrown v0.17.1
[INFO] [stderr]    Compiling httparse v1.10.1
[INFO] [stderr]    Compiling form_urlencoded v1.2.2
[INFO] [stderr]    Compiling rustc_version v0.4.1
[INFO] [stderr]    Compiling tracing-core v0.1.36
[INFO] [stderr]    Compiling tower-service v0.3.3
[INFO] [stderr]    Compiling log v0.4.34
[INFO] [stderr]    Compiling yansi v1.0.1
[INFO] [stderr]    Compiling curve25519-dalek v4.1.3
[INFO] [stderr]    Compiling indexmap v2.14.2
[INFO] [stderr]    Compiling tracing v0.1.44
[INFO] [stderr]    Compiling proc-macro-error-attr3 v3.1.1
[INFO] [stderr]    Compiling futures-channel v0.3.34
[INFO] [stderr]    Compiling uncased v0.9.10
[INFO] [stderr]    Compiling spin v0.9.9
[INFO] [stderr]    Compiling thiserror v2.0.21
[INFO] [stderr]    Compiling winnow v0.7.15
[INFO] [stderr]    Compiling getrandom v0.4.3
[INFO] [stderr]    Compiling atomic-waker v1.1.2
[INFO] [stderr]    Compiling tower-layer v0.3.3
[INFO] [stderr]    Compiling sync_wrapper v1.0.2
[INFO] [stderr]    Compiling toml_write v0.1.2
[INFO] [stderr]    Compiling regex-syntax v0.8.11
[INFO] [stderr]    Compiling slab v0.4.12
[INFO] [stderr]    Compiling time-core v0.1.9
[INFO] [stderr]    Compiling futures-task v0.3.34
[INFO] [stderr]    Compiling httpdate v1.0.3
[INFO] [stderr]    Compiling num-bigint-dig v0.8.6
[INFO] [stderr]    Compiling num-conv v0.2.2
[INFO] [stderr]    Compiling time-macros v0.2.32
[INFO] [stderr]    Compiling futures-util v0.3.34
[INFO] [stderr]    Compiling lazy_static v1.5.0
[INFO] [stderr]    Compiling num-iter v0.1.46
[INFO] [stderr]    Compiling http-body-util v0.1.5
[INFO] [stderr]    Compiling figment v0.10.19
[INFO] [stderr]    Compiling darling_core v0.23.0
[INFO] [stderr]    Compiling synstructure v0.14.0
[INFO] [stderr]    Compiling ppv-lite86 v0.2.21
[INFO] [stderr]    Compiling regex-automata v0.4.18
[INFO] [stderr]    Compiling proc-macro-error3 v3.1.1
[INFO] [stderr]    Compiling rand_chacha v0.3.1
[INFO] [stderr]    Compiling inlinable_string v0.1.15
[INFO] [stderr]    Compiling rand v0.8.8
[INFO] [stderr]    Compiling zeroize_derive v1.5.0
[INFO] [stderr]    Compiling pear_codegen v0.2.9
[INFO] [stderr]    Compiling curve25519-dalek-derive v0.1.1
[INFO] [stderr]    Compiling ryu v1.0.23
[INFO] [stderr]    Compiling zerofrom-derive v0.1.8
[INFO] [stderr]    Compiling yoke-derive v0.8.3
[INFO] [stderr]    Compiling zerovec-derive v0.11.6
[INFO] [stderr]    Compiling zeroize v1.9.0
[INFO] [stderr]    Compiling der v0.7.10
[INFO] [stderr]    Compiling serde_derive v1.0.229
[INFO] [stderr]    Compiling block-buffer v0.10.4
[INFO] [stderr]    Compiling crypto-common v0.1.6
[INFO] [stderr]    Compiling displaydoc v0.2.7
[INFO] [stderr]    Compiling digest v0.10.7
[INFO] [stderr]    Compiling crypto-bigint v0.5.5
[INFO] [stderr]    Compiling zerofrom v0.1.8
[INFO] [stderr]    Compiling yoke v0.8.3
[INFO] [stderr]    Compiling hmac v0.12.1
[INFO] [stderr]    Compiling signature v2.2.0
[INFO] [stderr]    Compiling zerovec v0.11.8
[INFO] [stderr]    Compiling hkdf v0.12.4
[INFO] [stderr]    Compiling tokio-macros v2.7.2
[INFO] [stderr]    Compiling rfc6979 v0.4.0
[INFO] [stderr]    Compiling sha2 v0.10.9
[INFO] [stderr]    Compiling spki v0.7.3
[INFO] [stderr]    Compiling pkcs8 v0.10.2
[INFO] [stderr]    Compiling zerotrie v0.2.5
[INFO] [stderr]    Compiling sec1 v0.7.3
[INFO] [stderr]    Compiling tokio v1.53.1
[INFO] [stderr]    Compiling tinystr v0.8.4
[INFO] [stderr]    Compiling potential_utf v0.1.6
[INFO] [stderr]    Compiling darling_macro v0.23.0
[INFO] [stderr]    Compiling icu_locale_core v2.3.0
[INFO] [stderr]    Compiling icu_collections v2.3.0
[INFO] [stderr]    Compiling thiserror-impl v2.0.21
[INFO] [stderr]    Compiling darling v0.23.0
[INFO] [stderr]    Compiling deranged v0.5.8
[INFO] [stderr]    Compiling powerfmt v0.2.0
[INFO] [stderr]    Compiling elliptic-curve v0.13.8
[INFO] [stderr]    Compiling mime v0.3.17
[INFO] [stderr]    Compiling validator_derive v0.20.1
[INFO] [stderr]    Compiling axum-core v0.5.6
[INFO] [stderr]    Compiling primeorder v0.13.6
[INFO] [stderr]    Compiling icu_provider v2.3.1
[INFO] [stderr]    Compiling ecdsa v0.16.9
[INFO] [stderr]    Compiling icu_normalizer v2.3.0
[INFO] [stderr]    Compiling icu_properties v2.3.0
[INFO] [stderr]    Compiling time v0.3.55
[INFO] [stderr]    Compiling ed25519 v2.2.3
[INFO] [stderr]    Compiling pkcs1 v0.7.5
[INFO] [stderr]    Compiling regex v1.13.1
[INFO] [stderr]    Compiling toml_datetime v0.6.11
[INFO] [stderr]    Compiling serde_spanned v0.6.9
[INFO] [stderr]    Compiling toml_edit v0.22.27
[INFO] [stderr]    Compiling serde_urlencoded v0.7.1
[INFO] [stderr]    Compiling pear v0.2.9
[INFO] [stderr]    Compiling idna_adapter v1.2.2
[INFO] [stderr]    Compiling idna v1.1.0
[INFO] [stderr]    Compiling utoipa-gen v5.5.0
[INFO] [stderr]    Compiling hyper v1.11.1
[INFO] [stderr]    Compiling tower v0.5.3
[INFO] [stderr]    Compiling url v2.5.8
[INFO] [stderr]    Compiling serde_path_to_error v0.1.20
[INFO] [stderr]    Compiling num-bigint v0.4.8
[INFO] [stderr]    Compiling thiserror v1.0.69
[INFO] [stderr]    Compiling hyper-util v0.1.21
[INFO] [stderr]    Compiling matchit v0.8.4
[INFO] [stderr]    Compiling toml v0.8.23
[INFO] [stderr]    Compiling base64 v0.22.1
[INFO] [stderr]    Compiling pem v3.0.6
[INFO] [stderr]    Compiling axum v0.8.9
[INFO] [stderr]    Compiling validator v0.20.0
[INFO] [stderr]    Compiling uuid v1.26.1
[INFO] [stderr]    Compiling rsa v0.9.10
[INFO] [stderr]    Compiling simple_asn1 v0.6.4
[INFO] [stderr]    Compiling ed25519-dalek v2.2.0
[INFO] [stderr]    Compiling p384 v0.13.1
[INFO] [stderr]    Compiling p256 v0.13.2
[INFO] [stderr]    Compiling thiserror-impl v1.0.69
[INFO] [stderr]    Compiling jsonwebtoken v11.1.0
[INFO] [stderr]    Compiling utoipa v5.5.0
[INFO] [stderr]    Compiling serverust-core v0.5.0
[INFO] [stderr]    Compiling serverust-auth v0.5.0 (/opt/rustwide/workdir)
[INFO] [stderr]     Finished `dev` profile [unoptimized + debuginfo] target(s) in 2m 13s
[INFO] running `Command { std: "docker" "inspect" "c95ac97261895518294a0bbba8d344aecfb15acd1179abea70a6191e608ea152", kill_on_drop: false }`
[INFO] running `Command { std: "docker" "exec" "-e" "SOURCE_DIR=/opt/rustwide/workdir" "-e" "CARGO_HOME=/opt/rustwide/cargo-home" "-e" "RUSTUP_HOME=/opt/rustwide/rustup-home" "-e" "CARGO_TARGET_DIR=/opt/rustwide/target" "-e" "CARGO_INCREMENTAL=0" "-e" "RUST_BACKTRACE=full" "-e" "RUSTFLAGS=--cap-lints=warn" "-e" "RUSTDOCFLAGS=--cap-lints=warn" "-w" "/opt/rustwide/workdir" "--user" "0:0" "c95ac97261895518294a0bbba8d344aecfb15acd1179abea70a6191e608ea152" "/opt/rustwide/cargo-home/bin/cargo" "+1.99.0-beta.8" "test" "--frozen" "--no-run" "--message-format=json", kill_on_drop: false }`
[INFO] [stderr]    Compiling serverust-auth v0.5.0 (/opt/rustwide/workdir)
[INFO] [stdout] error[E0432]: unresolved import `serverust_macros`
[INFO] [stdout]   --> tests/default_deny_end_to_end.rs:20:5
[INFO] [stdout]    |
[INFO] [stdout] 20 | use serverust_macros::{authorize, get as get_route, public};
[INFO] [stdout]    |     ^^^^^^^^^^^^^^^^ use of unresolved module or unlinked crate `serverust_macros`
[INFO] [stdout]    |
[INFO] [stdout] help: there is a crate or module with a similar name
[INFO] [stdout]    |
[INFO] [stdout] 20 - use serverust_macros::{authorize, get as get_route, public};
[INFO] [stdout] 20 + use serverust_core::{authorize, get as get_route, public};
[INFO] [stdout]    |
[INFO] [stdout] 
[INFO] [stdout] 
[INFO] [stdout] error[E0432]: unresolved import `serverust_macros`
[INFO] [stdout]   --> tests/app_integration.rs:13:5
[INFO] [stdout]    |
[INFO] [stdout] 13 | use serverust_macros::get;
[INFO] [stdout]    |     ^^^^^^^^^^^^^^^^ use of unresolved module or unlinked crate `serverust_macros`
[INFO] [stdout]    |
[INFO] [stdout] help: there is a crate or module with a similar name
[INFO] [stdout]    |
[INFO] [stdout] 13 - use serverust_macros::get;
[INFO] [stdout] 13 + use serverust_core::get;
[INFO] [stdout]    |
[INFO] [stdout] 
[INFO] [stdout] 
[INFO] [stdout] error[E0277]: the trait bound `fn(Auth<StandardClaims>) -> impl Future<Output = axum::Json<Value>> {me}: IntoRoute` is not satisfied
[INFO] [stdout]    --> tests/app_integration.rs:47:16
[INFO] [stdout]     |
[INFO] [stdout]  47 |         .route(me)
[INFO] [stdout]     |          ----- ^^ the trait `IntoRoute` is not implemented for fn item `fn(Auth<StandardClaims>) -> impl Future<Output = axum::Json<Value>> {me}`
[INFO] [stdout]     |          |
[INFO] [stdout]     |          required by a bound introduced by this call
[INFO] [stdout]     |
[INFO] [stdout] help: the trait `IntoRoute` is implemented for `AnonimaPublica`
[INFO] [stdout]    --> tests/app_integration.rs:30:1
[INFO] [stdout]     |
[INFO] [stdout]  30 | impl serverust_core::IntoRoute for AnonimaPublica {
[INFO] [stdout]     | ^^^^^^^^^^^^^^^^^^^^^^^^^^^^^^^^^^^^^^^^^^^^^^^^^
[INFO] [stdout] note: required by a bound in `App::route`
[INFO] [stdout]    --> /opt/rustwide/cargo-home/registry/src/index.crates.io-1949cf8c6b5b557f/serverust-core-0.5.0/src/app.rs:274:21
[INFO] [stdout]     |
[INFO] [stdout] 274 |     pub fn route<R: IntoRoute>(mut self, handler: R) -> Self {
[INFO] [stdout]     |                     ^^^^^^^^^ required by this bound in `App::route`
[INFO] [stdout] 
[INFO] [stdout] 
[INFO] [stdout] error[E0277]: the trait bound `fn(MaybeAuth<StandardClaims>) -> impl Future<Output = axum::Json<Value>> {publica}: IntoRoute` is not satisfied
[INFO] [stdout]    --> tests/app_integration.rs:48:16
[INFO] [stdout]     |
[INFO] [stdout]  48 |         .route(publica)
[INFO] [stdout]     |          ----- ^^^^^^^ the trait `IntoRoute` is not implemented for fn item `fn(MaybeAuth<StandardClaims>) -> impl Future<Output = axum::Json<Value>> {publica}`
[INFO] [stdout]     |          |
[INFO] [stdout]     |          required by a bound introduced by this call
[INFO] [stdout]     |
[INFO] [stdout] help: the trait `IntoRoute` is implemented for `AnonimaPublica`
[INFO] [stdout]    --> tests/app_integration.rs:30:1
[INFO] [stdout]     |
[INFO] [stdout]  30 | impl serverust_core::IntoRoute for AnonimaPublica {
[INFO] [stdout]     | ^^^^^^^^^^^^^^^^^^^^^^^^^^^^^^^^^^^^^^^^^^^^^^^^^
[INFO] [stdout] note: required by a bound in `App::route`
[INFO] [stdout]    --> /opt/rustwide/cargo-home/registry/src/index.crates.io-1949cf8c6b5b557f/serverust-core-0.5.0/src/app.rs:274:21
[INFO] [stdout]     |
[INFO] [stdout] 274 |     pub fn route<R: IntoRoute>(mut self, handler: R) -> Self {
[INFO] [stdout]     |                     ^^^^^^^^^ required by this bound in `App::route`
[INFO] [stdout] 
[INFO] [stdout] 
[INFO] [stdout] error[E0277]: the trait bound `fn() -> impl Future<Output = &'static str> {relatorio}: IntoRoute` is not satisfied
[INFO] [stdout]    --> tests/default_deny_end_to_end.rs:74:16
[INFO] [stdout]     |
[INFO] [stdout]  74 |         .route(relatorio)
[INFO] [stdout]     |          ----- ^^^^^^^^^ the trait `IntoRoute` is not implemented for fn item `fn() -> impl Future<Output = &'static str> {relatorio}`
[INFO] [stdout]     |          |
[INFO] [stdout]     |          required by a bound introduced by this call
[INFO] [stdout]     |
[INFO] [stdout] help: the trait `IntoRoute` is implemented for `Health`
[INFO] [stdout]    --> tests/default_deny_end_to_end.rs:41:1
[INFO] [stdout]     |
[INFO] [stdout]  41 | impl IntoRoute for Health {
[INFO] [stdout]     | ^^^^^^^^^^^^^^^^^^^^^^^^^
[INFO] [stdout] note: required by a bound in `App::route`
[INFO] [stdout]    --> /opt/rustwide/cargo-home/registry/src/index.crates.io-1949cf8c6b5b557f/serverust-core-0.5.0/src/app.rs:274:21
[INFO] [stdout]     |
[INFO] [stdout] 274 |     pub fn route<R: IntoRoute>(mut self, handler: R) -> Self {
[INFO] [stdout]     |                     ^^^^^^^^^ required by this bound in `App::route`
[INFO] [stdout] 
[INFO] [stdout] 
[INFO] [stdout] error[E0277]: the trait bound `fn(Auth<StandardClaims>) -> impl Future<Output = std::string::String> {eu}: IntoRoute` is not satisfied
[INFO] [stdout]    --> tests/default_deny_end_to_end.rs:75:16
[INFO] [stdout]     |
[INFO] [stdout]  75 |         .route(eu)
[INFO] [stdout]     |          ----- ^^ the trait `IntoRoute` is not implemented for fn item `fn(Auth<StandardClaims>) -> impl Future<Output = std::string::String> {eu}`
[INFO] [stdout]     |          |
[INFO] [stdout]     |          required by a bound introduced by this call
[INFO] [stdout]     |
[INFO] [stdout] help: the trait `IntoRoute` is implemented for `Health`
[INFO] [stdout]    --> tests/default_deny_end_to_end.rs:41:1
[INFO] [stdout]     |
[INFO] [stdout]  41 | impl IntoRoute for Health {
[INFO] [stdout]     | ^^^^^^^^^^^^^^^^^^^^^^^^^
[INFO] [stdout] note: required by a bound in `App::route`
[INFO] [stdout]    --> /opt/rustwide/cargo-home/registry/src/index.crates.io-1949cf8c6b5b557f/serverust-core-0.5.0/src/app.rs:274:21
[INFO] [stdout]     |
[INFO] [stdout] 274 |     pub fn route<R: IntoRoute>(mut self, handler: R) -> Self {
[INFO] [stdout]     |                     ^^^^^^^^^ required by this bound in `App::route`
[INFO] [stdout] 
[INFO] [stdout] 
[INFO] [stdout] error[E0277]: the trait bound `fn() -> impl Future<Output = &'static str> {ping}: IntoRoute` is not satisfied
[INFO] [stdout]    --> tests/default_deny_end_to_end.rs:77:16
[INFO] [stdout]     |
[INFO] [stdout]  77 |         .route(ping)
[INFO] [stdout]     |          ----- ^^^^ the trait `IntoRoute` is not implemented for fn item `fn() -> impl Future<Output = &'static str> {ping}`
[INFO] [stdout]     |          |
[INFO] [stdout]     |          required by a bound introduced by this call
[INFO] [stdout]     |
[INFO] [stdout] help: the trait `IntoRoute` is implemented for `Health`
[INFO] [stdout]    --> tests/default_deny_end_to_end.rs:41:1
[INFO] [stdout]     |
[INFO] [stdout]  41 | impl IntoRoute for Health {
[INFO] [stdout]     | ^^^^^^^^^^^^^^^^^^^^^^^^^
[INFO] [stdout] note: required by a bound in `App::route`
[INFO] [stdout]    --> /opt/rustwide/cargo-home/registry/src/index.crates.io-1949cf8c6b5b557f/serverust-core-0.5.0/src/app.rs:274:21
[INFO] [stdout]     |
[INFO] [stdout] 274 |     pub fn route<R: IntoRoute>(mut self, handler: R) -> Self {
[INFO] [stdout]     |                     ^^^^^^^^^ required by this bound in `App::route`
[INFO] [stdout] 
[INFO] [stdout] 
[INFO] [stdout] error[E0277]: the trait bound `fn() -> impl Future<Output = &'static str> {pedidos}: IntoRoute` is not satisfied
[INFO] [stdout]    --> tests/default_deny_end_to_end.rs:78:16
[INFO] [stdout]     |
[INFO] [stdout]  78 |         .route(pedidos)
[INFO] [stdout]     |          ----- ^^^^^^^ the trait `IntoRoute` is not implemented for fn item `fn() -> impl Future<Output = &'static str> {pedidos}`
[INFO] [stdout]     |          |
[INFO] [stdout]     |          required by a bound introduced by this call
[INFO] [stdout]     |
[INFO] [stdout] help: the trait `IntoRoute` is implemented for `Health`
[INFO] [stdout]    --> tests/default_deny_end_to_end.rs:41:1
[INFO] [stdout]     |
[INFO] [stdout]  41 | impl IntoRoute for Health {
[INFO] [stdout]     | ^^^^^^^^^^^^^^^^^^^^^^^^^
[INFO] [stdout] note: required by a bound in `App::route`
[INFO] [stdout]    --> /opt/rustwide/cargo-home/registry/src/index.crates.io-1949cf8c6b5b557f/serverust-core-0.5.0/src/app.rs:274:21
[INFO] [stdout]     |
[INFO] [stdout] 274 |     pub fn route<R: IntoRoute>(mut self, handler: R) -> Self {
[INFO] [stdout]     |                     ^^^^^^^^^ required by this bound in `App::route`
[INFO] [stdout] 
[INFO] [stdout] 
[INFO] [stdout] error[E0277]: the trait bound `fn() -> impl Future<Output = &'static str> {relatorio}: IntoRoute` is not satisfied
[INFO] [stdout]    --> tests/default_deny_end_to_end.rs:231:50
[INFO] [stdout]     |
[INFO] [stdout] 231 |     let router = App::new().without_docs().route(relatorio).into_router();
[INFO] [stdout]     |                                            ----- ^^^^^^^^^ the trait `IntoRoute` is not implemented for fn item `fn() -> impl Future<Output = &'static str> {relatorio}`
[INFO] [stdout]     |                                            |
[INFO] [stdout]     |                                            required by a bound introduced by this call
[INFO] [stdout]     |
[INFO] [stdout] help: the trait `IntoRoute` is implemented for `Health`
[INFO] [stdout]    --> tests/default_deny_end_to_end.rs:41:1
[INFO] [stdout]     |
[INFO] [stdout]  41 | impl IntoRoute for Health {
[INFO] [stdout]     | ^^^^^^^^^^^^^^^^^^^^^^^^^
[INFO] [stdout] note: required by a bound in `App::route`
[INFO] [stdout]    --> /opt/rustwide/cargo-home/registry/src/index.crates.io-1949cf8c6b5b557f/serverust-core-0.5.0/src/app.rs:274:21
[INFO] [stdout]     |
[INFO] [stdout] 274 |     pub fn route<R: IntoRoute>(mut self, handler: R) -> Self {
[INFO] [stdout]     |                     ^^^^^^^^^ required by this bound in `App::route`
[INFO] [stdout] 
[INFO] [stdout] 
[INFO] [stdout] error[E0277]: the trait bound `fn() -> impl Future<Output = &'static str> {relatorio}: IntoRoute` is not satisfied
[INFO] [stdout]    --> tests/default_deny_end_to_end.rs:251:16
[INFO] [stdout]     |
[INFO] [stdout] 251 |         .route(relatorio)
[INFO] [stdout]     |          ----- ^^^^^^^^^ the trait `IntoRoute` is not implemented for fn item `fn() -> impl Future<Output = &'static str> {relatorio}`
[INFO] [stdout]     |          |
[INFO] [stdout]     |          required by a bound introduced by this call
[INFO] [stdout]     |
[INFO] [stdout] help: the trait `IntoRoute` is implemented for `Health`
[INFO] [stdout]    --> tests/default_deny_end_to_end.rs:41:1
[INFO] [stdout]     |
[INFO] [stdout]  41 | impl IntoRoute for Health {
[INFO] [stdout]     | ^^^^^^^^^^^^^^^^^^^^^^^^^
[INFO] [stdout] note: required by a bound in `App::route`
[INFO] [stdout]    --> /opt/rustwide/cargo-home/registry/src/index.crates.io-1949cf8c6b5b557f/serverust-core-0.5.0/src/app.rs:274:21
[INFO] [stdout]     |
[INFO] [stdout] 274 |     pub fn route<R: IntoRoute>(mut self, handler: R) -> Self {
[INFO] [stdout]     |                     ^^^^^^^^^ required by this bound in `App::route`
[INFO] [stdout] 
[INFO] [stdout] 
[INFO] [stdout] error[E0277]: the trait bound `fn() -> impl Future<Output = &'static str> {relatorio}: IntoRoute` is not satisfied
[INFO] [stdout]    --> tests/default_deny_end_to_end.rs:279:16
[INFO] [stdout]     |
[INFO] [stdout] 279 |         .route(relatorio)
[INFO] [stdout]     |          ----- ^^^^^^^^^ the trait `IntoRoute` is not implemented for fn item `fn() -> impl Future<Output = &'static str> {relatorio}`
[INFO] [stdout]     |          |
[INFO] [stdout]     |          required by a bound introduced by this call
[INFO] [stdout]     |
[INFO] [stdout] help: the trait `IntoRoute` is implemented for `Health`
[INFO] [stdout]    --> tests/default_deny_end_to_end.rs:41:1
[INFO] [stdout]     |
[INFO] [stdout]  41 | impl IntoRoute for Health {
[INFO] [stdout]     | ^^^^^^^^^^^^^^^^^^^^^^^^^
[INFO] [stdout] note: required by a bound in `App::route`
[INFO] [stdout]    --> /opt/rustwide/cargo-home/registry/src/index.crates.io-1949cf8c6b5b557f/serverust-core-0.5.0/src/app.rs:274:21
[INFO] [stdout]     |
[INFO] [stdout] 274 |     pub fn route<R: IntoRoute>(mut self, handler: R) -> Self {
[INFO] [stdout]     |                     ^^^^^^^^^ required by this bound in `App::route`
[INFO] [stdout] 
[INFO] [stdout] 
[INFO] [stdout] error[E0277]: the trait bound `fn() -> impl Future<Output = &'static str> {ping}: IntoRoute` is not satisfied
[INFO] [stdout]    --> tests/default_deny_end_to_end.rs:280:16
[INFO] [stdout]     |
[INFO] [stdout] 280 |         .route(ping)
[INFO] [stdout]     |          ----- ^^^^ the trait `IntoRoute` is not implemented for fn item `fn() -> impl Future<Output = &'static str> {ping}`
[INFO] [stdout]     |          |
[INFO] [stdout]     |          required by a bound introduced by this call
[INFO] [stdout]     |
[INFO] [stdout] help: the trait `IntoRoute` is implemented for `Health`
[INFO] [stdout]    --> tests/default_deny_end_to_end.rs:41:1
[INFO] [stdout]     |
[INFO] [stdout]  41 | impl IntoRoute for Health {
[INFO] [stdout]     | ^^^^^^^^^^^^^^^^^^^^^^^^^
[INFO] [stdout] note: required by a bound in `App::route`
[INFO] [stdout]    --> /opt/rustwide/cargo-home/registry/src/index.crates.io-1949cf8c6b5b557f/serverust-core-0.5.0/src/app.rs:274:21
[INFO] [stdout]     |
[INFO] [stdout] 274 |     pub fn route<R: IntoRoute>(mut self, handler: R) -> Self {
[INFO] [stdout]     |                     ^^^^^^^^^ required by this bound in `App::route`
[INFO] [stdout] 
[INFO] [stdout] 
[INFO] [stdout] error[E0277]: the trait bound `fn() -> impl Future<Output = &'static str> {relatorio}: IntoRoute` is not satisfied
[INFO] [stdout]    --> tests/default_deny_end_to_end.rs:311:16
[INFO] [stdout]     |
[INFO] [stdout] 311 |         .route(relatorio)
[INFO] [stdout]     |          ----- ^^^^^^^^^ the trait `IntoRoute` is not implemented for fn item `fn() -> impl Future<Output = &'static str> {relatorio}`
[INFO] [stdout]     |          |
[INFO] [stdout]     |          required by a bound introduced by this call
[INFO] [stdout]     |
[INFO] [stdout] help: the trait `IntoRoute` is implemented for `Health`
[INFO] [stdout]    --> tests/default_deny_end_to_end.rs:41:1
[INFO] [stdout]     |
[INFO] [stdout]  41 | impl IntoRoute for Health {
[INFO] [stdout]     | ^^^^^^^^^^^^^^^^^^^^^^^^^
[INFO] [stdout] note: required by a bound in `App::route`
[INFO] [stdout]    --> /opt/rustwide/cargo-home/registry/src/index.crates.io-1949cf8c6b5b557f/serverust-core-0.5.0/src/app.rs:274:21
[INFO] [stdout]     |
[INFO] [stdout] 274 |     pub fn route<R: IntoRoute>(mut self, handler: R) -> Self {
[INFO] [stdout]     |                     ^^^^^^^^^ required by this bound in `App::route`
[INFO] [stdout] 
[INFO] [stdout] 
[INFO] [stdout] error[E0277]: the trait bound `fn() -> impl Future<Output = &'static str> {pedidos}: IntoRoute` is not satisfied
[INFO] [stdout]    --> tests/default_deny_end_to_end.rs:332:16
[INFO] [stdout]     |
[INFO] [stdout] 332 |         .route(pedidos)
[INFO] [stdout]     |          ----- ^^^^^^^ the trait `IntoRoute` is not implemented for fn item `fn() -> impl Future<Output = &'static str> {pedidos}`
[INFO] [stdout]     |          |
[INFO] [stdout]     |          required by a bound introduced by this call
[INFO] [stdout]     |
[INFO] [stdout] help: the trait `IntoRoute` is implemented for `Health`
[INFO] [stdout]    --> tests/default_deny_end_to_end.rs:41:1
[INFO] [stdout]     |
[INFO] [stdout]  41 | impl IntoRoute for Health {
[INFO] [stdout]     | ^^^^^^^^^^^^^^^^^^^^^^^^^
[INFO] [stdout] note: required by a bound in `App::route`
[INFO] [stdout]    --> /opt/rustwide/cargo-home/registry/src/index.crates.io-1949cf8c6b5b557f/serverust-core-0.5.0/src/app.rs:274:21
[INFO] [stdout]     |
[INFO] [stdout] 274 |     pub fn route<R: IntoRoute>(mut self, handler: R) -> Self {
[INFO] [stdout]     |                     ^^^^^^^^^ required by this bound in `App::route`
[INFO] [stdout] 
[INFO] [stdout] 
[INFO] [stdout] Some errors have detailed explanations: E0277, E0432.
[INFO] [stdout] 
[INFO] [stdout] For more information about an error, try `rustc --explain E0277`.
[INFO] [stdout] 
[INFO] [stderr] error: could not compile `serverust-auth` (test "app_integration") due to 3 previous errors
[INFO] [stderr] warning: build failed, waiting for other jobs to finish...
[INFO] [stdout] Some errors have detailed explanations: E0277, E0432.
[INFO] [stdout] 
[INFO] [stdout] For more information about an error, try `rustc --explain E0277`.
[INFO] [stdout] 
[INFO] [stderr] error: could not compile `serverust-auth` (test "default_deny_end_to_end") due to 11 previous errors
[INFO] running `Command { std: "docker" "inspect" "c95ac97261895518294a0bbba8d344aecfb15acd1179abea70a6191e608ea152", kill_on_drop: false }`
[INFO] running `Command { std: "docker" "rm" "-f" "c95ac97261895518294a0bbba8d344aecfb15acd1179abea70a6191e608ea152", kill_on_drop: false }`
[INFO] [stdout] c95ac97261895518294a0bbba8d344aecfb15acd1179abea70a6191e608ea152
