[INFO] fetching crate serai-cosign 0.1.0...
[INFO] testing serai-cosign-0.1.0 against 1.100.0-beta.1 for beta-1.100-2
[INFO] extracting crate serai-cosign 0.1.0 into /workspace/builds/worker-7-tc2/source
[INFO] started tweaking crates.io crate serai-cosign 0.1.0
[INFO] finished tweaking crates.io crate serai-cosign 0.1.0
[INFO] tweaked toml for crates.io crate serai-cosign 0.1.0 written to /workspace/builds/worker-7-tc2/source/Cargo.toml
[INFO] validating manifest of crates.io crate serai-cosign 0.1.0 on toolchain 1.100.0-beta.1
[INFO] running `Command { std: CARGO_HOME="/workspace/cargo-home" RUSTUP_HOME="/workspace/rustup-home" "/workspace/cargo-home/bin/cargo" "+1.100.0-beta.1" "metadata" "--manifest-path" "Cargo.toml" "--no-deps", kill_on_drop: false }`
[INFO] running `Command { std: CARGO_HOME="/workspace/cargo-home" RUSTUP_HOME="/workspace/rustup-home" "/workspace/cargo-home/bin/cargo" "+1.100.0-beta.1" "generate-lockfile" "--manifest-path" "Cargo.toml", kill_on_drop: false }`
[INFO] [stderr]     Updating crates.io index
[INFO] [stderr]      Locking 79 packages to highest compatible versions
[INFO] [stderr]       Adding blake2 v0.10.6 (available: v0.11.0)
[INFO] [stderr]       Adding generic-array v0.14.7 (available: v0.14.9)
[INFO] [stderr]       Adding serai-db v0.1.1 (available: v0.2.0)
[INFO] running `Command { std: CARGO_HOME="/workspace/cargo-home" RUSTUP_HOME="/workspace/rustup-home" "/workspace/cargo-home/bin/cargo" "+1.100.0-beta.1" "fetch" "--manifest-path" "Cargo.toml", kill_on_drop: false }`
[INFO] running `Command { std: "docker" "create" "-v" "/var/lib/crater-agent-workspace/builds/worker-7-tc2/source:/opt/rustwide/workdir:ro,Z" "-v" "/var/lib/crater-agent-workspace/builds/worker-7-tc2/target:/opt/rustwide/target:rw,Z" "-v" "/var/lib/crater-agent-workspace/cargo-home:/opt/rustwide/cargo-home:ro,Z" "-v" "/var/lib/crater-agent-workspace/rustup-home:/opt/rustwide/rustup-home:ro,Z" "-m" "1610612736" "--network" "none" "ghcr.io/rust-lang/crates-build-env/linux@sha256:3111399a4047eeb3a02b7a90e478d715f38a8c6669b5c4b49d30a17385265909" "sleep" "infinity", kill_on_drop: false }`
[INFO] [stdout] de89f2d93a16a1b88c6b70ffcb9bc07a777dfb2ea72cbeecc94365f02c6a6667
[INFO] running `Command { std: "docker" "start" "de89f2d93a16a1b88c6b70ffcb9bc07a777dfb2ea72cbeecc94365f02c6a6667", kill_on_drop: false }`
[INFO] running `Command { std: "docker" "inspect" "de89f2d93a16a1b88c6b70ffcb9bc07a777dfb2ea72cbeecc94365f02c6a6667", kill_on_drop: false }`
[INFO] running `Command { std: "docker" "exec" "-e" "SOURCE_DIR=/opt/rustwide/workdir" "-e" "CARGO_HOME=/opt/rustwide/cargo-home" "-e" "RUSTUP_HOME=/opt/rustwide/rustup-home" "-e" "CARGO_TARGET_DIR=/opt/rustwide/target" "-w" "/opt/rustwide/workdir" "--user" "0:0" "de89f2d93a16a1b88c6b70ffcb9bc07a777dfb2ea72cbeecc94365f02c6a6667" "/opt/rustwide/cargo-home/bin/cargo" "+1.100.0-beta.1" "metadata" "--no-deps" "--format-version=1", kill_on_drop: false }`
[INFO] running `Command { std: "docker" "inspect" "de89f2d93a16a1b88c6b70ffcb9bc07a777dfb2ea72cbeecc94365f02c6a6667", kill_on_drop: false }`
[INFO] running `Command { std: "docker" "exec" "-e" "SOURCE_DIR=/opt/rustwide/workdir" "-e" "CARGO_HOME=/opt/rustwide/cargo-home" "-e" "RUSTUP_HOME=/opt/rustwide/rustup-home" "-e" "CARGO_TARGET_DIR=/opt/rustwide/target" "-e" "CARGO_INCREMENTAL=0" "-e" "RUST_BACKTRACE=full" "-e" "RUSTFLAGS=--cap-lints=warn" "-e" "RUSTDOCFLAGS=--cap-lints=warn" "-w" "/opt/rustwide/workdir" "--user" "0:0" "de89f2d93a16a1b88c6b70ffcb9bc07a777dfb2ea72cbeecc94365f02c6a6667" "/opt/rustwide/cargo-home/bin/cargo" "+1.100.0-beta.1" "build" "--frozen" "--message-format=json", kill_on_drop: false }`
[INFO] [stderr]    Compiling proc-macro2 v1.0.107
[INFO] [stderr]    Compiling cfg-if v1.0.5
[INFO] [stderr]    Compiling libc v0.2.190
[INFO] [stderr]    Compiling zerocopy v0.8.60
[INFO] [stderr]    Compiling serde v1.0.229
[INFO] [stderr]    Compiling konst_macro_rules v0.2.19
[INFO] [stderr]    Compiling borsh v1.8.1
[INFO] [stderr]    Compiling arrayvec v0.7.8
[INFO] [stderr]    Compiling toml_edit v0.25.15+spec-1.1.0
[INFO] [stderr]    Compiling curve25519-dalek v4.1.3
[INFO] [stderr]    Compiling parity-scale-codec v3.7.5
[INFO] [stderr]    Compiling serde_bytes v0.11.19
[INFO] [stderr]    Compiling log v0.4.34
[INFO] [stderr]    Compiling byte-slice-cast v1.2.3
[INFO] [stderr]    Compiling crypto-common v0.1.7
[INFO] [stderr]    Compiling serai-db v0.1.1
[INFO] [stderr]    Compiling digest v0.10.7
[INFO] [stderr]    Compiling konst v0.2.20
[INFO] [stderr]    Compiling sha2 v0.10.9
[INFO] [stderr]    Compiling blake2 v0.10.6
[INFO] [stderr]    Compiling quote v1.0.47
[INFO] [stderr]    Compiling syn v2.0.119
[INFO] [stderr]    Compiling syn v3.0.6
[INFO] [stderr]    Compiling const_format_proc_macros v0.2.34
[INFO] [stderr]    Compiling proc-macro-crate v3.5.0
[INFO] [stderr]    Compiling const_format v0.2.36
[INFO] [stderr]    Compiling getrandom v0.2.17
[INFO] [stderr]    Compiling rand_core v0.6.4
[INFO] [stderr]    Compiling tokio-macros v2.7.2
[INFO] [stderr]    Compiling borsh-derive v1.8.1
[INFO] [stderr]    Compiling zeroize_derive v1.5.0
[INFO] [stderr]    Compiling curve25519-dalek-derive v0.1.1
[INFO] [stderr]    Compiling parity-scale-codec-derive v3.7.5
[INFO] [stderr]    Compiling impl-trait-for-tuples v0.2.3
[INFO] [stderr]    Compiling tokio v1.53.2
[INFO] [stderr]    Compiling zeroize v1.9.1
[INFO] [stderr]    Compiling merlin v3.0.0
[INFO] [stderr]    Compiling ppv-lite86 v0.2.21
[INFO] [stderr]    Compiling rand_chacha v0.3.1
[INFO] [stderr]    Compiling rand v0.8.8
[INFO] [stderr]    Compiling serai-task v0.1.0
[INFO] [stderr]    Compiling getrandom_or_panic v0.0.3
[INFO] [stderr]    Compiling schnorrkel v0.11.5
[INFO] [stderr]    Compiling serai-cosign v0.1.0 (/opt/rustwide/workdir)
[INFO] [stdout] error[E0433]: cannot find module or crate `serai_client` in this scope
[INFO] [stdout]   --> src/lib.rs:12:5
[INFO] [stdout]    |
[INFO] [stdout] 12 | use serai_client::{
[INFO] [stdout]    |     ^^^^^^^^^^^^ use of unresolved module or unlinked crate `serai_client`
[INFO] [stdout]    |
[INFO] [stdout]    = help: if you wanted to use a crate named `serai_client`, use `cargo add serai_client` to add it to your `Cargo.toml`
[INFO] [stdout] 
[INFO] [stdout] 
[INFO] [stdout] error[E0433]: cannot find module or crate `serai_client` in this scope
[INFO] [stdout]  --> src/intend.rs:4:5
[INFO] [stdout]   |
[INFO] [stdout] 4 | use serai_client::{
[INFO] [stdout]   |     ^^^^^^^^^^^^ use of unresolved module or unlinked crate `serai_client`
[INFO] [stdout]   |
[INFO] [stdout]   = help: if you wanted to use a crate named `serai_client`, use `cargo add serai_client` to add it to your `Cargo.toml`
[INFO] [stdout] 
[INFO] [stdout] 
[INFO] [stdout] error[E0432]: unresolved import `serai_client`
[INFO] [stdout]   --> src/lib.rs:12:5
[INFO] [stdout]    |
[INFO] [stdout] 12 | use serai_client::{
[INFO] [stdout]    |     ^^^^^^^^^^^^ use of unresolved module or unlinked crate `serai_client`
[INFO] [stdout]    |
[INFO] [stdout]    = help: if you wanted to use a crate named `serai_client`, use `cargo add serai_client` to add it to your `Cargo.toml`
[INFO] [stdout] 
[INFO] [stdout] 
[INFO] [stdout] error[E0432]: unresolved import `serai_client`
[INFO] [stdout]  --> src/intend.rs:4:5
[INFO] [stdout]   |
[INFO] [stdout] 4 | use serai_client::{
[INFO] [stdout]   |     ^^^^^^^^^^^^ use of unresolved module or unlinked crate `serai_client`
[INFO] [stdout]   |
[INFO] [stdout]   = help: if you wanted to use a crate named `serai_client`, use `cargo add serai_client` to add it to your `Cargo.toml`
[INFO] [stdout] 
[INFO] [stdout] 
[INFO] [stdout] error[E0433]: cannot find module or crate `serai_client` in this scope
[INFO] [stdout]    --> src/lib.rs:197:37
[INFO] [stdout]     |
[INFO] [stdout] 197 |   let mut sets = Vec::with_capacity(serai_client::primitives::NETWORKS.len());
[INFO] [stdout]     |                                     ^^^^^^^^^^^^ use of unresolved module or unlinked crate `serai_client`
[INFO] [stdout]     |
[INFO] [stdout]     = help: if you wanted to use a crate named `serai_client`, use `cargo add serai_client` to add it to your `Cargo.toml`
[INFO] [stdout] 
[INFO] [stdout] 
[INFO] [stdout] error[E0433]: cannot find module or crate `serai_client` in this scope
[INFO] [stdout]    --> src/lib.rs:198:18
[INFO] [stdout]     |
[INFO] [stdout] 198 |   for network in serai_client::primitives::NETWORKS {
[INFO] [stdout]     |                  ^^^^^^^^^^^^ use of unresolved module or unlinked crate `serai_client`
[INFO] [stdout]     |
[INFO] [stdout]     = help: if you wanted to use a crate named `serai_client`, use `cargo add serai_client` to add it to your `Cargo.toml`
[INFO] [stdout] 
[INFO] [stdout] 
[INFO] [stdout] error[E0433]: cannot find module or crate `serai_client` in this scope
[INFO] [stdout]    --> src/lib.rs:271:42
[INFO] [stdout]     |
[INFO] [stdout] 271 |     let mut cosigns = Vec::with_capacity(serai_client::primitives::NETWORKS.len());
[INFO] [stdout]     |                                          ^^^^^^^^^^^^ use of unresolved module or unlinked crate `serai_client`
[INFO] [stdout]     |
[INFO] [stdout]     = help: if you wanted to use a crate named `serai_client`, use `cargo add serai_client` to add it to your `Cargo.toml`
[INFO] [stdout] 
[INFO] [stdout] 
[INFO] [stdout] error[E0433]: cannot find module or crate `serai_client` in this scope
[INFO] [stdout]    --> src/lib.rs:272:20
[INFO] [stdout]     |
[INFO] [stdout] 272 |     for network in serai_client::primitives::NETWORKS {
[INFO] [stdout]     |                    ^^^^^^^^^^^^ use of unresolved module or unlinked crate `serai_client`
[INFO] [stdout]     |
[INFO] [stdout]     = help: if you wanted to use a crate named `serai_client`, use `cargo add serai_client` to add it to your `Cargo.toml`
[INFO] [stdout] 
[INFO] [stdout] 
[INFO] [stdout] error[E0433]: cannot find module or crate `serai_client` in this scope
[INFO] [stdout]    --> src/lib.rs:289:22
[INFO] [stdout]     |
[INFO] [stdout] 289 |       for network in serai_client::primitives::NETWORKS {
[INFO] [stdout]     |                      ^^^^^^^^^^^^ use of unresolved module or unlinked crate `serai_client`
[INFO] [stdout]     |
[INFO] [stdout]     = help: if you wanted to use a crate named `serai_client`, use `cargo add serai_client` to add it to your `Cargo.toml`
[INFO] [stdout] 
[INFO] [stdout] 
[INFO] [stdout] error[E0433]: cannot find module or crate `serai_client` in this scope
[INFO] [stdout]    --> src/lib.rs:301:44
[INFO] [stdout]     |
[INFO] [stdout] 301 |       let mut cosigns = Vec::with_capacity(serai_client::primitives::NETWORKS.len());
[INFO] [stdout]     |                                            ^^^^^^^^^^^^ use of unresolved module or unlinked crate `serai_client`
[INFO] [stdout]     |
[INFO] [stdout]     = help: if you wanted to use a crate named `serai_client`, use `cargo add serai_client` to add it to your `Cargo.toml`
[INFO] [stdout] 
[INFO] [stdout] 
[INFO] [stdout] error[E0433]: cannot find module or crate `serai_client` in this scope
[INFO] [stdout]    --> src/lib.rs:302:22
[INFO] [stdout]     |
[INFO] [stdout] 302 |       for network in serai_client::primitives::NETWORKS {
[INFO] [stdout]     |                      ^^^^^^^^^^^^ use of unresolved module or unlinked crate `serai_client`
[INFO] [stdout]     |
[INFO] [stdout]     = help: if you wanted to use a crate named `serai_client`, use `cargo add serai_client` to add it to your `Cargo.toml`
[INFO] [stdout] 
[INFO] [stdout] 
[INFO] [stdout] error[E0425]: cannot find function `spawn` in crate `tokio`
[INFO] [stdout]    --> src/lib.rs:242:12
[INFO] [stdout]     |
[INFO] [stdout] 242 |     tokio::spawn(
[INFO] [stdout]     |            ^^^^^ not found in `tokio`
[INFO] [stdout]     |
[INFO] [stdout] note: found an item that was configured out
[INFO] [stdout]    --> /opt/rustwide/cargo-home/registry/src/index.crates.io-1949cf8c6b5b557f/tokio-1.53.2/src/lib.rs:577:19
[INFO] [stdout]     |
[INFO] [stdout] 577 |     pub use task::spawn;
[INFO] [stdout]     |                   ^^^^^
[INFO] [stdout]     |
[INFO] [stdout]    ::: /opt/rustwide/cargo-home/registry/src/index.crates.io-1949cf8c6b5b557f/tokio-1.53.2/src/macros/cfg.rs:480:19
[INFO] [stdout]     |
[INFO] [stdout] 480 |             #[cfg(feature = "rt")]
[INFO] [stdout]     |                   -------------- the item is gated behind the `rt` feature
[INFO] [stdout] help: consider importing this function
[INFO] [stdout]     |
[INFO] [stdout]   5 + use std::thread::spawn;
[INFO] [stdout]     |
[INFO] [stdout] help: if you import `spawn`, refer to it directly
[INFO] [stdout]     |
[INFO] [stdout] 242 -     tokio::spawn(
[INFO] [stdout] 242 +     spawn(
[INFO] [stdout]     |
[INFO] [stdout] 
[INFO] [stdout] 
[INFO] [stdout] error[E0425]: cannot find function `spawn` in crate `tokio`
[INFO] [stdout]    --> src/lib.rs:246:12
[INFO] [stdout]     |
[INFO] [stdout] 246 |     tokio::spawn(
[INFO] [stdout]     |            ^^^^^ not found in `tokio`
[INFO] [stdout]     |
[INFO] [stdout] note: found an item that was configured out
[INFO] [stdout]    --> /opt/rustwide/cargo-home/registry/src/index.crates.io-1949cf8c6b5b557f/tokio-1.53.2/src/lib.rs:577:19
[INFO] [stdout]     |
[INFO] [stdout] 577 |     pub use task::spawn;
[INFO] [stdout]     |                   ^^^^^
[INFO] [stdout]     |
[INFO] [stdout]    ::: /opt/rustwide/cargo-home/registry/src/index.crates.io-1949cf8c6b5b557f/tokio-1.53.2/src/macros/cfg.rs:480:19
[INFO] [stdout]     |
[INFO] [stdout] 480 |             #[cfg(feature = "rt")]
[INFO] [stdout]     |                   -------------- the item is gated behind the `rt` feature
[INFO] [stdout] help: consider importing this function
[INFO] [stdout]     |
[INFO] [stdout]   5 + use std::thread::spawn;
[INFO] [stdout]     |
[INFO] [stdout] help: if you import `spawn`, refer to it directly
[INFO] [stdout]     |
[INFO] [stdout] 246 -     tokio::spawn(
[INFO] [stdout] 246 +     spawn(
[INFO] [stdout]     |
[INFO] [stdout] 
[INFO] [stdout] 
[INFO] [stdout] error[E0425]: cannot find function `spawn` in crate `tokio`
[INFO] [stdout]    --> src/lib.rs:250:12
[INFO] [stdout]     |
[INFO] [stdout] 250 |     tokio::spawn(
[INFO] [stdout]     |            ^^^^^ not found in `tokio`
[INFO] [stdout]     |
[INFO] [stdout] note: found an item that was configured out
[INFO] [stdout]    --> /opt/rustwide/cargo-home/registry/src/index.crates.io-1949cf8c6b5b557f/tokio-1.53.2/src/lib.rs:577:19
[INFO] [stdout]     |
[INFO] [stdout] 577 |     pub use task::spawn;
[INFO] [stdout]     |                   ^^^^^
[INFO] [stdout]     |
[INFO] [stdout]    ::: /opt/rustwide/cargo-home/registry/src/index.crates.io-1949cf8c6b5b557f/tokio-1.53.2/src/macros/cfg.rs:480:19
[INFO] [stdout]     |
[INFO] [stdout] 480 |             #[cfg(feature = "rt")]
[INFO] [stdout]     |                   -------------- the item is gated behind the `rt` feature
[INFO] [stdout] help: consider importing this function
[INFO] [stdout]     |
[INFO] [stdout]   5 + use std::thread::spawn;
[INFO] [stdout]     |
[INFO] [stdout] help: if you import `spawn`, refer to it directly
[INFO] [stdout]     |
[INFO] [stdout] 250 -     tokio::spawn(
[INFO] [stdout] 250 +     spawn(
[INFO] [stdout]     |
[INFO] [stdout] 
[INFO] [stdout] 
[INFO] [stdout] warning: unused import: `serai_db::*`
[INFO] [stdout]   --> src/intend.rs:10:5
[INFO] [stdout]    |
[INFO] [stdout] 10 | use serai_db::*;
[INFO] [stdout]    |     ^^^^^^^^^^^
[INFO] [stdout]    |
[INFO] [stdout]    = note: `#[warn(unused_imports)]` (part of `#[warn(unused)]`) on by default
[INFO] [stdout] 
[INFO] [stdout] 
[INFO] [stdout] warning: method call on a diverging inference variable
[INFO] [stdout]   --> src/intend.rs:99:45
[INFO] [stdout]    |
[INFO] [stdout] 99 |             GlobalSession::id(sets_and_keys.iter().map(|(set, _key)| *set).collect());
[INFO] [stdout]    |                                             ^^^^
[INFO] [stdout]    |
[INFO] [stdout]    = help: consider providing a type annotation
[INFO] [stdout]    = warning: this was previously accepted by the compiler but is being phased out; it will become a hard error in a future release!
[INFO] [stdout]    = note: for more information, see issue #156047 <https://github.com/rust-lang/rust/issues/156047>
[INFO] [stdout]    = note: `#[warn(method_call_on_diverging_infer_var)]` (part of `#[warn(future_incompatible)]`) on by default
[INFO] [stdout] 
[INFO] [stdout] 
[INFO] [stdout] error[E0599]: no method named `iter` found for type `!` in the current scope
[INFO] [stdout]   --> src/intend.rs:99:45
[INFO] [stdout]    |
[INFO] [stdout] 99 |             GlobalSession::id(sets_and_keys.iter().map(|(set, _key)| *set).collect());
[INFO] [stdout]    |                                             ^^^^ method not found in `!`
[INFO] [stdout] 
[INFO] [stdout] 
[INFO] [stdout] error[E0599]: no method named `len` found for type `!` in the current scope
[INFO] [stdout]    --> src/intend.rs:101:59
[INFO] [stdout]     |
[INFO] [stdout] 101 |           let mut sets = Vec::with_capacity(sets_and_keys.len());
[INFO] [stdout]     |                                                           ^^^
[INFO] [stdout]     |
[INFO] [stdout] help: there is a method `le` with a similar name, but with different arguments
[INFO] [stdout]    --> /rustc/e3feeb59cd1bdd011a2bfcc0747b55125d9b8527/library/core/src/cmp.rs:1520:4
[INFO] [stdout] 
[INFO] [stdout] 
[INFO] [stdout] warning: unreachable call
[INFO] [stdout]    --> src/intend.rs:101:59
[INFO] [stdout]     |
[INFO] [stdout] 101 |           let mut sets = Vec::with_capacity(sets_and_keys.len());
[INFO] [stdout]     |                                             ------------- ^^^ unreachable call
[INFO] [stdout]     |                                             |
[INFO] [stdout]     |                                             any code following this expression is unreachable
[INFO] [stdout]     |
[INFO] [stdout]     = note: `#[warn(unreachable_code)]` (part of `#[warn(unused)]`) on by default
[INFO] [stdout] 
[INFO] [stdout] 
[INFO] [stdout] error[E0599]: no method named `len` found for type `!` in the current scope
[INFO] [stdout]    --> src/intend.rs:102:63
[INFO] [stdout]     |
[INFO] [stdout] 102 |           let mut keys = HashMap::with_capacity(sets_and_keys.len());
[INFO] [stdout]     |                                                               ^^^
[INFO] [stdout]     |
[INFO] [stdout] help: there is a method `le` with a similar name, but with different arguments
[INFO] [stdout]    --> /rustc/e3feeb59cd1bdd011a2bfcc0747b55125d9b8527/library/core/src/cmp.rs:1520:4
[INFO] [stdout] 
[INFO] [stdout] 
[INFO] [stdout] warning: unreachable call
[INFO] [stdout]    --> src/intend.rs:102:63
[INFO] [stdout]     |
[INFO] [stdout] 102 |           let mut keys = HashMap::with_capacity(sets_and_keys.len());
[INFO] [stdout]     |                                                 ------------- ^^^ unreachable call
[INFO] [stdout]     |                                                 |
[INFO] [stdout]     |                                                 any code following this expression is unreachable
[INFO] [stdout] 
[INFO] [stdout] 
[INFO] [stdout] error[E0599]: no method named `len` found for type `!` in the current scope
[INFO] [stdout]    --> src/intend.rs:103:65
[INFO] [stdout]     |
[INFO] [stdout] 103 |           let mut stakes = HashMap::with_capacity(sets_and_keys.len());
[INFO] [stdout]     |                                                                 ^^^
[INFO] [stdout]     |
[INFO] [stdout] help: there is a method `le` with a similar name, but with different arguments
[INFO] [stdout]    --> /rustc/e3feeb59cd1bdd011a2bfcc0747b55125d9b8527/library/core/src/cmp.rs:1520:4
[INFO] [stdout] 
[INFO] [stdout] 
[INFO] [stdout] warning: unreachable call
[INFO] [stdout]    --> src/intend.rs:103:65
[INFO] [stdout]     |
[INFO] [stdout] 103 |           let mut stakes = HashMap::with_capacity(sets_and_keys.len());
[INFO] [stdout]     |                                                   ------------- ^^^ unreachable call
[INFO] [stdout]     |                                                   |
[INFO] [stdout]     |                                                   any code following this expression is unreachable
[INFO] [stdout] 
[INFO] [stdout] 
[INFO] [stdout] error[E0277]: `&!` is not an iterator
[INFO] [stdout]    --> src/intend.rs:105:29
[INFO] [stdout]     |
[INFO] [stdout] 105 |           for (set, key) in &sets_and_keys {
[INFO] [stdout]     |                             ^^^^^^^^^^^^^^ `&!` is not an iterator
[INFO] [stdout]     |
[INFO] [stdout]     = help: the trait `Iterator` is not implemented for `&!`
[INFO] [stdout]     = note: required for `&!` to implement `IntoIterator`
[INFO] [stdout] 
[INFO] [stdout] 
[INFO] [stdout] error[E0433]: cannot find module or crate `serai_client` in this scope
[INFO] [stdout]    --> src/lib.rs:150:38
[INFO] [stdout]     |
[INFO] [stdout] 150 |   fn verify_signature(&self, signer: serai_client::Public) -> bool {
[INFO] [stdout]     |                                      ^^^^^^^^^^^^ use of unresolved module or unlinked crate `serai_client`
[INFO] [stdout]     |
[INFO] [stdout]     = help: if you wanted to use a crate named `serai_client`, use `cargo add serai_client` to add it to your `Cargo.toml`
[INFO] [stdout] 
[INFO] [stdout] 
[INFO] [stdout] Some errors have detailed explanations: E0277, E0425, E0432, E0433, E0599.
[INFO] [stdout] 
[INFO] [stdout] For more information about an error, try `rustc --explain E0277`.
[INFO] [stdout] 
[INFO] [stderr] error: could not compile `serai-cosign` (lib) due to 20 previous errors; 6 warnings emitted
[INFO] running `Command { std: "docker" "inspect" "de89f2d93a16a1b88c6b70ffcb9bc07a777dfb2ea72cbeecc94365f02c6a6667", kill_on_drop: false }`
[INFO] running `Command { std: "docker" "rm" "-f" "de89f2d93a16a1b88c6b70ffcb9bc07a777dfb2ea72cbeecc94365f02c6a6667", kill_on_drop: false }`
[INFO] [stdout] de89f2d93a16a1b88c6b70ffcb9bc07a777dfb2ea72cbeecc94365f02c6a6667
