[INFO] fetching crate sentry-minidump 0.49.3...
[INFO] testing sentry-minidump-0.49.3 against 1.99.0-beta.8 for beta-1.100-2
[INFO] extracting crate sentry-minidump 0.49.3 into /workspace/builds/worker-7-tc1/source
[INFO] started tweaking crates.io crate sentry-minidump 0.49.3
[INFO] removed 0 missing examples
[INFO] removed 0 missing tests
[INFO] finished tweaking crates.io crate sentry-minidump 0.49.3
[INFO] tweaked toml for crates.io crate sentry-minidump 0.49.3 written to /workspace/builds/worker-7-tc1/source/Cargo.toml
[INFO] validating manifest of crates.io crate sentry-minidump 0.49.3 on toolchain 1.99.0-beta.8
[INFO] running `Command { std: CARGO_HOME="/workspace/cargo-home" RUSTUP_HOME="/workspace/rustup-home" "/workspace/cargo-home/bin/cargo" "+1.99.0-beta.8" "metadata" "--manifest-path" "Cargo.toml" "--no-deps", kill_on_drop: false }`
[INFO] crate crates.io crate sentry-minidump 0.49.3 already has a lockfile, it will not be regenerated
[INFO] running `Command { std: CARGO_HOME="/workspace/cargo-home" RUSTUP_HOME="/workspace/rustup-home" "/workspace/cargo-home/bin/cargo" "+1.99.0-beta.8" "fetch" "--manifest-path" "Cargo.toml", kill_on_drop: false }`
[INFO] [stderr] warning: Cargo.toml: `lints.clippy.allow-attributes` is deprecated in favor of `lints.clippy.allow_attributes` and will not work in a future edition
[INFO] [stderr] warning: Cargo.toml: `lints.clippy.arithmetic-side-effects` is deprecated in favor of `lints.clippy.arithmetic_side_effects` and will not work in a future edition
[INFO] [stderr] warning: `sentry-minidump` (manifest) generated 2 warnings
[INFO] [stderr]     Updating crates.io index
[INFO] [stderr]  Downloading crates ...
[INFO] [stderr]   Downloaded uds v0.4.2
[INFO] [stderr]   Downloaded sentry-types v0.49.3
[INFO] [stderr]   Downloaded minidumper-child v0.5.0
[INFO] [stderr]   Downloaded scroll_derive v0.12.1
[INFO] [stderr]   Downloaded minidumper v0.10.1
[INFO] [stderr]   Downloaded scroll v0.12.0
[INFO] [stderr]   Downloaded range-map v0.2.0
[INFO] [stderr]   Downloaded failspot v0.2.0
[INFO] [stderr]   Downloaded error-graph v0.1.1
[INFO] [stderr]   Downloaded crash-context v0.6.3
[INFO] [stderr]   Downloaded crash-handler v0.7.0
[INFO] [stderr]   Downloaded sentry-core v0.49.3
[INFO] [stderr]   Downloaded procfs-core v0.18.0
[INFO] [stderr]   Downloaded minidump-common v0.26.1
[INFO] [stderr]   Downloaded minidump-writer v0.12.0
[INFO] [stderr]   Downloaded goblin v0.9.3
[INFO] running `Command { std: "docker" "create" "-v" "/var/lib/crater-agent-workspace/builds/worker-7-tc1/source:/opt/rustwide/workdir:ro,Z" "-v" "/var/lib/crater-agent-workspace/builds/worker-7-tc1/target:/opt/rustwide/target:rw,Z" "-v" "/var/lib/crater-agent-workspace/cargo-home:/opt/rustwide/cargo-home:ro,Z" "-v" "/var/lib/crater-agent-workspace/rustup-home:/opt/rustwide/rustup-home:ro,Z" "-m" "1610612736" "--network" "none" "ghcr.io/rust-lang/crates-build-env/linux@sha256:3111399a4047eeb3a02b7a90e478d715f38a8c6669b5c4b49d30a17385265909" "sleep" "infinity", kill_on_drop: false }`
[INFO] [stdout] 3028b22183fe520c079427a86dfe105853a8a6a46849e9b48e8455273df8c8be
[INFO] running `Command { std: "docker" "start" "3028b22183fe520c079427a86dfe105853a8a6a46849e9b48e8455273df8c8be", kill_on_drop: false }`
[INFO] running `Command { std: "docker" "inspect" "3028b22183fe520c079427a86dfe105853a8a6a46849e9b48e8455273df8c8be", kill_on_drop: false }`
[INFO] running `Command { std: "docker" "exec" "-e" "SOURCE_DIR=/opt/rustwide/workdir" "-e" "CARGO_HOME=/opt/rustwide/cargo-home" "-e" "RUSTUP_HOME=/opt/rustwide/rustup-home" "-e" "CARGO_TARGET_DIR=/opt/rustwide/target" "-w" "/opt/rustwide/workdir" "--user" "0:0" "3028b22183fe520c079427a86dfe105853a8a6a46849e9b48e8455273df8c8be" "/opt/rustwide/cargo-home/bin/cargo" "+1.99.0-beta.8" "metadata" "--no-deps" "--format-version=1", kill_on_drop: false }`
[INFO] running `Command { std: "docker" "inspect" "3028b22183fe520c079427a86dfe105853a8a6a46849e9b48e8455273df8c8be", kill_on_drop: false }`
[INFO] running `Command { std: "docker" "exec" "-e" "SOURCE_DIR=/opt/rustwide/workdir" "-e" "CARGO_HOME=/opt/rustwide/cargo-home" "-e" "RUSTUP_HOME=/opt/rustwide/rustup-home" "-e" "CARGO_TARGET_DIR=/opt/rustwide/target" "-e" "CARGO_INCREMENTAL=0" "-e" "RUST_BACKTRACE=full" "-e" "RUSTFLAGS=--cap-lints=warn" "-e" "RUSTDOCFLAGS=--cap-lints=warn" "-w" "/opt/rustwide/workdir" "--user" "0:0" "3028b22183fe520c079427a86dfe105853a8a6a46849e9b48e8455273df8c8be" "/opt/rustwide/cargo-home/bin/cargo" "+1.99.0-beta.8" "build" "--frozen" "--message-format=json", kill_on_drop: false }`
[INFO] [stderr] warning: Cargo.toml: `lints.clippy.allow-attributes` is deprecated in favor of `lints.clippy.allow_attributes` and will not work in a future edition
[INFO] [stderr] warning: Cargo.toml: `lints.clippy.arithmetic-side-effects` is deprecated in favor of `lints.clippy.arithmetic_side_effects` and will not work in a future edition
[INFO] [stderr] warning: `sentry-minidump` (manifest) generated 2 warnings
[INFO] [stderr]    Compiling rand_core v0.10.1
[INFO] [stderr]    Compiling getrandom v0.4.3
[INFO] [stderr]    Compiling nix v0.30.1
[INFO] [stderr]    Compiling rustix v1.1.4
[INFO] [stderr]    Compiling bitflags v2.13.1
[INFO] [stderr]    Compiling serde_json v1.0.151
[INFO] [stderr]    Compiling crash-context v0.6.3
[INFO] [stderr]    Compiling linux-raw-sys v0.12.1
[INFO] [stderr]    Compiling thiserror-impl v2.0.19
[INFO] [stderr]    Compiling scroll_derive v0.12.1
[INFO] [stderr]    Compiling parking_lot_core v0.9.12
[INFO] [stderr]    Compiling serde v1.0.229
[INFO] [stderr]    Compiling range-map v0.2.0
[INFO] [stderr]    Compiling smart-default v0.7.1
[INFO] [stderr]    Compiling num-derive v0.4.2
[INFO] [stderr]    Compiling plain v0.2.3
[INFO] [stderr]    Compiling minidump-writer v0.12.0
[INFO] [stderr]    Compiling chacha20 v0.10.1
[INFO] [stderr]    Compiling memmap2 v0.9.11
[INFO] [stderr]    Compiling failspot v0.2.0
[INFO] [stderr]    Compiling time v0.3.55
[INFO] [stderr]    Compiling uuid v1.24.0
[INFO] [stderr]    Compiling parking_lot v0.12.5
[INFO] [stderr]    Compiling uds v0.4.2
[INFO] [stderr]    Compiling rand v0.10.2
[INFO] [stderr]    Compiling error-graph v0.1.1
[INFO] [stderr]    Compiling procfs-core v0.18.0
[INFO] [stderr]    Compiling url v2.5.8
[INFO] [stderr]    Compiling scroll v0.12.0
[INFO] [stderr]    Compiling goblin v0.9.3
[INFO] [stderr]    Compiling crash-handler v0.7.0
[INFO] [stderr]    Compiling debugid v0.8.0
[INFO] [stderr]    Compiling thiserror v2.0.19
[INFO] [stderr]    Compiling minidump-common v0.26.1
[INFO] [stderr]    Compiling sentry-types v0.49.3
[INFO] [stderr]    Compiling polling v3.11.0
[INFO] [stderr]    Compiling sentry-core v0.49.3
[INFO] [stderr]    Compiling minidumper v0.10.1
[INFO] [stderr]    Compiling minidumper-child v0.5.0
[INFO] [stderr]    Compiling sentry-minidump v0.49.3 (/opt/rustwide/workdir)
[INFO] [stderr]     Finished `dev` profile [unoptimized + debuginfo] target(s) in 24.78s
[INFO] running `Command { std: "docker" "inspect" "3028b22183fe520c079427a86dfe105853a8a6a46849e9b48e8455273df8c8be", kill_on_drop: false }`
[INFO] running `Command { std: "docker" "exec" "-e" "SOURCE_DIR=/opt/rustwide/workdir" "-e" "CARGO_HOME=/opt/rustwide/cargo-home" "-e" "RUSTUP_HOME=/opt/rustwide/rustup-home" "-e" "CARGO_TARGET_DIR=/opt/rustwide/target" "-e" "CARGO_INCREMENTAL=0" "-e" "RUST_BACKTRACE=full" "-e" "RUSTFLAGS=--cap-lints=warn" "-e" "RUSTDOCFLAGS=--cap-lints=warn" "-w" "/opt/rustwide/workdir" "--user" "0:0" "3028b22183fe520c079427a86dfe105853a8a6a46849e9b48e8455273df8c8be" "/opt/rustwide/cargo-home/bin/cargo" "+1.99.0-beta.8" "test" "--frozen" "--no-run" "--message-format=json", kill_on_drop: false }`
[INFO] [stderr] warning: Cargo.toml: `lints.clippy.allow-attributes` is deprecated in favor of `lints.clippy.allow_attributes` and will not work in a future edition
[INFO] [stderr] warning: Cargo.toml: `lints.clippy.arithmetic-side-effects` is deprecated in favor of `lints.clippy.arithmetic_side_effects` and will not work in a future edition
[INFO] [stderr] warning: `sentry-minidump` (manifest) generated 2 warnings
[INFO] [stderr]    Compiling sentry-minidump v0.49.3 (/opt/rustwide/workdir)
[INFO] [stdout] error[E0433]: cannot find module or crate `sentry` in this scope
[INFO] [stdout]   --> tests/e2e.rs:15:5
[INFO] [stdout]    |
[INFO] [stdout] 15 | use sentry::protocol::{AttachmentType, EnvelopeItem};
[INFO] [stdout]    |     ^^^^^^ use of unresolved module or unlinked crate `sentry`
[INFO] [stdout]    |
[INFO] [stdout]    = help: if you wanted to use a crate named `sentry`, use `cargo add sentry` to add it to your `Cargo.toml`
[INFO] [stdout] 
[INFO] [stdout] 
[INFO] [stdout] error[E0432]: unresolved import `sentry`
[INFO] [stdout]   --> tests/e2e.rs:16:5
[INFO] [stdout]    |
[INFO] [stdout] 16 | use sentry::{Envelope, Level};
[INFO] [stdout]    |     ^^^^^^ use of unresolved module or unlinked crate `sentry`
[INFO] [stdout]    |
[INFO] [stdout]    = help: if you wanted to use a crate named `sentry`, use `cargo add sentry` to add it to your `Cargo.toml`
[INFO] [stdout] 
[INFO] [stdout] 
[INFO] [stdout] Some errors have detailed explanations: E0432, E0433.
[INFO] [stdout] 
[INFO] [stdout] For more information about an error, try `rustc --explain E0432`.
[INFO] [stdout] 
[INFO] [stdout] error[E0433]: cannot find module or crate `sentry` in this scope
[INFO] [stdout]   --> examples/app.rs:24:9
[INFO] [stdout]    |
[INFO] [stdout] 24 |         sentry::ClientOptions::new()
[INFO] [stdout]    |         ^^^^^^ use of unresolved module or unlinked crate `sentry`
[INFO] [stdout]    |
[INFO] [stdout]    = help: if you wanted to use a crate named `sentry`, use `cargo add sentry` to add it to your `Cargo.toml`
[INFO] [stdout] 
[INFO] [stdout] 
[INFO] [stderr] error: could not compile `sentry-minidump` (test "e2e") due to 2 previous errors
[INFO] [stderr] warning: build failed, waiting for other jobs to finish...
[INFO] [stdout] error[E0433]: cannot find module or crate `sentry` in this scope
[INFO] [stdout]   --> examples/app.rs:23:18
[INFO] [stdout]    |
[INFO] [stdout] 23 |     let _guard = sentry::init(
[INFO] [stdout]    |                  ^^^^^^ use of unresolved module or unlinked crate `sentry`
[INFO] [stdout]    |
[INFO] [stdout]    = help: if you wanted to use a crate named `sentry`, use `cargo add sentry` to add it to your `Cargo.toml`
[INFO] [stdout] 
[INFO] [stdout] 
[INFO] [stdout] error[E0433]: cannot find module or crate `sentry` in this scope
[INFO] [stdout]   --> examples/app.rs:31:5
[INFO] [stdout]    |
[INFO] [stdout] 31 |     sentry::with_integration(|minidump: &sentry_minidump::MinidumpIntegration, _| {
[INFO] [stdout]    |     ^^^^^^ use of unresolved module or unlinked crate `sentry`
[INFO] [stdout]    |
[INFO] [stdout]    = help: if you wanted to use a crate named `sentry`, use `cargo add sentry` to add it to your `Cargo.toml`
[INFO] [stdout] 
[INFO] [stdout] 
[INFO] [stdout] error[E0433]: cannot find module or crate `sadness_generator` in this scope
[INFO] [stdout]   --> examples/app.rs:39:14
[INFO] [stdout]    |
[INFO] [stdout] 39 |     unsafe { sadness_generator::raise_segfault() };
[INFO] [stdout]    |              ^^^^^^^^^^^^^^^^^ use of unresolved module or unlinked crate `sadness_generator`
[INFO] [stdout]    |
[INFO] [stdout]    = help: if you wanted to use a crate named `sadness_generator`, use `cargo add sadness_generator` to add it to your `Cargo.toml`
[INFO] [stdout] 
[INFO] [stdout] 
[INFO] [stdout] error[E0433]: cannot find module or crate `sentry` in this scope
[INFO] [stdout]   --> examples/app.rs:32:32
[INFO] [stdout]    |
[INFO] [stdout] 32 |         minidump.set_user(Some(sentry::User {
[INFO] [stdout]    |                                ^^^^^^ use of unresolved module or unlinked crate `sentry`
[INFO] [stdout]    |
[INFO] [stdout]    = help: if you wanted to use a crate named `sentry`, use `cargo add sentry` to add it to your `Cargo.toml`
[INFO] [stdout] 
[INFO] [stdout] 
[INFO] [stdout] For more information about this error, try `rustc --explain E0433`.
[INFO] [stdout] 
[INFO] [stderr] error: could not compile `sentry-minidump` (example "minidump") due to 5 previous errors
[INFO] running `Command { std: "docker" "inspect" "3028b22183fe520c079427a86dfe105853a8a6a46849e9b48e8455273df8c8be", kill_on_drop: false }`
[INFO] running `Command { std: "docker" "rm" "-f" "3028b22183fe520c079427a86dfe105853a8a6a46849e9b48e8455273df8c8be", kill_on_drop: false }`
[INFO] [stdout] 3028b22183fe520c079427a86dfe105853a8a6a46849e9b48e8455273df8c8be
