[INFO] fetching crate sentry-contrib-native-sys 0.3.1...
[INFO] testing sentry-contrib-native-sys-0.3.1 against 1.99.0-beta.8 for beta-1.100-2
[INFO] extracting crate sentry-contrib-native-sys 0.3.1 into /workspace/builds/worker-0-tc1/source
[INFO] started tweaking crates.io crate sentry-contrib-native-sys 0.3.1
[INFO] finished tweaking crates.io crate sentry-contrib-native-sys 0.3.1
[INFO] tweaked toml for crates.io crate sentry-contrib-native-sys 0.3.1 written to /workspace/builds/worker-0-tc1/source/Cargo.toml
[INFO] validating manifest of crates.io crate sentry-contrib-native-sys 0.3.1 on toolchain 1.99.0-beta.8
[INFO] running `Command { std: CARGO_HOME="/workspace/cargo-home" RUSTUP_HOME="/workspace/rustup-home" "/workspace/cargo-home/bin/cargo" "+1.99.0-beta.8" "metadata" "--manifest-path" "Cargo.toml" "--no-deps", kill_on_drop: false }`
[INFO] running `Command { std: CARGO_HOME="/workspace/cargo-home" RUSTUP_HOME="/workspace/rustup-home" "/workspace/cargo-home/bin/cargo" "+1.99.0-beta.8" "generate-lockfile" "--manifest-path" "Cargo.toml", kill_on_drop: false }`
[INFO] [stderr]     Blocking waiting for file lock on package cache
[INFO] [stderr]     Updating crates.io index
[INFO] [stderr]      Locking 5 packages to highest compatible versions
[INFO] running `Command { std: CARGO_HOME="/workspace/cargo-home" RUSTUP_HOME="/workspace/rustup-home" "/workspace/cargo-home/bin/cargo" "+1.99.0-beta.8" "fetch" "--manifest-path" "Cargo.toml", kill_on_drop: false }`
[INFO] running `Command { std: "docker" "create" "-v" "/var/lib/crater-agent-workspace/builds/worker-0-tc1/source:/opt/rustwide/workdir:ro,Z" "-v" "/var/lib/crater-agent-workspace/builds/worker-0-tc1/target:/opt/rustwide/target:rw,Z" "-v" "/var/lib/crater-agent-workspace/cargo-home:/opt/rustwide/cargo-home:ro,Z" "-v" "/var/lib/crater-agent-workspace/rustup-home:/opt/rustwide/rustup-home:ro,Z" "-m" "1610612736" "--network" "none" "ghcr.io/rust-lang/crates-build-env/linux@sha256:3111399a4047eeb3a02b7a90e478d715f38a8c6669b5c4b49d30a17385265909" "sleep" "infinity", kill_on_drop: false }`
[INFO] [stdout] 36d04e2e275365eab27af9f2b7a9ed6b57fe66f23a6a70405a170c50131b45e2
[INFO] running `Command { std: "docker" "start" "36d04e2e275365eab27af9f2b7a9ed6b57fe66f23a6a70405a170c50131b45e2", kill_on_drop: false }`
[INFO] running `Command { std: "docker" "inspect" "36d04e2e275365eab27af9f2b7a9ed6b57fe66f23a6a70405a170c50131b45e2", kill_on_drop: false }`
[INFO] running `Command { std: "docker" "exec" "-e" "SOURCE_DIR=/opt/rustwide/workdir" "-e" "CARGO_HOME=/opt/rustwide/cargo-home" "-e" "RUSTUP_HOME=/opt/rustwide/rustup-home" "-e" "CARGO_TARGET_DIR=/opt/rustwide/target" "-w" "/opt/rustwide/workdir" "--user" "0:0" "36d04e2e275365eab27af9f2b7a9ed6b57fe66f23a6a70405a170c50131b45e2" "/opt/rustwide/cargo-home/bin/cargo" "+1.99.0-beta.8" "metadata" "--no-deps" "--format-version=1", kill_on_drop: false }`
[INFO] running `Command { std: "docker" "inspect" "36d04e2e275365eab27af9f2b7a9ed6b57fe66f23a6a70405a170c50131b45e2", kill_on_drop: false }`
[INFO] running `Command { std: "docker" "exec" "-e" "SOURCE_DIR=/opt/rustwide/workdir" "-e" "CARGO_HOME=/opt/rustwide/cargo-home" "-e" "RUSTUP_HOME=/opt/rustwide/rustup-home" "-e" "CARGO_TARGET_DIR=/opt/rustwide/target" "-e" "CARGO_INCREMENTAL=0" "-e" "RUST_BACKTRACE=full" "-e" "RUSTFLAGS=--cap-lints=warn" "-e" "RUSTDOCFLAGS=--cap-lints=warn" "-w" "/opt/rustwide/workdir" "--user" "0:0" "36d04e2e275365eab27af9f2b7a9ed6b57fe66f23a6a70405a170c50131b45e2" "/opt/rustwide/cargo-home/bin/cargo" "+1.99.0-beta.8" "build" "--frozen" "--message-format=json", kill_on_drop: false }`
[INFO] [stderr]    Compiling anyhow v1.0.104
[INFO] [stderr]    Compiling cmake v0.1.58
[INFO] [stderr]    Compiling sentry-contrib-native-sys v0.3.1 (/opt/rustwide/workdir)
[INFO] [stderr] error: failed to run custom build command for `sentry-contrib-native-sys v0.3.1 (/opt/rustwide/workdir)`
[INFO] [stderr] note: To improve backtraces for build dependencies, set the CARGO_PROFILE_DEV_BUILD_OVERRIDE_DEBUG=true environment variable to enable debug information generation.
[INFO] [stderr] 
[INFO] [stderr] Caused by:
[INFO] [stderr]   process didn't exit successfully: `/opt/rustwide/target/debug/build/sentry-contrib-native-sys-707e89de34e60cbf/build-script-build` (exit status: 101)
[INFO] [stderr]   --- stdout
[INFO] [stderr]   CMAKE_TOOLCHAIN_FILE_x86_64-unknown-linux-gnu = None
[INFO] [stderr]   CMAKE_TOOLCHAIN_FILE_x86_64_unknown_linux_gnu = None
[INFO] [stderr]   HOST_CMAKE_TOOLCHAIN_FILE = None
[INFO] [stderr]   CMAKE_TOOLCHAIN_FILE = None
[INFO] [stderr]   CMAKE_GENERATOR_x86_64-unknown-linux-gnu = None
[INFO] [stderr]   CMAKE_GENERATOR_x86_64_unknown_linux_gnu = None
[INFO] [stderr]   HOST_CMAKE_GENERATOR = None
[INFO] [stderr]   CMAKE_GENERATOR = None
[INFO] [stderr]   CMAKE_PREFIX_PATH_x86_64-unknown-linux-gnu = None
[INFO] [stderr]   CMAKE_PREFIX_PATH_x86_64_unknown_linux_gnu = None
[INFO] [stderr]   HOST_CMAKE_PREFIX_PATH = None
[INFO] [stderr]   CMAKE_PREFIX_PATH = None
[INFO] [stderr]   CMAKE_x86_64-unknown-linux-gnu = None
[INFO] [stderr]   CMAKE_x86_64_unknown_linux_gnu = None
[INFO] [stderr]   HOST_CMAKE = None
[INFO] [stderr]   CMAKE = None
[INFO] [stderr]   -- The C compiler identification is GNU 15.2.0
[INFO] [stderr]   -- The CXX compiler identification is GNU 15.2.0
[INFO] [stderr]   -- The ASM compiler identification is GNU
[INFO] [stderr]   -- Found assembler: /usr/bin/cc
[INFO] [stderr]   -- Detecting C compiler ABI info
[INFO] [stderr]   -- Detecting C compiler ABI info - done
[INFO] [stderr]   -- Check for working C compiler: /usr/bin/cc - skipped
[INFO] [stderr]   -- Detecting C compile features
[INFO] [stderr]   -- Detecting C compile features - done
[INFO] [stderr]   -- Detecting CXX compiler ABI info
[INFO] [stderr]   -- Detecting CXX compiler ABI info - done
[INFO] [stderr]   -- Check for working CXX compiler: /usr/bin/c++ - skipped
[INFO] [stderr]   -- Detecting CXX compile features
[INFO] [stderr]   -- Detecting CXX compile features - done
[INFO] [stderr]   -- Performing Test CMAKE_HAVE_LIBC_PTHREAD
[INFO] [stderr]   -- Performing Test CMAKE_HAVE_LIBC_PTHREAD - Success
[INFO] [stderr]   -- Found Threads: TRUE
[INFO] [stderr]   -- SENTRY_TRANSPORT=curl
[INFO] [stderr]   -- SENTRY_BACKEND=crashpad
[INFO] [stderr]   -- SENTRY_LIBRARY_TYPE=STATIC
[INFO] [stderr]   -- Looking for sys/types.h
[INFO] [stderr]   -- Looking for sys/types.h - found
[INFO] [stderr]   -- Looking for stdint.h
[INFO] [stderr]   -- Looking for stdint.h - found
[INFO] [stderr]   -- Looking for stddef.h
[INFO] [stderr]   -- Looking for stddef.h - found
[INFO] [stderr]   -- Check size of long
[INFO] [stderr]   -- Check size of long - done
[INFO] [stderr]   -- Found CURL: /usr/lib/x86_64-linux-gnu/libcurl.so (found version "8.18.0")
[INFO] [stderr]   -- Found OpenSSL: /usr/lib/x86_64-linux-gnu/libcrypto.so (found version "3.5.5")
[INFO] [stderr]   -- Configuring done (3.3s)
[INFO] [stderr]   -- Generating done (0.1s)
[INFO] [stderr]   -- Build files have been written to: /opt/rustwide/target/debug/build/sentry-contrib-native-sys-84e544aa09280333/out/build
[INFO] [stderr]   [  1%] Building CXX object crashpad_build/third_party/mini_chromium/CMakeFiles/mini_chromium.dir/mini_chromium/base/debug/alias.cc.o
[INFO] [stderr]   [  1%] Building CXX object crashpad_build/third_party/mini_chromium/CMakeFiles/mini_chromium.dir/mini_chromium/base/files/file_path.cc.o
[INFO] [stderr]   [  2%] Building CXX object crashpad_build/third_party/mini_chromium/CMakeFiles/mini_chromium.dir/mini_chromium/base/files/scoped_file.cc.o
[INFO] [stderr]   [  2%] Building CXX object crashpad_build/third_party/mini_chromium/CMakeFiles/mini_chromium.dir/mini_chromium/base/logging.cc.o
[INFO] [stderr]   [  3%] Building CXX object crashpad_build/third_party/mini_chromium/CMakeFiles/mini_chromium.dir/mini_chromium/base/rand_util.cc.o
[INFO] [stderr]   [  4%] Building C object crashpad_build/third_party/zlib/CMakeFiles/crashpad_zlib.dir/zlib/crc32.c.o
[INFO] [stderr]   [  4%] Building CXX object crashpad_build/tools/CMakeFiles/crashpad_tools.dir/tool_support.cc.o
[INFO] [stderr]   [  4%] Building CXX object crashpad_build/third_party/mini_chromium/CMakeFiles/mini_chromium.dir/mini_chromium/base/process/memory.cc.o
[INFO] [stderr]   [  4%] Building C object crashpad_build/third_party/zlib/CMakeFiles/crashpad_zlib.dir/zlib/compress.c.o
[INFO] [stderr]   [  4%] Building C object crashpad_build/third_party/zlib/CMakeFiles/crashpad_zlib.dir/zlib/gzread.c.o
[INFO] [stderr]   [  5%] Building C object crashpad_build/third_party/zlib/CMakeFiles/crashpad_zlib.dir/zlib/gzclose.c.o
[INFO] [stderr]   [  5%] Building C object crashpad_build/third_party/zlib/CMakeFiles/crashpad_zlib.dir/zlib/adler32.c.o
[INFO] [stderr]   [  5%] Building C object crashpad_build/third_party/zlib/CMakeFiles/crashpad_zlib.dir/zlib/gzlib.c.o
[INFO] [stderr]   [  5%] Building CXX object crashpad_build/third_party/mini_chromium/CMakeFiles/mini_chromium.dir/mini_chromium/base/strings/string_number_conversions.cc.o
[INFO] [stderr]   [  5%] Building CXX object crashpad_build/compat/CMakeFiles/crashpad_compat.dir/linux/sys/mman_memfd_create.cc.o
[INFO] [stderr]   [  5%] Building C object crashpad_build/third_party/zlib/CMakeFiles/crashpad_zlib.dir/zlib/deflate.c.o
[INFO] [stderr]   [  6%] Building CXX object crashpad_build/third_party/mini_chromium/CMakeFiles/mini_chromium.dir/mini_chromium/base/strings/stringprintf.cc.o
[INFO] [stderr]   [  6%] Building CXX object crashpad_build/third_party/mini_chromium/CMakeFiles/mini_chromium.dir/mini_chromium/base/strings/utf_string_conversions.cc.o
[INFO] [stderr]   [  7%] Building C object crashpad_build/third_party/zlib/CMakeFiles/crashpad_zlib.dir/zlib/gzwrite.c.o
[INFO] [stderr]   [  7%] Building CXX object crashpad_build/third_party/mini_chromium/CMakeFiles/mini_chromium.dir/mini_chromium/base/synchronization/lock.cc.o
[INFO] [stderr]   [  8%] Building CXX object crashpad_build/third_party/mini_chromium/CMakeFiles/mini_chromium.dir/mini_chromium/base/third_party/icu/icu_utf.cc.o
[INFO] [stderr]   [  8%] Building CXX object crashpad_build/third_party/mini_chromium/CMakeFiles/mini_chromium.dir/mini_chromium/base/threading/thread_local_storage.cc.o
[INFO] [stderr]   [  8%] Building C object crashpad_build/third_party/zlib/CMakeFiles/crashpad_zlib.dir/zlib/infback.c.o
[INFO] [stderr]   [  9%] Linking CXX static library libcrashpad_compat.a
[INFO] [stderr]   [ 10%] Building CXX object crashpad_build/third_party/mini_chromium/CMakeFiles/mini_chromium.dir/mini_chromium/base/strings/utf_string_conversion_utils.cc.o
[INFO] [stderr]   [ 10%] Building CXX object crashpad_build/third_party/mini_chromium/CMakeFiles/mini_chromium.dir/mini_chromium/base/files/file_util_posix.cc.o
[INFO] [stderr]   [ 10%] Built target crashpad_compat
[INFO] [stderr]   [ 11%] Building CXX object crashpad_build/third_party/mini_chromium/CMakeFiles/mini_chromium.dir/mini_chromium/base/posix/safe_strerror.cc.o
[INFO] [stderr]   [ 12%] Building C object crashpad_build/third_party/zlib/CMakeFiles/crashpad_zlib.dir/zlib/inffast.c.o
[INFO] [stderr]   [ 12%] Building C object crashpad_build/third_party/zlib/CMakeFiles/crashpad_zlib.dir/zlib/inflate.c.o
[INFO] [stderr]   [ 13%] Building C object crashpad_build/third_party/zlib/CMakeFiles/crashpad_zlib.dir/zlib/inftrees.c.o
[INFO] [stderr]   [ 13%] Building C object crashpad_build/third_party/zlib/CMakeFiles/crashpad_zlib.dir/zlib/trees.c.o
[INFO] [stderr]   [ 13%] Building C object crashpad_build/third_party/zlib/CMakeFiles/crashpad_zlib.dir/zlib/uncompr.c.o
[INFO] [stderr]   [ 14%] Building C object crashpad_build/third_party/zlib/CMakeFiles/crashpad_zlib.dir/zlib/zutil.c.o
[INFO] [stderr]   [ 14%] Building C object crashpad_build/third_party/zlib/CMakeFiles/crashpad_zlib.dir/zlib/crc_folding.c.o
[INFO] [stderr]   [ 15%] Building C object crashpad_build/third_party/zlib/CMakeFiles/crashpad_zlib.dir/zlib/fill_window_sse.c.o
[INFO] [stderr]   [ 15%] Building C object crashpad_build/third_party/zlib/CMakeFiles/crashpad_zlib.dir/zlib/x86.c.o
[INFO] [stderr]   [ 16%] Linking CXX static library libcrashpad_tools.a
[INFO] [stderr]   [ 16%] Built target crashpad_tools
[INFO] [stderr]   [ 16%] Linking C static library libcrashpad_zlib.a
[INFO] [stderr]   [ 16%] Built target crashpad_zlib
[INFO] [stderr] 
[INFO] [stderr]   --- stderr
[INFO] [stderr]   running: cd "/opt/rustwide/target/debug/build/sentry-contrib-native-sys-84e544aa09280333/out/build" && CMAKE_PREFIX_PATH="" LC_ALL="C" "cmake" "/opt/rustwide/workdir/sentry-native" "-B" "/opt/rustwide/target/debug/build/sentry-contrib-native-sys-84e544aa09280333/out/build" "-DBUILD_SHARED_LIBS=OFF" "-DSENTRY_BUILD_TESTS=OFF" "-DSENTRY_BUILD_EXAMPLES=OFF" "-DSENTRY_BACKEND=crashpad" "-DCRASHPAD_ZLIB_SYSTEM=OFF" "-DCMAKE_INSTALL_PREFIX=/opt/rustwide/target/debug/build/sentry-contrib-native-sys-84e544aa09280333/out" "-DCMAKE_C_FLAGS= -ffunction-sections -fdata-sections -fPIC -m64 -w" "-DCMAKE_C_COMPILER=/usr/bin/cc" "-DCMAKE_CXX_FLAGS= -ffunction-sections -fdata-sections -fPIC -m64 -w" "-DCMAKE_CXX_COMPILER=/usr/bin/c++" "-DCMAKE_ASM_FLAGS= -ffunction-sections -fdata-sections -fPIC -m64 -w" "-DCMAKE_ASM_COMPILER=/usr/bin/cc" "-DCMAKE_BUILD_TYPE=RelWithDebInfo"
[INFO] [stderr]   running: cd "/opt/rustwide/target/debug/build/sentry-contrib-native-sys-84e544aa09280333/out/build" && LC_ALL="C" MAKEFLAGS="-j --jobserver-fds=4,5 --jobserver-auth=4,5" "cmake" "--build" "/opt/rustwide/target/debug/build/sentry-contrib-native-sys-84e544aa09280333/out/build" "--target" "install" "--config" "RelWithDebInfo"
[INFO] [stderr]   In file included from /opt/rustwide/workdir/sentry-native/external/crashpad/third_party/mini_chromium/mini_chromium/base/files/file_path.cc:9:
[INFO] [stderr]   /opt/rustwide/workdir/sentry-native/external/crashpad/third_party/mini_chromium/mini_chromium/base/logging.h:24:28: error: 'uint32_t' does not name a type
[INFO] [stderr]      24 | using LoggingDestination = uint32_t;
[INFO] [stderr]         |                            ^~~~~~~~
[INFO] [stderr]   /opt/rustwide/workdir/sentry-native/external/crashpad/third_party/mini_chromium/mini_chromium/base/logging.h:19:1: note: 'uint32_t' is defined in header '<cstdint>'; this is probably fixable by adding '#include <cstdint>'
[INFO] [stderr]      18 | #include "base/notreached.h"
[INFO] [stderr]     +++ |+#include <cstdint>
[INFO] [stderr]      19 | #include "build/build_config.h"
[INFO] [stderr]   /opt/rustwide/workdir/sentry-native/external/crashpad/third_party/mini_chromium/mini_chromium/base/logging.h:30:6: error: expected identifier before ':' token
[INFO] [stderr]      30 | enum : LoggingDestination {
[INFO] [stderr]         |      ^
[INFO] [stderr]   /opt/rustwide/workdir/sentry-native/external/crashpad/third_party/mini_chromium/mini_chromium/base/logging.h:30:6: error: expected unqualified-id before ':' token
[INFO] [stderr]   /opt/rustwide/workdir/sentry-native/external/crashpad/third_party/mini_chromium/mini_chromium/base/logging.h:52:3: error: 'LoggingDestination' does not name a type
[INFO] [stderr]      52 |   LoggingDestination logging_dest = LOG_DEFAULT;
[INFO] [stderr]         |   ^~~~~~~~~~~~~~~~~~
[INFO] [stderr]   In file included from /opt/rustwide/workdir/sentry-native/external/crashpad/third_party/mini_chromium/mini_chromium/base/logging.cc:5:
[INFO] [stderr]   /opt/rustwide/workdir/sentry-native/external/crashpad/third_party/mini_chromium/mini_chromium/base/logging.h:24:28: error: 'uint32_t' does not name a type
[INFO] [stderr]      24 | using LoggingDestination = uint32_t;
[INFO] [stderr]         |                            ^~~~~~~~
[INFO] [stderr]   /opt/rustwide/workdir/sentry-native/external/crashpad/third_party/mini_chromium/mini_chromium/base/logging.h:19:1: note: 'uint32_t' is defined in header '<cstdint>'; this is probably fixable by adding '#include <cstdint>'
[INFO] [stderr]      18 | #include "base/notreached.h"
[INFO] [stderr]     +++ |+#include <cstdint>
[INFO] [stderr]      19 | #include "build/build_config.h"
[INFO] [stderr]   /opt/rustwide/workdir/sentry-native/external/crashpad/third_party/mini_chromium/mini_chromium/base/logging.h:30:6: error: expected identifier before ':' token
[INFO] [stderr]      30 | enum : LoggingDestination {
[INFO] [stderr]         |      ^
[INFO] [stderr]   /opt/rustwide/workdir/sentry-native/external/crashpad/third_party/mini_chromium/mini_chromium/base/logging.h:30:6: error: expected unqualified-id before ':' token
[INFO] [stderr]   /opt/rustwide/workdir/sentry-native/external/crashpad/third_party/mini_chromium/mini_chromium/base/logging.h:52:3: error: 'LoggingDestination' does not name a type
[INFO] [stderr]      52 |   LoggingDestination logging_dest = LOG_DEFAULT;
[INFO] [stderr]         |   ^~~~~~~~~~~~~~~~~~
[INFO] [stderr]   In file included from /opt/rustwide/workdir/sentry-native/external/crashpad/third_party/mini_chromium/mini_chromium/base/files/scoped_file.cc:9:
[INFO] [stderr]   /opt/rustwide/workdir/sentry-native/external/crashpad/third_party/mini_chromium/mini_chromium/base/logging.h:24:28: error: 'uint32_t' does not name a type
[INFO] [stderr]      24 | using LoggingDestination = uint32_t;
[INFO] [stderr]         |                            ^~~~~~~~
[INFO] [stderr]   /opt/rustwide/workdir/sentry-native/external/crashpad/third_party/mini_chromium/mini_chromium/base/logging.h:19:1: note: 'uint32_t' is defined in header '<cstdint>'; this is probably fixable by adding '#include <cstdint>'
[INFO] [stderr]      18 | #include "base/notreached.h"
[INFO] [stderr]     +++ |+#include <cstdint>
[INFO] [stderr]      19 | #include "build/build_config.h"
[INFO] [stderr]   /opt/rustwide/workdir/sentry-native/external/crashpad/third_party/mini_chromium/mini_chromium/base/logging.h:30:6: error: expected identifier before ':' token
[INFO] [stderr]      30 | enum : LoggingDestination {
[INFO] [stderr]         |      ^
[INFO] [stderr]   /opt/rustwide/workdir/sentry-native/external/crashpad/third_party/mini_chromium/mini_chromium/base/logging.h:30:6: error: expected unqualified-id before ':' token
[INFO] [stderr]   /opt/rustwide/workdir/sentry-native/external/crashpad/third_party/mini_chromium/mini_chromium/base/logging.h:52:3: error: 'LoggingDestination' does not name a type
[INFO] [stderr]      52 |   LoggingDestination logging_dest = LOG_DEFAULT;
[INFO] [stderr]         |   ^~~~~~~~~~~~~~~~~~
[INFO] [stderr]   gmake[2]: *** [crashpad_build/third_party/mini_chromium/CMakeFiles/mini_chromium.dir/build.make:93: crashpad_build/third_party/mini_chromium/CMakeFiles/mini_chromium.dir/mini_chromium/base/files/file_path.cc.o] Error 1
[INFO] [stderr]   gmake[2]: *** Waiting for unfinished jobs....
[INFO] [stderr]   /opt/rustwide/workdir/sentry-native/external/crashpad/third_party/mini_chromium/mini_chromium/base/logging.cc:77:1: error: 'LoggingDestination' does not name a type
[INFO] [stderr]      77 | LoggingDestination g_logging_destination = LOG_DEFAULT;
[INFO] [stderr]         | ^~~~~~~~~~~~~~~~~~
[INFO] [stderr]   In file included from /opt/rustwide/workdir/sentry-native/external/crashpad/third_party/mini_chromium/mini_chromium/base/logging.h:16:
[INFO] [stderr]   /opt/rustwide/workdir/sentry-native/external/crashpad/third_party/mini_chromium/mini_chromium/base/logging.cc: In function 'bool logging::InitLogging(const LoggingSettings&)':
[INFO] [stderr]   /opt/rustwide/workdir/sentry-native/external/crashpad/third_party/mini_chromium/mini_chromium/base/logging.cc:82:22: error: 'const struct logging::LoggingSettings' has no member named 'logging_dest'
[INFO] [stderr]      82 |   DCHECK_EQ(settings.logging_dest & LOG_TO_FILE, 0u);
[INFO] [stderr]         |                      ^~~~~~~~~~~~
[INFO] [stderr]   /opt/rustwide/workdir/sentry-native/external/crashpad/third_party/mini_chromium/mini_chromium/base/check_op.h:68:43: note: in definition of macro 'DCHECK_OP'
[INFO] [stderr]      68 |           logging::Check ## name ## Impl((val1), (val2), \
[INFO] [stderr]         |                                           ^~~~
[INFO] [stderr]   /opt/rustwide/workdir/sentry-native/external/crashpad/third_party/mini_chromium/mini_chromium/base/logging.cc:82:3: note: in expansion of macro 'DCHECK_EQ'
[INFO] [stderr]      82 |   DCHECK_EQ(settings.logging_dest & LOG_TO_FILE, 0u);
[INFO] [stderr]         |   ^~~~~~~~~
[INFO] [stderr]   /opt/rustwide/workdir/sentry-native/external/crashpad/third_party/mini_chromium/mini_chromium/base/logging.cc:82:37: error: 'LOG_TO_FILE' was not declared in this scope
[INFO] [stderr]      82 |   DCHECK_EQ(settings.logging_dest & LOG_TO_FILE, 0u);
[INFO] [stderr]         |                                     ^~~~~~~~~~~
[INFO] [stderr]   /opt/rustwide/workdir/sentry-native/external/crashpad/third_party/mini_chromium/mini_chromium/base/check_op.h:68:43: note: in definition of macro 'DCHECK_OP'
[INFO] [stderr]      68 |           logging::Check ## name ## Impl((val1), (val2), \
[INFO] [stderr]         |                                           ^~~~
[INFO] [stderr]   /opt/rustwide/workdir/sentry-native/external/crashpad/third_party/mini_chromium/mini_chromium/base/logging.cc:82:3: note: in expansion of macro 'DCHECK_EQ'
[INFO] [stderr]      82 |   DCHECK_EQ(settings.logging_dest & LOG_TO_FILE, 0u);
[INFO] [stderr]         |   ^~~~~~~~~
[INFO] [stderr]   /opt/rustwide/workdir/sentry-native/external/crashpad/third_party/mini_chromium/mini_chromium/base/logging.cc:84:3: error: 'g_logging_destination' was not declared in this scope
[INFO] [stderr]      84 |   g_logging_destination = settings.logging_dest;
[INFO] [stderr]         |   ^~~~~~~~~~~~~~~~~~~~~
[INFO] [stderr]   /opt/rustwide/workdir/sentry-native/external/crashpad/third_party/mini_chromium/mini_chromium/base/logging.cc:84:36: error: 'const struct logging::LoggingSettings' has no member named 'logging_dest'
[INFO] [stderr]      84 |   g_logging_destination = settings.logging_dest;
[INFO] [stderr]         |                                    ^~~~~~~~~~~~
[INFO] [stderr]   /opt/rustwide/workdir/sentry-native/external/crashpad/third_party/mini_chromium/mini_chromium/base/logging.cc: In destructor 'logging::LogMessage::~LogMessage()':
[INFO] [stderr]   /opt/rustwide/workdir/sentry-native/external/crashpad/third_party/mini_chromium/mini_chromium/base/logging.cc:178:8: error: 'g_logging_destination' was not declared in this scope
[INFO] [stderr]     178 |   if ((g_logging_destination & LOG_TO_STDERR)) {
[INFO] [stderr]         |        ^~~~~~~~~~~~~~~~~~~~~
[INFO] [stderr]   /opt/rustwide/workdir/sentry-native/external/crashpad/third_party/mini_chromium/mini_chromium/base/logging.cc:178:32: error: 'LOG_TO_STDERR' was not declared in this scope
[INFO] [stderr]     178 |   if ((g_logging_destination & LOG_TO_STDERR)) {
[INFO] [stderr]         |                                ^~~~~~~~~~~~~
[INFO] [stderr]   /opt/rustwide/workdir/sentry-native/external/crashpad/third_party/mini_chromium/mini_chromium/base/logging.cc:183:8: error: 'g_logging_destination' was not declared in this scope
[INFO] [stderr]     183 |   if ((g_logging_destination & LOG_TO_SYSTEM_DEBUG_LOG) != 0) {
[INFO] [stderr]         |        ^~~~~~~~~~~~~~~~~~~~~
[INFO] [stderr]   gmake[2]: *** [crashpad_build/third_party/mini_chromium/CMakeFiles/mini_chromium.dir/build.make:107: crashpad_build/third_party/mini_chromium/CMakeFiles/mini_chromium.dir/mini_chromium/base/files/scoped_file.cc.o] Error 1
[INFO] [stderr]   /opt/rustwide/workdir/sentry-native/external/crashpad/third_party/mini_chromium/mini_chromium/base/logging.cc:183:32: error: 'LOG_TO_SYSTEM_DEBUG_LOG' was not declared in this scope
[INFO] [stderr]     183 |   if ((g_logging_destination & LOG_TO_SYSTEM_DEBUG_LOG) != 0) {
[INFO] [stderr]         |                                ^~~~~~~~~~~~~~~~~~~~~~~
[INFO] [stderr]   In file included from /opt/rustwide/workdir/sentry-native/external/crashpad/third_party/mini_chromium/mini_chromium/base/synchronization/lock.cc:11:
[INFO] [stderr]   /opt/rustwide/workdir/sentry-native/external/crashpad/third_party/mini_chromium/mini_chromium/base/logging.h:24:28: error: 'uint32_t' does not name a type
[INFO] [stderr]      24 | using LoggingDestination = uint32_t;
[INFO] [stderr]         |                            ^~~~~~~~
[INFO] [stderr]   /opt/rustwide/workdir/sentry-native/external/crashpad/third_party/mini_chromium/mini_chromium/base/logging.h:19:1: note: 'uint32_t' is defined in header '<cstdint>'; this is probably fixable by adding '#include <cstdint>'
[INFO] [stderr]      18 | #include "base/notreached.h"
[INFO] [stderr]     +++ |+#include <cstdint>
[INFO] [stderr]      19 | #include "build/build_config.h"
[INFO] [stderr]   /opt/rustwide/workdir/sentry-native/external/crashpad/third_party/mini_chromium/mini_chromium/base/logging.h:30:6: error: expected identifier before ':' token
[INFO] [stderr]      30 | enum : LoggingDestination {
[INFO] [stderr]         |      ^
[INFO] [stderr]   /opt/rustwide/workdir/sentry-native/external/crashpad/third_party/mini_chromium/mini_chromium/base/logging.h:30:6: error: expected unqualified-id before ':' token
[INFO] [stderr]   /opt/rustwide/workdir/sentry-native/external/crashpad/third_party/mini_chromium/mini_chromium/base/logging.h:52:3: error: 'LoggingDestination' does not name a type
[INFO] [stderr]      52 |   LoggingDestination logging_dest = LOG_DEFAULT;
[INFO] [stderr]         |   ^~~~~~~~~~~~~~~~~~
[INFO] [stderr]   In file included from /opt/rustwide/workdir/sentry-native/external/crashpad/third_party/mini_chromium/mini_chromium/base/strings/utf_string_conversion_utils.cc:5:
[INFO] [stderr]   /opt/rustwide/workdir/sentry-native/external/crashpad/third_party/mini_chromium/mini_chromium/base/strings/utf_string_conversion_utils.h:12:30: error: 'uint32_t' was not declared in this scope
[INFO] [stderr]      12 | inline bool IsValidCodepoint(uint32_t code_point) {
[INFO] [stderr]         |                              ^~~~~~~~
[INFO] [stderr]   /opt/rustwide/workdir/sentry-native/external/crashpad/third_party/mini_chromium/mini_chromium/base/strings/utf_string_conversion_utils.h:9:1: note: 'uint32_t' is defined in header '<cstdint>'; this is probably fixable by adding '#include <cstdint>'
[INFO] [stderr]       8 | #include <string>
[INFO] [stderr]     +++ |+#include <cstdint>
[INFO] [stderr]       9 | 
[INFO] [stderr]   /opt/rustwide/workdir/sentry-native/external/crashpad/third_party/mini_chromium/mini_chromium/base/strings/utf_string_conversion_utils.h:20:27: error: 'uint32_t' has not been declared
[INFO] [stderr]      20 |                           uint32_t* code_point_out);
[INFO] [stderr]         |                           ^~~~~~~~
[INFO] [stderr]   /opt/rustwide/workdir/sentry-native/external/crashpad/third_party/mini_chromium/mini_chromium/base/strings/utf_string_conversion_utils.h:20:27: note: 'uint32_t' is defined in header '<cstdint>'; this is probably fixable by adding '#include <cstdint>'
[INFO] [stderr]   /opt/rustwide/workdir/sentry-native/external/crashpad/third_party/mini_chromium/mini_chromium/base/strings/utf_string_conversion_utils.h:25:27: error: 'uint32_t' has not been declared
[INFO] [stderr]      25 |                           uint32_t* code_point);
[INFO] [stderr]         |                           ^~~~~~~~
[INFO] [stderr]   /opt/rustwide/workdir/sentry-native/external/crashpad/third_party/mini_chromium/mini_chromium/base/strings/utf_string_conversion_utils.h:25:27: note: 'uint32_t' is defined in header '<cstdint>'; this is probably fixable by adding '#include <cstdint>'
[INFO] [stderr]   /opt/rustwide/workdir/sentry-native/external/crashpad/third_party/mini_chromium/mini_chromium/base/strings/utf_string_conversion_utils.h:27:30: error: 'uint32_t' was not declared in this scope
[INFO] [stderr]      27 | size_t WriteUnicodeCharacter(uint32_t code_point, std::string* output);
[INFO] [stderr]         |                              ^~~~~~~~
[INFO] [stderr]   /opt/rustwide/workdir/sentry-native/external/crashpad/third_party/mini_chromium/mini_chromium/base/strings/utf_string_conversion_utils.h:27:30: note: 'uint32_t' is defined in header '<cstdint>'; this is probably fixable by adding '#include <cstdint>'
[INFO] [stderr]   /opt/rustwide/workdir/sentry-native/external/crashpad/third_party/mini_chromium/mini_chromium/base/strings/utf_string_conversion_utils.h:27:62: error: expected primary-expression before '*' token
[INFO] [stderr]      27 | size_t WriteUnicodeCharacter(uint32_t code_point, std::string* output);
[INFO] [stderr]         |                                                              ^
[INFO] [stderr]   /opt/rustwide/workdir/sentry-native/external/crashpad/third_party/mini_chromium/mini_chromium/base/strings/utf_string_conversion_utils.h:27:64: error: 'output' was not declared in this scope
[INFO] [stderr]      27 | size_t WriteUnicodeCharacter(uint32_t code_point, std::string* output);
[INFO] [stderr]         |                                                                ^~~~~~
[INFO] [stderr]   /opt/rustwide/workdir/sentry-native/external/crashpad/third_party/mini_chromium/mini_chromium/base/strings/utf_string_conversion_utils.h:27:70: error: expression list treated as compound expression in initializer [-fpermissive]
[INFO] [stderr]      27 | size_t WriteUnicodeCharacter(uint32_t code_point, std::string* output);
[INFO] [stderr]         |                                                                      ^
[INFO] [stderr]   /opt/rustwide/workdir/sentry-native/external/crashpad/third_party/mini_chromium/mini_chromium/base/strings/utf_string_conversion_utils.h:29:8: error: redefinition of 'size_t base::WriteUnicodeCharacter'
[INFO] [stderr]      29 | size_t WriteUnicodeCharacter(uint32_t code_point, std::u16string* output);
[INFO] [stderr]         |        ^~~~~~~~~~~~~~~~~~~~~
[INFO] [stderr]   /opt/rustwide/workdir/sentry-native/external/crashpad/third_party/mini_chromium/mini_chromium/base/strings/utf_string_conversion_utils.h:27:8: note: 'size_t base::WriteUnicodeCharacter' previously defined here
[INFO] [stderr]      27 | size_t WriteUnicodeCharacter(uint32_t code_point, std::string* output);
[INFO] [stderr]         |        ^~~~~~~~~~~~~~~~~~~~~
[INFO] [stderr]   /opt/rustwide/workdir/sentry-native/external/crashpad/third_party/mini_chromium/mini_chromium/base/strings/utf_string_conversion_utils.h:29:30: error: 'uint32_t' was not declared in this scope
[INFO] [stderr]      29 | size_t WriteUnicodeCharacter(uint32_t code_point, std::u16string* output);
[INFO] [stderr]         |                              ^~~~~~~~
[INFO] [stderr]   /opt/rustwide/workdir/sentry-native/external/crashpad/third_party/mini_chromium/mini_chromium/base/strings/utf_string_conversion_utils.h:29:30: note: 'uint32_t' is defined in header '<cstdint>'; this is probably fixable by adding '#include <cstdint>'
[INFO] [stderr]   /opt/rustwide/workdir/sentry-native/external/crashpad/third_party/mini_chromium/mini_chromium/base/strings/utf_string_conversion_utils.h:29:65: error: expected primary-expression before '*' token
[INFO] [stderr]      29 | size_t WriteUnicodeCharacter(uint32_t code_point, std::u16string* output);
[INFO] [stderr]         |                                                                 ^
[INFO] [stderr]   /opt/rustwide/workdir/sentry-native/external/crashpad/third_party/mini_chromium/mini_chromium/base/strings/utf_string_conversion_utils.h:29:67: error: 'output' was not declared in this scope
[INFO] [stderr]      29 | size_t WriteUnicodeCharacter(uint32_t code_point, std::u16string* output);
[INFO] [stderr]         |                                                                   ^~~~~~
[INFO] [stderr]   /opt/rustwide/workdir/sentry-native/external/crashpad/third_party/mini_chromium/mini_chromium/base/strings/utf_string_conversion_utils.cc: In function 'bool base::ReadUnicodeCharacter(const char*, int32_t, int32_t*, uint32_t*)':
[INFO] [stderr]   /opt/rustwide/workdir/sentry-native/external/crashpad/third_party/mini_chromium/mini_chromium/base/strings/utf_string_conversion_utils.cc:41:26: error: 'base::IsValidCodepoint' cannot be used as a function
[INFO] [stderr]      41 |   return IsValidCodepoint(code_point);
[INFO] [stderr]         |          ~~~~~~~~~~~~~~~~^~~~~~~~~~~~
[INFO] [stderr]   /opt/rustwide/workdir/sentry-native/external/crashpad/third_party/mini_chromium/mini_chromium/base/strings/utf_string_conversion_utils.cc: In function 'bool base::ReadUnicodeCharacter(const char16_t*, int32_t, int32_t*, uint32_t*)':
[INFO] [stderr]   /opt/rustwide/workdir/sentry-native/external/crashpad/third_party/mini_chromium/mini_chromium/base/strings/utf_string_conversion_utils.cc:62:26: error: 'base::IsValidCodepoint' cannot be used as a function
[INFO] [stderr]      62 |   return IsValidCodepoint(*code_point);
[INFO] [stderr]         |          ~~~~~~~~~~~~~~~~^~~~~~~~~~~~~
[INFO] [stderr]   /opt/rustwide/workdir/sentry-native/external/crashpad/third_party/mini_chromium/mini_chromium/base/strings/utf_string_conversion_utils.cc: At global scope:
[INFO] [stderr]   /opt/rustwide/workdir/sentry-native/external/crashpad/third_party/mini_chromium/mini_chromium/base/strings/utf_string_conversion_utils.cc:65:70: error: 'size_t base::WriteUnicodeCharacter(uint32_t, std::string*)' redeclared as different kind of entity
[INFO] [stderr]      65 | size_t WriteUnicodeCharacter(uint32_t code_point, std::string* output) {
[INFO] [stderr]         |                                                                      ^
[INFO] [stderr]   /opt/rustwide/workdir/sentry-native/external/crashpad/third_party/mini_chromium/mini_chromium/base/strings/utf_string_conversion_utils.h:27:8: note: previous declaration 'size_t base::WriteUnicodeCharacter'
[INFO] [stderr]      27 | size_t WriteUnicodeCharacter(uint32_t code_point, std::string* output);
[INFO] [stderr]         |        ^~~~~~~~~~~~~~~~~~~~~
[INFO] [stderr]   /opt/rustwide/workdir/sentry-native/external/crashpad/third_party/mini_chromium/mini_chromium/base/strings/utf_string_conversion_utils.cc:81:73: error: 'size_t base::WriteUnicodeCharacter(uint32_t, std::u16string*)' redeclared as different kind of entity
[INFO] [stderr]      81 | size_t WriteUnicodeCharacter(uint32_t code_point, std::u16string* output) {
[INFO] [stderr]         |                                                                         ^
[INFO] [stderr]   /opt/rustwide/workdir/sentry-native/external/crashpad/third_party/mini_chromium/mini_chromium/base/strings/utf_string_conversion_utils.h:27:8: note: previous declaration 'size_t base::WriteUnicodeCharacter'
[INFO] [stderr]      27 | size_t WriteUnicodeCharacter(uint32_t code_point, std::string* output);
[INFO] [stderr]         |        ^~~~~~~~~~~~~~~~~~~~~
[INFO] [stderr]   gmake[2]: *** [crashpad_build/third_party/mini_chromium/CMakeFiles/mini_chromium.dir/build.make:247: crashpad_build/third_party/mini_chromium/CMakeFiles/mini_chromium.dir/mini_chromium/base/strings/utf_string_conversion_utils.cc.o] Error 1
[INFO] [stderr]   gmake[2]: *** [crashpad_build/third_party/mini_chromium/CMakeFiles/mini_chromium.dir/build.make:121: crashpad_build/third_party/mini_chromium/CMakeFiles/mini_chromium.dir/mini_chromium/base/logging.cc.o] Error 1
[INFO] [stderr]   gmake[2]: *** [crashpad_build/third_party/mini_chromium/CMakeFiles/mini_chromium.dir/build.make:205: crashpad_build/third_party/mini_chromium/CMakeFiles/mini_chromium.dir/mini_chromium/base/synchronization/lock.cc.o] Error 1
[INFO] [stderr]   In file included from /opt/rustwide/workdir/sentry-native/external/crashpad/third_party/mini_chromium/mini_chromium/base/strings/stringprintf.cc:11:
[INFO] [stderr]   /opt/rustwide/workdir/sentry-native/external/crashpad/third_party/mini_chromium/mini_chromium/base/logging.h:24:28: error: 'uint32_t' does not name a type
[INFO] [stderr]      24 | using LoggingDestination = uint32_t;
[INFO] [stderr]         |                            ^~~~~~~~
[INFO] [stderr]   /opt/rustwide/workdir/sentry-native/external/crashpad/third_party/mini_chromium/mini_chromium/base/logging.h:19:1: note: 'uint32_t' is defined in header '<cstdint>'; this is probably fixable by adding '#include <cstdint>'
[INFO] [stderr]      18 | #include "base/notreached.h"
[INFO] [stderr]     +++ |+#include <cstdint>
[INFO] [stderr]      19 | #include "build/build_config.h"
[INFO] [stderr]   /opt/rustwide/workdir/sentry-native/external/crashpad/third_party/mini_chromium/mini_chromium/base/logging.h:30:6: error: expected identifier before ':' token
[INFO] [stderr]      30 | enum : LoggingDestination {
[INFO] [stderr]         |      ^
[INFO] [stderr]   /opt/rustwide/workdir/sentry-native/external/crashpad/third_party/mini_chromium/mini_chromium/base/logging.h:30:6: error: expected unqualified-id before ':' token
[INFO] [stderr]   /opt/rustwide/workdir/sentry-native/external/crashpad/third_party/mini_chromium/mini_chromium/base/logging.h:52:3: error: 'LoggingDestination' does not name a type
[INFO] [stderr]      52 |   LoggingDestination logging_dest = LOG_DEFAULT;
[INFO] [stderr]         |   ^~~~~~~~~~~~~~~~~~
[INFO] [stderr]   gmake[2]: *** [crashpad_build/third_party/mini_chromium/CMakeFiles/mini_chromium.dir/build.make:177: crashpad_build/third_party/mini_chromium/CMakeFiles/mini_chromium.dir/mini_chromium/base/strings/stringprintf.cc.o] Error 1
[INFO] [stderr]   gmake[1]: *** [CMakeFiles/Makefile2:537: crashpad_build/third_party/mini_chromium/CMakeFiles/mini_chromium.dir/all] Error 2
[INFO] [stderr]   gmake[1]: *** Waiting for unfinished jobs....
[INFO] [stderr]   gmake: *** [Makefile:136: all] Error 2
[INFO] [stderr] 
[INFO] [stderr]   thread 'main' (103) panicked at /opt/rustwide/cargo-home/registry/src/index.crates.io-1949cf8c6b5b557f/cmake-0.1.58/src/lib.rs:1132:5:
[INFO] [stderr] 
[INFO] [stderr]   command did not execute successfully, got: exit status: 2
[INFO] [stderr] 
[INFO] [stderr]   build script failed, must exit now
[INFO] [stderr]   stack backtrace:
[INFO] [stderr]      0:     0x61b2ebb63c71 - std[70759c8f55707aa4]::backtrace_rs::backtrace::libunwind::trace
[INFO] [stderr]                                  at /rustc/dfb0accb7f508ae8be965d8629557221c889dd98/library/std/src/../../backtrace/src/backtrace/libunwind.rs:117:9
[INFO] [stderr]      1:     0x61b2ebb63c71 - std[70759c8f55707aa4]::backtrace_rs::backtrace::trace_unsynchronized::<std[70759c8f55707aa4]::sys::backtrace::_print_fmt::{closure#1}>
[INFO] [stderr]                                  at /rustc/dfb0accb7f508ae8be965d8629557221c889dd98/library/std/src/../../backtrace/src/backtrace/mod.rs:66:14
[INFO] [stderr]      2:     0x61b2ebb63c71 - std[70759c8f55707aa4]::sys::backtrace::_print_fmt
[INFO] [stderr]                                  at /rustc/dfb0accb7f508ae8be965d8629557221c889dd98/library/std/src/sys/backtrace.rs:74:9
[INFO] [stderr]      3:     0x61b2ebb63c71 - <<std[70759c8f55707aa4]::sys::backtrace::BacktraceLock>::print::DisplayBacktrace as core[df12db4294e9bfd3]::fmt::Display>::fmt
[INFO] [stderr]                                  at /rustc/dfb0accb7f508ae8be965d8629557221c889dd98/library/std/src/sys/backtrace.rs:44:26
[INFO] [stderr]      4:     0x61b2ebb7848a - <core[df12db4294e9bfd3]::fmt::rt::Argument>::fmt
[INFO] [stderr]                                  at /rustc/dfb0accb7f508ae8be965d8629557221c889dd98/library/core/src/fmt/rt.rs:152:76
[INFO] [stderr]      5:     0x61b2ebb7848a - core[df12db4294e9bfd3]::fmt::write
[INFO] [stderr]      6:     0x61b2ebb69dac - core[df12db4294e9bfd3]::io::write::default_write_fmt::<std[70759c8f55707aa4]::sys::stdio::unix::Stderr>
[INFO] [stderr]                                  at /rustc/dfb0accb7f508ae8be965d8629557221c889dd98/library/core/src/io/write.rs:402:11
[INFO] [stderr]      7:     0x61b2ebb69dac - <std[70759c8f55707aa4]::sys::stdio::unix::Stderr as core[df12db4294e9bfd3]::io::write::Write>::write_fmt
[INFO] [stderr]                                  at /rustc/dfb0accb7f508ae8be965d8629557221c889dd98/library/core/src/io/write.rs:335:13
[INFO] [stderr]      8:     0x61b2ebb41d06 - <std[70759c8f55707aa4]::sys::backtrace::BacktraceLock>::print
[INFO] [stderr]                                  at /rustc/dfb0accb7f508ae8be965d8629557221c889dd98/library/std/src/sys/backtrace.rs:47:9
[INFO] [stderr]      9:     0x61b2ebb41d06 - std[70759c8f55707aa4]::panicking::default_hook::{closure#0}
[INFO] [stderr]                                  at /rustc/dfb0accb7f508ae8be965d8629557221c889dd98/library/std/src/panicking.rs:292:27
[INFO] [stderr]     10:     0x61b2ebb5e7e1 - std[70759c8f55707aa4]::panicking::default_hook
[INFO] [stderr]                                  at /rustc/dfb0accb7f508ae8be965d8629557221c889dd98/library/std/src/panicking.rs:319:9
[INFO] [stderr]     11:     0x61b2ebb5e99b - std[70759c8f55707aa4]::panicking::panic_with_hook
[INFO] [stderr]                                  at /rustc/dfb0accb7f508ae8be965d8629557221c889dd98/library/std/src/panicking.rs:815:13
[INFO] [stderr]     12:     0x61b2ebb41db2 - std[70759c8f55707aa4]::panicking::panic_handler::{closure#0}
[INFO] [stderr]                                  at /rustc/dfb0accb7f508ae8be965d8629557221c889dd98/library/std/src/panicking.rs:688:13
[INFO] [stderr]     13:     0x61b2ebb3a449 - std[70759c8f55707aa4]::sys::backtrace::__rust_end_short_backtrace::<std[70759c8f55707aa4]::panicking::panic_handler::{closure#0}, !>
[INFO] [stderr]                                  at /rustc/dfb0accb7f508ae8be965d8629557221c889dd98/library/std/src/sys/backtrace.rs:182:18
[INFO] [stderr]     14:     0x61b2ebb426dd - __rustc[8fa7c3cbc660c2b3]::rust_begin_unwind
[INFO] [stderr]                                  at /rustc/dfb0accb7f508ae8be965d8629557221c889dd98/library/std/src/panicking.rs:679:5
[INFO] [stderr]     15:     0x61b2ebb78c7c - core[df12db4294e9bfd3]::panicking::panic_fmt
[INFO] [stderr]                                  at /rustc/dfb0accb7f508ae8be965d8629557221c889dd98/library/core/src/panicking.rs:80:14
[INFO] [stderr]     16:     0x61b2ebab4f67 - cmake[a1a963342b7c880b]::fail
[INFO] [stderr]     17:     0x61b2ebab4bf3 - cmake[a1a963342b7c880b]::run
[INFO] [stderr]     18:     0x61b2ebababc5 - <cmake[a1a963342b7c880b]::Config>::build
[INFO] [stderr]     19:     0x61b2ebaa5b03 - build_script_build[5de713919c968ff0]::build
[INFO] [stderr]     20:     0x61b2ebaa4664 - build_script_build[5de713919c968ff0]::main
[INFO] [stderr]     21:     0x61b2ebaa7443 - <fn() -> core[df12db4294e9bfd3]::result::Result<(), anyhow[b30f1824fd332578]::Error> as core[df12db4294e9bfd3]::ops::function::FnOnce<()>>::call_once
[INFO] [stderr]     22:     0x61b2ebaa3e6e - std[70759c8f55707aa4]::sys::backtrace::__rust_begin_short_backtrace::<fn() -> core[df12db4294e9bfd3]::result::Result<(), anyhow[b30f1824fd332578]::Error>, core[df12db4294e9bfd3]::result::Result<(), anyhow[b30f1824fd332578]::Error>>
[INFO] [stderr]     23:     0x61b2ebaa3e79 - std[70759c8f55707aa4]::rt::lang_start::<core[df12db4294e9bfd3]::result::Result<(), anyhow[b30f1824fd332578]::Error>>::{closure#0}
[INFO] [stderr]     24:     0x61b2ebb5d709 - <&dyn core[df12db4294e9bfd3]::ops::function::Fn<(), Output = i32> + core[df12db4294e9bfd3]::panic::unwind_safe::RefUnwindSafe + core[df12db4294e9bfd3]::marker::Sync as core[df12db4294e9bfd3]::ops::function::FnOnce<()>>::call_once
[INFO] [stderr]                                  at /rustc/dfb0accb7f508ae8be965d8629557221c889dd98/library/core/src/ops/function.rs:287:21
[INFO] [stderr]     25:     0x61b2ebb5d709 - std[70759c8f55707aa4]::panicking::catch_unwind::do_call::<&dyn core[df12db4294e9bfd3]::ops::function::Fn<(), Output = i32> + core[df12db4294e9bfd3]::panic::unwind_safe::RefUnwindSafe + core[df12db4294e9bfd3]::marker::Sync, i32>
[INFO] [stderr]                                  at /rustc/dfb0accb7f508ae8be965d8629557221c889dd98/library/std/src/panicking.rs:576:43
[INFO] [stderr]     26:     0x61b2ebb5d709 - std[70759c8f55707aa4]::panicking::catch_unwind::<i32, &dyn core[df12db4294e9bfd3]::ops::function::Fn<(), Output = i32> + core[df12db4294e9bfd3]::panic::unwind_safe::RefUnwindSafe + core[df12db4294e9bfd3]::marker::Sync>
[INFO] [stderr]                                  at /rustc/dfb0accb7f508ae8be965d8629557221c889dd98/library/std/src/panicking.rs:544:19
[INFO] [stderr]     27:     0x61b2ebb5d709 - std[70759c8f55707aa4]::panic::catch_unwind::<&dyn core[df12db4294e9bfd3]::ops::function::Fn<(), Output = i32> + core[df12db4294e9bfd3]::panic::unwind_safe::RefUnwindSafe + core[df12db4294e9bfd3]::marker::Sync, i32>
[INFO] [stderr]                                  at /rustc/dfb0accb7f508ae8be965d8629557221c889dd98/library/std/src/panic.rs:359:14
[INFO] [stderr]     28:     0x61b2ebb5d709 - std[70759c8f55707aa4]::rt::lang_start_internal::{closure#0}
[INFO] [stderr]                                  at /rustc/dfb0accb7f508ae8be965d8629557221c889dd98/library/std/src/rt.rs:175:24
[INFO] [stderr]     29:     0x61b2ebb5d709 - std[70759c8f55707aa4]::panicking::catch_unwind::do_call::<std[70759c8f55707aa4]::rt::lang_start_internal::{closure#0}, isize>
[INFO] [stderr]                                  at /rustc/dfb0accb7f508ae8be965d8629557221c889dd98/library/std/src/panicking.rs:576:43
[INFO] [stderr]     30:     0x61b2ebb5d709 - std[70759c8f55707aa4]::panicking::catch_unwind::<isize, std[70759c8f55707aa4]::rt::lang_start_internal::{closure#0}>
[INFO] [stderr]                                  at /rustc/dfb0accb7f508ae8be965d8629557221c889dd98/library/std/src/panicking.rs:544:19
[INFO] [stderr]     31:     0x61b2ebb5d709 - std[70759c8f55707aa4]::panic::catch_unwind::<std[70759c8f55707aa4]::rt::lang_start_internal::{closure#0}, isize>
[INFO] [stderr]                                  at /rustc/dfb0accb7f508ae8be965d8629557221c889dd98/library/std/src/panic.rs:359:14
[INFO] [stderr]     32:     0x61b2ebb5d709 - std[70759c8f55707aa4]::rt::lang_start_internal
[INFO] [stderr]                                  at /rustc/dfb0accb7f508ae8be965d8629557221c889dd98/library/std/src/rt.rs:171:5
[INFO] [stderr]     33:     0x61b2ebaa34c1 - std[70759c8f55707aa4]::rt::lang_start::<core[df12db4294e9bfd3]::result::Result<(), anyhow[b30f1824fd332578]::Error>>
[INFO] [stderr]     34:     0x61b2ebaa7545 - main
[INFO] [stderr]     35:     0x7d5812601601 - <unknown>
[INFO] [stderr]     36:     0x7d5812601718 - __libc_start_main
[INFO] [stderr]     37:     0x61b2ebaa2275 - _start
[INFO] [stderr]     38:                0x0 - <unknown>
[INFO] running `Command { std: "docker" "inspect" "36d04e2e275365eab27af9f2b7a9ed6b57fe66f23a6a70405a170c50131b45e2", kill_on_drop: false }`
[INFO] running `Command { std: "docker" "rm" "-f" "36d04e2e275365eab27af9f2b7a9ed6b57fe66f23a6a70405a170c50131b45e2", kill_on_drop: false }`
[INFO] [stdout] 36d04e2e275365eab27af9f2b7a9ed6b57fe66f23a6a70405a170c50131b45e2
