[INFO] fetching crate secretenv 0.20.0...
[INFO] testing secretenv-0.20.0 against 1.99.0-beta.8 for beta-1.100-2
[INFO] extracting crate secretenv 0.20.0 into /workspace/builds/worker-5-tc1/source
[INFO] started tweaking crates.io crate secretenv 0.20.0
[INFO] removed 0 missing tests
[INFO] finished tweaking crates.io crate secretenv 0.20.0
[INFO] tweaked toml for crates.io crate secretenv 0.20.0 written to /workspace/builds/worker-5-tc1/source/Cargo.toml
[INFO] validating manifest of crates.io crate secretenv 0.20.0 on toolchain 1.99.0-beta.8
[INFO] running `Command { std: CARGO_HOME="/workspace/cargo-home" RUSTUP_HOME="/workspace/rustup-home" "/workspace/cargo-home/bin/cargo" "+1.99.0-beta.8" "metadata" "--manifest-path" "Cargo.toml" "--no-deps", kill_on_drop: false }`
[INFO] crate crates.io crate secretenv 0.20.0 already has a lockfile, it will not be regenerated
[INFO] running `Command { std: CARGO_HOME="/workspace/cargo-home" RUSTUP_HOME="/workspace/rustup-home" "/workspace/cargo-home/bin/cargo" "+1.99.0-beta.8" "fetch" "--manifest-path" "Cargo.toml", kill_on_drop: false }`
[INFO] [stderr]     Updating crates.io index
[INFO] [stderr]  Downloading crates ...
[INFO] [stderr]   Downloaded opentelemetry-stdout v0.32.0
[INFO] [stderr]   Downloaded secretenv-telemetry v0.20.0
[INFO] [stderr]   Downloaded opentelemetry-semantic-conventions v0.32.0
[INFO] [stderr]   Downloaded secretenv-core v0.20.0
[INFO] [stderr]   Downloaded secretenv-backend-vault v0.20.0
[INFO] [stderr]   Downloaded secretenv-registry-mutate v0.20.0
[INFO] [stderr]   Downloaded secretenv-migrate v0.20.0
[INFO] [stderr]   Downloaded secretenv-backends-init v0.20.0
[INFO] [stderr]   Downloaded secretenv-mcp-config v0.20.0
[INFO] [stderr]   Downloaded secretenv-backend-local v0.20.0
[INFO] [stderr]   Downloaded secretenv-backend-openbao v0.20.0
[INFO] [stderr]   Downloaded secretenv-backend-cf-kv v0.20.0
[INFO] [stderr]   Downloaded secretenv-backend-bitwarden-sm v0.20.0
[INFO] [stderr]   Downloaded secretenv-backend-aws-ssm v0.20.0
[INFO] [stderr]   Downloaded secretenv-backend-gcp v0.20.0
[INFO] [stderr]   Downloaded secretenv-backend-doppler v0.20.0
[INFO] [stderr]   Downloaded secretenv-backend-1password v0.20.0
[INFO] [stderr]   Downloaded secretenv-backend-conjur v0.20.0
[INFO] [stderr]   Downloaded secretenv-backend-azure v0.20.0
[INFO] [stderr]   Downloaded secretenv-backend-aws-secrets v0.20.0
[INFO] [stderr]   Downloaded rmcp-macros v1.7.0
[INFO] [stderr]   Downloaded secretenv-backend-keychain v0.20.0
[INFO] [stderr]   Downloaded secretenv-backend-keeper v0.20.0
[INFO] [stderr]   Downloaded secretenv-backend-infisical v0.20.0
[INFO] [stderr]   Downloaded rmcp v1.7.0
[INFO] [stderr]   Downloaded secretenv-mcp v0.20.0
[INFO] [stderr]   Downloaded clap_complete v4.6.2
[INFO] running `Command { std: "docker" "create" "-v" "/var/lib/crater-agent-workspace/builds/worker-5-tc1/source:/opt/rustwide/workdir:ro,Z" "-v" "/var/lib/crater-agent-workspace/builds/worker-5-tc1/target:/opt/rustwide/target:rw,Z" "-v" "/var/lib/crater-agent-workspace/cargo-home:/opt/rustwide/cargo-home:ro,Z" "-v" "/var/lib/crater-agent-workspace/rustup-home:/opt/rustwide/rustup-home:ro,Z" "-m" "1610612736" "--network" "none" "ghcr.io/rust-lang/crates-build-env/linux@sha256:3111399a4047eeb3a02b7a90e478d715f38a8c6669b5c4b49d30a17385265909" "sleep" "infinity", kill_on_drop: false }`
[INFO] [stdout] 3f2bd61e7e7eced4e8a66f5ad6ad9839f7043344112fcde1bc5f264d7f5e03db
[INFO] running `Command { std: "docker" "start" "3f2bd61e7e7eced4e8a66f5ad6ad9839f7043344112fcde1bc5f264d7f5e03db", kill_on_drop: false }`
[INFO] running `Command { std: "docker" "inspect" "3f2bd61e7e7eced4e8a66f5ad6ad9839f7043344112fcde1bc5f264d7f5e03db", kill_on_drop: false }`
[INFO] running `Command { std: "docker" "exec" "-e" "SOURCE_DIR=/opt/rustwide/workdir" "-e" "CARGO_HOME=/opt/rustwide/cargo-home" "-e" "RUSTUP_HOME=/opt/rustwide/rustup-home" "-e" "CARGO_TARGET_DIR=/opt/rustwide/target" "-w" "/opt/rustwide/workdir" "--user" "0:0" "3f2bd61e7e7eced4e8a66f5ad6ad9839f7043344112fcde1bc5f264d7f5e03db" "/opt/rustwide/cargo-home/bin/cargo" "+1.99.0-beta.8" "metadata" "--no-deps" "--format-version=1", kill_on_drop: false }`
[INFO] running `Command { std: "docker" "inspect" "3f2bd61e7e7eced4e8a66f5ad6ad9839f7043344112fcde1bc5f264d7f5e03db", kill_on_drop: false }`
[INFO] running `Command { std: "docker" "exec" "-e" "SOURCE_DIR=/opt/rustwide/workdir" "-e" "CARGO_HOME=/opt/rustwide/cargo-home" "-e" "RUSTUP_HOME=/opt/rustwide/rustup-home" "-e" "CARGO_TARGET_DIR=/opt/rustwide/target" "-e" "CARGO_INCREMENTAL=0" "-e" "RUST_BACKTRACE=full" "-e" "RUSTFLAGS=--cap-lints=warn" "-e" "RUSTDOCFLAGS=--cap-lints=warn" "-w" "/opt/rustwide/workdir" "--user" "0:0" "3f2bd61e7e7eced4e8a66f5ad6ad9839f7043344112fcde1bc5f264d7f5e03db" "/opt/rustwide/cargo-home/bin/cargo" "+1.99.0-beta.8" "build" "--frozen" "--message-format=json", kill_on_drop: false }`
[INFO] [stderr]    Compiling serde_core v1.0.228
[INFO] [stderr]    Compiling futures-channel v0.3.32
[INFO] [stderr]    Compiling futures-io v0.3.32
[INFO] [stderr]    Compiling http v1.4.1
[INFO] [stderr]    Compiling serde v1.0.228
[INFO] [stderr]    Compiling tokio v1.52.1
[INFO] [stderr]    Compiling either v1.16.0
[INFO] [stderr]    Compiling pin-project-internal v1.1.13
[INFO] [stderr]    Compiling yoke v0.8.2
[INFO] [stderr]    Compiling zerocopy v0.8.48
[INFO] [stderr]    Compiling opentelemetry v0.32.0
[INFO] [stderr]    Compiling aho-corasick v1.1.4
[INFO] [stderr]    Compiling rand_core v0.9.5
[INFO] [stderr]    Compiling serde_json v1.0.149
[INFO] [stderr]    Compiling tracing-log v0.2.0
[INFO] [stderr]    Compiling rustix v1.1.4
[INFO] [stderr]    Compiling zerovec v0.11.6
[INFO] [stderr]    Compiling zerotrie v0.2.4
[INFO] [stderr]    Compiling dirs-sys v0.4.1
[INFO] [stderr]    Compiling getrandom v0.4.2
[INFO] [stderr]    Compiling futures-util v0.3.32
[INFO] [stderr]    Compiling zeroize_derive v1.4.3
[INFO] [stderr]    Compiling itertools v0.14.0
[INFO] [stderr]    Compiling getrandom v0.2.17
[INFO] [stderr]    Compiling hostname v0.4.2
[INFO] [stderr]    Compiling opentelemetry-semantic-conventions v0.32.0
[INFO] [stderr]    Compiling directories v5.0.1
[INFO] [stderr]    Compiling darling_core v0.23.0
[INFO] [stderr]    Compiling ref-cast v1.0.25
[INFO] [stderr]    Compiling ref-cast-impl v1.0.25
[INFO] [stderr]    Compiling serde_derive_internals v0.29.1
[INFO] [stderr]    Compiling memchr v2.8.0
[INFO] [stderr]    Compiling pin-project v1.1.13
[INFO] [stderr]    Compiling tinystr v0.8.3
[INFO] [stderr]    Compiling potential_utf v0.1.5
[INFO] [stderr]    Compiling zeroize v1.8.2
[INFO] [stderr]    Compiling icu_collections v2.2.0
[INFO] [stderr]    Compiling http-body v1.0.1
[INFO] [stderr]    Compiling icu_locale_core v2.2.0
[INFO] [stderr]    Compiling rmcp v1.7.0
[INFO] [stderr]    Compiling http-body-util v0.1.3
[INFO] [stderr]    Compiling dyn-clone v1.0.20
[INFO] [stderr]    Compiling pastey v0.2.3
[INFO] [stderr]    Compiling clap v4.6.1
[INFO] [stderr]    Compiling regex-automata v0.4.14
[INFO] [stderr]    Compiling clap_complete v4.6.2
[INFO] [stderr]    Compiling schemars_derive v1.2.1
[INFO] [stderr]    Compiling icu_provider v2.2.0
[INFO] [stderr]    Compiling icu_normalizer v2.2.0
[INFO] [stderr]    Compiling icu_properties v2.2.0
[INFO] [stderr]    Compiling prost-derive v0.14.3
[INFO] [stderr]    Compiling darling_macro v0.23.0
[INFO] [stderr]    Compiling darling v0.23.0
[INFO] [stderr]    Compiling rmcp-macros v1.7.0
[INFO] [stderr]    Compiling tempfile v3.27.0
[INFO] [stderr]    Compiling indexmap v2.14.0
[INFO] [stderr]    Compiling idna_adapter v1.2.1
[INFO] [stderr]    Compiling idna v1.1.0
[INFO] [stderr]    Compiling prost v0.14.3
[INFO] [stderr]    Compiling url v2.5.8
[INFO] [stderr]    Compiling chrono v0.4.44
[INFO] [stderr]    Compiling toml_datetime v0.6.11
[INFO] [stderr]    Compiling serde_spanned v0.6.9
[INFO] [stderr]    Compiling toml_edit v0.22.27
[INFO] [stderr]    Compiling futures-executor v0.3.32
[INFO] [stderr]    Compiling prost-types v0.14.3
[INFO] [stderr]    Compiling futures v0.3.32
[INFO] [stderr]    Compiling matchers v0.2.0
[INFO] [stderr]    Compiling regex v1.12.3
[INFO] [stderr]    Compiling tracing-subscriber v0.3.23
[INFO] [stderr]    Compiling ppv-lite86 v0.2.21
[INFO] [stderr]    Compiling schemars v1.2.1
[INFO] [stderr]    Compiling rand_chacha v0.9.0
[INFO] [stderr]    Compiling rand v0.9.4
[INFO] [stderr]    Compiling toml v0.8.23
[INFO] [stderr]    Compiling tracing-opentelemetry v0.33.0
[INFO] [stderr]    Compiling secretenv-mcp-config v0.20.0
[INFO] [stderr]    Compiling tokio-util v0.7.18
[INFO] [stderr]    Compiling tokio-stream v0.1.18
[INFO] [stderr]    Compiling opentelemetry_sdk v0.32.1
[INFO] [stderr]    Compiling h2 v0.4.14
[INFO] [stderr]    Compiling tower v0.5.3
[INFO] [stderr]    Compiling tower-http v0.6.11
[INFO] [stderr]    Compiling opentelemetry-stdout v0.32.0
[INFO] [stderr]    Compiling hyper v1.9.0
[INFO] [stderr]    Compiling hyper-util v0.1.20
[INFO] [stderr]    Compiling hyper-timeout v0.5.2
[INFO] [stderr]    Compiling reqwest v0.13.4
[INFO] [stderr]    Compiling tonic v0.14.6
[INFO] [stderr]    Compiling opentelemetry-http v0.32.0
[INFO] [stderr]    Compiling tonic-prost v0.14.6
[INFO] [stderr]    Compiling tonic-types v0.14.6
[INFO] [stderr]    Compiling opentelemetry-proto v0.32.0
[INFO] [stderr]    Compiling opentelemetry-otlp v0.32.0
[INFO] [stderr]    Compiling secretenv-telemetry v0.20.0
[INFO] [stderr]    Compiling secretenv-core v0.20.0
[INFO] [stderr]    Compiling secretenv-backend-keychain v0.20.0
[INFO] [stderr]    Compiling secretenv-backend-doppler v0.20.0
[INFO] [stderr]    Compiling secretenv-backend-openbao v0.20.0
[INFO] [stderr]    Compiling secretenv-backend-keeper v0.20.0
[INFO] [stderr]    Compiling secretenv-backend-aws-secrets v0.20.0
[INFO] [stderr]    Compiling secretenv-backend-bitwarden-sm v0.20.0
[INFO] [stderr]    Compiling secretenv-backend-conjur v0.20.0
[INFO] [stderr]    Compiling secretenv-backend-infisical v0.20.0
[INFO] [stderr]    Compiling secretenv-backend-azure v0.20.0
[INFO] [stderr]    Compiling secretenv-backend-cf-kv v0.20.0
[INFO] [stderr]    Compiling secretenv-backend-gcp v0.20.0
[INFO] [stderr]    Compiling secretenv-backend-vault v0.20.0
[INFO] [stderr]    Compiling secretenv-backend-aws-ssm v0.20.0
[INFO] [stderr]    Compiling secretenv-backend-local v0.20.0
[INFO] [stderr]    Compiling secretenv-backend-1password v0.20.0
[INFO] [stderr]    Compiling secretenv-registry-mutate v0.20.0
[INFO] [stderr]    Compiling secretenv-backends-init v0.20.0
[INFO] [stderr]    Compiling secretenv-migrate v0.20.0
[INFO] [stderr]    Compiling secretenv-mcp v0.20.0
[INFO] [stderr]    Compiling secretenv v0.20.0 (/opt/rustwide/workdir)
[INFO] [stderr]     Finished `dev` profile [unoptimized + debuginfo] target(s) in 1m 26s
[INFO] running `Command { std: "docker" "inspect" "3f2bd61e7e7eced4e8a66f5ad6ad9839f7043344112fcde1bc5f264d7f5e03db", kill_on_drop: false }`
[INFO] running `Command { std: "docker" "exec" "-e" "SOURCE_DIR=/opt/rustwide/workdir" "-e" "CARGO_HOME=/opt/rustwide/cargo-home" "-e" "RUSTUP_HOME=/opt/rustwide/rustup-home" "-e" "CARGO_TARGET_DIR=/opt/rustwide/target" "-e" "CARGO_INCREMENTAL=0" "-e" "RUST_BACKTRACE=full" "-e" "RUSTFLAGS=--cap-lints=warn" "-e" "RUSTDOCFLAGS=--cap-lints=warn" "-w" "/opt/rustwide/workdir" "--user" "0:0" "3f2bd61e7e7eced4e8a66f5ad6ad9839f7043344112fcde1bc5f264d7f5e03db" "/opt/rustwide/cargo-home/bin/cargo" "+1.99.0-beta.8" "test" "--frozen" "--no-run" "--message-format=json", kill_on_drop: false }`
[INFO] [stderr]    Compiling assert_cmd v2.2.1
[INFO] [stderr]    Compiling bstr v1.12.1
[INFO] [stderr]    Compiling predicates v3.1.4
[INFO] [stderr]    Compiling wait-timeout v0.2.1
[INFO] [stderr]    Compiling secretenv v0.20.0 (/opt/rustwide/workdir)
[INFO] [stdout] error[E0433]: cannot find module or crate `secretenv_testing` in this scope
[INFO] [stdout]    --> tests/e2e.rs:398:13
[INFO] [stdout]     |
[INFO] [stdout] 398 |     let _ = secretenv_testing::StrictMock::new("aws")
[INFO] [stdout]     |             ^^^^^^^^^^^^^^^^^ use of unresolved module or unlinked crate `secretenv_testing`
[INFO] [stdout]     |
[INFO] [stdout]     = help: if you wanted to use a crate named `secretenv_testing`, use `cargo add secretenv_testing` to add it to your `Cargo.toml`
[INFO] [stdout] 
[INFO] [stdout] 
[INFO] [stdout] error[E0433]: cannot find module or crate `secretenv_testing` in this scope
[INFO] [stdout]    --> tests/e2e.rs:413:13
[INFO] [stdout]     |
[INFO] [stdout] 413 |             secretenv_testing::Response::success("sk_live_strict_abc\n"),
[INFO] [stdout]     |             ^^^^^^^^^^^^^^^^^ use of unresolved module or unlinked crate `secretenv_testing`
[INFO] [stdout]     |
[INFO] [stdout]     = help: if you wanted to use a crate named `secretenv_testing`, use `cargo add secretenv_testing` to add it to your `Cargo.toml`
[INFO] [stdout] 
[INFO] [stdout] 
[INFO] [stdout] error[E0433]: cannot find module or crate `secretenv_testing` in this scope
[INFO] [stdout]    --> tests/e2e.rs:466:13
[INFO] [stdout]     |
[INFO] [stdout] 466 |     let _ = secretenv_testing::StrictMock::new("aws")
[INFO] [stdout]     |             ^^^^^^^^^^^^^^^^^ use of unresolved module or unlinked crate `secretenv_testing`
[INFO] [stdout]     |
[INFO] [stdout]     = help: if you wanted to use a crate named `secretenv_testing`, use `cargo add secretenv_testing` to add it to your `Cargo.toml`
[INFO] [stdout] 
[INFO] [stdout] 
[INFO] [stdout] error[E0433]: cannot find module or crate `secretenv_testing` in this scope
[INFO] [stdout]    --> tests/e2e.rs:480:13
[INFO] [stdout]     |
[INFO] [stdout] 480 |             secretenv_testing::Response::success("should-not-be-seen"),
[INFO] [stdout]     |             ^^^^^^^^^^^^^^^^^ use of unresolved module or unlinked crate `secretenv_testing`
[INFO] [stdout]     |
[INFO] [stdout]     = help: if you wanted to use a crate named `secretenv_testing`, use `cargo add secretenv_testing` to add it to your `Cargo.toml`
[INFO] [stdout] 
[INFO] [stdout] 
[INFO] [stdout] error[E0433]: cannot find module or crate `secretenv_testing` in this scope
[INFO] [stdout]   --> tests/e2e.rs:34:5
[INFO] [stdout]    |
[INFO] [stdout] 34 |     secretenv_testing::install_mock_aws(dir.path(), body)
[INFO] [stdout]    |     ^^^^^^^^^^^^^^^^^ use of unresolved module or unlinked crate `secretenv_testing`
[INFO] [stdout]    |
[INFO] [stdout]    = help: if you wanted to use a crate named `secretenv_testing`, use `cargo add secretenv_testing` to add it to your `Cargo.toml`
[INFO] [stdout] 
[INFO] [stdout] 
[INFO] [stdout] error[E0433]: cannot find module or crate `secretenv_testing` in this scope
[INFO] [stdout]   --> tests/e2e.rs:38:5
[INFO] [stdout]    |
[INFO] [stdout] 38 |     secretenv_testing::install_mock_op(dir.path(), body)
[INFO] [stdout]    |     ^^^^^^^^^^^^^^^^^ use of unresolved module or unlinked crate `secretenv_testing`
[INFO] [stdout]    |
[INFO] [stdout]    = help: if you wanted to use a crate named `secretenv_testing`, use `cargo add secretenv_testing` to add it to your `Cargo.toml`
[INFO] [stdout] 
[INFO] [stdout] 
[INFO] [stdout] For more information about this error, try `rustc --explain E0433`.
[INFO] [stdout] 
[INFO] [stderr] error: could not compile `secretenv` (test "e2e") due to 6 previous errors
[INFO] [stderr] warning: build failed, waiting for other jobs to finish...
[INFO] running `Command { std: "docker" "inspect" "3f2bd61e7e7eced4e8a66f5ad6ad9839f7043344112fcde1bc5f264d7f5e03db", kill_on_drop: false }`
[INFO] running `Command { std: "docker" "rm" "-f" "3f2bd61e7e7eced4e8a66f5ad6ad9839f7043344112fcde1bc5f264d7f5e03db", kill_on_drop: false }`
[INFO] [stdout] 3f2bd61e7e7eced4e8a66f5ad6ad9839f7043344112fcde1bc5f264d7f5e03db
