[INFO] fetching crate secret-store-sdk 0.1.3...
[INFO] testing secret-store-sdk-0.1.3 against 1.99.0-beta.8 for beta-1.100-2
[INFO] extracting crate secret-store-sdk 0.1.3 into /workspace/builds/worker-0-tc1/source
[INFO] removed /workspace/builds/worker-0-tc1/source/rust-toolchain.toml
[INFO] started tweaking crates.io crate secret-store-sdk 0.1.3
[INFO] removed 0 missing examples
[INFO] removed 0 missing tests
[INFO] finished tweaking crates.io crate secret-store-sdk 0.1.3
[INFO] tweaked toml for crates.io crate secret-store-sdk 0.1.3 written to /workspace/builds/worker-0-tc1/source/Cargo.toml
[INFO] validating manifest of crates.io crate secret-store-sdk 0.1.3 on toolchain 1.99.0-beta.8
[INFO] running `Command { std: CARGO_HOME="/workspace/cargo-home" RUSTUP_HOME="/workspace/rustup-home" "/workspace/cargo-home/bin/cargo" "+1.99.0-beta.8" "metadata" "--manifest-path" "Cargo.toml" "--no-deps", kill_on_drop: false }`
[INFO] crate crates.io crate secret-store-sdk 0.1.3 already has a lockfile, it will not be regenerated
[INFO] running `Command { std: CARGO_HOME="/workspace/cargo-home" RUSTUP_HOME="/workspace/rustup-home" "/workspace/cargo-home/bin/cargo" "+1.99.0-beta.8" "fetch" "--manifest-path" "Cargo.toml", kill_on_drop: false }`
[INFO] [stderr]     Updating crates.io index
[INFO] [stderr]  Downloading crates ...
[INFO] [stderr]   Downloaded wiremock v0.6.5
[INFO] [stderr]   Downloaded zeroize_derive v1.4.2
[INFO] [stderr]   Downloaded unicode-ident v1.0.19
[INFO] [stderr]   Downloaded proc-macro2 v1.0.101
[INFO] [stderr]   Downloaded find-msvc-tools v0.1.2
[INFO] [stderr]   Downloaded http v1.3.1
[INFO] [stderr]   Downloaded tokio-test v0.4.4
[INFO] [stderr]   Downloaded serial_test_derive v3.2.0
[INFO] [stderr]   Downloaded syn v2.0.106
[INFO] [stderr]   Downloaded deranged v0.5.3
[INFO] [stderr]   Downloaded tower-http v0.6.6
[INFO] [stderr]   Downloaded tempfile v3.22.0
[INFO] [stderr]   Downloaded security-framework v2.11.1
[INFO] [stderr]   Downloaded tracing-attributes v0.1.30
[INFO] [stderr]   Downloaded deadpool-runtime v0.1.4
[INFO] [stderr]   Downloaded yoke-derive v0.8.0
[INFO] [stderr]   Downloaded wasm-bindgen-backend v0.2.103
[INFO] [stderr]   Downloaded lock_api v0.4.13
[INFO] [stderr]   Downloaded wasm-bindgen-shared v0.2.103
[INFO] [stderr]   Downloaded async-stream v0.3.6
[INFO] [stderr]   Downloaded writeable v0.6.1
[INFO] [stderr]   Downloaded wasm-bindgen-futures v0.4.53
[INFO] [stderr]   Downloaded assert-json-diff v2.0.2
[INFO] [stderr]   Downloaded yoke v0.8.0
[INFO] [stderr]   Downloaded cfg-if v1.0.3
[INFO] [stderr]   Downloaded windows-targets v0.53.3
[INFO] [stderr]   Downloaded async-stream-impl v0.3.6
[INFO] [stderr]   Downloaded wasm-bindgen v0.2.103
[INFO] [stderr]   Downloaded potential_utf v0.1.3
[INFO] [stderr]   Downloaded litemap v0.8.0
[INFO] [stderr]   Downloaded time-core v0.1.6
[INFO] [stderr]   Downloaded bitflags v2.9.4
[INFO] [stderr]   Downloaded wasm-bindgen-macro v0.2.103
[INFO] [stderr]   Downloaded wasm-bindgen-macro-support v0.2.103
[INFO] [stderr]   Downloaded js-sys v0.3.80
[INFO] [stderr]   Downloaded nu-ansi-term v0.50.1
[INFO] [stderr]   Downloaded time v0.3.44
[INFO] [stderr]   Downloaded time-macros v0.2.24
[INFO] [stderr]   Downloaded serial_test v3.2.0
[INFO] [stderr]   Downloaded sdd v3.0.10
[INFO] [stderr]   Downloaded parking_lot_core v0.9.11
[INFO] [stderr]   Downloaded native-tls v0.2.14
[INFO] [stderr]   Downloaded openssl-probe v0.1.6
[INFO] [stderr]   Downloaded thiserror v2.0.16
[INFO] [stderr]   Downloaded thiserror-impl v2.0.16
[INFO] [stderr]   Downloaded serde v1.0.225
[INFO] [stderr]   Downloaded icu_properties v2.0.1
[INFO] [stderr]   Downloaded zerovec-derive v0.11.1
[INFO] [stderr]   Downloaded tinystr v0.8.1
[INFO] [stderr]   Downloaded serde_derive v1.0.225
[INFO] [stderr]   Downloaded icu_provider v2.0.0
[INFO] [stderr]   Downloaded icu_normalizer v2.0.0
[INFO] [stderr]   Downloaded tracing-core v0.1.34
[INFO] [stderr]   Downloaded uuid v1.18.1
[INFO] [stderr]   Downloaded tokio-stream v0.1.17
[INFO] [stderr]   Downloaded tokio-rustls v0.26.3
[INFO] [stderr]   Downloaded windows-link v0.2.0
[INFO] [stderr]   Downloaded openssl-sys v0.9.109
[INFO] [stderr]   Downloaded anstyle-query v1.1.4
[INFO] [stderr]   Downloaded url v2.5.7
[INFO] [stderr]   Downloaded zerotrie v0.2.2
[INFO] [stderr]   Downloaded icu_locale_core v2.0.0
[INFO] [stderr]   Downloaded icu_collections v2.0.0
[INFO] [stderr]   Downloaded socket2 v0.6.0
[INFO] [stderr]   Downloaded hyper-util v0.1.17
[INFO] [stderr]   Downloaded h2 v0.4.12
[INFO] [stderr]   Downloaded deadpool v0.12.3
[INFO] [stderr]   Downloaded bumpalo v3.19.0
[INFO] [stderr]   Downloaded redox_syscall v0.5.17
[INFO] [stderr]   Downloaded rustls-pki-types v1.12.0
[INFO] [stderr]   Downloaded cc v1.2.38
[INFO] [stderr]   Downloaded security-framework v3.4.0
[INFO] [stderr]   Downloaded icu_normalizer_data v2.0.0
[INFO] [stderr]   Downloaded parking_lot v0.12.4
[INFO] [stderr]   Downloaded iri-string v0.7.8
[INFO] [stderr]   Downloaded rustls-webpki v0.103.6
[INFO] [stderr]   Downloaded alloc-stdlib v0.2.2
[INFO] [stderr]   Downloaded windows-collections v0.2.0
[INFO] [stderr]   Downloaded env_filter v0.1.3
[INFO] [stderr]   Downloaded is-terminal v0.4.16
[INFO] [stderr]   Downloaded serde_core v1.0.225
[INFO] [stderr]   Downloaded icu_properties_data v2.0.1
[INFO] [stderr]   Downloaded indexmap v2.11.4
[INFO] [stderr]   Downloaded zerocopy-derive v0.8.27
[INFO] [stderr]   Downloaded compression-core v0.4.29
[INFO] [stderr]   Downloaded windows-implement v0.60.0
[INFO] [stderr]   Downloaded tokio-util v0.7.16
[INFO] [stderr]   Downloaded hashbrown v0.16.0
[INFO] [stderr]   Downloaded scc v2.4.0
[INFO] [stderr]   Downloaded reqwest v0.12.23
[INFO] [stderr]   Downloaded windows-threading v0.1.0
[INFO] [stderr]   Downloaded anstyle-wincon v3.0.10
[INFO] [stderr]   Downloaded zerovec v0.11.4
[INFO] [stderr]   Downloaded io-uring v0.7.10
[INFO] [stderr]   Downloaded async-compression v0.4.30
[INFO] [stderr]   Downloaded windows-interface v0.59.1
[INFO] [stderr]   Downloaded dotenv v0.15.0
[INFO] [stderr]   Downloaded serde_json v1.0.145
[INFO] [stderr]   Downloaded regex v1.11.2
[INFO] [stderr]   Downloaded hyper v1.7.0
[INFO] [stderr]   Downloaded instant v0.1.13
[INFO] [stderr]   Downloaded proptest v1.7.0
[INFO] [stderr]   Downloaded tracing-subscriber v0.3.20
[INFO] [stderr]   Downloaded webpki-roots v1.0.2
[INFO] [stderr]   Downloaded windows-numerics v0.2.0
[INFO] [stderr]   Downloaded windows-future v0.2.1
[INFO] [stderr]   Downloaded zerocopy v0.8.27
[INFO] [stderr]   Downloaded env_logger v0.11.8
[INFO] [stderr]   Downloaded anstream v0.6.20
[INFO] [stderr]   Downloaded regex-syntax v0.8.6
[INFO] [stderr]   Downloaded openssl v0.10.73
[INFO] [stderr]   Downloaded clap_lex v0.7.5
[INFO] [stderr]   Downloaded rustls v0.23.32
[INFO] [stderr]   Downloaded compression-codecs v0.4.30
[INFO] [stderr]   Downloaded generator v0.8.7
[INFO] [stderr]   Downloaded windows-core v0.61.2
[INFO] [stderr]   Downloaded async-lock v3.4.1
[INFO] [stderr]   Downloaded loom v0.7.2
[INFO] [stderr]   Downloaded portable-atomic-util v0.2.4
[INFO] [stderr]   Downloaded backoff v0.4.0
[INFO] [stderr]   Downloaded opentelemetry v0.21.0
[INFO] [stderr]   Downloaded clap v4.5.48
[INFO] [stderr]   Downloaded half v2.6.0
[INFO] [stderr]   Downloaded iana-time-zone v0.1.64
[INFO] [stderr]   Downloaded flate2 v1.1.2
[INFO] [stderr]   Downloaded jiff-static v0.2.15
[INFO] [stderr]   Downloaded pretty_assertions v1.4.1
[INFO] [stderr]   Downloaded yansi v1.0.1
[INFO] [stderr]   Downloaded prometheus v0.13.4
[INFO] [stderr]   Downloaded crossbeam-channel v0.5.15
[INFO] [stderr]   Downloaded opentelemetry_sdk v0.21.2
[INFO] [stderr]   Downloaded web-sys v0.3.80
[INFO] [stderr]   Downloaded windows_x86_64_gnullvm v0.53.0
[INFO] [stderr]   Downloaded brotli-decompressor v5.0.0
[INFO] [stderr]   Downloaded protobuf v2.28.0
[INFO] [stderr]   Downloaded moka v0.12.10
[INFO] [stderr]   Downloaded portable-atomic v1.11.1
[INFO] [stderr]   Downloaded clap_builder v4.5.48
[INFO] [stderr]   Downloaded regex-automata v0.4.10
[INFO] [stderr]   Downloaded chrono v0.4.42
[INFO] [stderr]   Downloaded tokio v1.47.1
[INFO] [stderr]   Downloaded libc v0.2.175
[INFO] [stderr]   Downloaded windows_aarch64_gnullvm v0.53.0
[INFO] [stderr]   Downloaded windows_i686_gnullvm v0.53.0
[INFO] [stderr]   Downloaded windows_aarch64_msvc v0.53.0
[INFO] [stderr]   Downloaded windows_x86_64_msvc v0.53.0
[INFO] [stderr]   Downloaded windows_x86_64_gnu v0.53.0
[INFO] [stderr]   Downloaded windows_i686_gnu v0.53.0
[INFO] [stderr]   Downloaded jiff v0.2.15
[INFO] [stderr]   Downloaded brotli v8.0.2
[INFO] [stderr]   Downloaded windows_i686_msvc v0.53.0
[INFO] [stderr]   Downloaded windows-sys v0.61.0
[INFO] [stderr]   Downloaded windows v0.61.3
[INFO] [stderr]   Downloaded opentelemetry-prometheus v0.14.1
[INFO] running `Command { std: "docker" "create" "-v" "/var/lib/crater-agent-workspace/builds/worker-0-tc1/source:/opt/rustwide/workdir:ro,Z" "-v" "/var/lib/crater-agent-workspace/builds/worker-0-tc1/target:/opt/rustwide/target:rw,Z" "-v" "/var/lib/crater-agent-workspace/cargo-home:/opt/rustwide/cargo-home:ro,Z" "-v" "/var/lib/crater-agent-workspace/rustup-home:/opt/rustwide/rustup-home:ro,Z" "-m" "1610612736" "--network" "none" "ghcr.io/rust-lang/crates-build-env/linux@sha256:3111399a4047eeb3a02b7a90e478d715f38a8c6669b5c4b49d30a17385265909" "sleep" "infinity", kill_on_drop: false }`
[INFO] [stdout] f286998758e7ada92204731212a3e1fe4696d9bbf6e9e49d17c8f74127a5130a
[INFO] running `Command { std: "docker" "start" "f286998758e7ada92204731212a3e1fe4696d9bbf6e9e49d17c8f74127a5130a", kill_on_drop: false }`
[INFO] running `Command { std: "docker" "inspect" "f286998758e7ada92204731212a3e1fe4696d9bbf6e9e49d17c8f74127a5130a", kill_on_drop: false }`
[INFO] running `Command { std: "docker" "exec" "-e" "SOURCE_DIR=/opt/rustwide/workdir" "-e" "CARGO_HOME=/opt/rustwide/cargo-home" "-e" "RUSTUP_HOME=/opt/rustwide/rustup-home" "-e" "CARGO_TARGET_DIR=/opt/rustwide/target" "-w" "/opt/rustwide/workdir" "--user" "0:0" "f286998758e7ada92204731212a3e1fe4696d9bbf6e9e49d17c8f74127a5130a" "/opt/rustwide/cargo-home/bin/cargo" "+1.99.0-beta.8" "metadata" "--no-deps" "--format-version=1", kill_on_drop: false }`
[INFO] running `Command { std: "docker" "inspect" "f286998758e7ada92204731212a3e1fe4696d9bbf6e9e49d17c8f74127a5130a", kill_on_drop: false }`
[INFO] running `Command { std: "docker" "exec" "-e" "SOURCE_DIR=/opt/rustwide/workdir" "-e" "CARGO_HOME=/opt/rustwide/cargo-home" "-e" "RUSTUP_HOME=/opt/rustwide/rustup-home" "-e" "CARGO_TARGET_DIR=/opt/rustwide/target" "-e" "CARGO_INCREMENTAL=0" "-e" "RUST_BACKTRACE=full" "-e" "RUSTFLAGS=--cap-lints=warn" "-e" "RUSTDOCFLAGS=--cap-lints=warn" "-w" "/opt/rustwide/workdir" "--user" "0:0" "f286998758e7ada92204731212a3e1fe4696d9bbf6e9e49d17c8f74127a5130a" "/opt/rustwide/cargo-home/bin/cargo" "+1.99.0-beta.8" "build" "--frozen" "--message-format=json", kill_on_drop: false }`
[INFO] [stderr]    Compiling proc-macro2 v1.0.101
[INFO] [stderr]    Compiling unicode-ident v1.0.19
[INFO] [stderr]    Compiling libc v0.2.175
[INFO] [stderr]    Compiling cfg-if v1.0.3
[INFO] [stderr]    Compiling bytes v1.10.1
[INFO] [stderr]    Compiling stable_deref_trait v1.2.0
[INFO] [stderr]    Compiling serde_core v1.0.225
[INFO] [stderr]    Compiling itoa v1.0.15
[INFO] [stderr]    Compiling find-msvc-tools v0.1.2
[INFO] [stderr]    Compiling serde v1.0.225
[INFO] [stderr]    Compiling writeable v0.6.1
[INFO] [stderr]    Compiling litemap v0.8.0
[INFO] [stderr]    Compiling icu_normalizer_data v2.0.0
[INFO] [stderr]    Compiling icu_properties_data v2.0.1
[INFO] [stderr]    Compiling tracing-core v0.1.34
[INFO] [stderr]    Compiling hashbrown v0.16.0
[INFO] [stderr]    Compiling zerocopy v0.8.27
[INFO] [stderr]    Compiling alloc-no-stdlib v2.0.4
[INFO] [stderr]    Compiling rustls v0.23.32
[INFO] [stderr]    Compiling miniz_oxide v0.8.9
[INFO] [stderr]    Compiling alloc-stdlib v0.2.2
[INFO] [stderr]    Compiling lock_api v0.4.13
[INFO] [stderr]    Compiling cc v1.2.38
[INFO] [stderr]    Compiling brotli-decompressor v5.0.0
[INFO] [stderr]    Compiling crc32fast v1.5.0
[INFO] [stderr]    Compiling concurrent-queue v2.5.0
[INFO] [stderr]    Compiling futures-channel v0.3.31
[INFO] [stderr]    Compiling getrandom v0.3.3
[INFO] [stderr]    Compiling memchr v2.7.5
[INFO] [stderr]    Compiling parking_lot_core v0.9.11
[INFO] [stderr]    Compiling parking v2.2.1
[INFO] [stderr]    Compiling portable-atomic v1.11.1
[INFO] [stderr]    Compiling openssl-probe v0.1.6
[INFO] [stderr]    Compiling ryu v1.0.20
[INFO] [stderr]    Compiling compression-core v0.4.29
[INFO] [stderr]    Compiling brotli v8.0.2
[INFO] [stderr]    Compiling event-listener v5.4.1
[INFO] [stderr]    Compiling flate2 v1.1.2
[INFO] [stderr]    Compiling indexmap v2.11.4
[INFO] [stderr]    Compiling serde_json v1.0.145
[INFO] [stderr]    Compiling http v1.3.1
[INFO] [stderr]    Compiling socket2 v0.6.0
[INFO] [stderr]    Compiling mio v1.0.4
[INFO] [stderr]    Compiling getrandom v0.2.16
[INFO] [stderr]    Compiling quote v1.0.40
[INFO] [stderr]    Compiling event-listener-strategy v0.5.4
[INFO] [stderr]    Compiling rand_core v0.6.4
[INFO] [stderr]    Compiling syn v2.0.106
[INFO] [stderr]    Compiling iri-string v0.7.8
[INFO] [stderr]    Compiling bitflags v2.9.4
[INFO] [stderr]    Compiling moka v0.12.10
[INFO] [stderr]    Compiling async-lock v3.4.1
[INFO] [stderr]    Compiling encoding_rs v0.8.35
[INFO] [stderr]    Compiling instant v0.1.13
[INFO] [stderr]    Compiling ring v0.17.14
[INFO] [stderr]    Compiling parking_lot v0.12.4
[INFO] [stderr]    Compiling crossbeam-epoch v0.9.18
[INFO] [stderr]    Compiling crossbeam-channel v0.5.15
[INFO] [stderr]    Compiling tagptr v0.2.0
[INFO] [stderr]    Compiling log v0.4.28
[INFO] [stderr]    Compiling time-core v0.1.6
[INFO] [stderr]    Compiling num-conv v0.1.0
[INFO] [stderr]    Compiling http-body v1.0.1
[INFO] [stderr]    Compiling http-body-util v0.1.3
[INFO] [stderr]    Compiling ppv-lite86 v0.2.21
[INFO] [stderr]    Compiling rand_chacha v0.3.1
[INFO] [stderr]    Compiling rand v0.8.5
[INFO] [stderr]    Compiling compression-codecs v0.4.30
[INFO] [stderr]    Compiling synstructure v0.13.2
[INFO] [stderr]    Compiling zerofrom-derive v0.1.6
[INFO] [stderr]    Compiling yoke-derive v0.8.0
[INFO] [stderr]    Compiling zerovec-derive v0.11.1
[INFO] [stderr]    Compiling tokio-macros v2.5.0
[INFO] [stderr]    Compiling displaydoc v0.2.5
[INFO] [stderr]    Compiling zeroize_derive v1.4.2
[INFO] [stderr]    Compiling serde_derive v1.0.225
[INFO] [stderr]    Compiling futures-macro v0.3.31
[INFO] [stderr]    Compiling tracing-attributes v0.1.30
[INFO] [stderr]    Compiling thiserror-impl v1.0.69
[INFO] [stderr]    Compiling async-trait v0.1.89
[INFO] [stderr]    Compiling tokio v1.47.1
[INFO] [stderr]    Compiling futures-util v0.3.31
[INFO] [stderr]    Compiling zeroize v1.8.1
[INFO] [stderr]    Compiling rustls-pki-types v1.12.0
[INFO] [stderr]    Compiling thiserror v1.0.69
[INFO] [stderr]    Compiling rustls-webpki v0.103.6
[INFO] [stderr]    Compiling rustls-native-certs v0.8.1
[INFO] [stderr]    Compiling webpki-roots v1.0.2
[INFO] [stderr]    Compiling tracing v0.1.41
[INFO] [stderr]    Compiling zerofrom v0.1.6
[INFO] [stderr]    Compiling yoke v0.8.0
[INFO] [stderr]    Compiling zerovec v0.11.4
[INFO] [stderr]    Compiling zerotrie v0.2.2
[INFO] [stderr]    Compiling tinystr v0.8.1
[INFO] [stderr]    Compiling potential_utf v0.1.3
[INFO] [stderr]    Compiling icu_collections v2.0.0
[INFO] [stderr]    Compiling icu_locale_core v2.0.0
[INFO] [stderr]    Compiling icu_provider v2.0.0
[INFO] [stderr]    Compiling uuid v1.18.1
[INFO] [stderr]    Compiling deranged v0.5.3
[INFO] [stderr]    Compiling serde_urlencoded v0.7.1
[INFO] [stderr]    Compiling secrecy v0.8.0
[INFO] [stderr]    Compiling icu_normalizer v2.0.0
[INFO] [stderr]    Compiling icu_properties v2.0.1
[INFO] [stderr]    Compiling idna_adapter v1.2.1
[INFO] [stderr]    Compiling idna v1.1.0
[INFO] [stderr]    Compiling time v0.3.44
[INFO] [stderr]    Compiling tokio-util v0.7.16
[INFO] [stderr]    Compiling tower v0.5.2
[INFO] [stderr]    Compiling async-compression v0.4.30
[INFO] [stderr]    Compiling backoff v0.4.0
[INFO] [stderr]    Compiling tower-http v0.6.6
[INFO] [stderr]    Compiling url v2.5.7
[INFO] [stderr]    Compiling h2 v0.4.12
[INFO] [stderr]    Compiling tokio-rustls v0.26.3
[INFO] [stderr]    Compiling hyper v1.7.0
[INFO] [stderr]    Compiling hyper-util v0.1.17
[INFO] [stderr]    Compiling hyper-rustls v0.27.7
[INFO] [stderr]    Compiling reqwest v0.12.23
[INFO] [stderr]    Compiling secret-store-sdk v0.1.3 (/opt/rustwide/workdir)
[INFO] [stderr]     Finished `dev` profile [unoptimized + debuginfo] target(s) in 46.22s
[INFO] running `Command { std: "docker" "inspect" "f286998758e7ada92204731212a3e1fe4696d9bbf6e9e49d17c8f74127a5130a", kill_on_drop: false }`
[INFO] running `Command { std: "docker" "exec" "-e" "SOURCE_DIR=/opt/rustwide/workdir" "-e" "CARGO_HOME=/opt/rustwide/cargo-home" "-e" "RUSTUP_HOME=/opt/rustwide/rustup-home" "-e" "CARGO_TARGET_DIR=/opt/rustwide/target" "-e" "CARGO_INCREMENTAL=0" "-e" "RUST_BACKTRACE=full" "-e" "RUSTFLAGS=--cap-lints=warn" "-e" "RUSTDOCFLAGS=--cap-lints=warn" "-w" "/opt/rustwide/workdir" "--user" "0:0" "f286998758e7ada92204731212a3e1fe4696d9bbf6e9e49d17c8f74127a5130a" "/opt/rustwide/cargo-home/bin/cargo" "+1.99.0-beta.8" "test" "--frozen" "--no-run" "--message-format=json", kill_on_drop: false }`
[INFO] [stderr]    Compiling tokio v1.47.1
[INFO] [stderr]    Compiling getrandom v0.3.3
[INFO] [stderr]    Compiling futures-util v0.3.31
[INFO] [stderr]    Compiling regex-syntax v0.8.6
[INFO] [stderr]    Compiling bitflags v2.9.4
[INFO] [stderr]    Compiling num-traits v0.2.19
[INFO] [stderr]    Compiling aho-corasick v1.1.3
[INFO] [stderr]    Compiling log v0.4.28
[INFO] [stderr]    Compiling httpdate v1.0.3
[INFO] [stderr]    Compiling anstyle v1.0.11
[INFO] [stderr]    Compiling rustix v1.1.2
[INFO] [stderr]    Compiling either v1.15.0
[INFO] [stderr]    Compiling linux-raw-sys v0.11.0
[INFO] [stderr]    Compiling crossbeam-deque v0.8.6
[INFO] [stderr]    Compiling half v2.6.0
[INFO] [stderr]    Compiling clap_lex v0.7.5
[INFO] [stderr]    Compiling plotters-backend v0.3.7
[INFO] [stderr]    Compiling ciborium-io v0.2.2
[INFO] [stderr]    Compiling fastrand v2.3.0
[INFO] [stderr]    Compiling anstyle-parse v0.2.7
[INFO] [stderr]    Compiling rayon-core v1.13.0
[INFO] [stderr]    Compiling itertools v0.10.5
[INFO] [stderr]    Compiling clap_builder v4.5.48
[INFO] [stderr]    Compiling num_cpus v1.17.0
[INFO] [stderr]    Compiling wait-timeout v0.2.1
[INFO] [stderr]    Compiling rand_core v0.9.3
[INFO] [stderr]    Compiling ciborium-ll v0.2.2
[INFO] [stderr]    Compiling plotters-svg v0.3.7
[INFO] [stderr]    Compiling uuid v1.18.1
[INFO] [stderr]    Compiling async-stream-impl v0.3.6
[INFO] [stderr]    Compiling quick-error v1.2.3
[INFO] [stderr]    Compiling is_terminal_polyfill v1.70.1
[INFO] [stderr]    Compiling colorchoice v1.0.4
[INFO] [stderr]    Compiling sdd v3.0.10
[INFO] [stderr]    Compiling anyhow v1.0.100
[INFO] [stderr]    Compiling bit-vec v0.8.0
[INFO] [stderr]    Compiling deadpool-runtime v0.1.4
[INFO] [stderr]    Compiling cast v0.3.0
[INFO] [stderr]    Compiling same-file v1.0.6
[INFO] [stderr]    Compiling anstyle-query v1.1.4
[INFO] [stderr]    Compiling async-stream v0.3.6
[INFO] [stderr]    Compiling bit-set v0.8.0
[INFO] [stderr]    Compiling walkdir v2.5.0
[INFO] [stderr]    Compiling rand_xorshift v0.4.0
[INFO] [stderr]    Compiling anstream v0.6.20
[INFO] [stderr]    Compiling rand v0.9.2
[INFO] [stderr]    Compiling rand_chacha v0.9.0
[INFO] [stderr]    Compiling ciborium v0.2.2
[INFO] [stderr]    Compiling rayon v1.11.0
[INFO] [stderr]    Compiling scc v2.4.0
[INFO] [stderr]    Compiling tinytemplate v1.2.1
[INFO] [stderr]    Compiling assert-json-diff v2.0.2
[INFO] [stderr]    Compiling plotters v0.3.7
[INFO] [stderr]    Compiling is-terminal v0.4.16
[INFO] [stderr]    Compiling serial_test_derive v3.2.0
[INFO] [stderr]    Compiling regex-automata v0.4.10
[INFO] [stderr]    Compiling iana-time-zone v0.1.64
[INFO] [stderr]    Compiling yansi v1.0.1
[INFO] [stderr]    Compiling criterion-plot v0.5.0
[INFO] [stderr]    Compiling unarray v0.1.4
[INFO] [stderr]    Compiling clap v4.5.48
[INFO] [stderr]    Compiling diff v0.1.13
[INFO] [stderr]    Compiling oorandom v11.1.5
[INFO] [stderr]    Compiling anes v0.1.6
[INFO] [stderr]    Compiling jiff v0.2.15
[INFO] [stderr]    Compiling pretty_assertions v1.4.1
[INFO] [stderr]    Compiling chrono v0.4.42
[INFO] [stderr]    Compiling dotenv v0.15.0
[INFO] [stderr]    Compiling futures-executor v0.3.31
[INFO] [stderr]    Compiling moka v0.12.10
[INFO] [stderr]    Compiling futures v0.3.31
[INFO] [stderr]    Compiling tempfile v3.22.0
[INFO] [stderr]    Compiling rusty-fork v0.3.0
[INFO] [stderr]    Compiling proptest v1.7.0
[INFO] [stderr]    Compiling serial_test v3.2.0
[INFO] [stderr]    Compiling regex v1.11.2
[INFO] [stderr]    Compiling tokio-util v0.7.16
[INFO] [stderr]    Compiling tower v0.5.2
[INFO] [stderr]    Compiling tokio-rustls v0.26.3
[INFO] [stderr]    Compiling async-compression v0.4.30
[INFO] [stderr]    Compiling deadpool v0.12.3
[INFO] [stderr]    Compiling backoff v0.4.0
[INFO] [stderr]    Compiling tokio-stream v0.1.17
[INFO] [stderr]    Compiling env_filter v0.1.3
[INFO] [stderr]    Compiling criterion v0.5.1
[INFO] [stderr]    Compiling h2 v0.4.12
[INFO] [stderr]    Compiling tokio-test v0.4.4
[INFO] [stderr]    Compiling env_logger v0.11.8
[INFO] [stderr]    Compiling tower-http v0.6.6
[INFO] [stderr]    Compiling hyper v1.7.0
[INFO] [stderr]    Compiling hyper-util v0.1.17
[INFO] [stderr]    Compiling hyper-rustls v0.27.7
[INFO] [stderr]    Compiling wiremock v0.6.5
[INFO] [stderr]    Compiling reqwest v0.12.23
[INFO] [stderr]    Compiling secret-store-sdk v0.1.3 (/opt/rustwide/workdir)
[INFO] [stdout] warning: unused variable: `delete_result`
[INFO] [stdout]    --> examples/production_validation.rs:134:9
[INFO] [stdout]     |
[INFO] [stdout] 134 |     let delete_result = client
[INFO] [stdout]     |         ^^^^^^^^^^^^^ help: if this is intentional, prefix it with an underscore: `_delete_result`
[INFO] [stdout]     |
[INFO] [stdout]     = note: `#[warn(unused_variables)]` (part of `#[warn(unused)]`) on by default
[INFO] [stdout] 
[INFO] [stdout] 
[INFO] [stdout] error[E0599]: no method named `allow_insecure_http` found for struct `secret_store_sdk::ClientBuilder` in the current scope
[INFO] [stdout]    --> tests/live_backend_test.rs:338:10
[INFO] [stdout]     |
[INFO] [stdout] 336 |       let client_api_key = ClientBuilder::new(BASE_URL)
[INFO] [stdout]     |  __________________________-
[INFO] [stdout] 337 | |         .auth(Auth::api_key(API_KEY))
[INFO] [stdout] 338 | |         .allow_insecure_http()
[INFO] [stdout]     | |         -^^^^^^^^^^^^^^^^^^^ private field, not a method
[INFO] [stdout]     | |_________|
[INFO] [stdout]     |
[INFO] [stdout] 
[INFO] [stdout] 
[INFO] [stdout] error[E0599]: no method named `allow_insecure_http` found for struct `secret_store_sdk::ClientBuilder` in the current scope
[INFO] [stdout]    --> tests/live_backend_test.rs:352:10
[INFO] [stdout]     |
[INFO] [stdout] 350 |       let client_bearer = ClientBuilder::new(BASE_URL)
[INFO] [stdout]     |  _________________________-
[INFO] [stdout] 351 | |         .auth(Auth::bearer(API_KEY))
[INFO] [stdout] 352 | |         .allow_insecure_http()
[INFO] [stdout]     | |         -^^^^^^^^^^^^^^^^^^^ private field, not a method
[INFO] [stdout]     | |_________|
[INFO] [stdout]     |
[INFO] [stdout] 
[INFO] [stdout] 
[INFO] [stdout] error[E0599]: no method named `allow_insecure_http` found for struct `secret_store_sdk::ClientBuilder` in the current scope
[INFO] [stdout]    --> examples/live_backend_demo.rs:330:10
[INFO] [stdout]     |
[INFO] [stdout] 328 |       let client_api_key = ClientBuilder::new(BASE_URL)
[INFO] [stdout]     |  __________________________-
[INFO] [stdout] 329 | |         .auth(Auth::api_key(API_KEY))
[INFO] [stdout] 330 | |         .allow_insecure_http()
[INFO] [stdout]     | |         -^^^^^^^^^^^^^^^^^^^ private field, not a method
[INFO] [stdout]     | |_________|
[INFO] [stdout]     |
[INFO] [stdout] 
[INFO] [stdout] 
[INFO] [stdout] error[E0599]: no method named `allow_insecure_http` found for struct `secret_store_sdk::ClientBuilder` in the current scope
[INFO] [stdout]    --> tests/live_backend_test.rs:366:10
[INFO] [stdout]     |
[INFO] [stdout] 364 |       let client_xjp = ClientBuilder::new(BASE_URL)
[INFO] [stdout]     |  ______________________-
[INFO] [stdout] 365 | |         .auth(Auth::xjp_key(API_KEY))
[INFO] [stdout] 366 | |         .allow_insecure_http()
[INFO] [stdout]     | |         -^^^^^^^^^^^^^^^^^^^ private field, not a method
[INFO] [stdout]     | |_________|
[INFO] [stdout]     |
[INFO] [stdout] 
[INFO] [stdout] 
[INFO] [stdout] error[E0599]: no method named `allow_insecure_http` found for struct `secret_store_sdk::ClientBuilder` in the current scope
[INFO] [stdout]    --> examples/live_backend_demo.rs:344:10
[INFO] [stdout]     |
[INFO] [stdout] 342 |       let client_bearer = ClientBuilder::new(BASE_URL)
[INFO] [stdout]     |  _________________________-
[INFO] [stdout] 343 | |         .auth(Auth::bearer(API_KEY))
[INFO] [stdout] 344 | |         .allow_insecure_http()
[INFO] [stdout]     | |         -^^^^^^^^^^^^^^^^^^^ private field, not a method
[INFO] [stdout]     | |_________|
[INFO] [stdout]     |
[INFO] [stdout] 
[INFO] [stdout] 
[INFO] [stdout] error[E0599]: no method named `allow_insecure_http` found for struct `secret_store_sdk::ClientBuilder` in the current scope
[INFO] [stdout]    --> examples/live_backend_demo.rs:358:10
[INFO] [stdout]     |
[INFO] [stdout] 356 |       let client_xjp = ClientBuilder::new(BASE_URL)
[INFO] [stdout]     |  ______________________-
[INFO] [stdout] 357 | |         .auth(Auth::xjp_key(API_KEY))
[INFO] [stdout] 358 | |         .allow_insecure_http()
[INFO] [stdout]     | |         -^^^^^^^^^^^^^^^^^^^ private field, not a method
[INFO] [stdout]     | |_________|
[INFO] [stdout]     |
[INFO] [stdout] 
[INFO] [stdout] 
[INFO] [stdout] warning: unused variable: `update_result`
[INFO] [stdout]   --> tests/live_backend_test.rs:87:9
[INFO] [stdout]    |
[INFO] [stdout] 87 |     let update_result = client
[INFO] [stdout]    |         ^^^^^^^^^^^^^ help: if this is intentional, prefix it with an underscore: `_update_result`
[INFO] [stdout]    |
[INFO] [stdout]    = note: `#[warn(unused_variables)]` (part of `#[warn(unused)]`) on by default
[INFO] [stdout] 
[INFO] [stdout] 
[INFO] [stdout] warning: unused variable: `delete_result`
[INFO] [stdout]    --> examples/live_backend_demo.rs:108:9
[INFO] [stdout]     |
[INFO] [stdout] 108 |     let delete_result = client
[INFO] [stdout]     |         ^^^^^^^^^^^^^ help: if this is intentional, prefix it with an underscore: `_delete_result`
[INFO] [stdout]     |
[INFO] [stdout]     = note: `#[warn(unused_variables)]` (part of `#[warn(unused)]`) on by default
[INFO] [stdout] 
[INFO] [stdout] 
[INFO] [stdout] For more information about this error, try `rustc --explain E0599`.
[INFO] [stdout] 
[INFO] [stderr] error: could not compile `secret-store-sdk` (test "live_backend_test") due to 3 previous errors; 1 warning emitted
[INFO] [stderr] warning: build failed, waiting for other jobs to finish...
[INFO] [stdout] For more information about this error, try `rustc --explain E0599`.
[INFO] [stdout] 
[INFO] [stderr] error: could not compile `secret-store-sdk` (example "live_backend_demo") due to 3 previous errors; 1 warning emitted
[INFO] running `Command { std: "docker" "inspect" "f286998758e7ada92204731212a3e1fe4696d9bbf6e9e49d17c8f74127a5130a", kill_on_drop: false }`
[INFO] running `Command { std: "docker" "rm" "-f" "f286998758e7ada92204731212a3e1fe4696d9bbf6e9e49d17c8f74127a5130a", kill_on_drop: false }`
[INFO] [stdout] f286998758e7ada92204731212a3e1fe4696d9bbf6e9e49d17c8f74127a5130a
