[INFO] fetching crate seatbelt 0.9.0...
[INFO] testing seatbelt-0.9.0 against 1.100.0-beta.1 for beta-1.100-2
[INFO] extracting crate seatbelt 0.9.0 into /workspace/builds/worker-1-tc2/source
[INFO] started tweaking crates.io crate seatbelt 0.9.0
[INFO] removed 0 missing tests
[INFO] finished tweaking crates.io crate seatbelt 0.9.0
[INFO] tweaked toml for crates.io crate seatbelt 0.9.0 written to /workspace/builds/worker-1-tc2/source/Cargo.toml
[INFO] validating manifest of crates.io crate seatbelt 0.9.0 on toolchain 1.100.0-beta.1
[INFO] running `Command { std: CARGO_HOME="/workspace/cargo-home" RUSTUP_HOME="/workspace/rustup-home" "/workspace/cargo-home/bin/cargo" "+1.100.0-beta.1" "metadata" "--manifest-path" "Cargo.toml" "--no-deps", kill_on_drop: false }`
[INFO] crate crates.io crate seatbelt 0.9.0 already has a lockfile, it will not be regenerated
[INFO] running `Command { std: CARGO_HOME="/workspace/cargo-home" RUSTUP_HOME="/workspace/rustup-home" "/workspace/cargo-home/bin/cargo" "+1.100.0-beta.1" "fetch" "--manifest-path" "Cargo.toml", kill_on_drop: false }`
[INFO] running `Command { std: "docker" "create" "-v" "/var/lib/crater-agent-workspace/builds/worker-1-tc2/source:/opt/rustwide/workdir:ro,Z" "-v" "/var/lib/crater-agent-workspace/builds/worker-1-tc2/target:/opt/rustwide/target:rw,Z" "-v" "/var/lib/crater-agent-workspace/cargo-home:/opt/rustwide/cargo-home:ro,Z" "-v" "/var/lib/crater-agent-workspace/rustup-home:/opt/rustwide/rustup-home:ro,Z" "-m" "1610612736" "--network" "none" "ghcr.io/rust-lang/crates-build-env/linux@sha256:3111399a4047eeb3a02b7a90e478d715f38a8c6669b5c4b49d30a17385265909" "sleep" "infinity", kill_on_drop: false }`
[INFO] [stdout] 540004bab19a0b542f547d48345b17a74de548d7571173870d8ea85c03a75085
[INFO] running `Command { std: "docker" "start" "540004bab19a0b542f547d48345b17a74de548d7571173870d8ea85c03a75085", kill_on_drop: false }`
[INFO] running `Command { std: "docker" "inspect" "540004bab19a0b542f547d48345b17a74de548d7571173870d8ea85c03a75085", kill_on_drop: false }`
[INFO] running `Command { std: "docker" "exec" "-e" "SOURCE_DIR=/opt/rustwide/workdir" "-e" "CARGO_HOME=/opt/rustwide/cargo-home" "-e" "RUSTUP_HOME=/opt/rustwide/rustup-home" "-e" "CARGO_TARGET_DIR=/opt/rustwide/target" "-w" "/opt/rustwide/workdir" "--user" "0:0" "540004bab19a0b542f547d48345b17a74de548d7571173870d8ea85c03a75085" "/opt/rustwide/cargo-home/bin/cargo" "+1.100.0-beta.1" "metadata" "--no-deps" "--format-version=1", kill_on_drop: false }`
[INFO] running `Command { std: "docker" "inspect" "540004bab19a0b542f547d48345b17a74de548d7571173870d8ea85c03a75085", kill_on_drop: false }`
[INFO] running `Command { std: "docker" "exec" "-e" "SOURCE_DIR=/opt/rustwide/workdir" "-e" "CARGO_HOME=/opt/rustwide/cargo-home" "-e" "RUSTUP_HOME=/opt/rustwide/rustup-home" "-e" "CARGO_TARGET_DIR=/opt/rustwide/target" "-e" "CARGO_INCREMENTAL=0" "-e" "RUST_BACKTRACE=full" "-e" "RUSTFLAGS=--cap-lints=warn" "-e" "RUSTDOCFLAGS=--cap-lints=warn" "-w" "/opt/rustwide/workdir" "--user" "0:0" "540004bab19a0b542f547d48345b17a74de548d7571173870d8ea85c03a75085" "/opt/rustwide/cargo-home/bin/cargo" "+1.100.0-beta.1" "build" "--frozen" "--message-format=json", kill_on_drop: false }`
[INFO] [stderr]    Compiling thread_aware_core v0.1.1
[INFO] [stderr]    Compiling futures-core v0.3.34
[INFO] [stderr]    Compiling recoverable v0.2.0
[INFO] [stderr]    Compiling layered v0.3.7
[INFO] [stderr]    Compiling performables v0.1.0
[INFO] [stderr]    Compiling thread_aware v0.12.0
[INFO] [stderr]    Compiling tick v0.7.0
[INFO] [stderr]    Compiling seatbelt v0.9.0 (/opt/rustwide/workdir)
[INFO] [stderr] warning: unused dependency `layered`
[INFO] [stderr]   --> Cargo.toml:19:15
[INFO] [stderr]    |
[INFO] [stderr] 19 | [dependencies.layered]
[INFO] [stderr]    |               ^^^^^^^^
[INFO] [stderr]    |
[INFO] [stderr]    = note: `cargo::unused_dependencies` is set to `warn` by default
[INFO] [stderr] help: consider removing the dependency on `layered`
[INFO] [stderr] warning: `seatbelt` (manifest) generated 1 warning
[INFO] [stderr]     Finished `dev` profile [unoptimized + debuginfo] target(s) in 2.12s
[INFO] running `Command { std: "docker" "inspect" "540004bab19a0b542f547d48345b17a74de548d7571173870d8ea85c03a75085", kill_on_drop: false }`
[INFO] running `Command { std: "docker" "exec" "-e" "SOURCE_DIR=/opt/rustwide/workdir" "-e" "CARGO_HOME=/opt/rustwide/cargo-home" "-e" "RUSTUP_HOME=/opt/rustwide/rustup-home" "-e" "CARGO_TARGET_DIR=/opt/rustwide/target" "-e" "CARGO_INCREMENTAL=0" "-e" "RUST_BACKTRACE=full" "-e" "RUSTFLAGS=--cap-lints=warn" "-e" "RUSTDOCFLAGS=--cap-lints=warn" "-w" "/opt/rustwide/workdir" "--user" "0:0" "540004bab19a0b542f547d48345b17a74de548d7571173870d8ea85c03a75085" "/opt/rustwide/cargo-home/bin/cargo" "+1.100.0-beta.1" "test" "--frozen" "--no-run" "--message-format=json", kill_on_drop: false }`
[INFO] [stderr]    Compiling syn v3.0.5
[INFO] [stderr]    Compiling syn v2.0.119
[INFO] [stderr]    Compiling zerocopy v0.8.57
[INFO] [stderr]    Compiling getrandom v0.3.4
[INFO] [stderr]    Compiling futures-sink v0.3.34
[INFO] [stderr]    Compiling find-msvc-tools v0.1.12
[INFO] [stderr]    Compiling thiserror v2.0.20
[INFO] [stderr]    Compiling aho-corasick v1.1.5
[INFO] [stderr]    Compiling futures-channel v0.3.34
[INFO] [stderr]    Compiling cc v1.4.5
[INFO] [stderr]    Compiling regex-syntax v0.8.11
[INFO] [stderr]    Compiling serde v1.0.229
[INFO] [stderr]    Compiling gungraun-macros v0.9.1
[INFO] [stderr]    Compiling rstest_macros v0.26.1
[INFO] [stderr]    Compiling proc-macro-error-attr3 v3.1.1
[INFO] [stderr]    Compiling rand_core v0.9.5
[INFO] [stderr]    Compiling bitflags v2.13.1
[INFO] [stderr]    Compiling bincode-next v3.1.1
[INFO] [stderr]    Compiling rustix v1.1.4
[INFO] [stderr]    Compiling clap_builder v4.6.6
[INFO] [stderr]    Compiling itertools v0.13.0
[INFO] [stderr]    Compiling alloca v0.4.0
[INFO] [stderr]    Compiling rapidhash v4.5.1
[INFO] [stderr]    Compiling serde_json v1.0.151
[INFO] [stderr]    Compiling unty-next v0.1.2
[INFO] [stderr]    Compiling regex-automata v0.4.18
[INFO] [stderr]    Compiling pastey v0.2.3
[INFO] [stderr]    Compiling proc-macro-error3 v3.1.1
[INFO] [stderr]    Compiling fastrand v2.5.0
[INFO] [stderr]    Compiling glob v0.3.4
[INFO] [stderr]    Compiling gungraun v0.19.4
[INFO] [stderr]    Compiling tempfile v3.27.0
[INFO] [stderr]    Compiling clap v4.6.6
[INFO] [stderr]    Compiling criterion-plot v0.8.2
[INFO] [stderr]    Compiling tick v0.7.0
[INFO] [stderr]    Compiling chrono v0.4.45
[INFO] [stderr]    Compiling page_size v0.6.0
[INFO] [stderr]    Compiling linktime-proc-macro v0.2.3
[INFO] [stderr]    Compiling similar v2.7.0
[INFO] [stderr]    Compiling jiff v0.2.35
[INFO] [stderr]    Compiling ctor v1.0.13
[INFO] [stderr]    Compiling http v1.5.0
[INFO] [stderr]    Compiling serde_derive v1.0.229
[INFO] [stderr]    Compiling futures-macro v0.3.34
[INFO] [stderr]    Compiling thiserror-impl v2.0.20
[INFO] [stderr]    Compiling tokio-macros v2.7.2
[INFO] [stderr]    Compiling zerocopy-derive v0.8.57
[INFO] [stderr]    Compiling futures-util v0.3.34
[INFO] [stderr]    Compiling derive_more-impl v2.1.1
[INFO] [stderr]    Compiling tokio v1.53.1
[INFO] [stderr]    Compiling regex v1.13.1
[INFO] [stderr]    Compiling opentelemetry v0.32.0
[INFO] [stderr]    Compiling derive_more v2.1.1
[INFO] [stderr]    Compiling tracing-subscriber v0.3.23
[INFO] [stderr]    Compiling tracing v0.1.44
[INFO] [stderr]    Compiling either-or-both v0.3.1
[INFO] [stderr]    Compiling tinytemplate v1.2.1
[INFO] [stderr]    Compiling futures-executor v0.3.34
[INFO] [stderr]    Compiling gungraun-runner v0.19.4
[INFO] [stderr]    Compiling folo_utils v0.1.13
[INFO] [stderr]    Compiling alloc_tracker v0.7.6
[INFO] [stderr]    Compiling futures v0.3.34
[INFO] [stderr]    Compiling tower v0.5.3
[INFO] [stderr]    Compiling insta v1.48.0
[INFO] [stderr]    Compiling rstest v0.26.1
[INFO] [stderr]    Compiling mutants v0.0.3
[INFO] [stderr]    Compiling seatbelt v0.9.0 (/opt/rustwide/workdir)
[INFO] [stderr]    Compiling ppv-lite86 v0.2.21
[INFO] [stderr]    Compiling half v2.7.1
[INFO] [stderr]    Compiling ciborium-ll v0.2.2
[INFO] [stderr]    Compiling rand_chacha v0.9.0
[INFO] [stderr]    Compiling ciborium v0.2.2
[INFO] [stderr]    Compiling rand v0.9.5
[INFO] [stderr]    Compiling criterion v0.8.2
[INFO] [stderr]    Compiling opentelemetry_sdk v0.32.1
[INFO] [stderr]    Compiling opentelemetry-stdout v0.32.0
[INFO] [stdout] error[E0432]: unresolved import `tick::ClockControl`
[INFO] [stdout]    --> src/timeout/service.rs:239:9
[INFO] [stdout]     |
[INFO] [stdout] 239 |     use tick::ClockControl;
[INFO] [stdout]     |         ^^^^^^------------
[INFO] [stdout]     |               |
[INFO] [stdout]     |               no `ClockControl` in the root
[INFO] [stdout]     |
[INFO] [stdout] note: found an item that was configured out
[INFO] [stdout]    --> /opt/rustwide/cargo-home/registry/src/index.crates.io-1949cf8c6b5b557f/tick-0.7.0/src/lib.rs:333:24
[INFO] [stdout]     |
[INFO] [stdout] 332 | #[cfg(any(feature = "test-util", test))]
[INFO] [stdout]     |          ----------------------------- the item is gated here
[INFO] [stdout] 333 | pub use clock_control::ClockControl;
[INFO] [stdout]     |                        ^^^^^^^^^^^^
[INFO] [stdout] 
[INFO] [stdout] 
[INFO] [stdout] error[E0432]: unresolved import `tick::ClockControl`
[INFO] [stdout]    --> src/retry/service.rs:357:9
[INFO] [stdout]     |
[INFO] [stdout] 357 |     use tick::ClockControl;
[INFO] [stdout]     |         ^^^^^^------------
[INFO] [stdout]     |               |
[INFO] [stdout]     |               no `ClockControl` in the root
[INFO] [stdout]     |
[INFO] [stdout] note: found an item that was configured out
[INFO] [stdout]    --> /opt/rustwide/cargo-home/registry/src/index.crates.io-1949cf8c6b5b557f/tick-0.7.0/src/lib.rs:333:24
[INFO] [stdout]     |
[INFO] [stdout] 332 | #[cfg(any(feature = "test-util", test))]
[INFO] [stdout]     |          ----------------------------- the item is gated here
[INFO] [stdout] 333 | pub use clock_control::ClockControl;
[INFO] [stdout]     |                        ^^^^^^^^^^^^
[INFO] [stdout] 
[INFO] [stdout] 
[INFO] [stdout] error[E0432]: unresolved import `tick::ClockControl`
[INFO] [stdout]    --> src/breaker/service.rs:302:9
[INFO] [stdout]     |
[INFO] [stdout] 302 |     use tick::ClockControl;
[INFO] [stdout]     |         ^^^^^^------------
[INFO] [stdout]     |               |
[INFO] [stdout]     |               no `ClockControl` in the root
[INFO] [stdout]     |
[INFO] [stdout] note: found an item that was configured out
[INFO] [stdout]    --> /opt/rustwide/cargo-home/registry/src/index.crates.io-1949cf8c6b5b557f/tick-0.7.0/src/lib.rs:333:24
[INFO] [stdout]     |
[INFO] [stdout] 332 | #[cfg(any(feature = "test-util", test))]
[INFO] [stdout]     |          ----------------------------- the item is gated here
[INFO] [stdout] 333 | pub use clock_control::ClockControl;
[INFO] [stdout]     |                        ^^^^^^^^^^^^
[INFO] [stdout] 
[INFO] [stdout] 
[INFO] [stdout] error[E0432]: unresolved import `tick::ClockControl`
[INFO] [stdout]    --> src/breaker/engine/engine_core.rs:224:9
[INFO] [stdout]     |
[INFO] [stdout] 224 |     use tick::ClockControl;
[INFO] [stdout]     |         ^^^^^^------------
[INFO] [stdout]     |               |
[INFO] [stdout]     |               no `ClockControl` in the root
[INFO] [stdout]     |
[INFO] [stdout] note: found an item that was configured out
[INFO] [stdout]    --> /opt/rustwide/cargo-home/registry/src/index.crates.io-1949cf8c6b5b557f/tick-0.7.0/src/lib.rs:333:24
[INFO] [stdout]     |
[INFO] [stdout] 332 | #[cfg(any(feature = "test-util", test))]
[INFO] [stdout]     |          ----------------------------- the item is gated here
[INFO] [stdout] 333 | pub use clock_control::ClockControl;
[INFO] [stdout]     |                        ^^^^^^^^^^^^
[INFO] [stdout] 
[INFO] [stdout] 
[INFO] [stdout] error[E0433]: cannot find module or crate `testing_aids` in this scope
[INFO] [stdout]    --> src/timeout/service.rs:249:13
[INFO] [stdout]     |
[INFO] [stdout] 249 |         use testing_aids::tracing_logs::Capture;
[INFO] [stdout]     |             ^^^^^^^^^^^^ use of unresolved module or unlinked crate `testing_aids`
[INFO] [stdout]     |
[INFO] [stdout]     = help: if you wanted to use a crate named `testing_aids`, use `cargo add testing_aids` to add it to your `Cargo.toml`
[INFO] [stdout] 
[INFO] [stdout] 
[INFO] [stdout] error[E0433]: cannot find module or crate `testing_aids` in this scope
[INFO] [stdout]    --> src/retry/service.rs:410:13
[INFO] [stdout]     |
[INFO] [stdout] 410 |         use testing_aids::tracing_logs::Capture;
[INFO] [stdout]     |             ^^^^^^^^^^^^ use of unresolved module or unlinked crate `testing_aids`
[INFO] [stdout]     |
[INFO] [stdout]     = help: if you wanted to use a crate named `testing_aids`, use `cargo add testing_aids` to add it to your `Cargo.toml`
[INFO] [stdout] 
[INFO] [stdout] 
[INFO] [stdout] error[E0433]: cannot find module or crate `testing_aids` in this scope
[INFO] [stdout]    --> src/breaker/service.rs:496:13
[INFO] [stdout]     |
[INFO] [stdout] 496 |         use testing_aids::tracing_logs::Capture;
[INFO] [stdout]     |             ^^^^^^^^^^^^ use of unresolved module or unlinked crate `testing_aids`
[INFO] [stdout]     |
[INFO] [stdout]     = help: if you wanted to use a crate named `testing_aids`, use `cargo add testing_aids` to add it to your `Cargo.toml`
[INFO] [stdout] 
[INFO] [stdout] 
[INFO] [stdout] error[E0433]: cannot find module or crate `testing_aids` in this scope
[INFO] [stdout]    --> src/fallback/service.rs:231:13
[INFO] [stdout]     |
[INFO] [stdout] 231 |         use testing_aids::tracing_logs::Capture;
[INFO] [stdout]     |             ^^^^^^^^^^^^ use of unresolved module or unlinked crate `testing_aids`
[INFO] [stdout]     |
[INFO] [stdout]     = help: if you wanted to use a crate named `testing_aids`, use `cargo add testing_aids` to add it to your `Cargo.toml`
[INFO] [stdout] 
[INFO] [stdout] 
[INFO] [stdout] error[E0433]: cannot find module or crate `testing_aids` in this scope
[INFO] [stdout]    --> src/hedging/service.rs:414:13
[INFO] [stdout]     |
[INFO] [stdout] 414 |         use testing_aids::tracing_logs::Capture;
[INFO] [stdout]     |             ^^^^^^^^^^^^ use of unresolved module or unlinked crate `testing_aids`
[INFO] [stdout]     |
[INFO] [stdout]     = help: if you wanted to use a crate named `testing_aids`, use `cargo add testing_aids` to add it to your `Cargo.toml`
[INFO] [stdout] 
[INFO] [stdout] 
[INFO] [stdout] error[E0433]: cannot find module or crate `testing_aids` in this scope
[INFO] [stdout]    --> src/hedging/telemetry.rs:182:13
[INFO] [stdout]     |
[INFO] [stdout] 182 |         use testing_aids::tracing_logs::Capture;
[INFO] [stdout]     |             ^^^^^^^^^^^^ use of unresolved module or unlinked crate `testing_aids`
[INFO] [stdout]     |
[INFO] [stdout]     = help: if you wanted to use a crate named `testing_aids`, use `cargo add testing_aids` to add it to your `Cargo.toml`
[INFO] [stdout] 
[INFO] [stdout] 
[INFO] [stdout] error[E0433]: cannot find module or crate `testing_aids` in this scope
[INFO] [stdout]    --> src/chaos/injection/service.rs:236:13
[INFO] [stdout]     |
[INFO] [stdout] 236 |         use testing_aids::tracing_logs::Capture;
[INFO] [stdout]     |             ^^^^^^^^^^^^ use of unresolved module or unlinked crate `testing_aids`
[INFO] [stdout]     |
[INFO] [stdout]     = help: if you wanted to use a crate named `testing_aids`, use `cargo add testing_aids` to add it to your `Cargo.toml`
[INFO] [stdout] 
[INFO] [stdout] 
[INFO] [stdout] error[E0433]: cannot find module or crate `testing_aids` in this scope
[INFO] [stdout]    --> src/chaos/latency/service.rs:279:13
[INFO] [stdout]     |
[INFO] [stdout] 279 |         use testing_aids::tracing_logs::Capture;
[INFO] [stdout]     |             ^^^^^^^^^^^^ use of unresolved module or unlinked crate `testing_aids`
[INFO] [stdout]     |
[INFO] [stdout]     = help: if you wanted to use a crate named `testing_aids`, use `cargo add testing_aids` to add it to your `Cargo.toml`
[INFO] [stdout] 
[INFO] [stdout] 
[INFO] [stdout] error[E0432]: unresolved import `tick::ClockControl`
[INFO] [stdout]    --> src/hedging/service.rs:354:9
[INFO] [stdout]     |
[INFO] [stdout] 354 |     use tick::ClockControl;
[INFO] [stdout]     |         ^^^^^^------------
[INFO] [stdout]     |               |
[INFO] [stdout]     |               no `ClockControl` in the root
[INFO] [stdout]     |
[INFO] [stdout] note: found an item that was configured out
[INFO] [stdout]    --> /opt/rustwide/cargo-home/registry/src/index.crates.io-1949cf8c6b5b557f/tick-0.7.0/src/lib.rs:333:24
[INFO] [stdout]     |
[INFO] [stdout] 332 | #[cfg(any(feature = "test-util", test))]
[INFO] [stdout]     |          ----------------------------- the item is gated here
[INFO] [stdout] 333 | pub use clock_control::ClockControl;
[INFO] [stdout]     |                        ^^^^^^^^^^^^
[INFO] [stdout] 
[INFO] [stdout] 
[INFO] [stdout] error[E0433]: cannot find module or crate `testing_aids` in this scope
[INFO] [stdout]    --> src/lib.rs:289:1
[INFO] [stdout]     |
[INFO] [stdout] 289 | testing_aids::init_tracing!();
[INFO] [stdout]     | ^^^^^^^^^^^^ use of unresolved module or unlinked crate `testing_aids`
[INFO] [stdout] 
[INFO] [stdout] 
[INFO] [stdout] error[E0433]: cannot find `Relocator` in `thread_aware`
[INFO] [stdout]    --> src/context.rs:153:51
[INFO] [stdout]     |
[INFO] [stdout] 153 |         let (source, destination) = thread_aware::Relocator::between_numa_nodes().relocate(&mut ctx);
[INFO] [stdout]     |                                                   ^^^^^^^^^ could not find `Relocator` in `thread_aware`
[INFO] [stdout]     |
[INFO] [stdout] note: found an item that was configured out
[INFO] [stdout]    --> /opt/rustwide/cargo-home/registry/src/index.crates.io-1949cf8c6b5b557f/thread_aware-0.12.0/src/lib.rs:217:19
[INFO] [stdout]     |
[INFO] [stdout] 215 | #[cfg(feature = "test-utils")]
[INFO] [stdout]     |       ---------------------- the item is gated behind the `test-utils` feature
[INFO] [stdout] 216 | #[cfg_attr(docsrs, doc(cfg(feature = "test-utils")))]
[INFO] [stdout] 217 | pub use relocate::Relocator;
[INFO] [stdout]     |                   ^^^^^^^^^
[INFO] [stdout] 
[INFO] [stdout] 
[INFO] [stdout] error[E0433]: cannot find `ClockControl` in `tick`
[INFO] [stdout]    --> src/chaos/latency/service.rs:285:27
[INFO] [stdout]     |
[INFO] [stdout] 285 |         let clock = tick::ClockControl::default().auto_advance(Duration::from_millis(200)).to_clock();
[INFO] [stdout]     |                           ^^^^^^^^^^^^ could not find `ClockControl` in `tick`
[INFO] [stdout]     |
[INFO] [stdout] note: found an item that was configured out
[INFO] [stdout]    --> /opt/rustwide/cargo-home/registry/src/index.crates.io-1949cf8c6b5b557f/tick-0.7.0/src/lib.rs:333:24
[INFO] [stdout]     |
[INFO] [stdout] 332 | #[cfg(any(feature = "test-util", test))]
[INFO] [stdout]     |          ----------------------------- the item is gated here
[INFO] [stdout] 333 | pub use clock_control::ClockControl;
[INFO] [stdout]     |                        ^^^^^^^^^^^^
[INFO] [stdout] 
[INFO] [stdout] 
[INFO] [stdout] error[E0433]: cannot find `ClockControl` in `tick`
[INFO] [stdout]    --> src/chaos/latency/service.rs:313:27
[INFO] [stdout]     |
[INFO] [stdout] 313 |         let clock = tick::ClockControl::default().auto_advance(Duration::from_millis(200)).to_clock();
[INFO] [stdout]     |                           ^^^^^^^^^^^^ could not find `ClockControl` in `tick`
[INFO] [stdout]     |
[INFO] [stdout] note: found an item that was configured out
[INFO] [stdout]    --> /opt/rustwide/cargo-home/registry/src/index.crates.io-1949cf8c6b5b557f/tick-0.7.0/src/lib.rs:333:24
[INFO] [stdout]     |
[INFO] [stdout] 332 | #[cfg(any(feature = "test-util", test))]
[INFO] [stdout]     |          ----------------------------- the item is gated here
[INFO] [stdout] 333 | pub use clock_control::ClockControl;
[INFO] [stdout]     |                        ^^^^^^^^^^^^
[INFO] [stdout] 
[INFO] [stdout] 
[INFO] [stdout] error[E0599]: no associated function or constant named `new_frozen` found for struct `tick::Clock` in the current scope
[INFO] [stdout]    --> src/context.rs:152:69
[INFO] [stdout]     |
[INFO] [stdout] 152 |         let mut ctx = ResilienceContext::<(), ()>::new(tick::Clock::new_frozen());
[INFO] [stdout]     |                                                                     ^^^^^^^^^^ associated function or constant not found in `tick::Clock`
[INFO] [stdout] 
[INFO] [stdout] 
[INFO] [stdout] error[E0599]: no associated function or constant named `new_frozen` found for struct `tick::Clock` in the current scope
[INFO] [stdout]    --> src/context.rs:161:34
[INFO] [stdout]     |
[INFO] [stdout] 161 |         let clock = tick::Clock::new_frozen();
[INFO] [stdout]     |                                  ^^^^^^^^^^ associated function or constant not found in `tick::Clock`
[INFO] [stdout] 
[INFO] [stdout] 
[INFO] [stdout] error[E0599]: no associated function or constant named `new_frozen` found for struct `tick::Clock` in the current scope
[INFO] [stdout]    --> src/context.rs:171:34
[INFO] [stdout]     |
[INFO] [stdout] 171 |         let clock = tick::Clock::new_frozen();
[INFO] [stdout]     |                                  ^^^^^^^^^^ associated function or constant not found in `tick::Clock`
[INFO] [stdout] 
[INFO] [stdout] 
[INFO] [stdout] error[E0599]: no associated function or constant named `new_frozen` found for struct `tick::Clock` in the current scope
[INFO] [stdout]    --> src/context.rs:181:34
[INFO] [stdout]     |
[INFO] [stdout] 181 |         let clock = tick::Clock::new_frozen();
[INFO] [stdout]     |                                  ^^^^^^^^^^ associated function or constant not found in `tick::Clock`
[INFO] [stdout] 
[INFO] [stdout] 
[INFO] [stdout] error[E0599]: no associated function or constant named `new_frozen` found for struct `tick::Clock` in the current scope
[INFO] [stdout]    --> src/timeout/layer.rs:402:39
[INFO] [stdout]     |
[INFO] [stdout] 402 |         ResilienceContext::new(Clock::new_frozen()).name("test_pipeline")
[INFO] [stdout]     |                                       ^^^^^^^^^^ associated function or constant not found in `tick::Clock`
[INFO] [stdout] 
[INFO] [stdout] 
[INFO] [stdout] error[E0599]: no associated function or constant named `new_frozen` found for struct `tick::Clock` in the current scope
[INFO] [stdout]    --> src/timeout/layer.rs:406:39
[INFO] [stdout]     |
[INFO] [stdout] 406 |         ResilienceContext::new(Clock::new_frozen()).name("test_pipeline")
[INFO] [stdout]     |                                       ^^^^^^^^^^ associated function or constant not found in `tick::Clock`
[INFO] [stdout] 
[INFO] [stdout] 
[INFO] [stdout] error[E0599]: no associated function or constant named `new_frozen` found for struct `tick::Clock` in the current scope
[INFO] [stdout]    --> src/timeout/service.rs:340:100
[INFO] [stdout]     |
[INFO] [stdout] 340 |         let context = crate::ResilienceContext::<String, Result<String, String>>::new(tick::Clock::new_frozen()).name("test");
[INFO] [stdout]     |                                                                                                    ^^^^^^^^^^ associated function or constant not found in `tick::Clock`
[INFO] [stdout] 
[INFO] [stdout] 
[INFO] [stdout] error[E0599]: no associated function or constant named `new_frozen` found for struct `tick::Clock` in the current scope
[INFO] [stdout]    --> src/retry/args.rs:117:28
[INFO] [stdout]     |
[INFO] [stdout] 117 |         let clock = Clock::new_frozen();
[INFO] [stdout]     |                            ^^^^^^^^^^ associated function or constant not found in `tick::Clock`
[INFO] [stdout] 
[INFO] [stdout] 
[INFO] [stdout] error[E0599]: no associated function or constant named `new_frozen` found for struct `tick::Clock` in the current scope
[INFO] [stdout]    --> src/retry/layer.rs:587:89
[INFO] [stdout]     |
[INFO] [stdout] 587 |         let context = ResilienceContext::<RecoverableType, RecoverableType>::new(Clock::new_frozen());
[INFO] [stdout]     |                                                                                         ^^^^^^^^^^ associated function or constant not found in `tick::Clock`
[INFO] [stdout] 
[INFO] [stdout] 
[INFO] [stdout] error[E0599]: no associated function or constant named `new_frozen` found for struct `tick::Clock` in the current scope
[INFO] [stdout]    --> src/retry/layer.rs:733:104
[INFO] [stdout]     |
[INFO] [stdout] 733 |         let context: ResilienceContext<String, Result<String, String>> = ResilienceContext::new(Clock::new_frozen()).name("test");
[INFO] [stdout]     |                                                                                                        ^^^^^^^^^^ associated function or constant not found in `tick::Clock`
[INFO] [stdout] 
[INFO] [stdout] 
[INFO] [stdout] error[E0599]: no associated function or constant named `new_frozen` found for struct `tick::Clock` in the current scope
[INFO] [stdout]    --> src/retry/layer.rs:775:39
[INFO] [stdout]     |
[INFO] [stdout] 775 |         ResilienceContext::new(Clock::new_frozen()).name("test_pipeline")
[INFO] [stdout]     |                                       ^^^^^^^^^^ associated function or constant not found in `tick::Clock`
[INFO] [stdout] 
[INFO] [stdout] 
[INFO] [stdout] error[E0599]: no associated function or constant named `new_frozen` found for struct `tick::Clock` in the current scope
[INFO] [stdout]    --> src/retry/service.rs:367:71
[INFO] [stdout]     |
[INFO] [stdout] 367 |         let context = ResilienceContext::<String, String>::new(Clock::new_frozen()).name("test_pipeline");
[INFO] [stdout]     |                                                                       ^^^^^^^^^^ associated function or constant not found in `tick::Clock`
[INFO] [stdout] 
[INFO] [stdout] 
[INFO] [stdout] error[E0599]: no associated function or constant named `new_frozen` found for struct `tick::Clock` in the current scope
[INFO] [stdout]    --> src/retry/service.rs:459:87
[INFO] [stdout]     |
[INFO] [stdout] 459 |         let context = ResilienceContext::<String, Result<String, String>>::new(Clock::new_frozen()).name("test");
[INFO] [stdout]     |                                                                                       ^^^^^^^^^^ associated function or constant not found in `tick::Clock`
[INFO] [stdout] 
[INFO] [stdout] 
[INFO] [stdout] error[E0599]: no associated function or constant named `new_frozen` found for struct `tick::Clock` in the current scope
[INFO] [stdout]    --> src/breaker/args.rs:115:28
[INFO] [stdout]     |
[INFO] [stdout] 115 |         let clock = Clock::new_frozen();
[INFO] [stdout]     |                            ^^^^^^^^^^ associated function or constant not found in `tick::Clock`
[INFO] [stdout] 
[INFO] [stdout] 
[INFO] [stdout] error[E0599]: no associated function or constant named `new_frozen` found for struct `tick::Clock` in the current scope
[INFO] [stdout]    --> src/breaker/layer.rs:498:32
[INFO] [stdout]     |
[INFO] [stdout] 498 |                 clock: &Clock::new_frozen(),
[INFO] [stdout]     |                                ^^^^^^^^^^ associated function or constant not found in `tick::Clock`
[INFO] [stdout] 
[INFO] [stdout] 
[INFO] [stdout] error[E0599]: no associated function or constant named `new_frozen` found for struct `tick::Clock` in the current scope
[INFO] [stdout]    --> src/breaker/layer.rs:507:32
[INFO] [stdout]     |
[INFO] [stdout] 507 |                 clock: &Clock::new_frozen(),
[INFO] [stdout]     |                                ^^^^^^^^^^ associated function or constant not found in `tick::Clock`
[INFO] [stdout] 
[INFO] [stdout] 
[INFO] [stdout] error[E0599]: no associated function or constant named `new_frozen` found for struct `tick::Clock` in the current scope
[INFO] [stdout]    --> src/breaker/layer.rs:515:89
[INFO] [stdout]     |
[INFO] [stdout] 515 |         let context = ResilienceContext::<RecoverableType, RecoverableType>::new(Clock::new_frozen());
[INFO] [stdout]     |                                                                                         ^^^^^^^^^^ associated function or constant not found in `tick::Clock`
[INFO] [stdout] 
[INFO] [stdout] 
[INFO] [stdout] error[E0599]: no associated function or constant named `new_frozen` found for struct `tick::Clock` in the current scope
[INFO] [stdout]    --> src/breaker/layer.rs:524:32
[INFO] [stdout]     |
[INFO] [stdout] 524 |                 clock: &Clock::new_frozen(),
[INFO] [stdout]     |                                ^^^^^^^^^^ associated function or constant not found in `tick::Clock`
[INFO] [stdout] 
[INFO] [stdout] 
[INFO] [stdout] error[E0599]: no associated function or constant named `new_frozen` found for struct `tick::Clock` in the current scope
[INFO] [stdout]    --> src/breaker/layer.rs:533:32
[INFO] [stdout]     |
[INFO] [stdout] 533 |                 clock: &Clock::new_frozen(),
[INFO] [stdout]     |                                ^^^^^^^^^^ associated function or constant not found in `tick::Clock`
[INFO] [stdout] 
[INFO] [stdout] 
[INFO] [stdout] error[E0599]: no associated function or constant named `new_frozen` found for struct `tick::Clock` in the current scope
[INFO] [stdout]    --> src/breaker/layer.rs:557:104
[INFO] [stdout]     |
[INFO] [stdout] 557 |         let context: ResilienceContext<String, Result<String, String>> = ResilienceContext::new(Clock::new_frozen());
[INFO] [stdout]     |                                                                                                        ^^^^^^^^^^ associated function or constant not found in `tick::Clock`
[INFO] [stdout] 
[INFO] [stdout] 
[INFO] [stdout] error[E0599]: no associated function or constant named `new_frozen` found for struct `tick::Clock` in the current scope
[INFO] [stdout]    --> src/breaker/layer.rs:718:39
[INFO] [stdout]     |
[INFO] [stdout] 718 |         ResilienceContext::new(Clock::new_frozen()).name("test_pipeline")
[INFO] [stdout]     |                                       ^^^^^^^^^^ associated function or constant not found in `tick::Clock`
[INFO] [stdout] 
[INFO] [stdout] 
[INFO] [stdout] error[E0599]: no associated function or constant named `new_frozen` found for struct `tick::Clock` in the current scope
[INFO] [stdout]    --> src/breaker/service.rs:313:71
[INFO] [stdout]     |
[INFO] [stdout] 313 |         let context = ResilienceContext::<String, String>::new(Clock::new_frozen()).name("test_pipeline");
[INFO] [stdout]     |                                                                       ^^^^^^^^^^ associated function or constant not found in `tick::Clock`
[INFO] [stdout] 
[INFO] [stdout] 
[INFO] [stdout] error[E0599]: no associated function or constant named `new_frozen` found for struct `tick::Clock` in the current scope
[INFO] [stdout]    --> src/breaker/service.rs:325:58
[INFO] [stdout]     |
[INFO] [stdout] 325 |         let service = create_ready_breaker_layer(&Clock::new_frozen())
[INFO] [stdout]     |                                                          ^^^^^^^^^^ associated function or constant not found in `tick::Clock`
[INFO] [stdout] 
[INFO] [stdout] 
[INFO] [stdout] error[E0599]: no associated function or constant named `new_frozen` found for struct `tick::Clock` in the current scope
[INFO] [stdout]    --> src/breaker/service.rs:350:58
[INFO] [stdout]     |
[INFO] [stdout] 350 |         let service = create_ready_breaker_layer(&Clock::new_frozen())
[INFO] [stdout]     |                                                          ^^^^^^^^^^ associated function or constant not found in `tick::Clock`
[INFO] [stdout] 
[INFO] [stdout] 
[INFO] [stdout] error[E0599]: no associated function or constant named `new_frozen` found for struct `tick::Clock` in the current scope
[INFO] [stdout]    --> src/breaker/service.rs:376:58
[INFO] [stdout]     |
[INFO] [stdout] 376 |         let service = create_ready_breaker_layer(&Clock::new_frozen())
[INFO] [stdout]     |                                                          ^^^^^^^^^^ associated function or constant not found in `tick::Clock`
[INFO] [stdout] 
[INFO] [stdout] 
[INFO] [stdout] error[E0599]: no associated function or constant named `new_frozen` found for struct `tick::Clock` in the current scope
[INFO] [stdout]    --> src/breaker/service.rs:393:58
[INFO] [stdout]     |
[INFO] [stdout] 393 |         let service = create_ready_breaker_layer(&Clock::new_frozen())
[INFO] [stdout]     |                                                          ^^^^^^^^^^ associated function or constant not found in `tick::Clock`
[INFO] [stdout] 
[INFO] [stdout] 
[INFO] [stdout] error[E0599]: no associated function or constant named `new_frozen` found for struct `tick::Clock` in the current scope
[INFO] [stdout]    --> src/breaker/service.rs:414:58
[INFO] [stdout]     |
[INFO] [stdout] 414 |         let service = create_ready_breaker_layer(&Clock::new_frozen())
[INFO] [stdout]     |                                                          ^^^^^^^^^^ associated function or constant not found in `tick::Clock`
[INFO] [stdout] 
[INFO] [stdout] 
[INFO] [stdout] error[E0599]: no associated function or constant named `new_frozen` found for struct `tick::Clock` in the current scope
[INFO] [stdout]    --> src/breaker/service.rs:438:58
[INFO] [stdout]     |
[INFO] [stdout] 438 |         let service = create_ready_breaker_layer(&Clock::new_frozen())
[INFO] [stdout]     |                                                          ^^^^^^^^^^ associated function or constant not found in `tick::Clock`
[INFO] [stdout] 
[INFO] [stdout] 
[INFO] [stdout] error[E0599]: no associated function or constant named `new_frozen` found for struct `tick::Clock` in the current scope
[INFO] [stdout]    --> src/breaker/service.rs:467:58
[INFO] [stdout]     |
[INFO] [stdout] 467 |         let service = create_ready_breaker_layer(&Clock::new_frozen())
[INFO] [stdout]     |                                                          ^^^^^^^^^^ associated function or constant not found in `tick::Clock`
[INFO] [stdout] 
[INFO] [stdout] 
[INFO] [stdout] error[E0599]: no associated function or constant named `new_frozen` found for struct `tick::Clock` in the current scope
[INFO] [stdout]    --> src/breaker/service.rs:573:87
[INFO] [stdout]     |
[INFO] [stdout] 573 |         let context = ResilienceContext::<String, Result<String, String>>::new(Clock::new_frozen()).name("test");
[INFO] [stdout]     |                                                                                       ^^^^^^^^^^ associated function or constant not found in `tick::Clock`
[INFO] [stdout] 
[INFO] [stdout] 
[INFO] [stdout] error[E0599]: no associated function or constant named `new_frozen` found for struct `tick::Clock` in the current scope
[INFO] [stdout]   --> src/breaker/engine/probing/probes.rs:98:26
[INFO] [stdout]    |
[INFO] [stdout] 98 |         let now = Clock::new_frozen().instant();
[INFO] [stdout]    |                          ^^^^^^^^^^ associated function or constant not found in `tick::Clock`
[INFO] [stdout] 
[INFO] [stdout] 
[INFO] [stdout] error[E0599]: no associated function or constant named `new_frozen` found for struct `tick::Clock` in the current scope
[INFO] [stdout]    --> src/breaker/engine/probing/probes.rs:117:28
[INFO] [stdout]     |
[INFO] [stdout] 117 |         let start = Clock::new_frozen().instant();
[INFO] [stdout]     |                            ^^^^^^^^^^ associated function or constant not found in `tick::Clock`
[INFO] [stdout] 
[INFO] [stdout] 
[INFO] [stdout] error[E0599]: no associated function or constant named `new_frozen` found for struct `tick::Clock` in the current scope
[INFO] [stdout]    --> src/breaker/engine/probing/probes.rs:146:28
[INFO] [stdout]     |
[INFO] [stdout] 146 |         let start = Clock::new_frozen().instant();
[INFO] [stdout]     |                            ^^^^^^^^^^ associated function or constant not found in `tick::Clock`
[INFO] [stdout] 
[INFO] [stdout] 
[INFO] [stdout] error[E0599]: no associated function or constant named `new_frozen` found for struct `tick::Clock` in the current scope
[INFO] [stdout]    --> src/breaker/engine/engine_core.rs:245:28
[INFO] [stdout]     |
[INFO] [stdout] 245 |         let clock = Clock::new_frozen();
[INFO] [stdout]     |                            ^^^^^^^^^^ associated function or constant not found in `tick::Clock`
[INFO] [stdout] 
[INFO] [stdout] 
[INFO] [stdout] error[E0599]: no associated function or constant named `new_frozen` found for struct `tick::Clock` in the current scope
[INFO] [stdout]    --> src/breaker/engine/engine_core.rs:387:28
[INFO] [stdout]     |
[INFO] [stdout] 387 |         let clock = Clock::new_frozen();
[INFO] [stdout]     |                            ^^^^^^^^^^ associated function or constant not found in `tick::Clock`
[INFO] [stdout] 
[INFO] [stdout] 
[INFO] [stdout] error[E0599]: no associated function or constant named `new_frozen` found for struct `tick::Clock` in the current scope
[INFO] [stdout]    --> src/breaker/engine/engine_core.rs:563:28
[INFO] [stdout]     |
[INFO] [stdout] 563 |         let clock = Clock::new_frozen();
[INFO] [stdout]     |                            ^^^^^^^^^^ associated function or constant not found in `tick::Clock`
[INFO] [stdout] 
[INFO] [stdout] 
[INFO] [stdout] error[E0599]: no associated function or constant named `new_frozen` found for struct `tick::Clock` in the current scope
[INFO] [stdout]    --> src/breaker/engine/engine_core.rs:593:28
[INFO] [stdout]     |
[INFO] [stdout] 593 |         let clock = Clock::new_frozen();
[INFO] [stdout]     |                            ^^^^^^^^^^ associated function or constant not found in `tick::Clock`
[INFO] [stdout] 
[INFO] [stdout] 
[INFO] [stdout] error[E0599]: no associated function or constant named `new_frozen` found for struct `tick::Clock` in the current scope
[INFO] [stdout]    --> src/breaker/engine/engine_core.rs:955:28
[INFO] [stdout]     |
[INFO] [stdout] 955 |         let clock = Clock::new_frozen();
[INFO] [stdout]     |                            ^^^^^^^^^^ associated function or constant not found in `tick::Clock`
[INFO] [stdout] 
[INFO] [stdout] 
[INFO] [stdout] error[E0599]: no associated function or constant named `new_frozen` found for struct `tick::Clock` in the current scope
[INFO] [stdout]    --> src/breaker/engine/engine_telemetry.rs:313:97
[INFO] [stdout]     |
[INFO] [stdout] 313 |         let telemetry_engine = EngineTelemetry::new(engine, telemetry, "test_id".into(), Clock::new_frozen());
[INFO] [stdout]     |                                                                                                 ^^^^^^^^^^ associated function or constant not found in `tick::Clock`
[INFO] [stdout] 
[INFO] [stdout] 
[INFO] [stdout] error[E0599]: no associated function or constant named `new_frozen` found for struct `tick::Clock` in the current scope
[INFO] [stdout]    --> src/breaker/engine/engines.rs:103:20
[INFO] [stdout]     |
[INFO] [stdout] 103 |             Clock::new_frozen(),
[INFO] [stdout]     |                    ^^^^^^^^^^ associated function or constant not found in `tick::Clock`
[INFO] [stdout] 
[INFO] [stdout] 
[INFO] [stdout] error[E0599]: no associated function or constant named `new_frozen` found for struct `tick::Clock` in the current scope
[INFO] [stdout]    --> src/fallback/layer.rs:294:39
[INFO] [stdout]     |
[INFO] [stdout] 294 |         ResilienceContext::new(Clock::new_frozen()).name("test_pipeline")
[INFO] [stdout]     |                                       ^^^^^^^^^^ associated function or constant not found in `tick::Clock`
[INFO] [stdout] 
[INFO] [stdout] 
[INFO] [stdout] error[E0599]: no associated function or constant named `new_frozen` found for struct `tick::Clock` in the current scope
[INFO] [stdout]    --> src/fallback/service.rs:237:34
[INFO] [stdout]     |
[INFO] [stdout] 237 |         let clock = tick::Clock::new_frozen();
[INFO] [stdout]     |                                  ^^^^^^^^^^ associated function or constant not found in `tick::Clock`
[INFO] [stdout] 
[INFO] [stdout] 
[INFO] [stdout] error[E0599]: no associated function or constant named `new_frozen` found for struct `tick::Clock` in the current scope
[INFO] [stdout]    --> src/fallback/service.rs:263:34
[INFO] [stdout]     |
[INFO] [stdout] 263 |         let clock = tick::Clock::new_frozen();
[INFO] [stdout]     |                                  ^^^^^^^^^^ associated function or constant not found in `tick::Clock`
[INFO] [stdout] 
[INFO] [stdout] 
[INFO] [stdout] error[E0599]: no associated function or constant named `new_frozen` found for struct `tick::Clock` in the current scope
[INFO] [stdout]    --> src/fallback/service.rs:300:100
[INFO] [stdout]     |
[INFO] [stdout] 300 |         let context = crate::ResilienceContext::<String, Result<String, String>>::new(tick::Clock::new_frozen()).name("test");
[INFO] [stdout]     |                                                                                                    ^^^^^^^^^^ associated function or constant not found in `tick::Clock`
[INFO] [stdout] 
[INFO] [stdout] 
[INFO] [stdout] error[E0599]: no associated function or constant named `new_frozen` found for struct `tick::Clock` in the current scope
[INFO] [stdout]    --> src/hedging/args.rs:115:28
[INFO] [stdout]     |
[INFO] [stdout] 115 |         let clock = Clock::new_frozen();
[INFO] [stdout]     |                            ^^^^^^^^^^ associated function or constant not found in `tick::Clock`
[INFO] [stdout] 
[INFO] [stdout] 
[INFO] [stdout] error[E0599]: no associated function or constant named `new_frozen` found for struct `tick::Clock` in the current scope
[INFO] [stdout]    --> src/hedging/layer.rs:382:89
[INFO] [stdout]     |
[INFO] [stdout] 382 |         let context = ResilienceContext::<RecoverableType, RecoverableType>::new(Clock::new_frozen());
[INFO] [stdout]     |                                                                                         ^^^^^^^^^^ associated function or constant not found in `tick::Clock`
[INFO] [stdout] 
[INFO] [stdout] 
[INFO] [stdout] error[E0599]: no associated function or constant named `new_frozen` found for struct `tick::Clock` in the current scope
[INFO] [stdout]    --> src/hedging/layer.rs:501:39
[INFO] [stdout]     |
[INFO] [stdout] 501 |         ResilienceContext::new(Clock::new_frozen()).name("test_pipeline")
[INFO] [stdout]     |                                       ^^^^^^^^^^ associated function or constant not found in `tick::Clock`
[INFO] [stdout] 
[INFO] [stdout] 
[INFO] [stdout] error[E0599]: no associated function or constant named `new_frozen` found for struct `tick::Clock` in the current scope
[INFO] [stdout]    --> src/hedging/service.rs:364:71
[INFO] [stdout]     |
[INFO] [stdout] 364 |         let context = ResilienceContext::<String, String>::new(Clock::new_frozen()).name("test_pipeline");
[INFO] [stdout]     |                                                                       ^^^^^^^^^^ associated function or constant not found in `tick::Clock`
[INFO] [stdout] 
[INFO] [stdout] 
[INFO] [stdout] error[E0599]: no associated function or constant named `new_frozen` found for struct `tick::Clock` in the current scope
[INFO] [stdout]    --> src/hedging/service.rs:454:87
[INFO] [stdout]     |
[INFO] [stdout] 454 |         let context = ResilienceContext::<String, Result<String, String>>::new(Clock::new_frozen()).name("test");
[INFO] [stdout]     |                                                                                       ^^^^^^^^^^ associated function or constant not found in `tick::Clock`
[INFO] [stdout] 
[INFO] [stdout] 
[INFO] [stdout] error[E0599]: no associated function or constant named `new_frozen` found for struct `tick::Clock` in the current scope
[INFO] [stdout]    --> src/hedging/service.rs:469:71
[INFO] [stdout]     |
[INFO] [stdout] 469 |         let context = ResilienceContext::<String, String>::new(Clock::new_frozen());
[INFO] [stdout]     |                                                                       ^^^^^^^^^^ associated function or constant not found in `tick::Clock`
[INFO] [stdout] 
[INFO] [stdout] 
[INFO] [stdout] error[E0599]: no associated function or constant named `new_frozen` found for struct `tick::Clock` in the current scope
[INFO] [stdout]    --> src/hedging/telemetry.rs:127:78
[INFO] [stdout]     |
[INFO] [stdout] 127 |         let context = crate::ResilienceContext::<String, String>::new(Clock::new_frozen())
[INFO] [stdout]     |                                                                              ^^^^^^^^^^ associated function or constant not found in `tick::Clock`
[INFO] [stdout] 
[INFO] [stdout] 
[INFO] [stdout] error[E0599]: no associated function or constant named `new_frozen` found for struct `tick::Clock` in the current scope
[INFO] [stdout]    --> src/hedging/telemetry.rs:152:78
[INFO] [stdout]     |
[INFO] [stdout] 152 |         let context = crate::ResilienceContext::<String, String>::new(Clock::new_frozen())
[INFO] [stdout]     |                                                                              ^^^^^^^^^^ associated function or constant not found in `tick::Clock`
[INFO] [stdout] 
[INFO] [stdout] 
[INFO] [stdout] error[E0599]: no associated function or constant named `new_frozen` found for struct `tick::Clock` in the current scope
[INFO] [stdout]    --> src/hedging/telemetry.rs:168:78
[INFO] [stdout]     |
[INFO] [stdout] 168 |         let context = crate::ResilienceContext::<String, String>::new(Clock::new_frozen())
[INFO] [stdout]     |                                                                              ^^^^^^^^^^ associated function or constant not found in `tick::Clock`
[INFO] [stdout] 
[INFO] [stdout] 
[INFO] [stdout] error[E0599]: no associated function or constant named `new_frozen` found for struct `tick::Clock` in the current scope
[INFO] [stdout]    --> src/hedging/telemetry.rs:188:78
[INFO] [stdout]     |
[INFO] [stdout] 188 |         let context = crate::ResilienceContext::<String, String>::new(Clock::new_frozen())
[INFO] [stdout]     |                                                                              ^^^^^^^^^^ associated function or constant not found in `tick::Clock`
[INFO] [stdout] 
[INFO] [stdout] 
[INFO] [stdout] error[E0599]: no associated function or constant named `new_frozen` found for struct `tick::Clock` in the current scope
[INFO] [stdout]    --> src/chaos/injection/layer.rs:447:39
[INFO] [stdout]     |
[INFO] [stdout] 447 |         ResilienceContext::new(Clock::new_frozen()).name("test_pipeline")
[INFO] [stdout]     |                                       ^^^^^^^^^^ associated function or constant not found in `tick::Clock`
[INFO] [stdout] 
[INFO] [stdout] 
[INFO] [stdout] error[E0599]: no associated function or constant named `new_frozen` found for struct `tick::Clock` in the current scope
[INFO] [stdout]    --> src/chaos/injection/layer.rs:457:39
[INFO] [stdout]     |
[INFO] [stdout] 457 |         ResilienceContext::new(Clock::new_frozen()).name("test_pipeline")
[INFO] [stdout]     |                                       ^^^^^^^^^^ associated function or constant not found in `tick::Clock`
[INFO] [stdout] 
[INFO] [stdout] 
[INFO] [stdout] error[E0599]: no associated function or constant named `new_frozen` found for struct `tick::Clock` in the current scope
[INFO] [stdout]    --> src/chaos/injection/service.rs:242:34
[INFO] [stdout]     |
[INFO] [stdout] 242 |         let clock = tick::Clock::new_frozen();
[INFO] [stdout]     |                                  ^^^^^^^^^^ associated function or constant not found in `tick::Clock`
[INFO] [stdout] 
[INFO] [stdout] 
[INFO] [stdout] error[E0599]: no associated function or constant named `new_frozen` found for struct `tick::Clock` in the current scope
[INFO] [stdout]    --> src/chaos/injection/service.rs:268:34
[INFO] [stdout]     |
[INFO] [stdout] 268 |         let clock = tick::Clock::new_frozen();
[INFO] [stdout]     |                                  ^^^^^^^^^^ associated function or constant not found in `tick::Clock`
[INFO] [stdout] 
[INFO] [stdout] 
[INFO] [stdout] error[E0599]: no associated function or constant named `new_frozen` found for struct `tick::Clock` in the current scope
[INFO] [stdout]    --> src/chaos/injection/service.rs:305:34
[INFO] [stdout]     |
[INFO] [stdout] 305 |         let clock = tick::Clock::new_frozen();
[INFO] [stdout]     |                                  ^^^^^^^^^^ associated function or constant not found in `tick::Clock`
[INFO] [stdout] 
[INFO] [stdout] 
[INFO] [stdout] error[E0599]: no associated function or constant named `new_frozen` found for struct `tick::Clock` in the current scope
[INFO] [stdout]    --> src/chaos/injection/service.rs:324:100
[INFO] [stdout]     |
[INFO] [stdout] 324 |         let context = crate::ResilienceContext::<String, Result<String, String>>::new(tick::Clock::new_frozen()).name("test");
[INFO] [stdout]     |                                                                                                    ^^^^^^^^^^ associated function or constant not found in `tick::Clock`
[INFO] [stdout] 
[INFO] [stdout] 
[INFO] [stdout] error[E0599]: no associated function or constant named `new_frozen` found for struct `tick::Clock` in the current scope
[INFO] [stdout]    --> src/chaos/latency/layer.rs:480:39
[INFO] [stdout]     |
[INFO] [stdout] 480 |         ResilienceContext::new(Clock::new_frozen()).name("test_pipeline")
[INFO] [stdout]     |                                       ^^^^^^^^^^ associated function or constant not found in `tick::Clock`
[INFO] [stdout] 
[INFO] [stdout] 
[INFO] [stdout] error[E0599]: no associated function or constant named `new_frozen` found for struct `tick::Clock` in the current scope
[INFO] [stdout]    --> src/chaos/latency/service.rs:351:34
[INFO] [stdout]     |
[INFO] [stdout] 351 |         let clock = tick::Clock::new_frozen();
[INFO] [stdout]     |                                  ^^^^^^^^^^ associated function or constant not found in `tick::Clock`
[INFO] [stdout] 
[INFO] [stdout] 
[INFO] [stdout] error[E0599]: no associated function or constant named `new_frozen` found for struct `tick::Clock` in the current scope
[INFO] [stdout]    --> src/chaos/latency/service.rs:371:100
[INFO] [stdout]     |
[INFO] [stdout] 371 |         let context = crate::ResilienceContext::<String, Result<String, String>>::new(tick::Clock::new_frozen()).name("test");
[INFO] [stdout]     |                                                                                                    ^^^^^^^^^^ associated function or constant not found in `tick::Clock`
[INFO] [stdout] 
[INFO] [stdout] 
[INFO] [stdout] Some errors have detailed explanations: E0432, E0433, E0599.
[INFO] [stdout] 
[INFO] [stdout] For more information about an error, try `rustc --explain E0432`.
[INFO] [stdout] 
[INFO] [stderr] error: could not compile `seatbelt` (lib test) due to 80 previous errors
[INFO] [stderr] warning: unused dependency `layered`
[INFO] [stderr]   --> Cargo.toml:19:15
[INFO] [stderr]    |
[INFO] [stderr] 19 | [dependencies.layered]
[INFO] [stderr]    |               ^^^^^^^^
[INFO] [stderr]    |
[INFO] [stderr]    = note: `cargo::unused_dependencies` is set to `warn` by default
[INFO] [stderr] help: consider removing the dependency on `layered`
[INFO] [stderr] help: to still use for development builds, move to `dev-dependencies`
[INFO] [stderr] warning: `seatbelt` (manifest) generated 1 warning
[INFO] running `Command { std: "docker" "inspect" "540004bab19a0b542f547d48345b17a74de548d7571173870d8ea85c03a75085", kill_on_drop: false }`
[INFO] running `Command { std: "docker" "rm" "-f" "540004bab19a0b542f547d48345b17a74de548d7571173870d8ea85c03a75085", kill_on_drop: false }`
[INFO] [stdout] 540004bab19a0b542f547d48345b17a74de548d7571173870d8ea85c03a75085
