[INFO] fetching crate sealed_box 0.2.8...
[INFO] testing sealed_box-0.2.8 against 1.100.0-beta.1 for beta-1.100-2
[INFO] extracting crate sealed_box 0.2.8 into /workspace/builds/worker-2-tc2/source
[INFO] removed /workspace/builds/worker-2-tc2/source/.cargo/config
[INFO] removed /workspace/builds/worker-2-tc2/source/rust-toolchain
[INFO] started tweaking crates.io crate sealed_box 0.2.8
[INFO] finished tweaking crates.io crate sealed_box 0.2.8
[INFO] tweaked toml for crates.io crate sealed_box 0.2.8 written to /workspace/builds/worker-2-tc2/source/Cargo.toml
[INFO] validating manifest of crates.io crate sealed_box 0.2.8 on toolchain 1.100.0-beta.1
[INFO] running `Command { std: CARGO_HOME="/workspace/cargo-home" RUSTUP_HOME="/workspace/rustup-home" "/workspace/cargo-home/bin/cargo" "+1.100.0-beta.1" "metadata" "--manifest-path" "Cargo.toml" "--no-deps", kill_on_drop: false }`
[INFO] running `Command { std: CARGO_HOME="/workspace/cargo-home" RUSTUP_HOME="/workspace/rustup-home" "/workspace/cargo-home/bin/cargo" "+1.100.0-beta.1" "generate-lockfile" "--manifest-path" "Cargo.toml", kill_on_drop: false }`
[INFO] running `Command { std: CARGO_HOME="/workspace/cargo-home" RUSTUP_HOME="/workspace/rustup-home" "/workspace/cargo-home/bin/cargo" "+1.100.0-beta.1" "fetch" "--manifest-path" "Cargo.toml", kill_on_drop: false }`
[INFO] [stderr] warning: `package.homepage` is redundant with `package.repository`
[INFO] [stderr]   --> Cargo.toml:6:12
[INFO] [stderr]    |
[INFO] [stderr]  6 | homepage = "https://github.com/jedisct1/rust-sealed_box"
[INFO] [stderr]    |            ^^^^^^^^^^^^^^^^^^^^^^^^^^^^^^^^^^^^^^^^^^^^^
[INFO] [stderr] ...
[INFO] [stderr] 11 | repository = "https://github.com/jedisct1/rust-sealed_box"
[INFO] [stderr]    |              ---------------------------------------------
[INFO] [stderr]    |
[INFO] [stderr]    = note: `cargo::redundant_homepage` is set to `warn` by default
[INFO] [stderr] help: consider removing `package.homepage`
[INFO] [stderr] warning: `sealed_box` (manifest) generated 1 warning
[INFO] running `Command { std: "docker" "create" "-v" "/var/lib/crater-agent-workspace/builds/worker-2-tc2/source:/opt/rustwide/workdir:ro,Z" "-v" "/var/lib/crater-agent-workspace/builds/worker-2-tc2/target:/opt/rustwide/target:rw,Z" "-v" "/var/lib/crater-agent-workspace/cargo-home:/opt/rustwide/cargo-home:ro,Z" "-v" "/var/lib/crater-agent-workspace/rustup-home:/opt/rustwide/rustup-home:ro,Z" "-m" "1610612736" "--network" "none" "ghcr.io/rust-lang/crates-build-env/linux@sha256:3111399a4047eeb3a02b7a90e478d715f38a8c6669b5c4b49d30a17385265909" "sleep" "infinity", kill_on_drop: false }`
[INFO] [stdout] 468f236886a6d17b0ed9844c90d4ff52159cff9bb39d13b98d477310cc32374d
[INFO] running `Command { std: "docker" "start" "468f236886a6d17b0ed9844c90d4ff52159cff9bb39d13b98d477310cc32374d", kill_on_drop: false }`
[INFO] running `Command { std: "docker" "inspect" "468f236886a6d17b0ed9844c90d4ff52159cff9bb39d13b98d477310cc32374d", kill_on_drop: false }`
[INFO] running `Command { std: "docker" "exec" "-e" "SOURCE_DIR=/opt/rustwide/workdir" "-e" "CARGO_HOME=/opt/rustwide/cargo-home" "-e" "RUSTUP_HOME=/opt/rustwide/rustup-home" "-e" "CARGO_TARGET_DIR=/opt/rustwide/target" "-w" "/opt/rustwide/workdir" "--user" "0:0" "468f236886a6d17b0ed9844c90d4ff52159cff9bb39d13b98d477310cc32374d" "/opt/rustwide/cargo-home/bin/cargo" "+1.100.0-beta.1" "metadata" "--no-deps" "--format-version=1", kill_on_drop: false }`
[INFO] running `Command { std: "docker" "inspect" "468f236886a6d17b0ed9844c90d4ff52159cff9bb39d13b98d477310cc32374d", kill_on_drop: false }`
[INFO] running `Command { std: "docker" "exec" "-e" "SOURCE_DIR=/opt/rustwide/workdir" "-e" "CARGO_HOME=/opt/rustwide/cargo-home" "-e" "RUSTUP_HOME=/opt/rustwide/rustup-home" "-e" "CARGO_TARGET_DIR=/opt/rustwide/target" "-e" "CARGO_INCREMENTAL=0" "-e" "RUST_BACKTRACE=full" "-e" "RUSTFLAGS=--cap-lints=warn" "-e" "RUSTDOCFLAGS=--cap-lints=warn" "-w" "/opt/rustwide/workdir" "--user" "0:0" "468f236886a6d17b0ed9844c90d4ff52159cff9bb39d13b98d477310cc32374d" "/opt/rustwide/cargo-home/bin/cargo" "+1.100.0-beta.1" "build" "--frozen" "--message-format=json", kill_on_drop: false }`
[INFO] [stderr] warning: `package.homepage` is redundant with `package.repository`
[INFO] [stderr]   --> Cargo.toml:6:12
[INFO] [stderr]    |
[INFO] [stderr]  6 | homepage = "https://github.com/jedisct1/rust-sealed_box"
[INFO] [stderr]    |            ^^^^^^^^^^^^^^^^^^^^^^^^^^^^^^^^^^^^^^^^^^^^^
[INFO] [stderr] ...
[INFO] [stderr] 11 | repository = "https://github.com/jedisct1/rust-sealed_box"
[INFO] [stderr]    |              ---------------------------------------------
[INFO] [stderr]    |
[INFO] [stderr]    = note: `cargo::redundant_homepage` is set to `warn` by default
[INFO] [stderr] help: consider removing `package.homepage`
[INFO] [stderr] warning: `sealed_box` (manifest) generated 1 warning
[INFO] [stderr]    Compiling sealed_box v0.2.8 (/opt/rustwide/workdir)
[INFO] [stderr]     Finished `dev` profile [unoptimized + debuginfo] target(s) in 0.29s
[INFO] running `Command { std: "docker" "inspect" "468f236886a6d17b0ed9844c90d4ff52159cff9bb39d13b98d477310cc32374d", kill_on_drop: false }`
[INFO] running `Command { std: "docker" "exec" "-e" "SOURCE_DIR=/opt/rustwide/workdir" "-e" "CARGO_HOME=/opt/rustwide/cargo-home" "-e" "RUSTUP_HOME=/opt/rustwide/rustup-home" "-e" "CARGO_TARGET_DIR=/opt/rustwide/target" "-e" "CARGO_INCREMENTAL=0" "-e" "RUST_BACKTRACE=full" "-e" "RUSTFLAGS=--cap-lints=warn" "-e" "RUSTDOCFLAGS=--cap-lints=warn" "-w" "/opt/rustwide/workdir" "--user" "0:0" "468f236886a6d17b0ed9844c90d4ff52159cff9bb39d13b98d477310cc32374d" "/opt/rustwide/cargo-home/bin/cargo" "+1.100.0-beta.1" "test" "--frozen" "--no-run" "--message-format=json", kill_on_drop: false }`
[INFO] [stderr] warning: `package.homepage` is redundant with `package.repository`
[INFO] [stderr]   --> Cargo.toml:6:12
[INFO] [stderr]    |
[INFO] [stderr]  6 | homepage = "https://github.com/jedisct1/rust-sealed_box"
[INFO] [stderr]    |            ^^^^^^^^^^^^^^^^^^^^^^^^^^^^^^^^^^^^^^^^^^^^^
[INFO] [stderr] ...
[INFO] [stderr] 11 | repository = "https://github.com/jedisct1/rust-sealed_box"
[INFO] [stderr]    |              ---------------------------------------------
[INFO] [stderr]    |
[INFO] [stderr]    = note: `cargo::redundant_homepage` is set to `warn` by default
[INFO] [stderr] help: consider removing `package.homepage`
[INFO] [stderr] warning: `sealed_box` (manifest) generated 1 warning
[INFO] [stderr]    Compiling sealed_box v0.2.8 (/opt/rustwide/workdir)
[INFO] [stderr] error: could not compile `sealed_box` (lib test) due to 1 previous error
[INFO] [stdout] error: linking with `cc` failed: exit status: 1
[INFO] [stdout]   |
[INFO] [stdout]   = note:  "cc" "-m64" "/opt/rustwide/target/debug/build/sealed_box/b016e059e5fc6a94/out/rustcjIunXX/symbols.o" "<2 object files omitted>" "-Wl,--as-needed" "-Wl,-Bstatic" "-lsealedbox" "<sysroot>/lib/rustlib/x86_64-unknown-linux-gnu/lib/{libtest-*,libgetopts-*,librustc_std_workspace_std-*,libstd-*,libpanic_unwind-*,libobject-*,libmemchr-*,libaddr2line-*,libgimli-*,libcfg_if-*,librustc_demangle-*,libstd_detect-*,libhashbrown-*,librustc_std_workspace_alloc-*,libminiz_oxide-*,libadler2-*,libunwind-*,liblibc-*,librustc_std_workspace_core-*,liballoc-*,libcore-*,libcompiler_builtins-*}.rlib" "-Wl,-Bdynamic" "-lgcc_s" "-lutil" "-lrt" "-lpthread" "-lm" "-ldl" "-lc" "-L" "/opt/rustwide/target/debug/build/sealed_box/b016e059e5fc6a94/out/rustcjIunXX/raw-dylibs" "-B<sysroot>/lib/rustlib/x86_64-unknown-linux-gnu/bin/gcc-ld" "-fuse-ld=lld" "-Wl,--eh-frame-hdr" "-Wl,-z,noexecstack" "-L" "/opt/rustwide/workdir/wasm-libs" "-L" "<sysroot>/lib/rustlib/x86_64-unknown-linux-gnu/lib" "-o" "/opt/rustwide/target/debug/build/sealed_box/b016e059e5fc6a94/out/sealed_box-b016e059e5fc6a94" "-Wl,--gc-sections" "-pie" "-Wl,-z,relro,-z,now" "-nodefaultlibs"
[INFO] [stdout]   = note: some arguments are omitted. use `--verbose` to show all linker arguments
[INFO] [stdout]   = note: rust-lld: warning: /opt/rustwide/workdir/wasm-libs/libsealedbox.a: archive member '/Users/j/src/rust-sealed_box/wasm-libs/zig-cache/o/0d7aa265d30ee8341b589e925b07ccef/libsealedbox.a.o' is neither ET_REL nor LLVM bitcode
[INFO] [stdout]           rust-lld: error: undefined symbol: unseal
[INFO] [stdout]           >>> referenced by lib.rs:134 (src/lib.rs:134)
[INFO] [stdout]           >>>               /opt/rustwide/target/debug/build/sealed_box/b016e059e5fc6a94/out/sealed_box-b016e059e5fc6a94.sealed_box.ade3a8fc3dafcc76-cgu.0.rcgu.o:(sealed_box::open::<alloc::vec::Vec<u8>>)
[INFO] [stdout]           
[INFO] [stdout]           rust-lld: error: undefined symbol: seal
[INFO] [stdout]           >>> referenced by lib.rs:114 (src/lib.rs:114)
[INFO] [stdout]           >>>               /opt/rustwide/target/debug/build/sealed_box/b016e059e5fc6a94/out/sealed_box-b016e059e5fc6a94.sealed_box.ade3a8fc3dafcc76-cgu.0.rcgu.o:(sealed_box::seal::<&[u8; 4]>)
[INFO] [stdout]           >>> did you mean: mseal
[INFO] [stdout]           >>> defined in: /usr/lib/x86_64-linux-gnu/libc.so.6
[INFO] [stdout]           
[INFO] [stdout]           rust-lld: error: undefined symbol: keygen
[INFO] [stdout]           >>> referenced by lib.rs:67 (src/lib.rs:67)
[INFO] [stdout]           >>>               /opt/rustwide/target/debug/build/sealed_box/b016e059e5fc6a94/out/sealed_box-b016e059e5fc6a94.sealed_box.ade3a8fc3dafcc76-cgu.0.rcgu.o:(<sealed_box::KeyPair>::create)
[INFO] [stdout]           
[INFO] [stdout]           rust-lld: error: undefined symbol: keygen_from_seed
[INFO] [stdout]           >>> referenced by lib.rs:75 (src/lib.rs:75)
[INFO] [stdout]           >>>               /opt/rustwide/target/debug/build/sealed_box/b016e059e5fc6a94/out/sealed_box-b016e059e5fc6a94.sealed_box.ade3a8fc3dafcc76-cgu.0.rcgu.o:(<sealed_box::KeyPair>::from_seed)
[INFO] [stdout]           collect2: error: ld returned 1 exit status
[INFO] [stdout]           
[INFO] [stdout] 
[INFO] [stdout] 
[INFO] running `Command { std: "docker" "inspect" "468f236886a6d17b0ed9844c90d4ff52159cff9bb39d13b98d477310cc32374d", kill_on_drop: false }`
[INFO] running `Command { std: "docker" "rm" "-f" "468f236886a6d17b0ed9844c90d4ff52159cff9bb39d13b98d477310cc32374d", kill_on_drop: false }`
[INFO] [stdout] 468f236886a6d17b0ed9844c90d4ff52159cff9bb39d13b98d477310cc32374d
