[INFO] fetching crate sea-query-spanner 0.1.0...
[INFO] testing sea-query-spanner-0.1.0 against 1.100.0-beta.1 for beta-1.100-2
[INFO] extracting crate sea-query-spanner 0.1.0 into /workspace/builds/worker-1-tc2/source
[INFO] started tweaking crates.io crate sea-query-spanner 0.1.0
[INFO] finished tweaking crates.io crate sea-query-spanner 0.1.0
[INFO] tweaked toml for crates.io crate sea-query-spanner 0.1.0 written to /workspace/builds/worker-1-tc2/source/Cargo.toml
[INFO] validating manifest of crates.io crate sea-query-spanner 0.1.0 on toolchain 1.100.0-beta.1
[INFO] running `Command { std: CARGO_HOME="/workspace/cargo-home" RUSTUP_HOME="/workspace/rustup-home" "/workspace/cargo-home/bin/cargo" "+1.100.0-beta.1" "metadata" "--manifest-path" "Cargo.toml" "--no-deps", kill_on_drop: false }`
[INFO] crate crates.io crate sea-query-spanner 0.1.0 already has a lockfile, it will not be regenerated
[INFO] running `Command { std: CARGO_HOME="/workspace/cargo-home" RUSTUP_HOME="/workspace/rustup-home" "/workspace/cargo-home/bin/cargo" "+1.100.0-beta.1" "fetch" "--manifest-path" "Cargo.toml", kill_on_drop: false }`
[INFO] running `Command { std: "docker" "create" "-v" "/var/lib/crater-agent-workspace/builds/worker-1-tc2/source:/opt/rustwide/workdir:ro,Z" "-v" "/var/lib/crater-agent-workspace/builds/worker-1-tc2/target:/opt/rustwide/target:rw,Z" "-v" "/var/lib/crater-agent-workspace/cargo-home:/opt/rustwide/cargo-home:ro,Z" "-v" "/var/lib/crater-agent-workspace/rustup-home:/opt/rustwide/rustup-home:ro,Z" "-m" "1610612736" "--network" "none" "ghcr.io/rust-lang/crates-build-env/linux@sha256:3111399a4047eeb3a02b7a90e478d715f38a8c6669b5c4b49d30a17385265909" "sleep" "infinity", kill_on_drop: false }`
[INFO] [stdout] 17d768d5f3d9f84f52e929cc371f2e3487bdc23acd39214eb0b5d253b542a930
[INFO] running `Command { std: "docker" "start" "17d768d5f3d9f84f52e929cc371f2e3487bdc23acd39214eb0b5d253b542a930", kill_on_drop: false }`
[INFO] running `Command { std: "docker" "inspect" "17d768d5f3d9f84f52e929cc371f2e3487bdc23acd39214eb0b5d253b542a930", kill_on_drop: false }`
[INFO] running `Command { std: "docker" "exec" "-e" "SOURCE_DIR=/opt/rustwide/workdir" "-e" "CARGO_HOME=/opt/rustwide/cargo-home" "-e" "RUSTUP_HOME=/opt/rustwide/rustup-home" "-e" "CARGO_TARGET_DIR=/opt/rustwide/target" "-w" "/opt/rustwide/workdir" "--user" "0:0" "17d768d5f3d9f84f52e929cc371f2e3487bdc23acd39214eb0b5d253b542a930" "/opt/rustwide/cargo-home/bin/cargo" "+1.100.0-beta.1" "metadata" "--no-deps" "--format-version=1", kill_on_drop: false }`
[INFO] running `Command { std: "docker" "inspect" "17d768d5f3d9f84f52e929cc371f2e3487bdc23acd39214eb0b5d253b542a930", kill_on_drop: false }`
[INFO] running `Command { std: "docker" "exec" "-e" "SOURCE_DIR=/opt/rustwide/workdir" "-e" "CARGO_HOME=/opt/rustwide/cargo-home" "-e" "RUSTUP_HOME=/opt/rustwide/rustup-home" "-e" "CARGO_TARGET_DIR=/opt/rustwide/target" "-e" "CARGO_INCREMENTAL=0" "-e" "RUST_BACKTRACE=full" "-e" "RUSTFLAGS=--cap-lints=warn" "-e" "RUSTDOCFLAGS=--cap-lints=warn" "-w" "/opt/rustwide/workdir" "--user" "0:0" "17d768d5f3d9f84f52e929cc371f2e3487bdc23acd39214eb0b5d253b542a930" "/opt/rustwide/cargo-home/bin/cargo" "+1.100.0-beta.1" "build" "--frozen" "--message-format=json", kill_on_drop: false }`
[INFO] [stderr]    Compiling quote v1.0.44
[INFO] [stderr]    Compiling proc-macro2 v1.0.106
[INFO] [stderr]    Compiling syn v2.0.114
[INFO] [stderr]    Compiling inherent v1.0.13
[INFO] [stderr]    Compiling sea-query v1.0.0-rc.31
[INFO] [stderr]    Compiling sea-query-spanner v0.1.0 (/opt/rustwide/workdir)
[INFO] [stderr]     Finished `dev` profile [unoptimized + debuginfo] target(s) in 6.90s
[INFO] running `Command { std: "docker" "inspect" "17d768d5f3d9f84f52e929cc371f2e3487bdc23acd39214eb0b5d253b542a930", kill_on_drop: false }`
[INFO] running `Command { std: "docker" "exec" "-e" "SOURCE_DIR=/opt/rustwide/workdir" "-e" "CARGO_HOME=/opt/rustwide/cargo-home" "-e" "RUSTUP_HOME=/opt/rustwide/rustup-home" "-e" "CARGO_TARGET_DIR=/opt/rustwide/target" "-e" "CARGO_INCREMENTAL=0" "-e" "RUST_BACKTRACE=full" "-e" "RUSTFLAGS=--cap-lints=warn" "-e" "RUSTDOCFLAGS=--cap-lints=warn" "-w" "/opt/rustwide/workdir" "--user" "0:0" "17d768d5f3d9f84f52e929cc371f2e3487bdc23acd39214eb0b5d253b542a930" "/opt/rustwide/cargo-home/bin/cargo" "+1.100.0-beta.1" "test" "--frozen" "--no-run" "--message-format=json", kill_on_drop: false }`
[INFO] [stderr]    Compiling libc v0.2.180
[INFO] [stderr]    Compiling smallvec v1.15.1
[INFO] [stderr]    Compiling tokio-macros v2.6.0
[INFO] [stderr]    Compiling parking_lot_core v0.9.12
[INFO] [stderr]    Compiling errno v0.3.14
[INFO] [stderr]    Compiling socket2 v0.6.2
[INFO] [stderr]    Compiling mio v1.1.1
[INFO] [stderr]    Compiling signal-hook-registry v1.4.8
[INFO] [stderr]    Compiling parking_lot v0.12.5
[INFO] [stderr]    Compiling tokio v1.49.0
[INFO] [stderr]    Compiling sea-query-spanner v0.1.0 (/opt/rustwide/workdir)
[INFO] [stdout] error[E0308]: mismatched types
[INFO] [stdout]    --> src/query_builder.rs:120:55
[INFO] [stdout]     |
[INFO] [stdout] 120 |             .and_where(Expr::col(Alias::new("id")).eq(1))
[INFO] [stdout]     |                                                    -- ^ expected `&Expr`, found integer
[INFO] [stdout]     |                                                    |
[INFO] [stdout]     |                                                    arguments to this method are incorrect
[INFO] [stdout]     |
[INFO] [stdout] note: method defined here
[INFO] [stdout]    --> /rustc/e3feeb59cd1bdd011a2bfcc0747b55125d9b8527/library/core/src/cmp.rs:261:7
[INFO] [stdout] note: the `eq` call is resolved to the method in `std::cmp::PartialEq`, shadowing the method of the same name on trait `std::iter::Iterator`
[INFO] [stdout]    --> src/query_builder.rs:120:52
[INFO] [stdout]     |
[INFO] [stdout] 120 |             .and_where(Expr::col(Alias::new("id")).eq(1))
[INFO] [stdout]     |                                                    ^^ refers to `std::cmp::PartialEq::eq`
[INFO] [stdout]     = note: additionally, there are 2 other available methods that aren't in scope
[INFO] [stdout] help: you might have meant to call one of the other methods; you can use the fully-qualified path to call one of them explicitly
[INFO] [stdout]     |
[INFO] [stdout] 120 -             .and_where(Expr::col(Alias::new("id")).eq(1))
[INFO] [stdout] 120 +             .and_where(<_ as std::iter::Iterator>::eq::<_>(Expr::col(Alias::new("id")), 1))
[INFO] [stdout]     |
[INFO] [stdout] 120 -             .and_where(Expr::col(Alias::new("id")).eq(1))
[INFO] [stdout] 120 +             .and_where(<_ as core::core_simd::masks::private_methods::PrivateMethods>::eq(Expr::col(Alias::new("id")), 1))
[INFO] [stdout]     |
[INFO] [stdout] 120 -             .and_where(Expr::col(Alias::new("id")).eq(1))
[INFO] [stdout] 120 +             .and_where(<_ as sea_query::ExprTrait>::eq::<_>(Expr::col(Alias::new("id")), 1))
[INFO] [stdout]     |
[INFO] [stdout] 
[INFO] [stdout] 
[INFO] [stdout] error[E0308]: mismatched types
[INFO] [stdout]     --> src/query_builder.rs:120:24
[INFO] [stdout]      |
[INFO] [stdout]  120 |             .and_where(Expr::col(Alias::new("id")).eq(1))
[INFO] [stdout]      |              --------- ^^^^^^^^^^^^^^^^^^^^^^^^^^^^^^^^^ expected `Expr`, found `bool`
[INFO] [stdout]      |              |
[INFO] [stdout]      |              arguments to this method are incorrect
[INFO] [stdout]      |
[INFO] [stdout] note: method defined here
[INFO] [stdout]     --> /opt/rustwide/cargo-home/registry/src/index.crates.io-1949cf8c6b5b557f/sea-query-1.0.0-rc.31/src/query/select.rs:2755:12
[INFO] [stdout]      |
[INFO] [stdout] 2755 |     pub fn and_where(&mut self, other: Expr) -> &mut Self;
[INFO] [stdout]      |            ^^^^^^^^^
[INFO] [stdout] help: call `Into::into` on this expression to convert `bool` into `sea_query::Expr`
[INFO] [stdout]      |
[INFO] [stdout]  120 |             .and_where(Expr::col(Alias::new("id")).eq(1).into())
[INFO] [stdout]      |                                                         +++++++
[INFO] [stdout] 
[INFO] [stdout] 
[INFO] [stdout] error[E0308]: mismatched types
[INFO] [stdout]    --> src/query_builder.rs:145:55
[INFO] [stdout]     |
[INFO] [stdout] 145 |             .and_where(Expr::col(Alias::new("id")).eq(1))
[INFO] [stdout]     |                                                    -- ^ expected `&Expr`, found integer
[INFO] [stdout]     |                                                    |
[INFO] [stdout]     |                                                    arguments to this method are incorrect
[INFO] [stdout]     |
[INFO] [stdout] note: method defined here
[INFO] [stdout]    --> /rustc/e3feeb59cd1bdd011a2bfcc0747b55125d9b8527/library/core/src/cmp.rs:261:7
[INFO] [stdout] note: the `eq` call is resolved to the method in `std::cmp::PartialEq`, shadowing the method of the same name on trait `std::iter::Iterator`
[INFO] [stdout]    --> src/query_builder.rs:145:52
[INFO] [stdout]     |
[INFO] [stdout] 145 |             .and_where(Expr::col(Alias::new("id")).eq(1))
[INFO] [stdout]     |                                                    ^^ refers to `std::cmp::PartialEq::eq`
[INFO] [stdout]     = note: additionally, there are 2 other available methods that aren't in scope
[INFO] [stdout] help: you might have meant to call one of the other methods; you can use the fully-qualified path to call one of them explicitly
[INFO] [stdout]     |
[INFO] [stdout] 145 -             .and_where(Expr::col(Alias::new("id")).eq(1))
[INFO] [stdout] 145 +             .and_where(<_ as std::iter::Iterator>::eq::<_>(Expr::col(Alias::new("id")), 1))
[INFO] [stdout]     |
[INFO] [stdout] 145 -             .and_where(Expr::col(Alias::new("id")).eq(1))
[INFO] [stdout] 145 +             .and_where(<_ as core::core_simd::masks::private_methods::PrivateMethods>::eq(Expr::col(Alias::new("id")), 1))
[INFO] [stdout]     |
[INFO] [stdout] 145 -             .and_where(Expr::col(Alias::new("id")).eq(1))
[INFO] [stdout] 145 +             .and_where(<_ as sea_query::ExprTrait>::eq::<_>(Expr::col(Alias::new("id")), 1))
[INFO] [stdout]     |
[INFO] [stdout] 
[INFO] [stdout] 
[INFO] [stdout] error[E0308]: mismatched types
[INFO] [stdout]    --> src/query_builder.rs:145:24
[INFO] [stdout]     |
[INFO] [stdout] 145 |             .and_where(Expr::col(Alias::new("id")).eq(1))
[INFO] [stdout]     |              --------- ^^^^^^^^^^^^^^^^^^^^^^^^^^^^^^^^^ expected `Expr`, found `bool`
[INFO] [stdout]     |              |
[INFO] [stdout]     |              arguments to this method are incorrect
[INFO] [stdout]     |
[INFO] [stdout] note: method defined here
[INFO] [stdout]    --> /opt/rustwide/cargo-home/registry/src/index.crates.io-1949cf8c6b5b557f/sea-query-1.0.0-rc.31/src/query/update.rs:567:12
[INFO] [stdout]     |
[INFO] [stdout] 567 |     pub fn and_where(&mut self, other: Expr) -> &mut Self;
[INFO] [stdout]     |            ^^^^^^^^^
[INFO] [stdout] help: call `Into::into` on this expression to convert `bool` into `sea_query::Expr`
[INFO] [stdout]     |
[INFO] [stdout] 145 |             .and_where(Expr::col(Alias::new("id")).eq(1).into())
[INFO] [stdout]     |                                                         +++++++
[INFO] [stdout] 
[INFO] [stdout] 
[INFO] [stdout] error[E0308]: mismatched types
[INFO] [stdout]    --> src/query_builder.rs:155:55
[INFO] [stdout]     |
[INFO] [stdout] 155 |             .and_where(Expr::col(Alias::new("id")).eq(1))
[INFO] [stdout]     |                                                    -- ^ expected `&Expr`, found integer
[INFO] [stdout]     |                                                    |
[INFO] [stdout]     |                                                    arguments to this method are incorrect
[INFO] [stdout]     |
[INFO] [stdout] note: method defined here
[INFO] [stdout]    --> /rustc/e3feeb59cd1bdd011a2bfcc0747b55125d9b8527/library/core/src/cmp.rs:261:7
[INFO] [stdout] note: the `eq` call is resolved to the method in `std::cmp::PartialEq`, shadowing the method of the same name on trait `std::iter::Iterator`
[INFO] [stdout]    --> src/query_builder.rs:155:52
[INFO] [stdout]     |
[INFO] [stdout] 155 |             .and_where(Expr::col(Alias::new("id")).eq(1))
[INFO] [stdout]     |                                                    ^^ refers to `std::cmp::PartialEq::eq`
[INFO] [stdout]     = note: additionally, there are 2 other available methods that aren't in scope
[INFO] [stdout] help: you might have meant to call one of the other methods; you can use the fully-qualified path to call one of them explicitly
[INFO] [stdout]     |
[INFO] [stdout] 155 -             .and_where(Expr::col(Alias::new("id")).eq(1))
[INFO] [stdout] 155 +             .and_where(<_ as std::iter::Iterator>::eq::<_>(Expr::col(Alias::new("id")), 1))
[INFO] [stdout]     |
[INFO] [stdout] 155 -             .and_where(Expr::col(Alias::new("id")).eq(1))
[INFO] [stdout] 155 +             .and_where(<_ as core::core_simd::masks::private_methods::PrivateMethods>::eq(Expr::col(Alias::new("id")), 1))
[INFO] [stdout]     |
[INFO] [stdout] 155 -             .and_where(Expr::col(Alias::new("id")).eq(1))
[INFO] [stdout] 155 +             .and_where(<_ as sea_query::ExprTrait>::eq::<_>(Expr::col(Alias::new("id")), 1))
[INFO] [stdout]     |
[INFO] [stdout] 
[INFO] [stdout] 
[INFO] [stdout] error[E0308]: mismatched types
[INFO] [stdout]    --> src/query_builder.rs:155:24
[INFO] [stdout]     |
[INFO] [stdout] 155 |             .and_where(Expr::col(Alias::new("id")).eq(1))
[INFO] [stdout]     |              --------- ^^^^^^^^^^^^^^^^^^^^^^^^^^^^^^^^^ expected `Expr`, found `bool`
[INFO] [stdout]     |              |
[INFO] [stdout]     |              arguments to this method are incorrect
[INFO] [stdout]     |
[INFO] [stdout] note: method defined here
[INFO] [stdout]    --> /opt/rustwide/cargo-home/registry/src/index.crates.io-1949cf8c6b5b557f/sea-query-1.0.0-rc.31/src/query/delete.rs:424:12
[INFO] [stdout]     |
[INFO] [stdout] 424 |     pub fn and_where(&mut self, other: Expr) -> &mut Self;
[INFO] [stdout]     |            ^^^^^^^^^
[INFO] [stdout] help: call `Into::into` on this expression to convert `bool` into `sea_query::Expr`
[INFO] [stdout]     |
[INFO] [stdout] 155 |             .and_where(Expr::col(Alias::new("id")).eq(1).into())
[INFO] [stdout]     |                                                         +++++++
[INFO] [stdout] 
[INFO] [stdout] 
[INFO] [stdout] error[E0308]: mismatched types
[INFO] [stdout]    --> src/query_builder.rs:172:55
[INFO] [stdout]     |
[INFO] [stdout] 172 |             .and_where(Expr::col(Alias::new("id")).eq(1))
[INFO] [stdout]     |                                                    -- ^ expected `&Expr`, found integer
[INFO] [stdout]     |                                                    |
[INFO] [stdout]     |                                                    arguments to this method are incorrect
[INFO] [stdout]     |
[INFO] [stdout] note: method defined here
[INFO] [stdout]    --> /rustc/e3feeb59cd1bdd011a2bfcc0747b55125d9b8527/library/core/src/cmp.rs:261:7
[INFO] [stdout] note: the `eq` call is resolved to the method in `std::cmp::PartialEq`, shadowing the method of the same name on trait `std::iter::Iterator`
[INFO] [stdout]    --> src/query_builder.rs:172:52
[INFO] [stdout]     |
[INFO] [stdout] 172 |             .and_where(Expr::col(Alias::new("id")).eq(1))
[INFO] [stdout]     |                                                    ^^ refers to `std::cmp::PartialEq::eq`
[INFO] [stdout]     = note: additionally, there are 2 other available methods that aren't in scope
[INFO] [stdout] help: you might have meant to call one of the other methods; you can use the fully-qualified path to call one of them explicitly
[INFO] [stdout]     |
[INFO] [stdout] 172 -             .and_where(Expr::col(Alias::new("id")).eq(1))
[INFO] [stdout] 172 +             .and_where(<_ as std::iter::Iterator>::eq::<_>(Expr::col(Alias::new("id")), 1))
[INFO] [stdout]     |
[INFO] [stdout] 172 -             .and_where(Expr::col(Alias::new("id")).eq(1))
[INFO] [stdout] 172 +             .and_where(<_ as core::core_simd::masks::private_methods::PrivateMethods>::eq(Expr::col(Alias::new("id")), 1))
[INFO] [stdout]     |
[INFO] [stdout] 172 -             .and_where(Expr::col(Alias::new("id")).eq(1))
[INFO] [stdout] 172 +             .and_where(<_ as sea_query::ExprTrait>::eq::<_>(Expr::col(Alias::new("id")), 1))
[INFO] [stdout]     |
[INFO] [stdout] 
[INFO] [stdout] 
[INFO] [stdout] error[E0308]: mismatched types
[INFO] [stdout]     --> src/query_builder.rs:172:24
[INFO] [stdout]      |
[INFO] [stdout]  172 |             .and_where(Expr::col(Alias::new("id")).eq(1))
[INFO] [stdout]      |              --------- ^^^^^^^^^^^^^^^^^^^^^^^^^^^^^^^^^ expected `Expr`, found `bool`
[INFO] [stdout]      |              |
[INFO] [stdout]      |              arguments to this method are incorrect
[INFO] [stdout]      |
[INFO] [stdout] note: method defined here
[INFO] [stdout]     --> /opt/rustwide/cargo-home/registry/src/index.crates.io-1949cf8c6b5b557f/sea-query-1.0.0-rc.31/src/query/select.rs:2755:12
[INFO] [stdout]      |
[INFO] [stdout] 2755 |     pub fn and_where(&mut self, other: Expr) -> &mut Self;
[INFO] [stdout]      |            ^^^^^^^^^
[INFO] [stdout] help: call `Into::into` on this expression to convert `bool` into `sea_query::Expr`
[INFO] [stdout]      |
[INFO] [stdout]  172 |             .and_where(Expr::col(Alias::new("id")).eq(1).into())
[INFO] [stdout]      |                                                         +++++++
[INFO] [stdout] 
[INFO] [stdout] 
[INFO] [stdout] error[E0308]: mismatched types
[INFO] [stdout]    --> src/query_builder.rs:173:59
[INFO] [stdout]     |
[INFO] [stdout] 173 |             .and_where(Expr::col(Alias::new("active")).eq(true))
[INFO] [stdout]     |                                                        -- ^^^^ expected `&Expr`, found `bool`
[INFO] [stdout]     |                                                        |
[INFO] [stdout]     |                                                        arguments to this method are incorrect
[INFO] [stdout]     |
[INFO] [stdout] note: method defined here
[INFO] [stdout]    --> /rustc/e3feeb59cd1bdd011a2bfcc0747b55125d9b8527/library/core/src/cmp.rs:261:7
[INFO] [stdout] note: the `eq` call is resolved to the method in `std::cmp::PartialEq`, shadowing the method of the same name on trait `std::iter::Iterator`
[INFO] [stdout]    --> src/query_builder.rs:173:56
[INFO] [stdout]     |
[INFO] [stdout] 173 |             .and_where(Expr::col(Alias::new("active")).eq(true))
[INFO] [stdout]     |                                                        ^^ refers to `std::cmp::PartialEq::eq`
[INFO] [stdout]     = note: additionally, there are 2 other available methods that aren't in scope
[INFO] [stdout] help: you might have meant to call one of the other methods; you can use the fully-qualified path to call one of them explicitly
[INFO] [stdout]     |
[INFO] [stdout] 173 -             .and_where(Expr::col(Alias::new("active")).eq(true))
[INFO] [stdout] 173 +             .and_where(<_ as std::iter::Iterator>::eq::<_>(Expr::col(Alias::new("active")), true))
[INFO] [stdout]     |
[INFO] [stdout] 173 -             .and_where(Expr::col(Alias::new("active")).eq(true))
[INFO] [stdout] 173 +             .and_where(<_ as core::core_simd::masks::private_methods::PrivateMethods>::eq(Expr::col(Alias::new("active")), true))
[INFO] [stdout]     |
[INFO] [stdout] 173 -             .and_where(Expr::col(Alias::new("active")).eq(true))
[INFO] [stdout] 173 +             .and_where(<_ as sea_query::ExprTrait>::eq::<_>(Expr::col(Alias::new("active")), true))
[INFO] [stdout]     |
[INFO] [stdout] 
[INFO] [stdout] 
[INFO] [stdout] error[E0308]: mismatched types
[INFO] [stdout]     --> src/query_builder.rs:173:24
[INFO] [stdout]      |
[INFO] [stdout]  173 |             .and_where(Expr::col(Alias::new("active")).eq(true))
[INFO] [stdout]      |              --------- ^^^^^^^^^^^^^^^^^^^^^^^^^^^^^^^^^^^^^^^^ expected `Expr`, found `bool`
[INFO] [stdout]      |              |
[INFO] [stdout]      |              arguments to this method are incorrect
[INFO] [stdout]      |
[INFO] [stdout] note: method defined here
[INFO] [stdout]     --> /opt/rustwide/cargo-home/registry/src/index.crates.io-1949cf8c6b5b557f/sea-query-1.0.0-rc.31/src/query/select.rs:2755:12
[INFO] [stdout]      |
[INFO] [stdout] 2755 |     pub fn and_where(&mut self, other: Expr) -> &mut Self;
[INFO] [stdout]      |            ^^^^^^^^^
[INFO] [stdout] help: call `Into::into` on this expression to convert `bool` into `sea_query::Expr`
[INFO] [stdout]      |
[INFO] [stdout]  173 |             .and_where(Expr::col(Alias::new("active")).eq(true).into())
[INFO] [stdout]      |                                                                +++++++
[INFO] [stdout] 
[INFO] [stdout] 
[INFO] [stdout] For more information about this error, try `rustc --explain E0308`.
[INFO] [stdout] 
[INFO] [stderr] error: could not compile `sea-query-spanner` (lib test) due to 10 previous errors
[INFO] running `Command { std: "docker" "inspect" "17d768d5f3d9f84f52e929cc371f2e3487bdc23acd39214eb0b5d253b542a930", kill_on_drop: false }`
[INFO] running `Command { std: "docker" "rm" "-f" "17d768d5f3d9f84f52e929cc371f2e3487bdc23acd39214eb0b5d253b542a930", kill_on_drop: false }`
[INFO] [stdout] 17d768d5f3d9f84f52e929cc371f2e3487bdc23acd39214eb0b5d253b542a930
