[INFO] fetching crate sdl2_particles 0.3.1...
[INFO] testing sdl2_particles-0.3.1 against 1.99.0-beta.8 for beta-1.100-2
[INFO] extracting crate sdl2_particles 0.3.1 into /workspace/builds/worker-0-tc1/source
[INFO] started tweaking crates.io crate sdl2_particles 0.3.1
[INFO] removed 0 missing examples
[INFO] finished tweaking crates.io crate sdl2_particles 0.3.1
[INFO] tweaked toml for crates.io crate sdl2_particles 0.3.1 written to /workspace/builds/worker-0-tc1/source/Cargo.toml
[INFO] validating manifest of crates.io crate sdl2_particles 0.3.1 on toolchain 1.99.0-beta.8
[INFO] running `Command { std: CARGO_HOME="/workspace/cargo-home" RUSTUP_HOME="/workspace/rustup-home" "/workspace/cargo-home/bin/cargo" "+1.99.0-beta.8" "metadata" "--manifest-path" "Cargo.toml" "--no-deps", kill_on_drop: false }`
[INFO] crate crates.io crate sdl2_particles 0.3.1 already has a lockfile, it will not be regenerated
[INFO] running `Command { std: CARGO_HOME="/workspace/cargo-home" RUSTUP_HOME="/workspace/rustup-home" "/workspace/cargo-home/bin/cargo" "+1.99.0-beta.8" "fetch" "--manifest-path" "Cargo.toml", kill_on_drop: false }`
[INFO] [stderr]     Updating crates.io index
[INFO] [stderr]  Downloading crates ...
[INFO] [stderr]   Downloaded version-compare v0.1.1
[INFO] [stderr]   Downloaded wit-bindgen-rt v0.33.0
[INFO] [stderr]   Downloaded rand_core v0.9.0
[INFO] [stderr]   Downloaded sdl2 v0.37.0
[INFO] [stderr]   Downloaded unicode-ident v1.0.16
[INFO] [stderr]   Downloaded getrandom v0.3.1
[INFO] [stderr]   Downloaded zerocopy-derive v0.8.17
[INFO] [stderr]   Downloaded wasi v0.13.3+wasi-0.2.2
[INFO] [stderr]   Downloaded zerocopy v0.8.17
[INFO] [stderr]   Downloaded syn v2.0.98
[INFO] [stderr]   Downloaded libc v0.2.169
[INFO] [stderr]   Downloaded sdl2-sys v0.37.0
[INFO] running `Command { std: "docker" "create" "-v" "/var/lib/crater-agent-workspace/builds/worker-0-tc1/source:/opt/rustwide/workdir:ro,Z" "-v" "/var/lib/crater-agent-workspace/builds/worker-0-tc1/target:/opt/rustwide/target:rw,Z" "-v" "/var/lib/crater-agent-workspace/cargo-home:/opt/rustwide/cargo-home:ro,Z" "-v" "/var/lib/crater-agent-workspace/rustup-home:/opt/rustwide/rustup-home:ro,Z" "-m" "1610612736" "--network" "none" "ghcr.io/rust-lang/crates-build-env/linux@sha256:3111399a4047eeb3a02b7a90e478d715f38a8c6669b5c4b49d30a17385265909" "sleep" "infinity", kill_on_drop: false }`
[INFO] [stdout] 8696a8456fe1a3835136c4b161d0ec9aed236d45c846e3555dd32cdd4d6cc8a3
[INFO] running `Command { std: "docker" "start" "8696a8456fe1a3835136c4b161d0ec9aed236d45c846e3555dd32cdd4d6cc8a3", kill_on_drop: false }`
[INFO] running `Command { std: "docker" "inspect" "8696a8456fe1a3835136c4b161d0ec9aed236d45c846e3555dd32cdd4d6cc8a3", kill_on_drop: false }`
[INFO] running `Command { std: "docker" "exec" "-e" "SOURCE_DIR=/opt/rustwide/workdir" "-e" "CARGO_HOME=/opt/rustwide/cargo-home" "-e" "RUSTUP_HOME=/opt/rustwide/rustup-home" "-e" "CARGO_TARGET_DIR=/opt/rustwide/target" "-w" "/opt/rustwide/workdir" "--user" "0:0" "8696a8456fe1a3835136c4b161d0ec9aed236d45c846e3555dd32cdd4d6cc8a3" "/opt/rustwide/cargo-home/bin/cargo" "+1.99.0-beta.8" "metadata" "--no-deps" "--format-version=1", kill_on_drop: false }`
[INFO] running `Command { std: "docker" "inspect" "8696a8456fe1a3835136c4b161d0ec9aed236d45c846e3555dd32cdd4d6cc8a3", kill_on_drop: false }`
[INFO] running `Command { std: "docker" "exec" "-e" "SOURCE_DIR=/opt/rustwide/workdir" "-e" "CARGO_HOME=/opt/rustwide/cargo-home" "-e" "RUSTUP_HOME=/opt/rustwide/rustup-home" "-e" "CARGO_TARGET_DIR=/opt/rustwide/target" "-e" "CARGO_INCREMENTAL=0" "-e" "RUST_BACKTRACE=full" "-e" "RUSTFLAGS=--cap-lints=warn" "-e" "RUSTDOCFLAGS=--cap-lints=warn" "-w" "/opt/rustwide/workdir" "--user" "0:0" "8696a8456fe1a3835136c4b161d0ec9aed236d45c846e3555dd32cdd4d6cc8a3" "/opt/rustwide/cargo-home/bin/cargo" "+1.99.0-beta.8" "build" "--frozen" "--message-format=json", kill_on_drop: false }`
[INFO] [stderr]    Compiling cfg-if v1.0.0
[INFO] [stderr]    Compiling version-compare v0.1.1
[INFO] [stderr]    Compiling libc v0.2.169
[INFO] [stderr]    Compiling sdl2 v0.37.0
[INFO] [stderr]    Compiling sdl2-sys v0.37.0
[INFO] [stderr]    Compiling sdl2_particles v0.3.1 (/opt/rustwide/workdir)
[INFO] [stderr]     Finished `dev` profile [unoptimized + debuginfo] target(s) in 4.24s
[INFO] running `Command { std: "docker" "inspect" "8696a8456fe1a3835136c4b161d0ec9aed236d45c846e3555dd32cdd4d6cc8a3", kill_on_drop: false }`
[INFO] running `Command { std: "docker" "exec" "-e" "SOURCE_DIR=/opt/rustwide/workdir" "-e" "CARGO_HOME=/opt/rustwide/cargo-home" "-e" "RUSTUP_HOME=/opt/rustwide/rustup-home" "-e" "CARGO_TARGET_DIR=/opt/rustwide/target" "-e" "CARGO_INCREMENTAL=0" "-e" "RUST_BACKTRACE=full" "-e" "RUSTFLAGS=--cap-lints=warn" "-e" "RUSTDOCFLAGS=--cap-lints=warn" "-w" "/opt/rustwide/workdir" "--user" "0:0" "8696a8456fe1a3835136c4b161d0ec9aed236d45c846e3555dd32cdd4d6cc8a3" "/opt/rustwide/cargo-home/bin/cargo" "+1.99.0-beta.8" "test" "--frozen" "--no-run" "--message-format=json", kill_on_drop: false }`
[INFO] [stderr]    Compiling proc-macro2 v1.0.93
[INFO] [stderr]    Compiling unicode-ident v1.0.16
[INFO] [stderr]    Compiling getrandom v0.3.1
[INFO] [stderr]    Compiling zerocopy v0.8.17
[INFO] [stderr]    Compiling byteorder v1.5.0
[INFO] [stderr]    Compiling sdl2-sys v0.37.0
[INFO] [stderr]    Compiling sdl2 v0.37.0
[INFO] [stderr]    Compiling quote v1.0.38
[INFO] [stderr]    Compiling syn v2.0.98
[INFO] [stderr]    Compiling rand_core v0.9.0
[INFO] [stderr]    Compiling sdl2_particles v0.3.1 (/opt/rustwide/workdir)
[INFO] [stderr]    Compiling zerocopy-derive v0.7.35
[INFO] [stderr]    Compiling zerocopy v0.7.35
[INFO] [stderr]    Compiling ppv-lite86 v0.2.20
[INFO] [stderr]    Compiling rand_chacha v0.9.0
[INFO] [stderr]    Compiling rand v0.9.0
[INFO] [stdout] warning: use of deprecated function `rand::thread_rng`: renamed to `rng`
[INFO] [stdout]   --> examples/1.rs:50:29
[INFO] [stdout]    |
[INFO] [stdout] 50 |         let mut rng = rand::thread_rng();
[INFO] [stdout]    |                             ^^^^^^^^^^
[INFO] [stdout]    |
[INFO] [stdout]    = note: `#[warn(deprecated)]` on by default
[INFO] [stdout] 
[INFO] [stdout] 
[INFO] [stdout] warning: use of deprecated function `rand::thread_rng`: renamed to `rng`
[INFO] [stdout]   --> examples/2.rs:50:29
[INFO] [stdout]    |
[INFO] [stdout] 50 |         let mut rng = rand::thread_rng();
[INFO] [stdout]    |                             ^^^^^^^^^^
[INFO] [stdout]    |
[INFO] [stdout]    = note: `#[warn(deprecated)]` on by default
[INFO] [stdout] 
[INFO] [stdout] 
[INFO] [stdout] warning: use of deprecated method `rand::Rng::gen_range`: Renamed to `random_range`
[INFO] [stdout]   --> examples/2.rs:51:37
[INFO] [stdout]    |
[INFO] [stdout] 51 |         let random_velocity_x = rng.gen_range(-50.0..50.0);
[INFO] [stdout]    |                                     ^^^^^^^^^
[INFO] [stdout] 
[INFO] [stdout] 
[INFO] [stdout] warning: use of deprecated method `rand::Rng::gen_range`: Renamed to `random_range`
[INFO] [stdout]   --> examples/1.rs:51:37
[INFO] [stdout]    |
[INFO] [stdout] 51 |         let random_velocity_x = rng.gen_range(-50.0..50.0);
[INFO] [stdout]    |                                     ^^^^^^^^^
[INFO] [stdout] 
[INFO] [stdout] 
[INFO] [stdout] warning: use of deprecated method `rand::Rng::gen_range`: Renamed to `random_range`
[INFO] [stdout]   --> examples/1.rs:53:45
[INFO] [stdout]    |
[INFO] [stdout] 53 |             sdl2::pixels::Color::RGB(0, rng.gen_range(0..255), rng.gen_range(0..128));
[INFO] [stdout]    |                                             ^^^^^^^^^
[INFO] [stdout] 
[INFO] [stdout] 
[INFO] [stdout] warning: use of deprecated method `rand::Rng::gen_range`: Renamed to `random_range`
[INFO] [stdout]   --> examples/2.rs:53:42
[INFO] [stdout]    |
[INFO] [stdout] 53 |             sdl2::pixels::Color::RGB(rng.gen_range(0..255), 0, rng.gen_range(0..128));
[INFO] [stdout]    |                                          ^^^^^^^^^
[INFO] [stdout] 
[INFO] [stdout] 
[INFO] [stdout] warning: use of deprecated method `rand::Rng::gen_range`: Renamed to `random_range`
[INFO] [stdout]   --> examples/1.rs:53:68
[INFO] [stdout]    |
[INFO] [stdout] 53 |             sdl2::pixels::Color::RGB(0, rng.gen_range(0..255), rng.gen_range(0..128));
[INFO] [stdout]    |                                                                    ^^^^^^^^^
[INFO] [stdout] 
[INFO] [stdout] 
[INFO] [stdout] warning: use of deprecated method `rand::Rng::gen_range`: Renamed to `random_range`
[INFO] [stdout]   --> examples/2.rs:53:68
[INFO] [stdout]    |
[INFO] [stdout] 53 |             sdl2::pixels::Color::RGB(rng.gen_range(0..255), 0, rng.gen_range(0..128));
[INFO] [stdout]    |                                                                    ^^^^^^^^^
[INFO] [stdout] 
[INFO] [stdout] 
[INFO] [stdout] warning: variable does not need to be mutable
[INFO] [stdout]    --> src/lib.rs:233:17
[INFO] [stdout]     |
[INFO] [stdout] 233 |             let mut last = particles_state.pool.get_mut(15).unwrap();
[INFO] [stdout]     |                 ----^^^^
[INFO] [stdout]     |                 |
[INFO] [stdout]     |                 help: remove this `mut`
[INFO] [stdout]     |
[INFO] [stdout]     = note: `#[warn(unused_mut)]` (part of `#[warn(unused)]`) on by default
[INFO] [stdout] 
[INFO] [stdout] 
[INFO] [stdout] error: linking with `cc` failed: exit status: 1
[INFO] [stdout]   |
[INFO] [stdout]   = note:  "cc" "-m64" "/opt/rustwide/target/debug/deps/rustc20grKC/symbols.o" "<2 object files omitted>" "-Wl,--as-needed" "-Wl,-Bstatic" "<sysroot>/lib/rustlib/x86_64-unknown-linux-gnu/lib/{libtest-*,libgetopts-*,librustc_std_workspace_std-*}.rlib" "/opt/rustwide/target/debug/deps/{libsdl2-6051ff0a79a34d5e,libsdl2_sys-976c466853cb27f0,libbitflags-dde12b0d7d495b50,liblazy_static-3674be3f4245d19b,liblibc-2bf611855e8315c4}.rlib" "<sysroot>/lib/rustlib/x86_64-unknown-linux-gnu/lib/{libstd-*,libpanic_unwind-*,libobject-*,libmemchr-*,libaddr2line-*,libgimli-*,libcfg_if-*,librustc_demangle-*,libstd_detect-*,libhashbrown-*,librustc_std_workspace_alloc-*,libminiz_oxide-*,libadler2-*,libunwind-*,liblibc-*,librustc_std_workspace_core-*,liballoc-*,libcore-*,libcompiler_builtins-*}.rlib" "-Wl,-Bdynamic" "-lSDL2" "-lSDL2_image" "-lgcc_s" "-lutil" "-lrt" "-lpthread" "-lm" "-ldl" "-lc" "-L" "/opt/rustwide/target/debug/deps/rustc20grKC/raw-dylibs" "-B<sysroot>/lib/rustlib/x86_64-unknown-linux-gnu/bin/gcc-ld" "-fuse-ld=lld" "-Wl,--eh-frame-hdr" "-Wl,-z,noexecstack" "-L" "<sysroot>/lib/rustlib/x86_64-unknown-linux-gnu/lib" "-o" "/opt/rustwide/target/debug/deps/sdl2_particles-31a25d8f4540b228" "-Wl,--gc-sections" "-pie" "-Wl,-z,relro,-z,now" "-nodefaultlibs"
[INFO] [stdout]   = note: some arguments are omitted. use `--verbose` to show all linker arguments
[INFO] [stdout]   = note: rust-lld: error: unable to find library -lSDL2_image
[INFO] [stdout]           collect2: error: ld returned 1 exit status
[INFO] [stdout]           
[INFO] [stdout] 
[INFO] [stdout] 
[INFO] [stderr] error: could not compile `sdl2_particles` (lib test) due to 1 previous error; 1 warning emitted
[INFO] [stderr] warning: build failed, waiting for other jobs to finish...
[INFO] [stdout] error: linking with `cc` failed: exit status: 1
[INFO] [stdout]   |
[INFO] [stdout]   = note:  "cc" "-m64" "/opt/rustwide/target/debug/examples/rustcgz6V6X/symbols.o" "<2 object files omitted>" "-Wl,--as-needed" "-Wl,-Bstatic" "/opt/rustwide/target/debug/deps/{libsdl2_particles-8d216d523b7b691e,librand-8bc7dcdaaac08d91,librand_chacha-88de04df35aa9ff1,libppv_lite86-1fbd515129dcd9db,libzerocopy-a19f22ce7810dc62,libbyteorder-9f6ac6743e38a88c,librand_core-a7c102a52aae52a5,libgetrandom-32ce652372a4bdff,libcfg_if-3e7fc4e38d4a72b5,libzerocopy-b5c9972f26e30349,libsdl2-6051ff0a79a34d5e,libsdl2_sys-976c466853cb27f0,libbitflags-dde12b0d7d495b50,liblazy_static-3674be3f4245d19b,liblibc-2bf611855e8315c4}.rlib" "<sysroot>/lib/rustlib/x86_64-unknown-linux-gnu/lib/{libstd-*,libpanic_unwind-*,libobject-*,libmemchr-*,libaddr2line-*,libgimli-*,libcfg_if-*,librustc_demangle-*,libstd_detect-*,libhashbrown-*,librustc_std_workspace_alloc-*,libminiz_oxide-*,libadler2-*,libunwind-*,liblibc-*,librustc_std_workspace_core-*,liballoc-*,libcore-*,libcompiler_builtins-*}.rlib" "-Wl,-Bdynamic" "-lSDL2" "-lSDL2_image" "-lgcc_s" "-lutil" "-lrt" "-lpthread" "-lm" "-ldl" "-lc" "-L" "/opt/rustwide/target/debug/examples/rustcgz6V6X/raw-dylibs" "-B<sysroot>/lib/rustlib/x86_64-unknown-linux-gnu/bin/gcc-ld" "-fuse-ld=lld" "-Wl,--eh-frame-hdr" "-Wl,-z,noexecstack" "-L" "<sysroot>/lib/rustlib/x86_64-unknown-linux-gnu/lib" "-o" "/opt/rustwide/target/debug/examples/1-f90d69e0df6075df" "-Wl,--gc-sections" "-pie" "-Wl,-z,relro,-z,now" "-nodefaultlibs"
[INFO] [stdout]   = note: some arguments are omitted. use `--verbose` to show all linker arguments
[INFO] [stdout]   = note: rust-lld: error: unable to find library -lSDL2_image
[INFO] [stdout]           collect2: error: ld returned 1 exit status
[INFO] [stdout]           
[INFO] [stdout] 
[INFO] [stdout] 
[INFO] [stdout] error: linking with `cc` failed: exit status: 1
[INFO] [stdout]   |
[INFO] [stdout]   = note:  "cc" "-m64" "/opt/rustwide/target/debug/examples/rustclxe6DL/symbols.o" "<2 object files omitted>" "-Wl,--as-needed" "-Wl,-Bstatic" "/opt/rustwide/target/debug/deps/{libsdl2_particles-8d216d523b7b691e,librand-8bc7dcdaaac08d91,librand_chacha-88de04df35aa9ff1,libppv_lite86-1fbd515129dcd9db,libzerocopy-a19f22ce7810dc62,libbyteorder-9f6ac6743e38a88c,librand_core-a7c102a52aae52a5,libgetrandom-32ce652372a4bdff,libcfg_if-3e7fc4e38d4a72b5,libzerocopy-b5c9972f26e30349,libsdl2-6051ff0a79a34d5e,libsdl2_sys-976c466853cb27f0,libbitflags-dde12b0d7d495b50,liblazy_static-3674be3f4245d19b,liblibc-2bf611855e8315c4}.rlib" "<sysroot>/lib/rustlib/x86_64-unknown-linux-gnu/lib/{libstd-*,libpanic_unwind-*,libobject-*,libmemchr-*,libaddr2line-*,libgimli-*,libcfg_if-*,librustc_demangle-*,libstd_detect-*,libhashbrown-*,librustc_std_workspace_alloc-*,libminiz_oxide-*,libadler2-*,libunwind-*,liblibc-*,librustc_std_workspace_core-*,liballoc-*,libcore-*,libcompiler_builtins-*}.rlib" "-Wl,-Bdynamic" "-lSDL2" "-lSDL2_image" "-lgcc_s" "-lutil" "-lrt" "-lpthread" "-lm" "-ldl" "-lc" "-L" "/opt/rustwide/target/debug/examples/rustclxe6DL/raw-dylibs" "-B<sysroot>/lib/rustlib/x86_64-unknown-linux-gnu/bin/gcc-ld" "-fuse-ld=lld" "-Wl,--eh-frame-hdr" "-Wl,-z,noexecstack" "-L" "<sysroot>/lib/rustlib/x86_64-unknown-linux-gnu/lib" "-o" "/opt/rustwide/target/debug/examples/2-0b8f1eb439150c9d" "-Wl,--gc-sections" "-pie" "-Wl,-z,relro,-z,now" "-nodefaultlibs"
[INFO] [stdout]   = note: some arguments are omitted. use `--verbose` to show all linker arguments
[INFO] [stdout]   = note: rust-lld: error: unable to find library -lSDL2_image
[INFO] [stdout]           collect2: error: ld returned 1 exit status
[INFO] [stdout]           
[INFO] [stdout] 
[INFO] [stdout] 
[INFO] [stderr] error: could not compile `sdl2_particles` (example "1") due to 1 previous error; 4 warnings emitted
[INFO] [stderr] error: could not compile `sdl2_particles` (example "2") due to 1 previous error; 4 warnings emitted
[INFO] running `Command { std: "docker" "inspect" "8696a8456fe1a3835136c4b161d0ec9aed236d45c846e3555dd32cdd4d6cc8a3", kill_on_drop: false }`
[INFO] running `Command { std: "docker" "rm" "-f" "8696a8456fe1a3835136c4b161d0ec9aed236d45c846e3555dd32cdd4d6cc8a3", kill_on_drop: false }`
[INFO] [stdout] 8696a8456fe1a3835136c4b161d0ec9aed236d45c846e3555dd32cdd4d6cc8a3
