[INFO] fetching crate scuffle-ffmpeg 0.3.5...
[INFO] testing scuffle-ffmpeg-0.3.5 against 1.99.0-beta.8 for beta-1.100-2
[INFO] extracting crate scuffle-ffmpeg 0.3.5 into /workspace/builds/worker-3-tc1/source
[INFO] started tweaking crates.io crate scuffle-ffmpeg 0.3.5
[INFO] finished tweaking crates.io crate scuffle-ffmpeg 0.3.5
[INFO] tweaked toml for crates.io crate scuffle-ffmpeg 0.3.5 written to /workspace/builds/worker-3-tc1/source/Cargo.toml
[INFO] validating manifest of crates.io crate scuffle-ffmpeg 0.3.5 on toolchain 1.99.0-beta.8
[INFO] running `Command { std: CARGO_HOME="/workspace/cargo-home" RUSTUP_HOME="/workspace/rustup-home" "/workspace/cargo-home/bin/cargo" "+1.99.0-beta.8" "metadata" "--manifest-path" "Cargo.toml" "--no-deps", kill_on_drop: false }`
[INFO] crate crates.io crate scuffle-ffmpeg 0.3.5 already has a lockfile, it will not be regenerated
[INFO] running `Command { std: CARGO_HOME="/workspace/cargo-home" RUSTUP_HOME="/workspace/rustup-home" "/workspace/cargo-home/bin/cargo" "+1.99.0-beta.8" "fetch" "--manifest-path" "Cargo.toml", kill_on_drop: false }`
[INFO] [stderr]     Updating crates.io index
[INFO] [stderr]  Downloading crates ...
[INFO] [stderr]   Downloaded scuffle-changelog v0.1.1
[INFO] [stderr]   Downloaded convert_case v0.8.0
[INFO] [stderr]   Downloaded tracing-attributes v0.1.29
[INFO] [stderr]   Downloaded scuffle-workspace-hack v0.1.0
[INFO] [stderr]   Downloaded fmtools v0.1.2
[INFO] [stderr]   Downloaded bon v3.6.3
[INFO] [stderr]   Downloaded nutype-enum v0.1.5
[INFO] [stderr]   Downloaded camino v1.1.10
[INFO] [stderr]   Downloaded bon-macros v3.6.3
[INFO] [stderr]   Downloaded insta v1.43.1
[INFO] [stderr]   Downloaded rusty_ffmpeg v0.16.2+ffmpeg.7.1
[INFO] running `Command { std: "docker" "create" "-v" "/var/lib/crater-agent-workspace/builds/worker-3-tc1/source:/opt/rustwide/workdir:ro,Z" "-v" "/var/lib/crater-agent-workspace/builds/worker-3-tc1/target:/opt/rustwide/target:rw,Z" "-v" "/var/lib/crater-agent-workspace/cargo-home:/opt/rustwide/cargo-home:ro,Z" "-v" "/var/lib/crater-agent-workspace/rustup-home:/opt/rustwide/rustup-home:ro,Z" "-m" "1610612736" "--network" "none" "ghcr.io/rust-lang/crates-build-env/linux@sha256:3111399a4047eeb3a02b7a90e478d715f38a8c6669b5c4b49d30a17385265909" "sleep" "infinity", kill_on_drop: false }`
[INFO] [stdout] 37002847edceb5c8e00dba3694cbcbed46369301701fb0665a7b029c030fa43f
[INFO] running `Command { std: "docker" "start" "37002847edceb5c8e00dba3694cbcbed46369301701fb0665a7b029c030fa43f", kill_on_drop: false }`
[INFO] running `Command { std: "docker" "inspect" "37002847edceb5c8e00dba3694cbcbed46369301701fb0665a7b029c030fa43f", kill_on_drop: false }`
[INFO] running `Command { std: "docker" "exec" "-e" "SOURCE_DIR=/opt/rustwide/workdir" "-e" "CARGO_HOME=/opt/rustwide/cargo-home" "-e" "RUSTUP_HOME=/opt/rustwide/rustup-home" "-e" "CARGO_TARGET_DIR=/opt/rustwide/target" "-w" "/opt/rustwide/workdir" "--user" "0:0" "37002847edceb5c8e00dba3694cbcbed46369301701fb0665a7b029c030fa43f" "/opt/rustwide/cargo-home/bin/cargo" "+1.99.0-beta.8" "metadata" "--no-deps" "--format-version=1", kill_on_drop: false }`
[INFO] running `Command { std: "docker" "inspect" "37002847edceb5c8e00dba3694cbcbed46369301701fb0665a7b029c030fa43f", kill_on_drop: false }`
[INFO] running `Command { std: "docker" "exec" "-e" "SOURCE_DIR=/opt/rustwide/workdir" "-e" "CARGO_HOME=/opt/rustwide/cargo-home" "-e" "RUSTUP_HOME=/opt/rustwide/rustup-home" "-e" "CARGO_TARGET_DIR=/opt/rustwide/target" "-e" "CARGO_INCREMENTAL=0" "-e" "RUST_BACKTRACE=full" "-e" "RUSTFLAGS=--cap-lints=warn" "-e" "RUSTDOCFLAGS=--cap-lints=warn" "-w" "/opt/rustwide/workdir" "--user" "0:0" "37002847edceb5c8e00dba3694cbcbed46369301701fb0665a7b029c030fa43f" "/opt/rustwide/cargo-home/bin/cargo" "+1.99.0-beta.8" "build" "--frozen" "--message-format=json", kill_on_drop: false }`
[INFO] [stderr]    Compiling syn v2.0.101
[INFO] [stderr]    Compiling prettyplease v0.2.33
[INFO] [stderr]    Compiling libc v0.2.172
[INFO] [stderr]    Compiling regex-syntax v0.8.5
[INFO] [stderr]    Compiling minimal-lexical v0.2.1
[INFO] [stderr]    Compiling libloading v0.8.8
[INFO] [stderr]    Compiling camino v1.1.10
[INFO] [stderr]    Compiling bindgen v0.71.1
[INFO] [stderr]    Compiling either v1.15.0
[INFO] [stderr]    Compiling clang-sys v1.8.1
[INFO] [stderr]    Compiling bitflags v2.9.1
[INFO] [stderr]    Compiling log v0.4.27
[INFO] [stderr]    Compiling getrandom v0.3.3
[INFO] [stderr]    Compiling scuffle-workspace-hack v0.1.0
[INFO] [stderr]    Compiling va_list v0.2.1
[INFO] [stderr]    Compiling arc-swap v1.7.1
[INFO] [stderr]    Compiling rand_core v0.9.3
[INFO] [stderr]    Compiling nom v7.1.3
[INFO] [stderr]    Compiling itertools v0.13.0
[INFO] [stderr]    Compiling rand_chacha v0.9.0
[INFO] [stderr]    Compiling nutype-enum v0.1.5
[INFO] [stderr]    Compiling rand v0.9.1
[INFO] [stderr]    Compiling regex-automata v0.4.9
[INFO] [stderr]    Compiling cexpr v0.6.0
[INFO] [stderr]    Compiling regex v1.11.1
[INFO] [stderr]    Compiling darling_core v0.20.11
[INFO] [stderr]    Compiling thiserror-impl v2.0.12
[INFO] [stderr]    Compiling thiserror v2.0.12
[INFO] [stderr]    Compiling darling_macro v0.20.11
[INFO] [stderr]    Compiling darling v0.20.11
[INFO] [stderr]    Compiling bon-macros v3.6.3
[INFO] [stderr]    Compiling bon v3.6.3
[INFO] [stderr]    Compiling rusty_ffmpeg v0.16.2+ffmpeg.7.1
[INFO] [stderr]    Compiling scuffle-ffmpeg v0.3.5 (/opt/rustwide/workdir)
[INFO] [stdout] error[E0425]: cannot find value `AVFMT_ALLOW_FLUSH` in this scope
[INFO] [stdout]   --> src/enums/av_fmt_flags.rs:95:22
[INFO] [stdout]    |
[INFO] [stdout] 95 |         AllowFlush = AVFMT_ALLOW_FLUSH as _,
[INFO] [stdout]    |                      ^^^^^^^^^^^^^^^^^ not found in this scope
[INFO] [stdout] 
[INFO] [stdout] 
[INFO] [stdout] error[E0425]: cannot find value `AVFMT_FLAG_SHORTEST` in this scope
[INFO] [stdout]    --> src/enums/av_fmt_flags.rs:234:20
[INFO] [stdout]     |
[INFO] [stdout] 234 |         Shortest = AVFMT_FLAG_SHORTEST as _,
[INFO] [stdout]     |                    ^^^^^^^^^^^^^^^^^^^
[INFO] [stdout]     |
[INFO] [stdout]    ::: /opt/rustwide/target/debug/build/rusty_ffmpeg-c9b01aef4f2dbe59/out/binding.rs:3:50196
[INFO] [stdout]     |
[INFO] [stdout]   3 | ... : u32 = 1024 ; pub const AVFMT_FLAG_SORT_DTS : u32 = 65536 ; pub const AVFMT_FLAG_FAST_SEEK : u32 = 524288 ; pub const AVFMT_FL...
[INFO] [stdout]     |                    ----------------------------------- similarly named constant `AVFMT_FLAG_SORT_DTS` defined here
[INFO] [stdout]     |
[INFO] [stdout] help: a constant with a similar name exists
[INFO] [stdout]     |
[INFO] [stdout] 234 -         Shortest = AVFMT_FLAG_SHORTEST as _,
[INFO] [stdout] 234 +         Shortest = AVFMT_FLAG_SORT_DTS as _,
[INFO] [stdout]     |
[INFO] [stdout] 
[INFO] [stdout] 
[INFO] [stdout] error[E0609]: no field `key_frame` on type `&rusty_ffmpeg::ffi::AVFrame`
[INFO] [stdout]    --> src/frame.rs:379:36
[INFO] [stdout]     |
[INFO] [stdout] 379 |         self.0.0.as_deref_except().key_frame != 0
[INFO] [stdout]     |                                    ^^^^^^^^^ unknown field
[INFO] [stdout]     |
[INFO] [stdout]     = note: available fields are: `data`, `linesize`, `extended_data`, `width`, `height` ... and 34 others
[INFO] [stdout] 
[INFO] [stdout] 
[INFO] [stdout] Some errors have detailed explanations: E0425, E0609.
[INFO] [stdout] 
[INFO] [stdout] For more information about an error, try `rustc --explain E0425`.
[INFO] [stdout] 
[INFO] [stderr] error: could not compile `scuffle-ffmpeg` (lib) due to 3 previous errors
[INFO] [stderr] warning: build failed, waiting for other jobs to finish...
[INFO] running `Command { std: "docker" "inspect" "37002847edceb5c8e00dba3694cbcbed46369301701fb0665a7b029c030fa43f", kill_on_drop: false }`
[INFO] running `Command { std: "docker" "rm" "-f" "37002847edceb5c8e00dba3694cbcbed46369301701fb0665a7b029c030fa43f", kill_on_drop: false }`
[INFO] [stdout] 37002847edceb5c8e00dba3694cbcbed46369301701fb0665a7b029c030fa43f
