[INFO] fetching crate scuffle-context 0.1.5...
[INFO] testing scuffle-context-0.1.5 against 1.99.0-beta.8 for beta-1.100-2
[INFO] extracting crate scuffle-context 0.1.5 into /workspace/builds/worker-0-tc1/source
[INFO] started tweaking crates.io crate scuffle-context 0.1.5
[INFO] finished tweaking crates.io crate scuffle-context 0.1.5
[INFO] tweaked toml for crates.io crate scuffle-context 0.1.5 written to /workspace/builds/worker-0-tc1/source/Cargo.toml
[INFO] validating manifest of crates.io crate scuffle-context 0.1.5 on toolchain 1.99.0-beta.8
[INFO] running `Command { std: CARGO_HOME="/workspace/cargo-home" RUSTUP_HOME="/workspace/rustup-home" "/workspace/cargo-home/bin/cargo" "+1.99.0-beta.8" "metadata" "--manifest-path" "Cargo.toml" "--no-deps", kill_on_drop: false }`
[INFO] crate crates.io crate scuffle-context 0.1.5 already has a lockfile, it will not be regenerated
[INFO] running `Command { std: CARGO_HOME="/workspace/cargo-home" RUSTUP_HOME="/workspace/rustup-home" "/workspace/cargo-home/bin/cargo" "+1.99.0-beta.8" "fetch" "--manifest-path" "Cargo.toml", kill_on_drop: false }`
[INFO] [stderr]  Downloading crates ...
[INFO] [stderr]   Downloaded scuffle-changelog v0.1.0
[INFO] [stderr]   Downloaded tokio-test v0.4.4
[INFO] [stderr]   Downloaded miniz_oxide v0.8.8
[INFO] [stderr]   Downloaded futures-lite v2.6.0
[INFO] [stderr]   Downloaded syn v2.0.101
[INFO] [stderr]   Downloaded tokio v1.45.1
[INFO] running `Command { std: "docker" "create" "-v" "/var/lib/crater-agent-workspace/builds/worker-0-tc1/source:/opt/rustwide/workdir:ro,Z" "-v" "/var/lib/crater-agent-workspace/builds/worker-0-tc1/target:/opt/rustwide/target:rw,Z" "-v" "/var/lib/crater-agent-workspace/cargo-home:/opt/rustwide/cargo-home:ro,Z" "-v" "/var/lib/crater-agent-workspace/rustup-home:/opt/rustwide/rustup-home:ro,Z" "-m" "1610612736" "--network" "none" "ghcr.io/rust-lang/crates-build-env/linux@sha256:3111399a4047eeb3a02b7a90e478d715f38a8c6669b5c4b49d30a17385265909" "sleep" "infinity", kill_on_drop: false }`
[INFO] [stdout] 398ed82b731c8eeed4c5348c0bc6570212489470cc33b3181b060be260664d48
[INFO] running `Command { std: "docker" "start" "398ed82b731c8eeed4c5348c0bc6570212489470cc33b3181b060be260664d48", kill_on_drop: false }`
[INFO] running `Command { std: "docker" "inspect" "398ed82b731c8eeed4c5348c0bc6570212489470cc33b3181b060be260664d48", kill_on_drop: false }`
[INFO] running `Command { std: "docker" "exec" "-e" "SOURCE_DIR=/opt/rustwide/workdir" "-e" "CARGO_HOME=/opt/rustwide/cargo-home" "-e" "RUSTUP_HOME=/opt/rustwide/rustup-home" "-e" "CARGO_TARGET_DIR=/opt/rustwide/target" "-w" "/opt/rustwide/workdir" "--user" "0:0" "398ed82b731c8eeed4c5348c0bc6570212489470cc33b3181b060be260664d48" "/opt/rustwide/cargo-home/bin/cargo" "+1.99.0-beta.8" "metadata" "--no-deps" "--format-version=1", kill_on_drop: false }`
[INFO] running `Command { std: "docker" "inspect" "398ed82b731c8eeed4c5348c0bc6570212489470cc33b3181b060be260664d48", kill_on_drop: false }`
[INFO] running `Command { std: "docker" "exec" "-e" "SOURCE_DIR=/opt/rustwide/workdir" "-e" "CARGO_HOME=/opt/rustwide/cargo-home" "-e" "RUSTUP_HOME=/opt/rustwide/rustup-home" "-e" "CARGO_TARGET_DIR=/opt/rustwide/target" "-e" "CARGO_INCREMENTAL=0" "-e" "RUST_BACKTRACE=full" "-e" "RUSTFLAGS=--cap-lints=warn" "-e" "RUSTDOCFLAGS=--cap-lints=warn" "-w" "/opt/rustwide/workdir" "--user" "0:0" "398ed82b731c8eeed4c5348c0bc6570212489470cc33b3181b060be260664d48" "/opt/rustwide/cargo-home/bin/cargo" "+1.99.0-beta.8" "build" "--frozen" "--message-format=json", kill_on_drop: false }`
[INFO] [stderr]    Compiling scuffle-workspace-hack v0.1.0
[INFO] [stderr]    Compiling tokio v1.45.1
[INFO] [stderr]    Compiling fastrand v2.3.0
[INFO] [stderr]    Compiling futures-lite v2.6.0
[INFO] [stderr]    Compiling tokio-util v0.7.15
[INFO] [stderr]    Compiling scuffle-context v0.1.5 (/opt/rustwide/workdir)
[INFO] [stderr]     Finished `dev` profile [unoptimized + debuginfo] target(s) in 1.89s
[INFO] running `Command { std: "docker" "inspect" "398ed82b731c8eeed4c5348c0bc6570212489470cc33b3181b060be260664d48", kill_on_drop: false }`
[INFO] running `Command { std: "docker" "exec" "-e" "SOURCE_DIR=/opt/rustwide/workdir" "-e" "CARGO_HOME=/opt/rustwide/cargo-home" "-e" "RUSTUP_HOME=/opt/rustwide/rustup-home" "-e" "CARGO_TARGET_DIR=/opt/rustwide/target" "-e" "CARGO_INCREMENTAL=0" "-e" "RUST_BACKTRACE=full" "-e" "RUSTFLAGS=--cap-lints=warn" "-e" "RUSTDOCFLAGS=--cap-lints=warn" "-w" "/opt/rustwide/workdir" "--user" "0:0" "398ed82b731c8eeed4c5348c0bc6570212489470cc33b3181b060be260664d48" "/opt/rustwide/cargo-home/bin/cargo" "+1.99.0-beta.8" "test" "--frozen" "--no-run" "--message-format=json", kill_on_drop: false }`
[INFO] [stderr]    Compiling syn v2.0.101
[INFO] [stderr]    Compiling tokio-macros v2.5.0
[INFO] [stderr]    Compiling async-stream-impl v0.3.6
[INFO] [stderr]    Compiling async-stream v0.3.6
[INFO] [stderr]    Compiling tokio v1.45.1
[INFO] [stderr]    Compiling tokio-util v0.7.15
[INFO] [stderr]    Compiling tokio-stream v0.1.17
[INFO] [stderr]    Compiling scuffle-context v0.1.5 (/opt/rustwide/workdir)
[INFO] [stderr]    Compiling tokio-test v0.4.4
[INFO] [stdout] error[E0432]: unresolved import `scuffle_future_ext`
[INFO] [stdout]    --> src/ext.rs:206:9
[INFO] [stdout]     |
[INFO] [stdout] 206 |     use scuffle_future_ext::FutureExt;
[INFO] [stdout]     |         ^^^^^^^^^^^^^^^^^^ use of unresolved module or unlinked crate `scuffle_future_ext`
[INFO] [stdout]     |
[INFO] [stdout]     = help: if you wanted to use a crate named `scuffle_future_ext`, use `cargo add scuffle_future_ext` to add it to your `Cargo.toml`
[INFO] [stdout] 
[INFO] [stdout] 
[INFO] [stdout] error[E0432]: unresolved import `scuffle_future_ext`
[INFO] [stdout]    --> src/lib.rs:302:9
[INFO] [stdout]     |
[INFO] [stdout] 302 |     use scuffle_future_ext::FutureExt;
[INFO] [stdout]     |         ^^^^^^^^^^^^^^^^^^ use of unresolved module or unlinked crate `scuffle_future_ext`
[INFO] [stdout]     |
[INFO] [stdout]     = help: if you wanted to use a crate named `scuffle_future_ext`, use `cargo add scuffle_future_ext` to add it to your `Cargo.toml`
[INFO] [stdout] 
[INFO] [stdout] 
[INFO] [stdout] error[E0599]: no method named `with_timeout` found for struct `NextFuture<'a, S>` in the current scope
[INFO] [stdout]    --> src/ext.rs:298:22
[INFO] [stdout]     |
[INFO] [stdout] 296 | /                 stream
[INFO] [stdout] 297 | |                     .next()
[INFO] [stdout] 298 | |                     .with_timeout(std::time::Duration::from_millis(200))
[INFO] [stdout]     | |                     -^^^^^^^^^^^^ method not found in `NextFuture<'_, Pin<&mut StreamWithContext<'_, futures_lite::stream::Pending<()>>>>`
[INFO] [stdout]     | |_____________________|
[INFO] [stdout]     |
[INFO] [stdout] 
[INFO] [stdout] 
[INFO] [stdout] error[E0599]: no method named `with_timeout` found for opaque type `impl Future<Output = ()>` in the current scope
[INFO] [stdout]    --> src/lib.rs:366:18
[INFO] [stdout]     |
[INFO] [stdout] 364 | /             handler
[INFO] [stdout] 365 | |                 .shutdown()
[INFO] [stdout] 366 | |                 .with_timeout(std::time::Duration::from_millis(200))
[INFO] [stdout]     | |                 -^^^^^^^^^^^^ method not found in `impl Future<Output = ()>`
[INFO] [stdout]     | |_________________|
[INFO] [stdout]     |
[INFO] [stdout] 
[INFO] [stdout] 
[INFO] [stdout] error[E0599]: no method named `with_timeout` found for opaque type `impl Future<Output = ()>` in the current scope
[INFO] [stdout]    --> src/lib.rs:374:18
[INFO] [stdout]     |
[INFO] [stdout] 373 | /             ctx.into_done()
[INFO] [stdout] 374 | |                 .with_timeout(std::time::Duration::from_millis(200))
[INFO] [stdout]     | |                 -^^^^^^^^^^^^ method not found in `impl Future<Output = ()>`
[INFO] [stdout]     | |_________________|
[INFO] [stdout]     |
[INFO] [stdout] 
[INFO] [stdout] 
[INFO] [stdout] error[E0599]: no method named `with_timeout` found for opaque type `impl Future<Output = ()>` in the current scope
[INFO] [stdout]    --> src/lib.rs:382:18
[INFO] [stdout]     |
[INFO] [stdout] 380 | /             handler
[INFO] [stdout] 381 | |                 .shutdown()
[INFO] [stdout] 382 | |                 .with_timeout(std::time::Duration::from_millis(200))
[INFO] [stdout]     | |                 -^^^^^^^^^^^^ method not found in `impl Future<Output = ()>`
[INFO] [stdout]     | |_________________|
[INFO] [stdout]     |
[INFO] [stdout] 
[INFO] [stdout] 
[INFO] [stdout] error[E0599]: no method named `with_timeout` found for opaque type `impl Future<Output = ()>` in the current scope
[INFO] [stdout]    --> src/lib.rs:389:18
[INFO] [stdout]     |
[INFO] [stdout] 387 | /             handler
[INFO] [stdout] 388 | |                 .wait()
[INFO] [stdout] 389 | |                 .with_timeout(std::time::Duration::from_millis(200))
[INFO] [stdout]     | |                 -^^^^^^^^^^^^ method not found in `impl Future<Output = ()>`
[INFO] [stdout]     | |_________________|
[INFO] [stdout]     |
[INFO] [stdout] 
[INFO] [stdout] 
[INFO] [stdout] error[E0599]: no method named `with_timeout` found for opaque type `impl Future<Output = ()>` in the current scope
[INFO] [stdout]    --> src/lib.rs:396:18
[INFO] [stdout]     |
[INFO] [stdout] 394 | /             handler
[INFO] [stdout] 395 | |                 .done()
[INFO] [stdout] 396 | |                 .with_timeout(std::time::Duration::from_millis(200))
[INFO] [stdout]     | |                 -^^^^^^^^^^^^ method not found in `impl Future<Output = ()>`
[INFO] [stdout]     | |_________________|
[INFO] [stdout]     |
[INFO] [stdout] 
[INFO] [stdout] 
[INFO] [stdout] Some errors have detailed explanations: E0432, E0599.
[INFO] [stdout] 
[INFO] [stdout] For more information about an error, try `rustc --explain E0432`.
[INFO] [stdout] 
[INFO] [stderr] error: could not compile `scuffle-context` (lib test) due to 8 previous errors
[INFO] running `Command { std: "docker" "inspect" "398ed82b731c8eeed4c5348c0bc6570212489470cc33b3181b060be260664d48", kill_on_drop: false }`
[INFO] running `Command { std: "docker" "rm" "-f" "398ed82b731c8eeed4c5348c0bc6570212489470cc33b3181b060be260664d48", kill_on_drop: false }`
[INFO] [stdout] 398ed82b731c8eeed4c5348c0bc6570212489470cc33b3181b060be260664d48
