[INFO] fetching crate scriptrs 0.2.0...
[INFO] testing scriptrs-0.2.0 against 1.99.0-beta.8 for beta-1.100-2
[INFO] extracting crate scriptrs 0.2.0 into /workspace/builds/worker-5-tc1/source
[INFO] started tweaking crates.io crate scriptrs 0.2.0
[INFO] removed 0 missing examples
[INFO] finished tweaking crates.io crate scriptrs 0.2.0
[INFO] tweaked toml for crates.io crate scriptrs 0.2.0 written to /workspace/builds/worker-5-tc1/source/Cargo.toml
[INFO] validating manifest of crates.io crate scriptrs 0.2.0 on toolchain 1.99.0-beta.8
[INFO] running `Command { std: CARGO_HOME="/workspace/cargo-home" RUSTUP_HOME="/workspace/rustup-home" "/workspace/cargo-home/bin/cargo" "+1.99.0-beta.8" "metadata" "--manifest-path" "Cargo.toml" "--no-deps", kill_on_drop: false }`
[INFO] crate crates.io crate scriptrs 0.2.0 already has a lockfile, it will not be regenerated
[INFO] running `Command { std: CARGO_HOME="/workspace/cargo-home" RUSTUP_HOME="/workspace/rustup-home" "/workspace/cargo-home/bin/cargo" "+1.99.0-beta.8" "fetch" "--manifest-path" "Cargo.toml", kill_on_drop: false }`
[INFO] [stderr]     Updating crates.io index
[INFO] [stderr]  Downloading crates ...
[INFO] [stderr]   Downloaded objc2-core-ml v0.3.2
[INFO] [stderr]   Downloaded rustls-webpki v0.103.12
[INFO] [stderr]   Downloaded cookie_store v0.22.0
[INFO] [stderr]   Downloaded objc2-image-io v0.3.2
[INFO] [stderr]   Downloaded time-core v0.1.7
[INFO] [stderr]   Downloaded time-macros v0.2.25
[INFO] [stderr]   Downloaded time v0.3.45
[INFO] [stderr]   Downloaded libredox v0.1.16
[INFO] [stderr]   Downloaded tokio v1.52.0
[INFO] running `Command { std: "docker" "create" "-v" "/var/lib/crater-agent-workspace/builds/worker-5-tc1/source:/opt/rustwide/workdir:ro,Z" "-v" "/var/lib/crater-agent-workspace/builds/worker-5-tc1/target:/opt/rustwide/target:rw,Z" "-v" "/var/lib/crater-agent-workspace/cargo-home:/opt/rustwide/cargo-home:ro,Z" "-v" "/var/lib/crater-agent-workspace/rustup-home:/opt/rustwide/rustup-home:ro,Z" "-m" "1610612736" "--network" "none" "ghcr.io/rust-lang/crates-build-env/linux@sha256:3111399a4047eeb3a02b7a90e478d715f38a8c6669b5c4b49d30a17385265909" "sleep" "infinity", kill_on_drop: false }`
[INFO] [stdout] 2adcf855591b8cac220273876eaed643103fed5f13d971635a1dd6eb5c9c7c8c
[INFO] running `Command { std: "docker" "start" "2adcf855591b8cac220273876eaed643103fed5f13d971635a1dd6eb5c9c7c8c", kill_on_drop: false }`
[INFO] running `Command { std: "docker" "inspect" "2adcf855591b8cac220273876eaed643103fed5f13d971635a1dd6eb5c9c7c8c", kill_on_drop: false }`
[INFO] running `Command { std: "docker" "exec" "-e" "SOURCE_DIR=/opt/rustwide/workdir" "-e" "CARGO_HOME=/opt/rustwide/cargo-home" "-e" "RUSTUP_HOME=/opt/rustwide/rustup-home" "-e" "CARGO_TARGET_DIR=/opt/rustwide/target" "-w" "/opt/rustwide/workdir" "--user" "0:0" "2adcf855591b8cac220273876eaed643103fed5f13d971635a1dd6eb5c9c7c8c" "/opt/rustwide/cargo-home/bin/cargo" "+1.99.0-beta.8" "metadata" "--no-deps" "--format-version=1", kill_on_drop: false }`
[INFO] running `Command { std: "docker" "inspect" "2adcf855591b8cac220273876eaed643103fed5f13d971635a1dd6eb5c9c7c8c", kill_on_drop: false }`
[INFO] running `Command { std: "docker" "exec" "-e" "SOURCE_DIR=/opt/rustwide/workdir" "-e" "CARGO_HOME=/opt/rustwide/cargo-home" "-e" "RUSTUP_HOME=/opt/rustwide/rustup-home" "-e" "CARGO_TARGET_DIR=/opt/rustwide/target" "-e" "CARGO_INCREMENTAL=0" "-e" "RUST_BACKTRACE=full" "-e" "RUSTFLAGS=--cap-lints=warn" "-e" "RUSTDOCFLAGS=--cap-lints=warn" "-w" "/opt/rustwide/workdir" "--user" "0:0" "2adcf855591b8cac220273876eaed643103fed5f13d971635a1dd6eb5c9c7c8c" "/opt/rustwide/cargo-home/bin/cargo" "+1.99.0-beta.8" "build" "--frozen" "--message-format=json", kill_on_drop: false }`
[INFO] [stderr]    Compiling syn v2.0.117
[INFO] [stderr]    Compiling libc v0.2.185
[INFO] [stderr]    Compiling cc v1.2.60
[INFO] [stderr]    Compiling http v1.4.0
[INFO] [stderr]    Compiling bitflags v2.11.1
[INFO] [stderr]    Compiling openssl v0.10.77
[INFO] [stderr]    Compiling futures-task v0.3.32
[INFO] [stderr]    Compiling getrandom v0.3.4
[INFO] [stderr]    Compiling num-integer v0.1.46
[INFO] [stderr]    Compiling futures-channel v0.3.32
[INFO] [stderr]    Compiling sync_wrapper v1.0.2
[INFO] [stderr]    Compiling base64ct v1.8.3
[INFO] [stderr]    Compiling rustls v0.23.38
[INFO] [stderr]    Compiling simd-adler32 v0.3.9
[INFO] [stderr]    Compiling num-complex v0.4.6
[INFO] [stderr]    Compiling matrixmultiply v0.3.10
[INFO] [stderr]    Compiling futures-util v0.3.32
[INFO] [stderr]    Compiling strength_reduce v0.2.4
[INFO] [stderr]    Compiling iri-string v0.7.12
[INFO] [stderr]    Compiling webpki-root-certs v1.0.6
[INFO] [stderr]    Compiling webpki-roots v1.0.6
[INFO] [stderr]    Compiling unit-prefix v0.5.2
[INFO] [stderr]    Compiling utf8-zero v0.8.1
[INFO] [stderr]    Compiling miniz_oxide v0.8.9
[INFO] [stderr]    Compiling pem-rfc7468 v1.0.0
[INFO] [stderr]    Compiling der v0.8.0
[INFO] [stderr]    Compiling primal-check v0.3.4
[INFO] [stderr]    Compiling transpose v0.2.3
[INFO] [stderr]    Compiling ndarray v0.17.2
[INFO] [stderr]    Compiling rustfft v6.4.1
[INFO] [stderr]    Compiling flate2 v1.1.9
[INFO] [stderr]    Compiling http-body v1.0.1
[INFO] [stderr]    Compiling ureq-proto v0.6.0
[INFO] [stderr]    Compiling http-body-util v0.1.3
[INFO] [stderr]    Compiling openssl-sys v0.9.113
[INFO] [stderr]    Compiling ring v0.17.14
[INFO] [stderr]    Compiling socket2 v0.6.3
[INFO] [stderr]    Compiling mio v1.2.0
[INFO] [stderr]    Compiling getrandom v0.2.17
[INFO] [stderr]    Compiling socks v0.3.4
[INFO] [stderr]    Compiling console v0.16.3
[INFO] [stderr]    Compiling dirs-sys v0.5.0
[INFO] [stderr]    Compiling rand_core v0.9.5
[INFO] [stderr]    Compiling dirs v6.0.0
[INFO] [stderr]    Compiling rand_chacha v0.9.0
[INFO] [stderr]    Compiling rand v0.9.4
[INFO] [stderr]    Compiling native-tls v0.2.18
[INFO] [stderr]    Compiling tokio v1.52.0
[INFO] [stderr]    Compiling indicatif v0.18.4
[INFO] [stderr]    Compiling synstructure v0.13.2
[INFO] [stderr]    Compiling zerovec-derive v0.11.3
[INFO] [stderr]    Compiling displaydoc v0.2.5
[INFO] [stderr]    Compiling openssl-macros v0.1.1
[INFO] [stderr]    Compiling tracing-attributes v0.1.31
[INFO] [stderr]    Compiling serde_derive v1.0.228
[INFO] [stderr]    Compiling thiserror-impl v2.0.18
[INFO] [stderr]    Compiling zerofrom-derive v0.1.7
[INFO] [stderr]    Compiling yoke-derive v0.8.2
[INFO] [stderr]    Compiling zerofrom v0.1.7
[INFO] [stderr]    Compiling tracing v0.1.44
[INFO] [stderr]    Compiling yoke v0.8.2
[INFO] [stderr]    Compiling zerotrie v0.2.4
[INFO] [stderr]    Compiling thiserror v2.0.18
[INFO] [stderr]    Compiling zerovec v0.11.6
[INFO] [stderr]    Compiling tinystr v0.8.3
[INFO] [stderr]    Compiling potential_utf v0.1.5
[INFO] [stderr]    Compiling icu_collections v2.1.1
[INFO] [stderr]    Compiling icu_locale_core v2.1.1
[INFO] [stderr]    Compiling realfft v3.5.0
[INFO] [stderr]    Compiling icu_provider v2.1.1
[INFO] [stderr]    Compiling icu_normalizer v2.1.1
[INFO] [stderr]    Compiling icu_properties v2.1.2
[INFO] [stderr]    Compiling rustls-webpki v0.103.12
[INFO] [stderr]    Compiling serde v1.0.228
[INFO] [stderr]    Compiling tokio-util v0.7.18
[INFO] [stderr]    Compiling tower v0.5.3
[INFO] [stderr]    Compiling tower-http v0.6.8
[INFO] [stderr]    Compiling serde_urlencoded v0.7.1
[INFO] [stderr]    Compiling idna_adapter v1.2.1
[INFO] [stderr]    Compiling h2 v0.4.13
[INFO] [stderr]    Compiling idna v1.1.0
[INFO] [stderr]    Compiling url v2.5.8
[INFO] [stderr]    Compiling tokio-native-tls v0.3.1
[INFO] [stderr]    Compiling ureq v3.3.0
[INFO] [stderr]    Compiling hyper v1.9.0
[INFO] [stderr]    Compiling hyper-util v0.1.20
[INFO] [stderr]    Compiling hyper-tls v0.6.0
[INFO] [stderr]    Compiling reqwest v0.12.28
[INFO] [stderr]    Compiling hf-hub v0.5.0
[INFO] [stderr]    Compiling scriptrs v0.2.0 (/opt/rustwide/workdir)
[INFO] [stdout] warning: unused variable: `input`
[INFO] [stdout]    --> src/model.rs:329:9
[INFO] [stdout]     |
[INFO] [stdout] 329 |         input: &[f32],
[INFO] [stdout]     |         ^^^^^ help: if this is intentional, prefix it with an underscore: `_input`
[INFO] [stdout]     |
[INFO] [stdout]     = note: `#[warn(unused_variables)]` (part of `#[warn(unused)]`) on by default
[INFO] [stdout] 
[INFO] [stdout] 
[INFO] [stdout] warning: unused variable: `feature_size`
[INFO] [stdout]    --> src/model.rs:330:9
[INFO] [stdout]     |
[INFO] [stdout] 330 |         feature_size: usize,
[INFO] [stdout]     |         ^^^^^^^^^^^^ help: if this is intentional, prefix it with an underscore: `_feature_size`
[INFO] [stdout] 
[INFO] [stdout] 
[INFO] [stdout] warning: unused variable: `target_frames`
[INFO] [stdout]    --> src/model.rs:331:9
[INFO] [stdout]     |
[INFO] [stdout] 331 |         target_frames: usize,
[INFO] [stdout]     |         ^^^^^^^^^^^^^ help: if this is intentional, prefix it with an underscore: `_target_frames`
[INFO] [stdout] 
[INFO] [stdout] 
[INFO] [stdout] warning: unused variable: `feature_frames`
[INFO] [stdout]    --> src/model.rs:332:9
[INFO] [stdout]     |
[INFO] [stdout] 332 |         feature_frames: usize,
[INFO] [stdout]     |         ^^^^^^^^^^^^^^ help: if this is intentional, prefix it with an underscore: `_feature_frames`
[INFO] [stdout] 
[INFO] [stdout] 
[INFO] [stdout] warning: unused variable: `targets`
[INFO] [stdout]    --> src/model.rs:346:9
[INFO] [stdout]     |
[INFO] [stdout] 346 |         targets: &Array2<i32>,
[INFO] [stdout]     |         ^^^^^^^ help: if this is intentional, prefix it with an underscore: `_targets`
[INFO] [stdout] 
[INFO] [stdout] 
[INFO] [stdout] warning: unused variable: `target_length`
[INFO] [stdout]    --> src/model.rs:347:9
[INFO] [stdout]     |
[INFO] [stdout] 347 |         target_length: &Array1<i32>,
[INFO] [stdout]     |         ^^^^^^^^^^^^^ help: if this is intentional, prefix it with an underscore: `_target_length`
[INFO] [stdout] 
[INFO] [stdout] 
[INFO] [stdout] warning: unused variable: `hidden_state`
[INFO] [stdout]    --> src/model.rs:348:9
[INFO] [stdout]     |
[INFO] [stdout] 348 |         hidden_state: &Array3<f32>,
[INFO] [stdout]     |         ^^^^^^^^^^^^ help: if this is intentional, prefix it with an underscore: `_hidden_state`
[INFO] [stdout] 
[INFO] [stdout] 
[INFO] [stdout] warning: unused variable: `cell_state`
[INFO] [stdout]    --> src/model.rs:349:9
[INFO] [stdout]     |
[INFO] [stdout] 349 |         cell_state: &Array3<f32>,
[INFO] [stdout]     |         ^^^^^^^^^^ help: if this is intentional, prefix it with an underscore: `_cell_state`
[INFO] [stdout] 
[INFO] [stdout] 
[INFO] [stdout] warning: unused variable: `encoder_step`
[INFO] [stdout]    --> src/model.rs:368:9
[INFO] [stdout]     |
[INFO] [stdout] 368 |         encoder_step: &Array3<f32>,
[INFO] [stdout]     |         ^^^^^^^^^^^^ help: if this is intentional, prefix it with an underscore: `_encoder_step`
[INFO] [stdout] 
[INFO] [stdout] 
[INFO] [stdout] warning: unused variable: `decoder_step`
[INFO] [stdout]    --> src/model.rs:369:9
[INFO] [stdout]     |
[INFO] [stdout] 369 |         decoder_step: &Array3<f32>,
[INFO] [stdout]     |         ^^^^^^^^^^^^ help: if this is intentional, prefix it with an underscore: `_decoder_step`
[INFO] [stdout] 
[INFO] [stdout] 
[INFO] [stdout] warning: variant `Unsupported` is never constructed
[INFO] [stdout]    --> src/model.rs:305:5
[INFO] [stdout]     |
[INFO] [stdout] 301 | enum ParakeetModelInner {
[INFO] [stdout]     |      ------------------ variant in this enum
[INFO] [stdout] ...
[INFO] [stdout] 305 |     Unsupported,
[INFO] [stdout]     |     ^^^^^^^^^^^
[INFO] [stdout]     |
[INFO] [stdout]     = note: `ParakeetModelInner` has derived impls for the traits `Clone` and `Debug`, but these are intentionally ignored during dead code analysis
[INFO] [stdout]     = note: `#[warn(dead_code)]` (part of `#[warn(unused)]`) on by default
[INFO] [stdout] 
[INFO] [stdout] 
[INFO] [stdout] warning: methods `encoder_dir`, `decoder_dir`, and `joint_decision_dir` are never used
[INFO] [stdout]   --> src/models.rs:80:19
[INFO] [stdout]    |
[INFO] [stdout] 31 | impl ModelBundle {
[INFO] [stdout]    | ---------------- methods in this implementation
[INFO] [stdout] ...
[INFO] [stdout] 80 |     pub(crate) fn encoder_dir(&self) -> &Path {
[INFO] [stdout]    |                   ^^^^^^^^^^^
[INFO] [stdout] ...
[INFO] [stdout] 84 |     pub(crate) fn decoder_dir(&self) -> &Path {
[INFO] [stdout]    |                   ^^^^^^^^^^^
[INFO] [stdout] ...
[INFO] [stdout] 88 |     pub(crate) fn joint_decision_dir(&self) -> &Path {
[INFO] [stdout]    |                   ^^^^^^^^^^^^^^^^^^
[INFO] [stdout] 
[INFO] [stdout] 
[INFO] [stderr]     Finished `dev` profile [unoptimized + debuginfo] target(s) in 46.95s
[INFO] running `Command { std: "docker" "inspect" "2adcf855591b8cac220273876eaed643103fed5f13d971635a1dd6eb5c9c7c8c", kill_on_drop: false }`
[INFO] running `Command { std: "docker" "exec" "-e" "SOURCE_DIR=/opt/rustwide/workdir" "-e" "CARGO_HOME=/opt/rustwide/cargo-home" "-e" "RUSTUP_HOME=/opt/rustwide/rustup-home" "-e" "CARGO_TARGET_DIR=/opt/rustwide/target" "-e" "CARGO_INCREMENTAL=0" "-e" "RUST_BACKTRACE=full" "-e" "RUSTFLAGS=--cap-lints=warn" "-e" "RUSTDOCFLAGS=--cap-lints=warn" "-w" "/opt/rustwide/workdir" "--user" "0:0" "2adcf855591b8cac220273876eaed643103fed5f13d971635a1dd6eb5c9c7c8c" "/opt/rustwide/cargo-home/bin/cargo" "+1.99.0-beta.8" "test" "--frozen" "--no-run" "--message-format=json", kill_on_drop: false }`
[INFO] [stderr]    Compiling openssl v0.10.77
[INFO] [stderr]    Compiling tower-http v0.6.8
[INFO] [stderr]    Compiling eyre v0.6.12
[INFO] [stderr]    Compiling indenter v0.3.4
[INFO] [stderr]    Compiling getrandom v0.4.2
[INFO] [stderr]    Compiling hound v3.5.1
[INFO] [stderr]    Compiling tempfile v3.27.0
[INFO] [stderr]    Compiling native-tls v0.2.18
[INFO] [stderr]    Compiling tokio-native-tls v0.3.1
[INFO] [stderr]    Compiling ureq v3.3.0
[INFO] [stderr]    Compiling hyper-tls v0.6.0
[INFO] [stderr]    Compiling reqwest v0.12.28
[INFO] [stderr]    Compiling hf-hub v0.5.0
[INFO] [stderr]    Compiling scriptrs v0.2.0 (/opt/rustwide/workdir)
[INFO] [stdout] warning: unused variable: `input`
[INFO] [stdout]    --> src/model.rs:329:9
[INFO] [stdout]     |
[INFO] [stdout] 329 |         input: &[f32],
[INFO] [stdout]     |         ^^^^^ help: if this is intentional, prefix it with an underscore: `_input`
[INFO] [stdout]     |
[INFO] [stdout]     = note: `#[warn(unused_variables)]` (part of `#[warn(unused)]`) on by default
[INFO] [stdout] 
[INFO] [stdout] 
[INFO] [stdout] warning: unused variable: `feature_size`
[INFO] [stdout]    --> src/model.rs:330:9
[INFO] [stdout]     |
[INFO] [stdout] 330 |         feature_size: usize,
[INFO] [stdout]     |         ^^^^^^^^^^^^ help: if this is intentional, prefix it with an underscore: `_feature_size`
[INFO] [stdout] 
[INFO] [stdout] 
[INFO] [stdout] warning: unused variable: `target_frames`
[INFO] [stdout]    --> src/model.rs:331:9
[INFO] [stdout]     |
[INFO] [stdout] 331 |         target_frames: usize,
[INFO] [stdout]     |         ^^^^^^^^^^^^^ help: if this is intentional, prefix it with an underscore: `_target_frames`
[INFO] [stdout] 
[INFO] [stdout] 
[INFO] [stdout] warning: unused variable: `feature_frames`
[INFO] [stdout]    --> src/model.rs:332:9
[INFO] [stdout]     |
[INFO] [stdout] 332 |         feature_frames: usize,
[INFO] [stdout]     |         ^^^^^^^^^^^^^^ help: if this is intentional, prefix it with an underscore: `_feature_frames`
[INFO] [stdout] 
[INFO] [stdout] 
[INFO] [stdout] warning: unused variable: `targets`
[INFO] [stdout]    --> src/model.rs:346:9
[INFO] [stdout]     |
[INFO] [stdout] 346 |         targets: &Array2<i32>,
[INFO] [stdout]     |         ^^^^^^^ help: if this is intentional, prefix it with an underscore: `_targets`
[INFO] [stdout] 
[INFO] [stdout] 
[INFO] [stdout] warning: unused variable: `target_length`
[INFO] [stdout]    --> src/model.rs:347:9
[INFO] [stdout]     |
[INFO] [stdout] 347 |         target_length: &Array1<i32>,
[INFO] [stdout]     |         ^^^^^^^^^^^^^ help: if this is intentional, prefix it with an underscore: `_target_length`
[INFO] [stdout] 
[INFO] [stdout] 
[INFO] [stdout] warning: unused variable: `hidden_state`
[INFO] [stdout]    --> src/model.rs:348:9
[INFO] [stdout]     |
[INFO] [stdout] 348 |         hidden_state: &Array3<f32>,
[INFO] [stdout]     |         ^^^^^^^^^^^^ help: if this is intentional, prefix it with an underscore: `_hidden_state`
[INFO] [stdout] 
[INFO] [stdout] 
[INFO] [stdout] warning: unused variable: `cell_state`
[INFO] [stdout]    --> src/model.rs:349:9
[INFO] [stdout]     |
[INFO] [stdout] 349 |         cell_state: &Array3<f32>,
[INFO] [stdout]     |         ^^^^^^^^^^ help: if this is intentional, prefix it with an underscore: `_cell_state`
[INFO] [stdout] 
[INFO] [stdout] 
[INFO] [stdout] warning: unused variable: `encoder_step`
[INFO] [stdout]    --> src/model.rs:368:9
[INFO] [stdout]     |
[INFO] [stdout] 368 |         encoder_step: &Array3<f32>,
[INFO] [stdout]     |         ^^^^^^^^^^^^ help: if this is intentional, prefix it with an underscore: `_encoder_step`
[INFO] [stdout] 
[INFO] [stdout] 
[INFO] [stdout] warning: unused variable: `decoder_step`
[INFO] [stdout]    --> src/model.rs:369:9
[INFO] [stdout]     |
[INFO] [stdout] 369 |         decoder_step: &Array3<f32>,
[INFO] [stdout]     |         ^^^^^^^^^^^^ help: if this is intentional, prefix it with an underscore: `_decoder_step`
[INFO] [stdout] 
[INFO] [stdout] 
[INFO] [stdout] warning: variant `Unsupported` is never constructed
[INFO] [stdout]    --> src/model.rs:305:5
[INFO] [stdout]     |
[INFO] [stdout] 301 | enum ParakeetModelInner {
[INFO] [stdout]     |      ------------------ variant in this enum
[INFO] [stdout] ...
[INFO] [stdout] 305 |     Unsupported,
[INFO] [stdout]     |     ^^^^^^^^^^^
[INFO] [stdout]     |
[INFO] [stdout]     = note: `ParakeetModelInner` has derived impls for the traits `Clone` and `Debug`, but these are intentionally ignored during dead code analysis
[INFO] [stdout]     = note: `#[warn(dead_code)]` (part of `#[warn(unused)]`) on by default
[INFO] [stdout] 
[INFO] [stdout] 
[INFO] [stdout] warning: methods `encoder_dir`, `decoder_dir`, and `joint_decision_dir` are never used
[INFO] [stdout]   --> src/models.rs:80:19
[INFO] [stdout]    |
[INFO] [stdout] 31 | impl ModelBundle {
[INFO] [stdout]    | ---------------- methods in this implementation
[INFO] [stdout] ...
[INFO] [stdout] 80 |     pub(crate) fn encoder_dir(&self) -> &Path {
[INFO] [stdout]    |                   ^^^^^^^^^^^
[INFO] [stdout] ...
[INFO] [stdout] 84 |     pub(crate) fn decoder_dir(&self) -> &Path {
[INFO] [stdout]    |                   ^^^^^^^^^^^
[INFO] [stdout] ...
[INFO] [stdout] 88 |     pub(crate) fn joint_decision_dir(&self) -> &Path {
[INFO] [stdout]    |                   ^^^^^^^^^^^^^^^^^^
[INFO] [stdout] 
[INFO] [stdout] 
[INFO] [stdout] warning: unused variable: `input`
[INFO] [stdout]    --> src/model.rs:329:9
[INFO] [stdout]     |
[INFO] [stdout] 329 |         input: &[f32],
[INFO] [stdout]     |         ^^^^^ help: if this is intentional, prefix it with an underscore: `_input`
[INFO] [stdout]     |
[INFO] [stdout]     = note: `#[warn(unused_variables)]` (part of `#[warn(unused)]`) on by default
[INFO] [stdout] 
[INFO] [stdout] 
[INFO] [stdout] warning: unused variable: `feature_size`
[INFO] [stdout]    --> src/model.rs:330:9
[INFO] [stdout]     |
[INFO] [stdout] 330 |         feature_size: usize,
[INFO] [stdout]     |         ^^^^^^^^^^^^ help: if this is intentional, prefix it with an underscore: `_feature_size`
[INFO] [stdout] 
[INFO] [stdout] 
[INFO] [stdout] warning: unused variable: `target_frames`
[INFO] [stdout]    --> src/model.rs:331:9
[INFO] [stdout]     |
[INFO] [stdout] 331 |         target_frames: usize,
[INFO] [stdout]     |         ^^^^^^^^^^^^^ help: if this is intentional, prefix it with an underscore: `_target_frames`
[INFO] [stdout] 
[INFO] [stdout] 
[INFO] [stdout] warning: unused variable: `feature_frames`
[INFO] [stdout]    --> src/model.rs:332:9
[INFO] [stdout]     |
[INFO] [stdout] 332 |         feature_frames: usize,
[INFO] [stdout]     |         ^^^^^^^^^^^^^^ help: if this is intentional, prefix it with an underscore: `_feature_frames`
[INFO] [stdout] 
[INFO] [stdout] 
[INFO] [stdout] warning: unused variable: `targets`
[INFO] [stdout]    --> src/model.rs:346:9
[INFO] [stdout]     |
[INFO] [stdout] 346 |         targets: &Array2<i32>,
[INFO] [stdout]     |         ^^^^^^^ help: if this is intentional, prefix it with an underscore: `_targets`
[INFO] [stdout] 
[INFO] [stdout] 
[INFO] [stdout] warning: unused variable: `target_length`
[INFO] [stdout]    --> src/model.rs:347:9
[INFO] [stdout]     |
[INFO] [stdout] 347 |         target_length: &Array1<i32>,
[INFO] [stdout]     |         ^^^^^^^^^^^^^ help: if this is intentional, prefix it with an underscore: `_target_length`
[INFO] [stdout] 
[INFO] [stdout] 
[INFO] [stdout] warning: unused variable: `hidden_state`
[INFO] [stdout]    --> src/model.rs:348:9
[INFO] [stdout]     |
[INFO] [stdout] 348 |         hidden_state: &Array3<f32>,
[INFO] [stdout]     |         ^^^^^^^^^^^^ help: if this is intentional, prefix it with an underscore: `_hidden_state`
[INFO] [stdout] 
[INFO] [stdout] 
[INFO] [stdout] warning: unused variable: `cell_state`
[INFO] [stdout]    --> src/model.rs:349:9
[INFO] [stdout]     |
[INFO] [stdout] 349 |         cell_state: &Array3<f32>,
[INFO] [stdout]     |         ^^^^^^^^^^ help: if this is intentional, prefix it with an underscore: `_cell_state`
[INFO] [stdout] 
[INFO] [stdout] 
[INFO] [stdout] warning: unused variable: `encoder_step`
[INFO] [stdout]    --> src/model.rs:368:9
[INFO] [stdout]     |
[INFO] [stdout] 368 |         encoder_step: &Array3<f32>,
[INFO] [stdout]     |         ^^^^^^^^^^^^ help: if this is intentional, prefix it with an underscore: `_encoder_step`
[INFO] [stdout] 
[INFO] [stdout] 
[INFO] [stdout] warning: unused variable: `decoder_step`
[INFO] [stdout]    --> src/model.rs:369:9
[INFO] [stdout]     |
[INFO] [stdout] 369 |         decoder_step: &Array3<f32>,
[INFO] [stdout]     |         ^^^^^^^^^^^^ help: if this is intentional, prefix it with an underscore: `_decoder_step`
[INFO] [stdout] 
[INFO] [stdout] 
[INFO] [stdout] warning: variant `Unsupported` is never constructed
[INFO] [stdout]    --> src/model.rs:305:5
[INFO] [stdout]     |
[INFO] [stdout] 301 | enum ParakeetModelInner {
[INFO] [stdout]     |      ------------------ variant in this enum
[INFO] [stdout] ...
[INFO] [stdout] 305 |     Unsupported,
[INFO] [stdout]     |     ^^^^^^^^^^^
[INFO] [stdout]     |
[INFO] [stdout]     = note: `ParakeetModelInner` has derived impls for the traits `Clone` and `Debug`, but these are intentionally ignored during dead code analysis
[INFO] [stdout]     = note: `#[warn(dead_code)]` (part of `#[warn(unused)]`) on by default
[INFO] [stdout] 
[INFO] [stdout] 
[INFO] [stdout] warning: methods `encoder_dir`, `decoder_dir`, and `joint_decision_dir` are never used
[INFO] [stdout]   --> src/models.rs:80:19
[INFO] [stdout]    |
[INFO] [stdout] 31 | impl ModelBundle {
[INFO] [stdout]    | ---------------- methods in this implementation
[INFO] [stdout] ...
[INFO] [stdout] 80 |     pub(crate) fn encoder_dir(&self) -> &Path {
[INFO] [stdout]    |                   ^^^^^^^^^^^
[INFO] [stdout] ...
[INFO] [stdout] 84 |     pub(crate) fn decoder_dir(&self) -> &Path {
[INFO] [stdout]    |                   ^^^^^^^^^^^
[INFO] [stdout] ...
[INFO] [stdout] 88 |     pub(crate) fn joint_decision_dir(&self) -> &Path {
[INFO] [stdout]    |                   ^^^^^^^^^^^^^^^^^^
[INFO] [stdout] 
[INFO] [stdout] 
[INFO] [stdout] error[E0433]: cannot find module or crate `objc2` in this scope
[INFO] [stdout]  --> examples/inspect_coreml_compute.rs:9:5
[INFO] [stdout]   |
[INFO] [stdout] 9 | use objc2::rc::{Retained, autoreleasepool};
[INFO] [stdout]   |     ^^^^^ use of unresolved module or unlinked crate `objc2`
[INFO] [stdout]   |
[INFO] [stdout]   = help: if you wanted to use a crate named `objc2`, use `cargo add objc2` to add it to your `Cargo.toml`
[INFO] [stdout] 
[INFO] [stdout] 
[INFO] [stdout] error[E0433]: cannot find module or crate `objc2` in this scope
[INFO] [stdout]   --> examples/inspect_coreml_compute.rs:10:5
[INFO] [stdout]    |
[INFO] [stdout] 10 | use objc2::runtime::{AnyObject, ProtocolObject};
[INFO] [stdout]    |     ^^^^^ use of unresolved module or unlinked crate `objc2`
[INFO] [stdout]    |
[INFO] [stdout]    = help: if you wanted to use a crate named `objc2`, use `cargo add objc2` to add it to your `Cargo.toml`
[INFO] [stdout] 
[INFO] [stdout] 
[INFO] [stdout] error[E0432]: unresolved import `block2`
[INFO] [stdout]  --> examples/inspect_coreml_compute.rs:7:5
[INFO] [stdout]   |
[INFO] [stdout] 7 | use block2::RcBlock;
[INFO] [stdout]   |     ^^^^^^ use of unresolved module or unlinked crate `block2`
[INFO] [stdout]   |
[INFO] [stdout]   = help: if you wanted to use a crate named `block2`, use `cargo add block2` to add it to your `Cargo.toml`
[INFO] [stdout] 
[INFO] [stdout] 
[INFO] [stdout] error[E0432]: unresolved import `objc2_core_ml`
[INFO] [stdout]   --> examples/inspect_coreml_compute.rs:11:5
[INFO] [stdout]    |
[INFO] [stdout] 11 | use objc2_core_ml::{
[INFO] [stdout]    |     ^^^^^^^^^^^^^ use of unresolved module or unlinked crate `objc2_core_ml`
[INFO] [stdout]    |
[INFO] [stdout]    = help: if you wanted to use a crate named `objc2_core_ml`, use `cargo add objc2_core_ml` to add it to your `Cargo.toml`
[INFO] [stdout] 
[INFO] [stdout] 
[INFO] [stdout] error[E0432]: unresolved import `objc2_foundation`
[INFO] [stdout]   --> examples/inspect_coreml_compute.rs:16:5
[INFO] [stdout]    |
[INFO] [stdout] 16 | use objc2_foundation::{NSArray, NSDictionary, NSError, NSString, NSURL};
[INFO] [stdout]    |     ^^^^^^^^^^^^^^^^ use of unresolved module or unlinked crate `objc2_foundation`
[INFO] [stdout]    |
[INFO] [stdout]    = help: if you wanted to use a crate named `objc2_foundation`, use `cargo add objc2_foundation` to add it to your `Cargo.toml`
[INFO] [stdout] 
[INFO] [stdout] 
[INFO] [stdout] warning: unused import: `std::env`
[INFO] [stdout]  --> examples/inspect_coreml_compute.rs:2:5
[INFO] [stdout]   |
[INFO] [stdout] 2 | use std::env;
[INFO] [stdout]   |     ^^^^^^^^
[INFO] [stdout]   |
[INFO] [stdout]   = note: `#[warn(unused_imports)]` (part of `#[warn(unused)]`) on by default
[INFO] [stdout] 
[INFO] [stdout] 
[INFO] [stdout] warning: trailing semicolon in macro used in expression position
[INFO] [stdout]   --> examples/inspect_coreml_compute.rs:38:9
[INFO] [stdout]    |
[INFO] [stdout] 38 |         bail!("CoreML compute inspection is only supported on macOS")
[INFO] [stdout]    |         ^^^^^^^^^^^^^^^^^^^^^^^^^^^^^^^^^^^^^^^^^^^^^^^^^^^^^^^^^^^^^
[INFO] [stdout]    |
[INFO] [stdout]    = note: macro invocations at the end of a block are treated as expressions
[INFO] [stdout]    = note: to ignore the value produced by the macro, add a semicolon after the invocation of `bail`
[INFO] [stdout]    = warning: this was previously accepted by the compiler but is being phased out; it will become a hard error in a future release!
[INFO] [stdout]    = note: for more information, see issue #79813 <https://github.com/rust-lang/rust/issues/79813>
[INFO] [stdout]    = note: `#[warn(semicolon_in_expressions_from_non_local_macros)]` (part of `#[warn(future_incompatible)]`) on by default
[INFO] [stdout]    = note: this warning originates in the macro `bail` (in Nightly builds, run with -Z macro-backtrace for more info)
[INFO] [stdout] 
[INFO] [stdout] 
[INFO] [stdout] warning: trailing semicolon in macro used in expression position
[INFO] [stdout]    --> examples/inspect_coreml_compute.rs:127:50
[INFO] [stdout]     |
[INFO] [stdout] 127 |                 flag if flag.starts_with('-') => bail!("unknown flag: {flag}"),
[INFO] [stdout]     |                                                  ^^^^^^^^^^^^^^^^^^^^^^^^^^^^^
[INFO] [stdout]     |
[INFO] [stdout]     = warning: this was previously accepted by the compiler but is being phased out; it will become a hard error in a future release!
[INFO] [stdout]     = note: for more information, see issue #79813 <https://github.com/rust-lang/rust/issues/79813>
[INFO] [stdout]     = note: this warning originates in the macro `bail` (in Nightly builds, run with -Z macro-backtrace for more info)
[INFO] [stdout] 
[INFO] [stdout] 
[INFO] [stdout] warning: trailing semicolon in macro used in expression position
[INFO] [stdout]    --> examples/inspect_coreml_compute.rs:130:25
[INFO] [stdout]     |
[INFO] [stdout] 130 |                         bail!("unexpected positional argument: {path}")
[INFO] [stdout]     |                         ^^^^^^^^^^^^^^^^^^^^^^^^^^^^^^^^^^^^^^^^^^^^^^^
[INFO] [stdout]     |
[INFO] [stdout]     = note: macro invocations at the end of a block are treated as expressions
[INFO] [stdout]     = note: to ignore the value produced by the macro, add a semicolon after the invocation of `bail`
[INFO] [stdout]     = warning: this was previously accepted by the compiler but is being phased out; it will become a hard error in a future release!
[INFO] [stdout]     = note: for more information, see issue #79813 <https://github.com/rust-lang/rust/issues/79813>
[INFO] [stdout]     = note: this warning originates in the macro `bail` (in Nightly builds, run with -Z macro-backtrace for more info)
[INFO] [stdout] 
[INFO] [stdout] 
[INFO] [stdout] warning: trailing semicolon in macro used in expression position
[INFO] [stdout]    --> examples/inspect_coreml_compute.rs:138:13
[INFO] [stdout]     |
[INFO] [stdout] 138 |             bail!("use either --pretrained or --models-dir, not both")
[INFO] [stdout]     |             ^^^^^^^^^^^^^^^^^^^^^^^^^^^^^^^^^^^^^^^^^^^^^^^^^^^^^^^^^^
[INFO] [stdout]     |
[INFO] [stdout]     = note: macro invocations at the end of a block are treated as expressions
[INFO] [stdout]     = note: to ignore the value produced by the macro, add a semicolon after the invocation of `bail`
[INFO] [stdout]     = warning: this was previously accepted by the compiler but is being phased out; it will become a hard error in a future release!
[INFO] [stdout]     = note: for more information, see issue #79813 <https://github.com/rust-lang/rust/issues/79813>
[INFO] [stdout]     = note: this warning originates in the macro `bail` (in Nightly builds, run with -Z macro-backtrace for more info)
[INFO] [stdout] 
[INFO] [stdout] 
[INFO] [stdout] warning: trailing semicolon in macro used in expression position
[INFO] [stdout]    --> examples/inspect_coreml_compute.rs:179:13
[INFO] [stdout]     |
[INFO] [stdout] 179 |             bail!("rebuild with --features long-form-vad to inspect the VAD model")
[INFO] [stdout]     |             ^^^^^^^^^^^^^^^^^^^^^^^^^^^^^^^^^^^^^^^^^^^^^^^^^^^^^^^^^^^^^^^^^^^^^^^
[INFO] [stdout]     |
[INFO] [stdout]     = note: macro invocations at the end of a block are treated as expressions
[INFO] [stdout]     = note: to ignore the value produced by the macro, add a semicolon after the invocation of `bail`
[INFO] [stdout]     = warning: this was previously accepted by the compiler but is being phased out; it will become a hard error in a future release!
[INFO] [stdout]     = note: for more information, see issue #79813 <https://github.com/rust-lang/rust/issues/79813>
[INFO] [stdout]     = note: this warning originates in the macro `bail` (in Nightly builds, run with -Z macro-backtrace for more info)
[INFO] [stdout] 
[INFO] [stdout] 
[INFO] [stdout] warning: trailing semicolon in macro used in expression position
[INFO] [stdout]    --> examples/inspect_coreml_compute.rs:200:9
[INFO] [stdout]     |
[INFO] [stdout] 200 |         bail!("missing model asset: {}", path.display())
[INFO] [stdout]     |         ^^^^^^^^^^^^^^^^^^^^^^^^^^^^^^^^^^^^^^^^^^^^^^^^
[INFO] [stdout]     |
[INFO] [stdout]     = note: macro invocations at the end of a block are treated as expressions
[INFO] [stdout]     = note: to ignore the value produced by the macro, add a semicolon after the invocation of `bail`
[INFO] [stdout]     = warning: this was previously accepted by the compiler but is being phased out; it will become a hard error in a future release!
[INFO] [stdout]     = note: for more information, see issue #79813 <https://github.com/rust-lang/rust/issues/79813>
[INFO] [stdout]     = note: this warning originates in the macro `bail` (in Nightly builds, run with -Z macro-backtrace for more info)
[INFO] [stdout] 
[INFO] [stdout] 
[INFO] [stdout] warning: trailing semicolon in macro used in expression position
[INFO] [stdout]    --> examples/inspect_coreml_compute.rs:365:14
[INFO] [stdout]     |
[INFO] [stdout] 365 |           _ => bail!(
[INFO] [stdout]     |  ______________^
[INFO] [stdout] 366 | |             "unsupported compute unit mode `{value}` expected cpu_only, cpu_and_gpu, all, or cpu_and_neural_engine"
[INFO] [stdout] 367 | |         ),
[INFO] [stdout]     | |_________^
[INFO] [stdout]     |
[INFO] [stdout]     = warning: this was previously accepted by the compiler but is being phased out; it will become a hard error in a future release!
[INFO] [stdout]     = note: for more information, see issue #79813 <https://github.com/rust-lang/rust/issues/79813>
[INFO] [stdout]     = note: this warning originates in the macro `bail` (in Nightly builds, run with -Z macro-backtrace for more info)
[INFO] [stdout] 
[INFO] [stdout] 
[INFO] [stdout] warning: trailing semicolon in macro used in expression position
[INFO] [stdout]   --> examples/transcribe_wav.rs:44:13
[INFO] [stdout]    |
[INFO] [stdout] 44 |             bail!("rebuild with --features long-form to use --long-form")
[INFO] [stdout]    |             ^^^^^^^^^^^^^^^^^^^^^^^^^^^^^^^^^^^^^^^^^^^^^^^^^^^^^^^^^^^^^
[INFO] [stdout]    |
[INFO] [stdout]    = note: macro invocations at the end of a block are treated as expressions
[INFO] [stdout]    = note: to ignore the value produced by the macro, add a semicolon after the invocation of `bail`
[INFO] [stdout]    = warning: this was previously accepted by the compiler but is being phased out; it will become a hard error in a future release!
[INFO] [stdout]    = note: for more information, see issue #79813 <https://github.com/rust-lang/rust/issues/79813>
[INFO] [stdout]    = note: `#[warn(semicolon_in_expressions_from_non_local_macros)]` (part of `#[warn(future_incompatible)]`) on by default
[INFO] [stdout]    = note: this warning originates in the macro `bail` (in Nightly builds, run with -Z macro-backtrace for more info)
[INFO] [stdout] 
[INFO] [stdout] 
[INFO] [stdout] warning: trailing semicolon in macro used in expression position
[INFO] [stdout]    --> examples/transcribe_wav.rs:117:50
[INFO] [stdout]     |
[INFO] [stdout] 117 |                 flag if flag.starts_with('-') => bail!("unknown flag: {flag}"),
[INFO] [stdout]     |                                                  ^^^^^^^^^^^^^^^^^^^^^^^^^^^^^
[INFO] [stdout]     |
[INFO] [stdout]     = warning: this was previously accepted by the compiler but is being phased out; it will become a hard error in a future release!
[INFO] [stdout]     = note: for more information, see issue #79813 <https://github.com/rust-lang/rust/issues/79813>
[INFO] [stdout]     = note: this warning originates in the macro `bail` (in Nightly builds, run with -Z macro-backtrace for more info)
[INFO] [stdout] 
[INFO] [stdout] 
[INFO] [stdout] warning: trailing semicolon in macro used in expression position
[INFO] [stdout]    --> examples/transcribe_wav.rs:120:25
[INFO] [stdout]     |
[INFO] [stdout] 120 |                         bail!("unexpected positional argument: {path}")
[INFO] [stdout]     |                         ^^^^^^^^^^^^^^^^^^^^^^^^^^^^^^^^^^^^^^^^^^^^^^^
[INFO] [stdout]     |
[INFO] [stdout]     = note: macro invocations at the end of a block are treated as expressions
[INFO] [stdout]     = note: to ignore the value produced by the macro, add a semicolon after the invocation of `bail`
[INFO] [stdout]     = warning: this was previously accepted by the compiler but is being phased out; it will become a hard error in a future release!
[INFO] [stdout]     = note: for more information, see issue #79813 <https://github.com/rust-lang/rust/issues/79813>
[INFO] [stdout]     = note: this warning originates in the macro `bail` (in Nightly builds, run with -Z macro-backtrace for more info)
[INFO] [stdout] 
[INFO] [stdout] 
[INFO] [stdout] warning: trailing semicolon in macro used in expression position
[INFO] [stdout]    --> examples/transcribe_wav.rs:128:13
[INFO] [stdout]     |
[INFO] [stdout] 128 |             bail!("missing --audio <path.wav>")
[INFO] [stdout]     |             ^^^^^^^^^^^^^^^^^^^^^^^^^^^^^^^^^^^
[INFO] [stdout]     |
[INFO] [stdout]     = note: macro invocations at the end of a block are treated as expressions
[INFO] [stdout]     = note: to ignore the value produced by the macro, add a semicolon after the invocation of `bail`
[INFO] [stdout]     = warning: this was previously accepted by the compiler but is being phased out; it will become a hard error in a future release!
[INFO] [stdout]     = note: for more information, see issue #79813 <https://github.com/rust-lang/rust/issues/79813>
[INFO] [stdout]     = note: this warning originates in the macro `bail` (in Nightly builds, run with -Z macro-backtrace for more info)
[INFO] [stdout] 
[INFO] [stdout] 
[INFO] [stdout] warning: trailing semicolon in macro used in expression position
[INFO] [stdout]    --> examples/transcribe_wav.rs:131:13
[INFO] [stdout]     |
[INFO] [stdout] 131 |             bail!("use either --pretrained or --models-dir, not both")
[INFO] [stdout]     |             ^^^^^^^^^^^^^^^^^^^^^^^^^^^^^^^^^^^^^^^^^^^^^^^^^^^^^^^^^^
[INFO] [stdout]     |
[INFO] [stdout]     = note: macro invocations at the end of a block are treated as expressions
[INFO] [stdout]     = note: to ignore the value produced by the macro, add a semicolon after the invocation of `bail`
[INFO] [stdout]     = warning: this was previously accepted by the compiler but is being phased out; it will become a hard error in a future release!
[INFO] [stdout]     = note: for more information, see issue #79813 <https://github.com/rust-lang/rust/issues/79813>
[INFO] [stdout]     = note: this warning originates in the macro `bail` (in Nightly builds, run with -Z macro-backtrace for more info)
[INFO] [stdout] 
[INFO] [stdout] 
[INFO] [stdout] warning: trailing semicolon in macro used in expression position
[INFO] [stdout]    --> examples/transcribe_wav.rs:134:13
[INFO] [stdout]     |
[INFO] [stdout] 134 |             bail!("--warmup-runs must be at least 1 when benchmarking")
[INFO] [stdout]     |             ^^^^^^^^^^^^^^^^^^^^^^^^^^^^^^^^^^^^^^^^^^^^^^^^^^^^^^^^^^^
[INFO] [stdout]     |
[INFO] [stdout]     = note: macro invocations at the end of a block are treated as expressions
[INFO] [stdout]     = note: to ignore the value produced by the macro, add a semicolon after the invocation of `bail`
[INFO] [stdout]     = warning: this was previously accepted by the compiler but is being phased out; it will become a hard error in a future release!
[INFO] [stdout]     = note: for more information, see issue #79813 <https://github.com/rust-lang/rust/issues/79813>
[INFO] [stdout]     = note: this warning originates in the macro `bail` (in Nightly builds, run with -Z macro-backtrace for more info)
[INFO] [stdout] 
[INFO] [stdout] 
[INFO] [stdout] warning: trailing semicolon in macro used in expression position
[INFO] [stdout]    --> examples/transcribe_wav.rs:137:13
[INFO] [stdout]     |
[INFO] [stdout] 137 |             bail!("--vad-long-form requires --long-form")
[INFO] [stdout]     |             ^^^^^^^^^^^^^^^^^^^^^^^^^^^^^^^^^^^^^^^^^^^^^
[INFO] [stdout]     |
[INFO] [stdout]     = note: macro invocations at the end of a block are treated as expressions
[INFO] [stdout]     = note: to ignore the value produced by the macro, add a semicolon after the invocation of `bail`
[INFO] [stdout]     = warning: this was previously accepted by the compiler but is being phased out; it will become a hard error in a future release!
[INFO] [stdout]     = note: for more information, see issue #79813 <https://github.com/rust-lang/rust/issues/79813>
[INFO] [stdout]     = note: this warning originates in the macro `bail` (in Nightly builds, run with -Z macro-backtrace for more info)
[INFO] [stdout] 
[INFO] [stdout] 
[INFO] [stdout] warning: trailing semicolon in macro used in expression position
[INFO] [stdout]    --> examples/transcribe_wav.rs:142:13
[INFO] [stdout]     |
[INFO] [stdout] 142 |             bail!("--long-form-workers must be at least 1")
[INFO] [stdout]     |             ^^^^^^^^^^^^^^^^^^^^^^^^^^^^^^^^^^^^^^^^^^^^^^^
[INFO] [stdout]     |
[INFO] [stdout]     = note: macro invocations at the end of a block are treated as expressions
[INFO] [stdout]     = note: to ignore the value produced by the macro, add a semicolon after the invocation of `bail`
[INFO] [stdout]     = warning: this was previously accepted by the compiler but is being phased out; it will become a hard error in a future release!
[INFO] [stdout]     = note: for more information, see issue #79813 <https://github.com/rust-lang/rust/issues/79813>
[INFO] [stdout]     = note: this warning originates in the macro `bail` (in Nightly builds, run with -Z macro-backtrace for more info)
[INFO] [stdout] 
[INFO] [stdout] 
[INFO] [stdout] warning: trailing semicolon in macro used in expression position
[INFO] [stdout]    --> examples/transcribe_wav.rs:323:9
[INFO] [stdout]     |
[INFO] [stdout] 323 | /         bail!(
[INFO] [stdout] 324 | |             "expected 16kHz audio, got {} Hz in {}",
[INFO] [stdout] 325 | |             spec.sample_rate,
[INFO] [stdout] 326 | |             path.display()
[INFO] [stdout] 327 | |         )
[INFO] [stdout]     | |_________^
[INFO] [stdout]     |
[INFO] [stdout]     = note: macro invocations at the end of a block are treated as expressions
[INFO] [stdout]     = note: to ignore the value produced by the macro, add a semicolon after the invocation of `bail`
[INFO] [stdout]     = warning: this was previously accepted by the compiler but is being phased out; it will become a hard error in a future release!
[INFO] [stdout]     = note: for more information, see issue #79813 <https://github.com/rust-lang/rust/issues/79813>
[INFO] [stdout]     = note: this warning originates in the macro `bail` (in Nightly builds, run with -Z macro-backtrace for more info)
[INFO] [stdout] 
[INFO] [stdout] 
[INFO] [stdout] warning: trailing semicolon in macro used in expression position
[INFO] [stdout]    --> examples/transcribe_wav.rs:330:9
[INFO] [stdout]     |
[INFO] [stdout] 330 | /         bail!(
[INFO] [stdout] 331 | |             "expected mono audio, got {} channels in {}",
[INFO] [stdout] 332 | |             spec.channels,
[INFO] [stdout] 333 | |             path.display()
[INFO] [stdout] 334 | |         )
[INFO] [stdout]     | |_________^
[INFO] [stdout]     |
[INFO] [stdout]     = note: macro invocations at the end of a block are treated as expressions
[INFO] [stdout]     = note: to ignore the value produced by the macro, add a semicolon after the invocation of `bail`
[INFO] [stdout]     = warning: this was previously accepted by the compiler but is being phased out; it will become a hard error in a future release!
[INFO] [stdout]     = note: for more information, see issue #79813 <https://github.com/rust-lang/rust/issues/79813>
[INFO] [stdout]     = note: this warning originates in the macro `bail` (in Nightly builds, run with -Z macro-backtrace for more info)
[INFO] [stdout] 
[INFO] [stdout] 
[INFO] [stdout] warning: trailing semicolon in macro used in expression position
[INFO] [stdout]    --> examples/transcribe_wav.rs:350:14
[INFO] [stdout]     |
[INFO] [stdout] 350 |           _ => bail!(
[INFO] [stdout]     |  ______________^
[INFO] [stdout] 351 | |             "unsupported WAV format: {:?} {}-bit",
[INFO] [stdout] 352 | |             spec.sample_format,
[INFO] [stdout] 353 | |             spec.bits_per_sample
[INFO] [stdout] 354 | |         ),
[INFO] [stdout]     | |_________^
[INFO] [stdout]     |
[INFO] [stdout]     = warning: this was previously accepted by the compiler but is being phased out; it will become a hard error in a future release!
[INFO] [stdout]     = note: for more information, see issue #79813 <https://github.com/rust-lang/rust/issues/79813>
[INFO] [stdout]     = note: this warning originates in the macro `bail` (in Nightly builds, run with -Z macro-backtrace for more info)
[INFO] [stdout] 
[INFO] [stdout] 
[INFO] [stdout] warning: fields `vad_long_form` and `long_form_workers` are never read
[INFO] [stdout]   --> examples/transcribe_wav.rs:65:5
[INFO] [stdout]    |
[INFO] [stdout] 60 | struct Args {
[INFO] [stdout]    |        ---- fields in this struct
[INFO] [stdout] ...
[INFO] [stdout] 65 |     vad_long_form: bool,
[INFO] [stdout]    |     ^^^^^^^^^^^^^
[INFO] [stdout] 66 |     long_form_workers: Option<usize>,
[INFO] [stdout]    |     ^^^^^^^^^^^^^^^^^
[INFO] [stdout]    |
[INFO] [stdout]    = note: `Args` has derived impls for the traits `Clone` and `Debug`, but these are intentionally ignored during dead code analysis
[INFO] [stdout]    = note: `#[warn(dead_code)]` (part of `#[warn(unused)]`) on by default
[INFO] [stdout] 
[INFO] [stdout] 
[INFO] [stdout] Some errors have detailed explanations: E0432, E0433.
[INFO] [stdout] 
[INFO] [stdout] For more information about an error, try `rustc --explain E0432`.
[INFO] [stdout] 
[INFO] [stderr] error: could not compile `scriptrs` (example "inspect_coreml_compute") due to 5 previous errors; 8 warnings emitted
[INFO] [stderr] warning: build failed, waiting for other jobs to finish...
[INFO] running `Command { std: "docker" "inspect" "2adcf855591b8cac220273876eaed643103fed5f13d971635a1dd6eb5c9c7c8c", kill_on_drop: false }`
[INFO] running `Command { std: "docker" "rm" "-f" "2adcf855591b8cac220273876eaed643103fed5f13d971635a1dd6eb5c9c7c8c", kill_on_drop: false }`
[INFO] [stdout] 2adcf855591b8cac220273876eaed643103fed5f13d971635a1dd6eb5c9c7c8c
